KiokuDB v0.57 Perl 5 v5.27.3 x86_64-linux
- Status
- Fail
- From
- Slaven Rezić (SREZIC)
- Dist
-
KiokuDB v0.57
- Platform
- Perl 5 v5.27.3 x86_64-linux
- Date
- 2017-08-23 08:02:10
- ID
- 5d5739cc-87d9-11e7-a94c-ab33687655fb
This distribution has been tested as part of the CPAN Testers
project, supporting the Perl programming language. See
http://wiki.cpantesters.org/ for more information or email
questions to cpan-testers-discuss@perl.org
--
Dear Jesse Luehrs,
This is a computer-generated report for KiokuDB-0.57
on perl 5.27.3, created by CPAN-Reporter-1.2018.
Thank you for uploading your work to CPAN. However, there was a problem
testing your distribution.
If you think this report is invalid, please consult the CPAN Testers Wiki
for suggestions on how to avoid getting FAIL reports for missing library
or binary dependencies, unsupported operating systems, and so on:
http://wiki.cpantesters.org/wiki/CPANAuthorNotes
Sections of this report:
* Tester comments
* Program output
* Prerequisites
* Environment and other context
------------------------------
TESTER COMMENTS
------------------------------
Additional comments from tester:
none provided
------------------------------
PROGRAM OUTPUT
------------------------------
Output from '/usr/bin/make test':
PERL_DL_NONLAZY=1 "/bbbike/perl-5.27.3/bin/perl5.27.3" "-MExtUtils::Command::MM" "-MTest::Harness" "-e" "undef *Test::Harness::Switches; test_harness(0, 'blib/lib', 'blib/arch')" t/*.t
t/00-compile.t ................. ok
t/coderefs.t ................... ok
t/collapser.t .................. ok
t/digest.t ..................... ok
t/directory.t .................. ok
t/entry.t ...................... ok
t/gc_naive.t ................... ok
Attempt to free unreferenced scalar: SV 0x57988a0 at /tmpfs/.cpan-build-cpansand/2017082306/KiokuDB-0.57-0/blib/lib/KiokuDB/Test/Fixture/Sets.pm line 150.
# Failed test 'no error in fixture'
# at /tmpfs/.cpan-build-cpansand/2017082306/KiokuDB-0.57-0/blib/lib/KiokuDB/Test.pm line 38.
# died: Transaction aborted: Can't store REGEXP items at /opt/perl-5.27.3/lib/5.27.3/x86_64-linux/Storable.pm line 347, at /tmpfs/.cpan-build-cpansand/2017082306/KiokuDB-0.57-0/blib/lib/KiokuDB/Backend/Serialize/Storable.pm line 23.
# , rollback failed: no open transaction at /tmpfs/.cpan-build-cpansand/2017082306/KiokuDB-0.57-0/blib/lib/KiokuDB/Backend/Role/TXN.pm line 46.
# at /tmpfs/.cpan-build-cpansand/2017082306/KiokuDB-0.57-0/blib/lib/KiokuDB/Backend/Role/TXN.pm line 50.
# Looks like you failed 1 test of 601.
t/gin.t ........................
Dubious, test returned 1 (wstat 256, 0x100)
Failed 1/601 subtests
(less 2 skipped subtests: 598 okay)
Attempt to free unreferenced scalar: SV 0x69b2100 at /tmpfs/.cpan-build-cpansand/2017082306/KiokuDB-0.57-0/blib/lib/KiokuDB/Test/Fixture/Sets.pm line 150.
# Failed test 'no error in fixture'
# at /tmpfs/.cpan-build-cpansand/2017082306/KiokuDB-0.57-0/blib/lib/KiokuDB/Test.pm line 38.
# died: Transaction aborted: Can't store REGEXP items at /tmpfs/.cpan-build-cpansand/2017082306/KiokuDB-0.57-0/blib/lib/KiokuDB/Backend/Serialize/Memory.pm line 22.
# , rollback failed: no open transaction at /tmpfs/.cpan-build-cpansand/2017082306/KiokuDB-0.57-0/blib/lib/KiokuDB/Backend/Role/TXN.pm line 46.
# at /tmpfs/.cpan-build-cpansand/2017082306/KiokuDB-0.57-0/blib/lib/KiokuDB/Backend/Role/TXN.pm line 50.
Attempt to free unreferenced scalar: SV 0x7549888 at /tmpfs/.cpan-build-cpansand/2017082306/KiokuDB-0.57-0/blib/lib/KiokuDB/Test/Fixture/Sets.pm line 150.
# Failed test 'no error in fixture'
# at /tmpfs/.cpan-build-cpansand/2017082306/KiokuDB-0.57-0/blib/lib/KiokuDB/Test.pm line 38.
# died: Transaction aborted: Can't store REGEXP items at /tmpfs/.cpan-build-cpansand/2017082306/KiokuDB-0.57-0/blib/lib/KiokuDB/Backend/Serialize/Memory.pm line 22.
# , rollback failed: no open transaction at /tmpfs/.cpan-build-cpansand/2017082306/KiokuDB-0.57-0/blib/lib/KiokuDB/Backend/Role/TXN.pm line 46.
# at /tmpfs/.cpan-build-cpansand/2017082306/KiokuDB-0.57-0/blib/lib/KiokuDB/Backend/Role/TXN.pm line 50.
Attempt to free unreferenced scalar: SV 0x7919a68 at /tmpfs/.cpan-build-cpansand/2017082306/KiokuDB-0.57-0/blib/lib/KiokuDB/Test/Fixture/Sets.pm line 150.
# Failed test 'no error in fixture'
# at /tmpfs/.cpan-build-cpansand/2017082306/KiokuDB-0.57-0/blib/lib/KiokuDB/Test.pm line 38.
# died: Transaction aborted: Can't store REGEXP items at /tmpfs/.cpan-build-cpansand/2017082306/KiokuDB-0.57-0/blib/lib/KiokuDB/Backend/Serialize/Memory.pm line 22.
# , rollback failed: no open transaction at /tmpfs/.cpan-build-cpansand/2017082306/KiokuDB-0.57-0/blib/lib/KiokuDB/Backend/Role/TXN.pm line 46.
# at /tmpfs/.cpan-build-cpansand/2017082306/KiokuDB-0.57-0/blib/lib/KiokuDB/Backend/Role/TXN.pm line 50.
Attempt to free unreferenced scalar: SV 0x713b4a0 at /tmpfs/.cpan-build-cpansand/2017082306/KiokuDB-0.57-0/blib/lib/KiokuDB/Test/Fixture/Sets.pm line 150.
# Failed test 'no error in fixture'
# at /tmpfs/.cpan-build-cpansand/2017082306/KiokuDB-0.57-0/blib/lib/KiokuDB/Test.pm line 38.
# died: Transaction aborted: Can't store REGEXP items at /tmpfs/.cpan-build-cpansand/2017082306/KiokuDB-0.57-0/blib/lib/KiokuDB/Backend/Serialize/Memory.pm line 22.
# , rollback failed: no open transaction at /tmpfs/.cpan-build-cpansand/2017082306/KiokuDB-0.57-0/blib/lib/KiokuDB/Backend/Role/TXN.pm line 46.
# at /tmpfs/.cpan-build-cpansand/2017082306/KiokuDB-0.57-0/blib/lib/KiokuDB/Backend/Role/TXN.pm line 50.
Attempt to free unreferenced scalar: SV 0x7985ab0 at /tmpfs/.cpan-build-cpansand/2017082306/KiokuDB-0.57-0/blib/lib/KiokuDB/Test/Fixture/Sets.pm line 150.
# Failed test 'no error in fixture'
# at /tmpfs/.cpan-build-cpansand/2017082306/KiokuDB-0.57-0/blib/lib/KiokuDB/Test.pm line 38.
# died: Transaction aborted: Can't store REGEXP items at /tmpfs/.cpan-build-cpansand/2017082306/KiokuDB-0.57-0/blib/lib/KiokuDB/Backend/Serialize/Memory.pm line 22.
# , rollback failed: no open transaction at /tmpfs/.cpan-build-cpansand/2017082306/KiokuDB-0.57-0/blib/lib/KiokuDB/Backend/Role/TXN.pm line 46.
# at /tmpfs/.cpan-build-cpansand/2017082306/KiokuDB-0.57-0/blib/lib/KiokuDB/Backend/Role/TXN.pm line 50.
Attempt to free unreferenced scalar: SV 0x75ce860 at /tmpfs/.cpan-build-cpansand/2017082306/KiokuDB-0.57-0/blib/lib/KiokuDB/Test/Fixture/Sets.pm line 150.
# Failed test 'no error in fixture'
# at /tmpfs/.cpan-build-cpansand/2017082306/KiokuDB-0.57-0/blib/lib/KiokuDB/Test.pm line 38.
# died: Transaction aborted: Can't store REGEXP items at /tmpfs/.cpan-build-cpansand/2017082306/KiokuDB-0.57-0/blib/lib/KiokuDB/Backend/Serialize/Memory.pm line 22.
# , rollback failed: no open transaction at /tmpfs/.cpan-build-cpansand/2017082306/KiokuDB-0.57-0/blib/lib/KiokuDB/Backend/Role/TXN.pm line 46.
# at /tmpfs/.cpan-build-cpansand/2017082306/KiokuDB-0.57-0/blib/lib/KiokuDB/Backend/Role/TXN.pm line 50.
Attempt to free unreferenced scalar: SV 0x7463b00 at /tmpfs/.cpan-build-cpansand/2017082306/KiokuDB-0.57-0/blib/lib/KiokuDB/Test/Fixture/Sets.pm line 150.
# Failed test 'no error in fixture'
# at /tmpfs/.cpan-build-cpansand/2017082306/KiokuDB-0.57-0/blib/lib/KiokuDB/Test.pm line 38.
# died: Transaction aborted: Can't store REGEXP items at /tmpfs/.cpan-build-cpansand/2017082306/KiokuDB-0.57-0/blib/lib/KiokuDB/Backend/Serialize/Memory.pm line 22.
# , rollback failed: no open transaction at /tmpfs/.cpan-build-cpansand/2017082306/KiokuDB-0.57-0/blib/lib/KiokuDB/Backend/Role/TXN.pm line 46.
# at /tmpfs/.cpan-build-cpansand/2017082306/KiokuDB-0.57-0/blib/lib/KiokuDB/Backend/Role/TXN.pm line 50.
Attempt to free unreferenced scalar: SV 0x76aaa28 at /tmpfs/.cpan-build-cpansand/2017082306/KiokuDB-0.57-0/blib/lib/KiokuDB/Test/Fixture/Sets.pm line 150.
# Failed test 'no error in fixture'
# at /tmpfs/.cpan-build-cpansand/2017082306/KiokuDB-0.57-0/blib/lib/KiokuDB/Test.pm line 38.
# died: Transaction aborted: Can't store REGEXP items at /tmpfs/.cpan-build-cpansand/2017082306/KiokuDB-0.57-0/blib/lib/KiokuDB/Backend/Serialize/Memory.pm line 22.
# , rollback failed: no open transaction at /tmpfs/.cpan-build-cpansand/2017082306/KiokuDB-0.57-0/blib/lib/KiokuDB/Backend/Role/TXN.pm line 46.
# at /tmpfs/.cpan-build-cpansand/2017082306/KiokuDB-0.57-0/blib/lib/KiokuDB/Backend/Role/TXN.pm line 50.
Attempt to free unreferenced scalar: SV 0x79f0c78 at /tmpfs/.cpan-build-cpansand/2017082306/KiokuDB-0.57-0/blib/lib/KiokuDB/Test/Fixture/Sets.pm line 150.
# Failed test 'no error in fixture'
# at /tmpfs/.cpan-build-cpansand/2017082306/KiokuDB-0.57-0/blib/lib/KiokuDB/Test.pm line 38.
# died: Transaction aborted: Can't store REGEXP items at /opt/perl-5.27.3/lib/5.27.3/x86_64-linux/Storable.pm line 347, at /tmpfs/.cpan-build-cpansand/2017082306/KiokuDB-0.57-0/blib/lib/KiokuDB/Backend/Serialize/Storable.pm line 23.
# , rollback failed: no open transaction at /tmpfs/.cpan-build-cpansand/2017082306/KiokuDB-0.57-0/blib/lib/KiokuDB/Backend/Role/TXN.pm line 46.
# at /tmpfs/.cpan-build-cpansand/2017082306/KiokuDB-0.57-0/blib/lib/KiokuDB/Backend/Role/TXN.pm line 50.
Attempt to free unreferenced scalar: SV 0x7ed5f80 at /tmpfs/.cpan-build-cpansand/2017082306/KiokuDB-0.57-0/blib/lib/KiokuDB/Test/Fixture/Sets.pm line 150.
# Failed test 'no error in fixture'
# at /tmpfs/.cpan-build-cpansand/2017082306/KiokuDB-0.57-0/blib/lib/KiokuDB/Test.pm line 38.
# died: Transaction aborted: Can't store REGEXP items at /opt/perl-5.27.3/lib/5.27.3/x86_64-linux/Storable.pm line 347, at /tmpfs/.cpan-build-cpansand/2017082306/KiokuDB-0.57-0/blib/lib/KiokuDB/Backend/Serialize/Storable.pm line 23.
# , rollback failed: no open transaction at /tmpfs/.cpan-build-cpansand/2017082306/KiokuDB-0.57-0/blib/lib/KiokuDB/Backend/Role/TXN.pm line 46.
# at /tmpfs/.cpan-build-cpansand/2017082306/KiokuDB-0.57-0/blib/lib/KiokuDB/Backend/Role/TXN.pm line 50.
Attempt to free unreferenced scalar: SV 0x7bd4928 at /tmpfs/.cpan-build-cpansand/2017082306/KiokuDB-0.57-0/blib/lib/KiokuDB/Test/Fixture/Sets.pm line 150.
# Failed test 'no error in fixture'
# at /tmpfs/.cpan-build-cpansand/2017082306/KiokuDB-0.57-0/blib/lib/KiokuDB/Test.pm line 38.
# died: Transaction aborted: Can't store REGEXP items at /opt/perl-5.27.3/lib/5.27.3/x86_64-linux/Storable.pm line 347, at /tmpfs/.cpan-build-cpansand/2017082306/KiokuDB-0.57-0/blib/lib/KiokuDB/Backend/Serialize/Storable.pm line 23.
# , rollback failed: no open transaction at /tmpfs/.cpan-build-cpansand/2017082306/KiokuDB-0.57-0/blib/lib/KiokuDB/Backend/Role/TXN.pm line 46.
# at /tmpfs/.cpan-build-cpansand/2017082306/KiokuDB-0.57-0/blib/lib/KiokuDB/Backend/Role/TXN.pm line 50.
Attempt to free unreferenced scalar: SV 0x7739658 at /tmpfs/.cpan-build-cpansand/2017082306/KiokuDB-0.57-0/blib/lib/KiokuDB/Test/Fixture/Sets.pm line 150.
# Failed test 'no error in fixture'
# at /tmpfs/.cpan-build-cpansand/2017082306/KiokuDB-0.57-0/blib/lib/KiokuDB/Test.pm line 38.
# died: Transaction aborted: Can't store REGEXP items at /opt/perl-5.27.3/lib/5.27.3/x86_64-linux/Storable.pm line 347, at /tmpfs/.cpan-build-cpansand/2017082306/KiokuDB-0.57-0/blib/lib/KiokuDB/Backend/Serialize/Storable.pm line 23.
# , rollback failed: no open transaction at /tmpfs/.cpan-build-cpansand/2017082306/KiokuDB-0.57-0/blib/lib/KiokuDB/Backend/Role/TXN.pm line 46.
# at /tmpfs/.cpan-build-cpansand/2017082306/KiokuDB-0.57-0/blib/lib/KiokuDB/Backend/Role/TXN.pm line 50.
Attempt to free unreferenced scalar: SV 0x780c248 at /tmpfs/.cpan-build-cpansand/2017082306/KiokuDB-0.57-0/blib/lib/KiokuDB/Test/Fixture/Sets.pm line 150.
# Failed test 'no error in fixture'
# at /tmpfs/.cpan-build-cpansand/2017082306/KiokuDB-0.57-0/blib/lib/KiokuDB/Test.pm line 38.
# died: Transaction aborted: Can't store REGEXP items at /opt/perl-5.27.3/lib/5.27.3/x86_64-linux/Storable.pm line 347, at /tmpfs/.cpan-build-cpansand/2017082306/KiokuDB-0.57-0/blib/lib/KiokuDB/Backend/Serialize/Storable.pm line 23.
# , rollback failed: no open transaction at /tmpfs/.cpan-build-cpansand/2017082306/KiokuDB-0.57-0/blib/lib/KiokuDB/Backend/Role/TXN.pm line 46.
# at /tmpfs/.cpan-build-cpansand/2017082306/KiokuDB-0.57-0/blib/lib/KiokuDB/Backend/Role/TXN.pm line 50.
Attempt to free unreferenced scalar: SV 0x7a08c90 at /tmpfs/.cpan-build-cpansand/2017082306/KiokuDB-0.57-0/blib/lib/KiokuDB/Test/Fixture/Sets.pm line 150.
# Failed test 'no error in fixture'
# at /tmpfs/.cpan-build-cpansand/2017082306/KiokuDB-0.57-0/blib/lib/KiokuDB/Test.pm line 38.
# died: Transaction aborted: Can't store REGEXP items at /opt/perl-5.27.3/lib/5.27.3/x86_64-linux/Storable.pm line 347, at /tmpfs/.cpan-build-cpansand/2017082306/KiokuDB-0.57-0/blib/lib/KiokuDB/Backend/Serialize/Storable.pm line 23.
# , rollback failed: no open transaction at /tmpfs/.cpan-build-cpansand/2017082306/KiokuDB-0.57-0/blib/lib/KiokuDB/Backend/Role/TXN.pm line 46.
# at /tmpfs/.cpan-build-cpansand/2017082306/KiokuDB-0.57-0/blib/lib/KiokuDB/Backend/Role/TXN.pm line 50.
Attempt to free unreferenced scalar: SV 0x7f8b158 at /tmpfs/.cpan-build-cpansand/2017082306/KiokuDB-0.57-0/blib/lib/KiokuDB/Test/Fixture/Sets.pm line 150.
# Failed test 'no error in fixture'
# at /tmpfs/.cpan-build-cpansand/2017082306/KiokuDB-0.57-0/blib/lib/KiokuDB/Test.pm line 38.
# died: Transaction aborted: Can't store REGEXP items at /opt/perl-5.27.3/lib/5.27.3/x86_64-linux/Storable.pm line 347, at /tmpfs/.cpan-build-cpansand/2017082306/KiokuDB-0.57-0/blib/lib/KiokuDB/Backend/Serialize/Storable.pm line 23.
# , rollback failed: no open transaction at /tmpfs/.cpan-build-cpansand/2017082306/KiokuDB-0.57-0/blib/lib/KiokuDB/Backend/Role/TXN.pm line 46.
# at /tmpfs/.cpan-build-cpansand/2017082306/KiokuDB-0.57-0/blib/lib/KiokuDB/Backend/Role/TXN.pm line 50.
Attempt to free unreferenced scalar: SV 0x6fd6398 at /tmpfs/.cpan-build-cpansand/2017082306/KiokuDB-0.57-0/blib/lib/KiokuDB/Test/Fixture/Sets.pm line 150.
# Failed test 'no error in fixture'
# at /tmpfs/.cpan-build-cpansand/2017082306/KiokuDB-0.57-0/blib/lib/KiokuDB/Test.pm line 38.
# died: Transaction aborted: Can't store REGEXP items at /opt/perl-5.27.3/lib/5.27.3/x86_64-linux/Storable.pm line 347, at /tmpfs/.cpan-build-cpansand/2017082306/KiokuDB-0.57-0/blib/lib/KiokuDB/Backend/Serialize/Storable.pm line 23.
# , rollback failed: no open transaction at /tmpfs/.cpan-build-cpansand/2017082306/KiokuDB-0.57-0/blib/lib/KiokuDB/Backend/Role/TXN.pm line 46.
# at /tmpfs/.cpan-build-cpansand/2017082306/KiokuDB-0.57-0/blib/lib/KiokuDB/Backend/Role/TXN.pm line 50.
Attempt to free unreferenced scalar: SV 0x6fe5e38 at /tmpfs/.cpan-build-cpansand/2017082306/KiokuDB-0.57-0/blib/lib/KiokuDB/Test/Fixture/Sets.pm line 150.
Attempt to free unreferenced scalar: SV 0x8642118 at /tmpfs/.cpan-build-cpansand/2017082306/KiokuDB-0.57-0/blib/lib/KiokuDB/Test/Fixture/Sets.pm line 150.
Attempt to free unreferenced scalar: SV 0x81b0118 at /tmpfs/.cpan-build-cpansand/2017082306/KiokuDB-0.57-0/blib/lib/KiokuDB/Test/Fixture/Sets.pm line 150.
Attempt to free unreferenced scalar: SV 0x862e968 at /tmpfs/.cpan-build-cpansand/2017082306/KiokuDB-0.57-0/blib/lib/KiokuDB/Test/Fixture/Sets.pm line 150.
Attempt to free unreferenced scalar: SV 0x7ef5e08 at /tmpfs/.cpan-build-cpansand/2017082306/KiokuDB-0.57-0/blib/lib/KiokuDB/Test/Fixture/Sets.pm line 150.
Attempt to free unreferenced scalar: SV 0x8704728 at /tmpfs/.cpan-build-cpansand/2017082306/KiokuDB-0.57-0/blib/lib/KiokuDB/Test/Fixture/Sets.pm line 150.
Attempt to free unreferenced scalar: SV 0x75beec8 at /tmpfs/.cpan-build-cpansand/2017082306/KiokuDB-0.57-0/blib/lib/KiokuDB/Test/Fixture/Sets.pm line 150.
Attempt to free unreferenced scalar: SV 0x87c9578 at /tmpfs/.cpan-build-cpansand/2017082306/KiokuDB-0.57-0/blib/lib/KiokuDB/Test/Fixture/Sets.pm line 150.
Attempt to free unreferenced scalar: SV 0x85e0dc8 at /tmpfs/.cpan-build-cpansand/2017082306/KiokuDB-0.57-0/blib/lib/KiokuDB/Test/Fixture/Sets.pm line 150.
Attempt to free unreferenced scalar: SV 0x81c6a78 at /tmpfs/.cpan-build-cpansand/2017082306/KiokuDB-0.57-0/blib/lib/KiokuDB/Test/Fixture/Sets.pm line 150.
Attempt to free unreferenced scalar: SV 0x7de46a0 at /tmpfs/.cpan-build-cpansand/2017082306/KiokuDB-0.57-0/blib/lib/KiokuDB/Test/Fixture/Sets.pm line 150.
Attempt to free unreferenced scalar: SV 0x884af70 at /tmpfs/.cpan-build-cpansand/2017082306/KiokuDB-0.57-0/blib/lib/KiokuDB/Test/Fixture/Sets.pm line 150.
Attempt to free unreferenced scalar: SV 0x8acf940 at /tmpfs/.cpan-build-cpansand/2017082306/KiokuDB-0.57-0/blib/lib/KiokuDB/Test/Fixture/Sets.pm line 150.
Attempt to free unreferenced scalar: SV 0x7ef6e20 at /tmpfs/.cpan-build-cpansand/2017082306/KiokuDB-0.57-0/blib/lib/KiokuDB/Test/Fixture/Sets.pm line 150.
Attempt to free unreferenced scalar: SV 0x8b146f0 at /tmpfs/.cpan-build-cpansand/2017082306/KiokuDB-0.57-0/blib/lib/KiokuDB/Test/Fixture/Sets.pm line 150.
Attempt to free unreferenced scalar: SV 0x87dfc38 at /tmpfs/.cpan-build-cpansand/2017082306/KiokuDB-0.57-0/blib/lib/KiokuDB/Test/Fixture/Sets.pm line 150.
# Looks like you failed 16 tests of 19704.
t/hash.t .......................
Dubious, test returned 16 (wstat 4096, 0x1000)
Failed 16/19704 subtests
(less 120 skipped subtests: 19568 okay)
t/hash_backend.t ............... ok
t/jspon_serialization.t ........ ok
t/kiokudb_class_native.t ....... ok
t/lazy.t ....................... ok
t/link_checker.t ............... ok
t/link_checker_real.t .......... ok
t/live_objs.t .................. ok
t/moose_triggers.t ............. ok
t/ref.t ........................ ok
t/scaling.t .................... ok
t/serializer.t ................. ok
t/stream.t ..................... ok
t/tied.t ....................... ok
t/typemap.t .................... ok
t/typemap_default_json.t ....... ok
t/typemap_default_storable.t ... ok
t/typemap_entry_callback.t ..... ok
t/typemap_entry_mop.t .......... ok
t/typemap_entry_naive.t ........ ok
t/typemap_entry_passthrough.t .. ok
t/typemap_entry_storable.t ..... ok
t/typemap_extra.t .............. ok
t/typemap_resolver.t ........... ok
t/typemap_values.t ............. ok
t/uuid.t ....................... ok
t/versioning.t ................. ok
Test Summary Report
-------------------
t/gin.t (Wstat: 256 Tests: 601 Failed: 1)
Failed test: 375
Non-zero exit status: 1
t/hash.t (Wstat: 4096 Tests: 19704 Failed: 16)
Failed tests: 351, 924, 1501, 2074, 2662, 3236, 3814
4388, 4955, 5528, 6105, 6678, 7266, 7840
8418, 8992
Non-zero exit status: 16
Files=35, Tests=22287, 221 wallclock secs ( 0.88 usr 0.26 sys + 63.91 cusr 4.61 csys = 69.66 CPU)
Result: FAIL
Failed 2/35 test programs. 17/22287 subtests failed.
Makefile:1584: recipe for target 'test_dynamic' failed
make: *** [test_dynamic] Error 255
------------------------------
PREREQUISITES
------------------------------
Prerequisite modules loaded:
requires:
Module Need Have
---------------------------------------------- ------ --------
B 0 1.69
B::Deparse 0 1.42
Cache::Ref 0.02 0.04
Carp 0 1.43
Class::Load 0 0.24
constant 0 1.33
Data::Stream::Bulk 0.08 0.11
Data::Stream::Bulk::Util 0 0.11
Data::Swap 0 0.08
Data::UUID 1.203 1.221
Data::Visitor 0.24 0.30
Digest::SHA 0 5.96
Encode 0 2.92
Hash::Util::FieldHash::Compat 0 0.11
IO::Handle 0 1.36
JSON 2.12 2.94
JSON::XS 2.231 3.04
List::Util 0 1.48
Module::Pluggable::Object 0 5.2
Moose 2.0000 2.2006
Moose::Exporter 0 2.2006
Moose::Role 0 2.2006
Moose::Util 0 2.2006
Moose::Util::MetaRole 0 2.2006
Moose::Util::TypeConstraints 0 2.2006
MooseX::Clone 0.04 0.06
MooseX::Clone::Meta::Attribute::Trait::NoClone 0 0.06
MooseX::Role::Parameterized 0.10 1.10
MooseX::YAML 0.04 0.04
namespace::clean 0.08 0.27
overload 0 1.28
PadWalker 1.9 2.2
Path::Class 0 0.37
POSIX 0 1.77
Scalar::Util 0 1.48
Scope::Guard 0 0.21
Search::GIN::Driver 0 0.11
Search::GIN::Extract 0 0.11
Search::GIN::Query::Class 0.03 0.11
Set::Object 1.26 1.35
Storable 0 2.64
strict 0 1.11
Sub::Exporter 0 0.987
Symbol 0 1.08
Test::Exception 0 0.43
Test::Moose 0 2.2006
Test::More 0.88 1.302086
Throwable 0 0.200013
Tie::RefHash 0 1.39
Tie::ToObject 0 0.03
Try::Tiny 0 0.28
utf8 0 1.20
warnings 0 1.37
YAML::XS 0.30 0.66
build_requires:
Module Need Have
---------------------------------------------- ------ --------
base 0 2.26
Cache::Ref::CART 0 0.04
Cache::Ref::CLOCK 0 0.04
Data::Dumper 0 2.167_02
Data::Stream::Bulk::Callback 0 0.11
File::Spec 0 3.68
if 0 0.0607
IO::Handle 0 1.36
IPC::Open3 0 1.20
Search::GIN::Driver::Hash 0 0.11
Search::GIN::Extract::Class 0 0.11
Search::GIN::Extract::Delegate 0 0.11
Test::More 0.88 1.302086
configure_requires:
Module Need Have
---------------------------------------------- ------ --------
ExtUtils::MakeMaker 6.30 7.30
------------------------------
ENVIRONMENT AND OTHER CONTEXT
------------------------------
Environment variables:
LANG = C
LC_ALL = de_DE.UTF-8
PATH = /usr/local/bin:/usr/bin:/bin:/usr/local/sbin:/usr/sbin:/sbin:/home/cpansand/bin/linux-gnu:/home/cpansand/bin/sh:/home/cpansand/bin:/usr/games:/home/cpansand/devel:/home/eserte/src/srezic-misc/scripts
PERL5LIB =
PERL5OPT =
PERL5_CPANPLUS_IS_RUNNING = 31396
PERL5_CPAN_IS_RUNNING = 31396
PERL5_CPAN_IS_RUNNING_IN_RECURSION = 31325,31396
PERLDOC = -MPod::Perldoc::ToTextOverstrike
PERL_BATCH = yes
PERL_CANARY_STABILITY_NOPROMPT = 1
PERL_CPAN_REPORTER_CONFIG = /var/tmp/cpansmoker-1023/2017082306/cpanreporter_000_config.ini
PERL_EXTUTILS_AUTOINSTALL = --defaultdeps
PERL_PARALLEL_SMOKER = yes
PERL_USE_UNSAFE_INC = 1
SHELL = /bin/zsh
TERM = screen
TMPDIR = /var/tmp/cpansmoker-1023/2017082306
Perl special variables (and OS-specific diagnostics, for MSWin32):
$^X = /bbbike/perl-5.27.3/bin/perl5.27.3
$UID/$EUID = 1023 / 1023
$GID = 1023 1023
$EGID = 1023 1023
Perl module toolchain versions installed:
Module Have
------------------- --------
CPAN 2.18
CPAN::Meta 2.150010
Cwd 3.68
ExtUtils::CBuilder 0.280226
ExtUtils::Command 7.30
ExtUtils::Install 2.14
ExtUtils::MakeMaker 7.30
ExtUtils::Manifest 1.70
ExtUtils::ParseXS 3.35
File::Spec 3.68
JSON 2.94
JSON::PP 2.94
Module::Build 0.4224
Module::Signature 0.81
Parse::CPAN::Meta 2.150010
Test::Harness 3.39
Test::More 1.302086
YAML 1.23
YAML::Syck 1.30
version 0.9918
--
Summary of my perl5 (revision 5 version 27 subversion 3) configuration:
Platform:
osname=linux
osvers=3.16.0-4-amd64
archname=x86_64-linux
uname='linux eserte 3.16.0-4-amd64 #1 smp debian 3.16.43-2+deb8u2 (2017-06-26) x86_64 gnulinux '
config_args='-ds -e -Dprefix=/opt/perl-5.27.3 -Dusedevel -Dusemallocwrap=no -Dcf_email=srezic@cpan.org'
hint=recommended
useposix=true
d_sigaction=define
useithreads=undef
usemultiplicity=undef
use64bitint=define
use64bitall=define
uselongdouble=undef
usemymalloc=n
default_inc_excludes_dot=define
bincompat5005=undef
Compiler:
cc='cc'
ccflags ='-fwrapv -fno-strict-aliasing -pipe -fstack-protector-strong -I/usr/local/include -D_LARGEFILE_SOURCE -D_FILE_OFFSET_BITS=64 -D_FORTIFY_SOURCE=2'
optimize='-O2'
cppflags='-fwrapv -fno-strict-aliasing -pipe -fstack-protector-strong -I/usr/local/include'
ccversion=''
gccversion='4.9.2'
gccosandvers=''
intsize=4
longsize=8
ptrsize=8
doublesize=8
byteorder=12345678
doublekind=3
d_longlong=define
longlongsize=8
d_longdbl=define
longdblsize=16
longdblkind=3
ivtype='long'
ivsize=8
nvtype='double'
nvsize=8
Off_t='off_t'
lseeksize=8
alignbytes=8
prototype=define
Linker and Libraries:
ld='cc'
ldflags =' -fstack-protector-strong -L/usr/local/lib'
libpth=/usr/local/lib /usr/lib/gcc/x86_64-linux-gnu/4.9/include-fixed /usr/include/x86_64-linux-gnu /usr/lib /lib/x86_64-linux-gnu /lib/../lib /usr/lib/x86_64-linux-gnu /usr/lib/../lib /lib
libs=-lpthread -lnsl -lgdbm -ldb -ldl -lm -lcrypt -lutil -lc -lgdbm_compat
perllibs=-lpthread -lnsl -ldl -lm -lcrypt -lutil -lc
libc=libc-2.19.so
so=so
useshrplib=false
libperl=libperl.a
gnulibc_version='2.19'
Dynamic Linking:
dlsrc=dl_dlopen.xs
dlext=so
d_dlsymun=undef
ccdlflags='-Wl,-E'
cccdlflags='-fPIC'
lddlflags='-shared -O2 -L/usr/local/lib -fstack-protector-strong'
Characteristics of this binary (from libperl):
Compile-time options:
HAS_TIMES
PERLIO_LAYERS
PERL_COPY_ON_WRITE
PERL_DONT_CREATE_GVSV
PERL_OP_PARENT
PERL_PRESERVE_IVUV
PERL_USE_DEVEL
USE_64_BIT_ALL
USE_64_BIT_INT
USE_LARGE_FILES
USE_LOCALE
USE_LOCALE_COLLATE
USE_LOCALE_CTYPE
USE_LOCALE_NUMERIC
USE_LOCALE_TIME
USE_PERLIO
USE_PERL_ATOF
Built under linux
Compiled at Aug 21 2017 21:28:09
%ENV:
PERL5LIB=""
PERL5OPT=""
PERL5_CPANPLUS_IS_RUNNING="31396"
PERL5_CPAN_IS_RUNNING="31396"
PERL5_CPAN_IS_RUNNING_IN_RECURSION="31325,31396"
PERLDOC="-MPod::Perldoc::ToTextOverstrike"
PERL_BATCH="yes"
PERL_CANARY_STABILITY_NOPROMPT="1"
PERL_CPAN_REPORTER_CONFIG="/var/tmp/cpansmoker-1023/2017082306/cpanreporter_000_config.ini"
PERL_EXTUTILS_AUTOINSTALL="--defaultdeps"
PERL_PARALLEL_SMOKER="yes"
PERL_USE_UNSAFE_INC="1"
@INC:
/opt/perl-5.27.3/lib/site_perl/5.27.3/x86_64-linux
/opt/perl-5.27.3/lib/site_perl/5.27.3
/opt/perl-5.27.3/lib/5.27.3/x86_64-linux
/opt/perl-5.27.3/lib/5.27.3
.