Report for Cv-0.27

Back
From: metabase:user:5548a95e-9505-11e1-83e2-588633192929
Subject: FAIL Cv-0.27 v5.16.0 GNU/Linux
Date: 2013-05-06T09:43:10Z

This distribution has been tested as part of the CPAN Testers
project, supporting the Perl programming language.  See
http://wiki.cpantesters.org/ for more information or email
questions to cpan-testers-discuss@perl.org


--
Dear MASUDA Yuta,

This is a computer-generated report for Cv-0.27
on perl 5.16.0, created by CPAN-Reporter-1.2010.

Thank you for uploading your work to CPAN.  However, there was a problem
testing your distribution.

If you think this report is invalid, please consult the CPAN Testers Wiki
for suggestions on how to avoid getting FAIL reports for missing library
or binary dependencies, unsupported operating systems, and so on:

http://wiki.cpantesters.org/wiki/CPANAuthorNotes

Sections of this report:

    * Tester comments
    * Program output
    * Prerequisites
    * Environment and other context

------------------------------
TESTER COMMENTS
------------------------------

Additional comments from tester:

none provided

------------------------------
PROGRAM OUTPUT
------------------------------

Output from '/usr/bin/make test':

make[1]: Entering directory `/root/.cpan/build/Cv-0.27-PESDSL/BGCodeBookModel'
make[1]: Leaving directory `/root/.cpan/build/Cv-0.27-PESDSL/BGCodeBookModel'
make[1]: Entering directory `/root/.cpan/build/Cv-0.27-PESDSL/Histogram'
make[1]: Leaving directory `/root/.cpan/build/Cv-0.27-PESDSL/Histogram'
make[1]: Entering directory `/root/.cpan/build/Cv-0.27-PESDSL/Subdiv2D'
make[1]: Leaving directory `/root/.cpan/build/Cv-0.27-PESDSL/Subdiv2D'
make[1]: Entering directory `/root/.cpan/build/Cv-0.27-PESDSL/Qt'
make[1]: Leaving directory `/root/.cpan/build/Cv-0.27-PESDSL/Qt'
make[1]: Entering directory `/root/.cpan/build/Cv-0.27-PESDSL'
make[1]: Leaving directory `/root/.cpan/build/Cv-0.27-PESDSL'
PERL_DL_NONLAZY=1 /usr/bin/perl "-MExtUtils::Command::MM" "-e" "test_harness(0, 'blib/lib', 'blib/arch')" t/*.t
# cxx: c++ g++
t/1config.t ................... ok
t/1const-old.t ................ ok
t/1const.t .................... ok
t/1CvBox2D.t .................. ok
t/1CvConnectedComp.t .......... ok
t/1CvPoint.t .................. ok
t/1CvPoint2D32f.t ............. ok
t/1CvPoint2D32fPtr.t .......... ok
t/1CvPoint2D64f.t ............. ok
t/1CvPoint2D64fPtr.t .......... ok
t/1CvPoint3D32f.t ............. ok
t/1CvPoint3D32fPtr.t .......... ok
t/1CvPoint3D64f.t ............. ok
t/1CvPoint3D64fPtr.t .......... ok
t/1CvPointPtr.t ............... ok
t/1CvRect.t ................... ok
t/1CvScalar.t ................. ok
t/1CvSize.t ................... ok
t/1CvSize2D32f.t .............. ok
t/1CvTermCriteria.t ........... ok
t/1doublePtr.t ................ ok
t/1floatPtr.t ................. ok
t/1intPtr.t ................... ok
t/1more-test.t ................ ok
t/1sizeof.t ................... ok
t/1version.t .................. ok
t/1xs.t ....................... ok
t/2absDiff.t .................. ok
t/2add.t ...................... ok
init done 
opengl support available 
t/2addWeighted.t .............. ok
t/2alias.t .................... ok
t/2and.t ...................... ok
t/2autoload.t ................. ok
t/2boxPoints.t ................ ok
t/2cmp.t ...................... ok
t/2copy.t ..................... ok
init done 
opengl support available 
t/2corner.t ................... ok
t/2croak.t .................... ok
t/2crossProduct.t ............. ok
t/2CvArr.t .................... ok
init done 
opengl support available 
t/2CvFileStorage.t ............ ok
t/2CvImage.t .................. ok
t/2CvMat-CvImage.t ............ ok
t/2CvMat.t .................... ok
t/2CvMatND.t .................. ok
init done 
opengl support available 
t/2CvRNG.t .................... ok
t/2CvSeq.t .................... ok
t/2CvSparseMat.t .............. ok
t/2CvSTORAGE.t ................ ok
t/2CvString.t ................. ok
init done 
opengl support available 
t/2cvtColor.t ................. ok
t/2cvtScale.t ................. ok
t/2cvtScaleAbs.t .............. ok
t/2cvtSeqToArray.t ............ ok
init done 
opengl support available 
t/2dct.t ...................... ok
t/2det.t ...................... ok
init done 
opengl support available 
t/2dft.t ...................... ok
t/2div.t ...................... ok
t/2dst.t ...................... ok
init done 
opengl support available 
t/2encode.t ................... ok
t/2error.t .................... ok
t/2exp.t ...................... ok
t/2flip.t ..................... ok
init done 
opengl support available 
t/2font.t ..................... ok
t/2gemm.t ..................... ok
init done 
opengl support available 
t/2getAffineTransform.t ....... ok
t/2getCols.t .................. ok
t/2getDims.t .................. ok
init done 
opengl support available 
t/2getPerspectiveTransform.t .. ok
t/2getRawData.t ............... ok
t/2getReal.t .................. ok
t/2getRotationMatrix2D.t ...... ok
t/2getRows.t .................. ok
t/2getSize.t .................. ok
init done 
opengl support available 
t/2getSubRect.t ............... ok
init done 
opengl support available 
t/2getTextSize.t .............. ok
init done 
opengl support available 
t/2histogram.t ................ ok
init done 
opengl support available 
t/2initSystem.t ............... ok
init done 
opengl support available 
t/2inRange.t .................. ok
t/2inv.t ...................... ok
init done 
opengl support available 
t/2loadImage.t ................ ok
t/2log.t ...................... ok
init done 
opengl support available 
t/2lut.t ...................... ok
t/2matchTemplate.t ............ ok
t/2max.t ...................... ok
t/2merge.t .................... ok
t/2min.t ...................... ok
t/2minMaxLoc.t ................ ok
t/2misc.t ..................... ok
t/2mixChannels.t .............. ok
t/2morphologyEx.t ............. ok
init done 
opengl support available 
t/2mouse.t .................... ok
t/2mul.t ...................... ok
t/2or.t ....................... ok
init done 
opengl support available 
t/2polyLine.t ................. ok
t/2pow.t ...................... ok
t/2ptr.t ...................... ok
t/2refcount.t ................. ok
t/2resize.t ................... ok
t/2saveImage.t ................ ok
t/2scaleAdd.t ................. ok
init done 
opengl support available 
t/2setZero.t .................. ok
t/2solve.t .................... ok
t/2solveCubic.t ............... ok
t/2split.t .................... ok
t/2stereoSGBM.t ............... ok
t/2sub.t ...................... ok
t/2subRS.t .................... ok
t/2sum.t ...................... ok
init done 
opengl support available 
t/2threshold.t ................ ok
init done 
opengl support available 
t/2trackbar.t ................. ok
t/2useCv-bgcode.t ............. ok
t/2useCv-default.t ............ ok
t/2useCv-nocv.t ............... ok
t/2useCv-nohist.t ............. ok
t/2useCv-qt.t ................. ok
t/2useCv-subdiv.t ............. ok
t/2xor.t ...................... ok
init done 
opengl support available 
t/4boundingRect.t ............. ok
init done 
opengl support available 
t/4contour.t .................. ok
init done 
opengl support available 
t/4contourArea.t .............. ok
t/4CvMat-More.t ............... ok
t/4CvMatND-More.t ............. ok
t/4CvMore.t ................... ok
t/4CvSeq-Circle.t ............. ok
t/4CvSeq-Point.t .............. ok
init done 
opengl support available 
t/4CvSeq-Point2.t ............. ok
t/4CvSeq-Rect.t ............... ok
t/4CvSeq-SURFPoint.t .......... ok
VIDIOC_QUERYMENU: Invalid argument
VIDIOC_QUERYMENU: Invalid argument
VIDIOC_QUERYMENU: Invalid argument
VIDIOC_QUERYMENU: Invalid argument
VIDIOC_QUERYMENU: Invalid argument
VIDIOC_QUERYMENU: Invalid argument
VIDIOC_QUERYMENU: Invalid argument
t/4CvVideoWriter.t ............ ok
init done 
opengl support available 
t/4fitEllipse.t ............... ok
t/4fitLine.t .................. ok
# OpenCV modules: core, photo, stitching, features2d, imgproc, calib3d, flann, legacy, python, video, ml, ts, contrib, nonfree, gpu, videostab, highgui, objdetect
t/4getBuildInformation.t ...... ok
init done 
opengl support available 
t/4houghCircle.t .............. ok
t/4m_get.t .................... ok
t/4makeSeqHeaderForArray.t .... ok
init done 
opengl support available 
t/4minAreaRect.t .............. ok
init done 
opengl support available 
t/4minEnclosingCircle.t ....... ok
init done 
opengl support available 
t/4moments.t .................. ok
t/4overload.t ................. ok
init done 
opengl support available 
t/4pointSeqFromMat.t .......... ok
init done 
opengl support available 
t/4projectPoints2.t ........... ok
t/4s_new.t .................... ok
t/4toArray-seq.t .............. ok
t/4toArray.t .................. ok
init done 
opengl support available 
t/4transform.t ................ ok
init done 
opengl support available 
t/9flipbook.t ................. ok
t/9inlineC.t .................. skipped: Inline::C required
t/9pod.t ...................... ok
# no t/ref-2.4.1.pm (make ref)
t/9ref.t ...................... ok
init done 
opengl support available 
t/9threads.t .................. ok
All tests successful.
Files=151, Tests=4962, 184 wallclock secs ( 1.14 usr  0.32 sys + 43.21 cusr  9.12 csys = 53.79 CPU)
Result: PASS
make[1]: Entering directory `/root/.cpan/build/Cv-0.27-PESDSL/BGCodeBookModel'
PERL_DL_NONLAZY=1 /usr/bin/perl "-MExtUtils::Command::MM" "-e" "test_harness(0, '../blib/lib', '../blib/arch')" t/*.t
t/Cv-BGCodeBookModel.t .. ok
t/pod-coverage.t ........ ok
All tests successful.
Files=2, Tests=23,  1 wallclock secs ( 0.02 usr  0.01 sys +  0.37 cusr  0.07 csys =  0.47 CPU)
Result: PASS
make[1]: Leaving directory `/root/.cpan/build/Cv-0.27-PESDSL/BGCodeBookModel'
make[1]: Entering directory `/root/.cpan/build/Cv-0.27-PESDSL/Histogram'
PERL_DL_NONLAZY=1 /usr/bin/perl "-MExtUtils::Command::MM" "-e" "test_harness(0, '../blib/lib', '../blib/arch')" t/*.t
OpenCV Error: One of arguments' values is out of range (Bin ranges should go in ascenting order) in cvSetHistBinRanges at t/Cv-Histogram.t line 154.
# Looks like you planned 137 tests but ran 100.
# Looks like your test exited with 255 just after 100.
t/Cv-Histogram.t .. 
Dubious, test returned 255 (wstat 65280, 0xff00)
Failed 37/137 subtests 
t/pod-coverage.t .. ok

Test Summary Report
-------------------
t/Cv-Histogram.t (Wstat: 65280 Tests: 100 Failed: 0)
  Non-zero exit status: 255
  Parse errors: Bad plan.  You planned 137 tests but ran 100.
Files=2, Tests=101,  1 wallclock secs ( 0.04 usr  0.00 sys +  0.47 cusr  0.09 csys =  0.60 CPU)
Result: FAIL
Failed 1/2 test programs. 0/101 subtests failed.
make[1]: *** [test_dynamic] Error 255
make[1]: Leaving directory `/root/.cpan/build/Cv-0.27-PESDSL/Histogram'
make: *** [subdirs-test] Error 2

------------------------------
PREREQUISITES
------------------------------

Prerequisite modules loaded:

requires:

    Module              Need Have
    ------------------- ---- ----
    ExtUtils::ParseXS   2.22 3.18
    ExtUtils::PkgConfig 1.12 1.14
    Test::Exception     0.31 0.32
    Test::Number::Delta 1.03 1.03

build_requires:

    Module              Need Have
    ------------------- ---- ----
    ExtUtils::MakeMaker 0    6.66

configure_requires:

    Module              Need Have
    ------------------- ---- ----
    ExtUtils::MakeMaker 0    6.66


------------------------------
ENVIRONMENT AND OTHER CONTEXT
------------------------------

Environment variables:

    LANG = POSIX
    LC_CTYPE = ru_RU.UTF-8
    LD_LIBRARY_PATH = /usr/lib64/mpi/gcc/openmpi/lib64:/o/oracle/product/11.2.0/dbhome_1/lib:/o/oracle/product/11.2.0/dbhome_1/lib
    PATH = /usr/lib64/mpi/gcc/openmpi/bin:/sbin:/usr/sbin:/usr/local/sbin:/root/bin:/usr/local/bin:/usr/bin:/bin:/usr/bin/X11:/usr/X11R6/bin:/usr/games:/sbin:/bin:/usr/sbin:/usr/bin:/o/oracle/product/11.2.0/dbhome_1/bin:/sbin:/bin:/usr/sbin:/usr/bin:/o/oracle/product/11.2.0/dbhome_1/bin
    PERL5LIB = /root/.cpan/build/DBD-Oracle-1.62-ZudwJs/blib/arch:/root/.cpan/build/DBD-Oracle-1.62-ZudwJs/blib/lib
    PERL5OPT = 
    PERL5_CPANPLUS_IS_RUNNING = 27685
    PERL5_CPAN_IS_RUNNING = 27685
    SHELL = /bin/bash
    TERM = xterm

Perl special variables (and OS-specific diagnostics, for MSWin32):

    $^X = /usr/bin/perl
    $UID/$EUID = 0 / 0
    $GID = 0 0
    $EGID = 0 0

Perl module toolchain versions installed:

    Module              Have    
    ------------------- --------
    CPAN                2.00    
    CPAN::Meta          2.130880
    Cwd                 3.33    
    ExtUtils::CBuilder  0.280206
    ExtUtils::Command   1.17    
    ExtUtils::Install   1.58    
    ExtUtils::MakeMaker 6.66    
    ExtUtils::Manifest  1.61    
    ExtUtils::ParseXS   3.18    
    File::Spec          3.33    
    JSON                2.57    
    JSON::PP            2.27202 
    Module::Build       0.4005  
    Module::Signature   n/a     
    Parse::CPAN::Meta   1.4404  
    Test::Harness       3.26    
    Test::More          0.98    
    YAML                0.84    
    YAML::Syck          n/a     
    version             0.9902  


--

Summary of my perl5 (revision 5 version 16 subversion 0) configuration:
   
  Platform:
    osname=linux, osvers=3.4.6-2.10-default, archname=x86_64-linux-thread-multi
    uname='linux build30 3.4.6-2.10-default #1 smp thu jul 26 09:36:26 utc 2012 (641c197) x86_64 x86_64 x86_64 gnulinux '
    config_args='-ds -e -Dprefix=/usr -Dvendorprefix=/usr -Dinstallusrbinperl -Dusethreads -Di_db -Di_dbm -Di_ndbm -Di_gdbm -Dd_dbm_open -Duseshrplib=true -Doptimize=-fmessage-length=0 -O2 -Wall -D_FORTIFY_SOURCE=2 -fstack-protector -funwind-tables -fasynchronous-unwind-tables -g -Wall -pipe -Accflags=-DPERL_USE_SAFE_PUTENV -Dotherlibdirs=/usr/lib/perl5/site_perl'
    hint=recommended, useposix=true, d_sigaction=define
    useithreads=define, usemultiplicity=define
    useperlio=define, d_sfio=undef, uselargefiles=define, usesocks=undef
    use64bitint=define, use64bitall=define, uselongdouble=undef
    usemymalloc=n, bincompat5005=undef
  Compiler:
    cc='cc', ccflags ='-D_REENTRANT -D_GNU_SOURCE -DPERL_USE_SAFE_PUTENV -fno-strict-aliasing -pipe -fstack-protector -D_LARGEFILE_SOURCE -D_FILE_OFFSET_BITS=64',
    optimize='-fmessage-length=0 -O2 -Wall -D_FORTIFY_SOURCE=2 -fstack-protector -funwind-tables -fasynchronous-unwind-tables -g -Wall -pipe',
    cppflags='-D_REENTRANT -D_GNU_SOURCE -DPERL_USE_SAFE_PUTENV -fno-strict-aliasing -pipe -fstack-protector'
    ccversion='', gccversion='4.7.1 20120723 [gcc-4_7-branch revision 189773]', gccosandvers=''
    intsize=4, longsize=8, ptrsize=8, doublesize=8, byteorder=12345678
    d_longlong=define, longlongsize=8, d_longdbl=define, longdblsize=16
    ivtype='long', ivsize=8, nvtype='double', nvsize=8, Off_t='off_t', lseeksize=8
    alignbytes=8, prototype=define
  Linker and Libraries:
    ld='cc', ldflags =' -L/usr/local/lib64 -fstack-protector'
    libpth=/lib64 /usr/lib64 /usr/local/lib64
    libs=-lm -ldl -lcrypt -lpthread
    perllibs=-lm -ldl -lcrypt -lpthread
    libc=/lib64/libc-2.15.so, so=so, useshrplib=true, libperl=libperl.so
    gnulibc_version='2.15'
  Dynamic Linking:
    dlsrc=dl_dlopen.xs, dlext=so, d_dlsymun=undef, ccdlflags='-Wl,-E -Wl,-rpath,/usr/lib/perl5/5.16.0/x86_64-linux-thread-multi/CORE'
    cccdlflags='-fPIC', lddlflags='-shared -L/usr/local/lib64 -fstack-protector'


Characteristics of this binary (from libperl): 
  Compile-time options: HAS_TIMES MULTIPLICITY PERLIO_LAYERS
                        PERL_DONT_CREATE_GVSV PERL_IMPLICIT_CONTEXT
                        PERL_MALLOC_WRAP PERL_PRESERVE_IVUV
                        PERL_USE_SAFE_PUTENV USE_64_BIT_ALL USE_64_BIT_INT
                        USE_ITHREADS USE_LARGE_FILES USE_LOCALE
                        USE_LOCALE_COLLATE USE_LOCALE_CTYPE
                        USE_LOCALE_NUMERIC USE_PERLIO USE_PERL_ATOF
                        USE_REENTRANT_API
  Built under linux
  Compiled at Mar 11 2013 10:59:30
  %ENV:
    PERL5LIB="/root/.cpan/build/DBD-Oracle-1.62-ZudwJs/blib/arch:/root/.cpan/build/DBD-Oracle-1.62-ZudwJs/blib/lib"
    PERL5OPT=""
    PERL5_CPANPLUS_IS_RUNNING="27685"
    PERL5_CPAN_IS_RUNNING="27685"
  @INC:
    /root/.cpan/build/DBD-Oracle-1.62-ZudwJs/blib/arch
    /root/.cpan/build/DBD-Oracle-1.62-ZudwJs/blib/lib
    /usr/lib/perl5/site_perl/5.16.0/x86_64-linux-thread-multi
    /usr/lib/perl5/site_perl/5.16.0
    /usr/lib/perl5/vendor_perl/5.16.0/x86_64-linux-thread-multi
    /usr/lib/perl5/vendor_perl/5.16.0
    /usr/lib/perl5/5.16.0/x86_64-linux-thread-multi
    /usr/lib/perl5/5.16.0
    /usr/lib/perl5/site_perl/5.16.0/x86_64-linux-thread-multi
    /usr/lib/perl5/site_perl/5.16.0
    /usr/lib/perl5/site_perl
    .