Report for Test-Unit-0.25

Back
From: metabase:user:e7b34f46-36ca-11e0-a826-945c7ca43f85
Subject: FAIL Test-Unit-0.25 v5.18.0 FreeBSD
Date: 2013-08-13T07:24:16Z

This distribution has been tested as part of the CPAN Testers
project, supporting the Perl programming language.  See
http://wiki.cpantesters.org/ for more information or email
questions to cpan-testers-discuss@perl.org


--
Dear Matthew Astley,

This is a computer-generated report for Test-Unit-0.25
on perl 5.18.0, created by CPAN-Reporter-1.2010.

Thank you for uploading your work to CPAN.  However, there was a problem
testing your distribution.

If you think this report is invalid, please consult the CPAN Testers Wiki
for suggestions on how to avoid getting FAIL reports for missing library
or binary dependencies, unsupported operating systems, and so on:

http://wiki.cpantesters.org/wiki/CPANAuthorNotes

Sections of this report:

    * Tester comments
    * Program output
    * Prerequisites
    * Environment and other context

------------------------------
TESTER COMMENTS
------------------------------

Additional comments from tester:

this report is from an automated smoke testing program
and was not reviewed by a human for accuracy

------------------------------
PROGRAM OUTPUT
------------------------------

Output from '/usr/bin/make test':

PERL_DL_NONLAZY=1 /usr/home/cpan/perl5/perlbrew/perls/perl-5.18.0/bin/perl "-MExtUtils::Command::MM" "-e" "test_harness(0, 'blib/lib', 'blib/arch')" t/*.t
defined(@array) is deprecated at /usr/home/cpan/.cpan/build/Test-Unit-0.25-aBXdZl/blib/lib/Test/Unit/TestCase.pm line 106.
	(Maybe you should just omit the defined()?)
t/all_tests.t ..... ok
defined(@array) is deprecated at /usr/home/cpan/.cpan/build/Test-Unit-0.25-aBXdZl/blib/lib/Test/Unit/TestCase.pm line 106.
	(Maybe you should just omit the defined()?)
t/assert.t ........ 
Failed 3/40 subtests 
# Test 1 got: "defined(@array) is deprecated at /usr/home/cpan/.cpan/build/Test-Unit-0.25-aBXdZl/blib/lib/Test/Unit/TestCase.pm line 106.\n# \t(Maybe you should just omit the defined()?)\n# Suite setup\n# TEST-RUN-SUMMARY\n# \n# TIME-SUMMARY\n# \n# !!!FAILURES!!!\n# Test Results:\n# Run: 2, Failures: 1, Errors: 0\n# \n# There was 1 failure:\n# 1) examples/fail_example.pm:19 - test_fail(fail_example)\n# Born to lose ...\n# \n# Test was not successful.\n# " (t/try_examples.t at line 106)
#   Expected: "Suite setup\n# TEST-RUN-SUMMARY\n# \n# TIME-SUMMARY\n# \n# !!!FAILURES!!!\n# Test Results:\n# Run: 2, Failures: 1, Errors: 0\n# \n# There was 1 failure:\n# 1) examples/fail_example.pm:19 - test_fail(fail_example)\n# Born to lose ...\n# \n# Test was not successful.\n# "
#   Line 1 is changed:
#    - "Suite setup\n"
#    + "defined(@array) is deprecated at /usr/home/cpan/.cpan/build/Test-Unit-0.25-aBXdZl/blib/lib/Test/Unit/TestCase.pm line 106.\n"
#   Got 2 extra lines at line 2:
#    + "# \t(Maybe you should just omit the defined()?)\n"
#    + "# Suite setup\n"
#  t/try_examples.t line 106 is: 	ok($out, $guru_checked{$e});
# Test 2 got: "defined(@array) is deprecated at /usr/home/cpan/.cpan/build/Test-Unit-0.25-aBXdZl/blib/lib/Test/Unit/TestCase.pm line 106.\n# \t(Maybe you should just omit the defined()?)\n# ...\n# TIME-SUMMARY\n# \n# OK (3 tests)\n# " (t/try_examples.t at line 106 fail #2)
#   Expected: "...\n# TIME-SUMMARY\n# \n# OK (3 tests)\n# "
#   Line 1 is changed:
#    - "...\n"
#    + "defined(@array) is deprecated at /usr/home/cpan/.cpan/build/Test-Unit-0.25-aBXdZl/blib/lib/Test/Unit/TestCase.pm line 106.\n"
#   Got 2 extra lines at line 2:
#    + "# \t(Maybe you should just omit the defined()?)\n"
#    + "# ...\n"
# Test 3 got: "defined(@array) is deprecated at /usr/home/cpan/.cpan/build/Test-Unit-0.25-aBXdZl/blib/lib/Test/Unit/TestCase.pm line 106.\n# \t(Maybe you should just omit the defined()?)\n# ...\n# TIME-SUMMARY\n# \n# OK (3 tests)\n# " (t/try_examples.t at line 106 fail #3)
#   Expected: "...\n# TIME-SUMMARY\n# \n# OK (3 tests)\n# "
#   Line 1 is changed:
#    - "...\n"
#    + "defined(@array) is deprecated at /usr/home/cpan/.cpan/build/Test-Unit-0.25-aBXdZl/blib/lib/Test/Unit/TestCase.pm line 106.\n"
#   Got 2 extra lines at line 2:
#    + "# \t(Maybe you should just omit the defined()?)\n"
#    + "# ...\n"
# Test 4 got: "defined(@array) is deprecated at /usr/home/cpan/.cpan/build/Test-Unit-0.25-aBXdZl/blib/lib/Test/Unit/TestCase.pm line 106.\n# \t(Maybe you should just omit the defined()?)\n# ...\n# TIME-SUMMARY\n# \n# OK (3 tests)\n# " (t/try_examples.t at line 106 fail #4)
#   Expected: "...\n# TIME-SUMMARY\n# \n# OK (3 tests)\n# "
#   Line 1 is changed:
#    - "...\n"
#    + "defined(@array) is deprecated at /usr/home/cpan/.cpan/build/Test-Unit-0.25-aBXdZl/blib/lib/Test/Unit/TestCase.pm line 106.\n"
#   Got 2 extra lines at line 2:
#    + "# \t(Maybe you should just omit the defined()?)\n"
#    + "# ...\n"
t/try_examples.t .. 
Failed 4/4 subtests 

Test Summary Report
-------------------
t/assert.t      (Wstat: 0 Tests: 40 Failed: 3)
  Failed tests:  22-23, 32
t/try_examples.t (Wstat: 0 Tests: 4 Failed: 4)
  Failed tests:  1-4
Files=3, Tests=89,  2 wallclock secs ( 0.03 usr  0.03 sys +  1.93 cusr  0.11 csys =  2.10 CPU)
Result: FAIL
Failed 2/3 test programs. 7/89 subtests failed.
*** Error code 255

Stop in /usr/home/cpan/.cpan/build/Test-Unit-0.25-aBXdZl.

------------------------------
PREREQUISITES
------------------------------

Prerequisite modules loaded:

requires:

    Module              Need Have    
    ------------------- ---- --------
    base                1    2.18    
    Class::Inner        0    0.200001
    Devel::Symdump      0    2.10    
    Error               0    0.17020 

build_requires:

    Module              Need Have    
    ------------------- ---- --------
    ExtUtils::MakeMaker 0    6.73_09 


------------------------------
ENVIRONMENT AND OTHER CONTEXT
------------------------------

Environment variables:

    AUTOMATED_TESTING = 1
    PATH = /home/cpan/perl5/perlbrew/bin:/home/cpan/perl5/perlbrew/perls/perl-5.18.0/bin:/home/cpan/perl5/bin:/sbin:/bin:/usr/sbin:/usr/bin:/usr/games:/usr/local/sbin:/usr/local/bin:/home/cpan/bin
    PERL5LIB = 
    PERL5OPT = 
    PERL5_CPANPLUS_IS_RUNNING = 80079
    PERL5_CPAN_IS_RUNNING = 80079
    PERL5_CPAN_IS_RUNNING_IN_RECURSION = 24697,80079
    PERLBREW_BASHRC_VERSION = 0.66
    PERLBREW_HOME = /home/cpan/.perlbrew
    PERLBREW_MANPATH = /home/cpan/perl5/perlbrew/perls/perl-5.18.0/man
    PERLBREW_PATH = /home/cpan/perl5/perlbrew/bin:/home/cpan/perl5/perlbrew/perls/perl-5.18.0/bin
    PERLBREW_PERL = perl-5.18.0
    PERLBREW_ROOT = /home/cpan/perl5/perlbrew
    PERLBREW_VERSION = 0.66
    PERL_CR_SMOKER_CURRENT = OX-0.12
    PERL_EXTUTILS_AUTOINSTALL = --defaultdeps
    PERL_LOCAL_LIB_ROOT = 
    PERL_MB_OPT = 
    PERL_MM_OPT = 
    PERL_MM_USE_DEFAULT = 1
    SHELL = /usr/local/bin/bash
    TERM = screen

Perl special variables (and OS-specific diagnostics, for MSWin32):

    $^X = /usr/home/cpan/perl5/perlbrew/perls/perl-5.18.0/bin/perl
    $UID/$EUID = 1002 / 1002
    $GID = 1002 1002
    $EGID = 1002 1002

Perl module toolchain versions installed:

    Module              Have    
    ------------------- --------
    CPAN                2.00    
    CPAN::Meta          2.132140
    Cwd                 3.40    
    ExtUtils::CBuilder  0.280210
    ExtUtils::Command   1.17    
    ExtUtils::Install   1.59    
    ExtUtils::MakeMaker 6.73_09 
    ExtUtils::Manifest  1.63    
    ExtUtils::ParseXS   3.21    
    File::Spec          3.40    
    JSON                2.59    
    JSON::PP            2.27202 
    Module::Build       0.4007  
    Module::Signature   n/a     
    Parse::CPAN::Meta   1.4405  
    Test::Harness       3.26    
    Test::More          0.98    
    YAML                0.84    
    YAML::Syck          1.27    
    version             0.9902  


--

Summary of my perl5 (revision 5 version 18 subversion 0) configuration:
   
  Platform:
    osname=freebsd, osvers=9.0-release, archname=amd64-freebsd
    uname='freebsd freebsd90 9.0-release freebsd 9.0-release #0: tue jan 3 07:46:30 utc 2012 root@farrell.cse.buffalo.edu:usrobjusrsrcsysgeneric amd64 '
    config_args='-de -Dprefix=/home/cpan/perl5/perlbrew/perls/perl-5.18.0 -Aeval:scriptdir=/home/cpan/perl5/perlbrew/perls/perl-5.18.0/bin'
    hint=recommended, useposix=true, d_sigaction=define
    useithreads=undef, usemultiplicity=undef
    useperlio=define, d_sfio=undef, uselargefiles=define, usesocks=undef
    use64bitint=define, use64bitall=define, uselongdouble=undef
    usemymalloc=n, bincompat5005=undef
  Compiler:
    cc='cc', ccflags ='-DHAS_FPSETMASK -DHAS_FLOATINGPOINT_H -fno-strict-aliasing -pipe -fstack-protector -I/usr/local/include',
    optimize='-O',
    cppflags='-DHAS_FPSETMASK -DHAS_FLOATINGPOINT_H -fno-strict-aliasing -pipe -fstack-protector -I/usr/local/include'
    ccversion='', gccversion='4.2.1 20070831 patched [FreeBSD]', gccosandvers=''
    intsize=4, longsize=8, ptrsize=8, doublesize=8, byteorder=12345678
    d_longlong=define, longlongsize=8, d_longdbl=define, longdblsize=16
    ivtype='long', ivsize=8, nvtype='double', nvsize=8, Off_t='off_t', lseeksize=8
    alignbytes=8, prototype=define
  Linker and Libraries:
    ld='cc', ldflags ='-Wl,-E  -fstack-protector -L/usr/local/lib'
    libpth=/usr/lib /usr/local/lib
    libs=-lm -lcrypt -lutil -lc
    perllibs=-lm -lcrypt -lutil -lc
    libc=, so=so, useshrplib=false, libperl=libperl.a
    gnulibc_version=''
  Dynamic Linking:
    dlsrc=dl_dlopen.xs, dlext=so, d_dlsymun=undef, ccdlflags=' '
    cccdlflags='-DPIC -fPIC', lddlflags='-shared  -L/usr/local/lib -fstack-protector'


Characteristics of this binary (from libperl): 
  Compile-time options: HAS_TIMES PERLIO_LAYERS PERL_DONT_CREATE_GVSV
                        PERL_HASH_FUNC_ONE_AT_A_TIME_HARD PERL_MALLOC_WRAP
                        PERL_PRESERVE_IVUV PERL_SAWAMPERSAND USE_64_BIT_ALL
                        USE_64_BIT_INT USE_LARGE_FILES USE_LOCALE
                        USE_LOCALE_COLLATE USE_LOCALE_CTYPE
                        USE_LOCALE_NUMERIC USE_PERLIO USE_PERL_ATOF
  Built under freebsd
  Compiled at Aug  9 2013 19:40:59
  %ENV:
    PERL5LIB=""
    PERL5OPT=""
    PERL5_CPANPLUS_IS_RUNNING="80079"
    PERL5_CPAN_IS_RUNNING="80079"
    PERL5_CPAN_IS_RUNNING_IN_RECURSION="24697,80079"
    PERLBREW_BASHRC_VERSION="0.66"
    PERLBREW_HOME="/home/cpan/.perlbrew"
    PERLBREW_MANPATH="/home/cpan/perl5/perlbrew/perls/perl-5.18.0/man"
    PERLBREW_PATH="/home/cpan/perl5/perlbrew/bin:/home/cpan/perl5/perlbrew/perls/perl-5.18.0/bin"
    PERLBREW_PERL="perl-5.18.0"
    PERLBREW_ROOT="/home/cpan/perl5/perlbrew"
    PERLBREW_VERSION="0.66"
    PERL_CR_SMOKER_CURRENT="OX-0.12"
    PERL_EXTUTILS_AUTOINSTALL="--defaultdeps"
    PERL_LOCAL_LIB_ROOT=""
    PERL_MB_OPT=""
    PERL_MM_OPT=""
    PERL_MM_USE_DEFAULT="1"
  @INC:
    /home/cpan/perl5/perlbrew/perls/perl-5.18.0/lib/site_perl/5.18.0/amd64-freebsd
    /home/cpan/perl5/perlbrew/perls/perl-5.18.0/lib/site_perl/5.18.0
    /home/cpan/perl5/perlbrew/perls/perl-5.18.0/lib/5.18.0/amd64-freebsd
    /home/cpan/perl5/perlbrew/perls/perl-5.18.0/lib/5.18.0
    .