Report for Audio-M4P-0.52

Back
From: metabase:user:320bfe00-2aae-11df-837a-5e0a49663a4f
Subject: FAIL Audio-M4P-0.52 v5.8.9 GNU/Linux
Date: 2014-01-03T11:01:13Z

This distribution has been tested as part of the CPAN Testers
project, supporting the Perl programming language.  See
http://wiki.cpantesters.org/ for more information or email
questions to cpan-testers-discuss@perl.org


--
Dear William Herrera,

This is a computer-generated report for Audio-M4P-0.52
on perl 5.8.9, created by CPAN-Reporter-1.2010.

Thank you for uploading your work to CPAN.  However, there was a problem
testing your distribution.

If you think this report is invalid, please consult the CPAN Testers Wiki
for suggestions on how to avoid getting FAIL reports for missing library
or binary dependencies, unsupported operating systems, and so on:

http://wiki.cpantesters.org/wiki/CPANAuthorNotes

Sections of this report:

    * Tester comments
    * Program output
    * Prerequisites
    * Environment and other context

------------------------------
TESTER COMMENTS
------------------------------

Additional comments from tester:

this report is from an automated smoke testing program
and was not reviewed by a human for accuracy

------------------------------
PROGRAM OUTPUT
------------------------------

Output from '/usr/bin/make test':

PERL_DL_NONLAZY=1 /home/sand/src/perl/repoperls/installed-perls/perl/perl-5.8.9/5da8/bin/perl "-MExtUtils::Command::MM" "-MTest::Harness" "-e" "undef *Test::Harness::Switches; test_harness(0, 'blib/lib', 'blib/arch')" t/*.t
t/01_test.t ............... ok
t/02_test.t ............... ok
t/03_test.t ............... ok
t/04_test.t ............... ok

#   Failed test 'POD test for blib/lib/Audio/M4P.pm'
#   at /home/sand/src/perl/repoperls/installed-perls/perl/perl-5.8.9/5da8/lib/site_perl/5.8.9/Test/Pod.pm line 186.
# blib/lib/Audio/M4P.pm (44): =over without closing =back
# Looks like you failed 1 test of 4.
t/05_test.t ............... 
Dubious, test returned 1 (wstat 256, 0x100)
Failed 1/4 subtests 
t/06_test.t ............... ok
t/07_test.t ............... skipped: Test::Memory::Cycle required for testing memory leaks

#   Failed test 'POD test for blib/lib/Audio/M4P.pm'
#   at /home/sand/src/perl/repoperls/installed-perls/perl/perl-5.8.9/5da8/lib/site_perl/5.8.9/Test/Pod.pm line 186.
# blib/lib/Audio/M4P.pm (44): =over without closing =back
# Looks like you failed 1 test of 4.
t/08_pod_test.t ........... 
Dubious, test returned 1 (wstat 256, 0x100)
Failed 1/4 subtests 
t/09_pod_coverage_test.t .. ok

Test Summary Report
-------------------
t/05_test.t             (Wstat: 256 Tests: 4 Failed: 1)
  Failed test:  1
  Non-zero exit status: 1
t/08_pod_test.t         (Wstat: 256 Tests: 4 Failed: 1)
  Failed test:  1
  Non-zero exit status: 1
Files=9, Tests=67,  4 wallclock secs ( 0.03 usr  0.02 sys +  1.91 cusr  0.04 csys =  2.00 CPU)
Result: FAIL
Failed 2/9 test programs. 2/67 subtests failed.
make: *** [test_dynamic] Error 255

------------------------------
PREREQUISITES
------------------------------

Prerequisite modules loaded:

requires:

    Module                   Need Have    
    ------------------------ ---- --------
    Crypt::Rijndael          0    1.11    
    Digest::MD5              0    2.53    
    Scalar::Util             0    1.35    
    Test::More               0    1.001002
    Tree::Simple             0    1.23    
    Tree::Simple::View::HTML 0    0.12    
    Tree::Simple::Visitor    0    1.23    

build_requires:

    Module                   Need Have    
    ------------------------ ---- --------
    ExtUtils::MakeMaker      0    6.85_06 

configure_requires:

    Module                   Need Have    
    ------------------------ ---- --------
    ExtUtils::MakeMaker      0    6.85_06 


------------------------------
ENVIRONMENT AND OTHER CONTEXT
------------------------------

Environment variables:

    AUTOMATED_TESTING = 1
    LANG = en_US.UTF-8
    LANGUAGE = en_US:en
    PATH = /usr/lib/ccache:/home/sand/bin:/usr/local/bin:/usr/bin:/bin:/usr/bin/X11:/usr/games:/usr/local/perl/bin:/usr/X11/bin:/sbin:/usr/sbin
    PERL5LIB = 
    PERL5OPT = 
    PERL5_CPANPLUS_IS_RUNNING = 18751
    PERL5_CPAN_IS_RUNNING = 18751
    PERL_MM_USE_DEFAULT = 1
    SHELL = /usr/bin/zsh
    TERM = screen

Perl special variables (and OS-specific diagnostics, for MSWin32):

    $^X = /home/sand/src/perl/repoperls/installed-perls/perl/perl-5.8.9/5da8/bin/perl
    $UID/$EUID = 1005 / 1005
    $GID = 1005 1005
    $EGID = 1005 1005

Perl module toolchain versions installed:

    Module              Have    
    ------------------- --------
    CPAN                2.00    
    CPAN::Meta          2.133380
    Cwd                 3.40    
    ExtUtils::CBuilder  0.280212
    ExtUtils::Command   1.16    
    ExtUtils::Install   1.54    
    ExtUtils::MakeMaker 6.85_06 
    ExtUtils::Manifest  1.60    
    ExtUtils::ParseXS   3.22    
    File::Spec          3.40    
    JSON                2.90    
    JSON::PP            2.27203 
    Module::Build       0.4203  
    Module::Signature   0.73    
    Parse::CPAN::Meta   1.4409  
    Test::Harness       3.30    
    Test::More          1.001002
    YAML                0.88    
    YAML::Syck          1.27    
    version             0.88    


--

Summary of my perl5 (revision 5 version 8 subversion 9) configuration:
  Platform:
    osname=linux, osvers=3.11-2-amd64, archname=x86_64-linux
    uname='linux k83 3.11-2-amd64 #1 smp debian 3.11.10-1 (2013-12-04) x86_64 gnulinux '
    config_args='-Dprefix=/home/sand/src/perl/repoperls/installed-perls/perl/perl-5.8.9/5da8 -Dmyhostname=k83 -Dinstallusrbinperl=n -Uversiononly -Dusedevel -des -Ui_db -Uuseithreads -Uuselongdouble -DDEBUGGING=-g -Dusedl -Ddlsrc=dl_dlopen.xs -Dlibs=-lnsl -ldb -ldl -lm -lcrypt -lutil -lc -Dlibpth=/usr/lib/x86_64-linux-gnu /usr/local/lib /lib /usr/lib'
    hint=recommended, useposix=true, d_sigaction=define
    usethreads=undef use5005threads=undef useithreads=undef usemultiplicity=undef
    useperlio=define d_sfio=undef uselargefiles=define usesocks=undef
    use64bitint=define use64bitall=define uselongdouble=undef
    usemymalloc=n, bincompat5005=undef
  Compiler:
    cc='cc', ccflags ='-fno-strict-aliasing -pipe -I/usr/local/include -D_LARGEFILE_SOURCE -D_FILE_OFFSET_BITS=64',
    optimize='-O2 -g',
    cppflags='-fno-strict-aliasing -pipe -I/usr/local/include'
    ccversion='', gccversion='4.8.2', gccosandvers=''
    intsize=4, longsize=8, ptrsize=8, doublesize=8, byteorder=12345678
    d_longlong=define, longlongsize=8, d_longdbl=define, longdblsize=16
    ivtype='long', ivsize=8, nvtype='double', nvsize=8, Off_t='off_t', lseeksize=8
    alignbytes=8, prototype=define
  Linker and Libraries:
    ld='cc', ldflags =' -L/usr/local/lib'
    libpth=/usr/lib/x86_64-linux-gnu /usr/local/lib /lib /usr/lib
    libs=-lnsl -ldb -ldl -lm -lcrypt -lutil -lc
    perllibs=-lnsl -ldl -lm -lcrypt -lutil -lc
    libc=, so=so, useshrplib=false, libperl=libperl.a
    gnulibc_version='2.17'
  Dynamic Linking:
    dlsrc=dl_dlopen.xs, dlext=so, d_dlsymun=undef, ccdlflags='-Wl,-E'
    cccdlflags='-fPIC', lddlflags='-shared -O2 -g -L/usr/local/lib'


Characteristics of this binary (from libperl): 
  Compile-time options: PERL_MALLOC_WRAP USE_64_BIT_ALL USE_64_BIT_INT
                        USE_FAST_STDIO USE_LARGE_FILES USE_PERLIO
  Built under linux
  Compiled at Dec 12 2013 08:54:22
  %ENV:
    PERL5LIB=""
    PERL5OPT=""
    PERL5_CPANPLUS_IS_RUNNING="18751"
    PERL5_CPAN_IS_RUNNING="18751"
    PERL_MM_USE_DEFAULT="1"
  @INC:
    /home/sand/src/perl/repoperls/installed-perls/perl/perl-5.8.9/5da8/lib/5.8.9/x86_64-linux
    /home/sand/src/perl/repoperls/installed-perls/perl/perl-5.8.9/5da8/lib/5.8.9
    /home/sand/src/perl/repoperls/installed-perls/perl/perl-5.8.9/5da8/lib/site_perl/5.8.9/x86_64-linux
    /home/sand/src/perl/repoperls/installed-perls/perl/perl-5.8.9/5da8/lib/site_perl/5.8.9
    .