Sledge-View v0.08 Perl 5 v5.12.1 i686-linux

Status
Fail
From
Graham Crookham (GRAHAMC)
Dist
Sledge-View v0.08
Platform
Perl 5 v5.12.1 i686-linux
Date
2010-08-04T22:48:10
ID
5b49ef0c-a01a-11df-a6fd-4d09d2f65dd1
This distribution has been tested as part of the CPAN Testers
project, supporting the Perl programming language.  See
http://wiki.cpantesters.org/ for more information or email
questions to cpan-testers-discuss@perl.org


--
Dear Tokuhiro Matsuno,

This is a computer-generated report for Sledge-View-0.08
on perl 5.12.1, created by CPAN-Reporter-1.18.

Thank you for uploading your work to CPAN.  However, there was a problem
testing your distribution.

If you think this report is invalid, please consult the CPAN Testers Wiki
for suggestions on how to avoid getting FAIL reports for missing library
or binary dependencies, unsupported operating systems, and so on:

http://wiki.cpantesters.org/wiki/CPANAuthorNotes

Sections of this report:

    * Tester comments
    * Program output
    * Prerequisites
    * Environment and other context

------------------------------
TESTER COMMENTS
------------------------------

Additional comments from tester:

this report is from an automated smoke testing program
and was not reviewed by a human for accuracy

------------------------------
PROGRAM OUTPUT
------------------------------

Output from 'make test':

PERL_DL_NONLAZY=1 /home/graham/perltest/perl5121/perl/bin/perl "-MExtUtils::Command::MM" "-e" "test_harness(0, 'inc', 'blib/lib', 'blib/arch')" t/00.load.t t/01.base.t t/02.abstract.t t/03.csv.t t/04.tt.t t/dependencies.t t/perlcritic.t t/pod-coverage.t t/pod.t t/spelling.t
t/00.load.t ....... skipped: Sledge::Exceptions required for testing base: Can't locate Sledge/Exceptions.pm in @INC (@INC contains: /home/graham/perltest/perl5121/cpan/build/Sledge-View-0.08-wnlUJF/inc /home/graham/perltest/perl5121/cpan/build/Sledge-View-0.08-wnlUJF/blib/lib /home/graham/perltest/perl5121/cpan/build/Sledge-View-0.08-wnlUJF/blib/arch /home/graham/perltest/perl5121/perl/lib/site_perl/5.12.1/i686-linux /home/graham/perltest/perl5121/perl/lib/site_perl/5.12.1 /home/graham/perltest/perl5121/perl/lib/5.12.1/i686-linux /home/graham/perltest/perl5121/perl/lib/5.12.1 .) at (eval 3) line 2.
t/01.base.t ....... skipped: t::TestPages required for testing base: Can't locate Sledge/Exceptions.pm in @INC (@INC contains: /home/graham/perltest/perl5121/cpan/build/Sledge-View-0.08-wnlUJF/inc /home/graham/perltest/perl5121/cpan/build/Sledge-View-0.08-wnlUJF/blib/lib /home/graham/perltest/perl5121/cpan/build/Sledge-View-0.08-wnlUJF/blib/arch /home/graham/perltest/perl5121/perl/lib/site_perl/5.12.1/i686-linux /home/graham/perltest/perl5121/perl/lib/site_perl/5.12.1 /home/graham/perltest/perl5121/perl/lib/5.12.1/i686-linux /home/graham/perltest/perl5121/perl/lib/5.12.1 .) at /home/graham/perltest/perl5121/cpan/build/Sledge-View-0.08-wnlUJF/blib/lib/Sledge/View.pm line 5.
Can't locate Sledge/Exceptions.pm in @INC (@INC contains: /home/graham/perltest/perl5121/cpan/build/Sledge-View-0.08-wnlUJF/inc /home/graham/perltest/perl5121/cpan/build/Sledge-View-0.08-wnlUJF/blib/lib /home/graham/perltest/perl5121/cpan/build/Sledge-View-0.08-wnlUJF/blib/arch /home/graham/perltest/perl5121/perl/lib/site_perl/5.12.1/i686-linux /home/graham/perltest/perl5121/perl/lib/site_perl/5.12.1 /home/graham/perltest/perl5121/perl/lib/5.12.1/i686-linux /home/graham/perltest/perl5121/perl/lib/5.12.1 .) at /home/graham/perltest/perl5121/cpan/build/Sledge-View-0.08-wnlUJF/blib/lib/Sledge/View.pm line 5.
BEGIN failed--compilation aborted at /home/graham/perltest/perl5121/cpan/build/Sledge-View-0.08-wnlUJF/blib/lib/Sledge/View.pm line 5.
Compilation failed in require at t/02.abstract.t line 4.
BEGIN failed--compilation aborted at t/02.abstract.t line 4.
t/02.abstract.t ... 
Dubious, test returned 2 (wstat 512, 0x200)
No subtests run 
t/03.csv.t ........ skipped: Test::Base, t::TestPages required for testing base: Can't locate Sledge/Exceptions.pm in @INC (@INC contains: /home/graham/perltest/perl5121/cpan/build/Sledge-View-0.08-wnlUJF/inc /home/graham/perltest/perl5121/cpan/build/Sledge-View-0.08-wnlUJF/blib/lib /home/graham/perltest/perl5121/cpan/build/Sledge-View-0.08-wnlUJF/blib/arch /home/graham/perltest/perl5121/perl/lib/site_perl/5.12.1/i686-linux /home/graham/perltest/perl5121/perl/lib/site_perl/5.12.1 /home/graham/perltest/perl5121/perl/lib/5.12.1/i686-linux /home/graham/perltest/perl5121/perl/lib/5.12.1 .) at /home/graham/perltest/perl5121/cpan/build/Sledge-View-0.08-wnlUJF/blib/lib/Sledge/View.pm line 5.
t/04.tt.t ......... skipped: t::TestPages required for testing base: Can't locate Sledge/Exceptions.pm in @INC (@INC contains: /home/graham/perltest/perl5121/cpan/build/Sledge-View-0.08-wnlUJF/inc /home/graham/perltest/perl5121/cpan/build/Sledge-View-0.08-wnlUJF/blib/lib /home/graham/perltest/perl5121/cpan/build/Sledge-View-0.08-wnlUJF/blib/arch /home/graham/perltest/perl5121/perl/lib/site_perl/5.12.1/i686-linux /home/graham/perltest/perl5121/perl/lib/site_perl/5.12.1 /home/graham/perltest/perl5121/perl/lib/5.12.1/i686-linux /home/graham/perltest/perl5121/perl/lib/5.12.1 .) at /home/graham/perltest/perl5121/cpan/build/Sledge-View-0.08-wnlUJF/blib/lib/Sledge/View.pm line 5.
defined(%hash) is deprecated at /home/graham/perltest/perl5121/perl/lib/5.12.1/Locale/Maketext.pm line 404.
	(Maybe you should just omit the defined()?)
Could not determine modules used in 'lib/Sledge/Plugin/View.pm' at /home/graham/perltest/perl5121/perl/lib/site_perl/5.12.1/Test/Dependencies.pm line 157.
# Looks like your test died before it could output anything.
t/dependencies.t .. 
Dubious, test returned 255 (wstat 65280, 0xff00)
No subtests run 

#   Failed test 'Test::Perl::Critic for "blib/lib/Sledge/View/CSV.pm"'
#   in /home/graham/perltest/perl5121/perl/lib/site_perl/5.12.1/Test/Perl/Critic.pm at line 110.
# 
# Perl::Critic found these violations in "blib/lib/Sledge/View/CSV.pm":
# Private Member Data shouldn't be accessed directly at line 50, column 34.  Accessing an objects data directly breaks encapsulation and should be avoided.  Example: $object->{ some_key }.  (Severity: 5)

#   Failed test 'Test::Perl::Critic for "blib/lib/Sledge/View/TT.pm"'
#   in /home/graham/perltest/perl5121/perl/lib/site_perl/5.12.1/Test/Perl/Critic.pm at line 110.
# 
# Perl::Critic found these violations in "blib/lib/Sledge/View/TT.pm":
# Private Member Data shouldn't be accessed directly at line 40, column 17.  Accessing an objects data directly breaks encapsulation and should be avoided.  Example: $object->{ some_key }.  (Severity: 5)
# Looks like you failed 2 tests of 6.
t/perlcritic.t .... 
Dubious, test returned 2 (wstat 512, 0x200)
Failed 2/6 subtests 
t/pod-coverage.t .. ok
t/pod.t ........... ok
sh: spell: command not found
Died at /home/graham/perltest/perl5121/perl/lib/site_perl/5.12.1/Test/Spelling.pm line 54.
# Looks like your test died before it could output anything.
t/spelling.t ...... 
Dubious, test returned 255 (wstat 65280, 0xff00)
Failed 6/6 subtests 

Test Summary Report
-------------------
t/02.abstract.t (Wstat: 512 Tests: 0 Failed: 0)
  Non-zero exit status: 2
  Parse errors: No plan found in TAP output
t/dependencies.t (Wstat: 65280 Tests: 0 Failed: 0)
  Non-zero exit status: 255
  Parse errors: No plan found in TAP output
t/perlcritic.t  (Wstat: 512 Tests: 6 Failed: 2)
  Failed tests:  4-5
  Non-zero exit status: 2
t/spelling.t    (Wstat: 65280 Tests: 0 Failed: 0)
  Non-zero exit status: 255
  Parse errors: Bad plan.  You planned 6 tests but ran 0.
Files=10, Tests=18,  8 wallclock secs ( 0.12 usr  0.02 sys +  7.56 cusr  0.28 csys =  7.98 CPU)
Result: FAIL
Failed 4/10 test programs. 2/18 subtests failed.
make: *** [test_dynamic] Error 255

------------------------------
PREREQUISITES
------------------------------

Prerequisite modules loaded:

requires:

    Module                Need Have 
    --------------------- ---- -----
    Class::Accessor::Fast 0    0.34 
    Class::Trigger        0    0.14 
    HTTP::Headers         0    5.835
    Test::Base            0    0.59 
    UNIVERSAL::require    0    0.13 


------------------------------
ENVIRONMENT AND OTHER CONTEXT
------------------------------

Environment variables:

    AUTOMATED_TESTING = 1
    LANG = C
    PATH = /home/graham/perltest/perl5121/perl/bin:/bin:/usr/bin:/sbin:/usr/sbin:/opt/java/bin:/opt/java/jre/bin:/opt/kde/bin:/usr/bin/perlbin/site:/usr/bin/perlbin/vendor:/usr/bin/perlbin/core:/opt/qt/bin
    PERL5LIB = 
    PERL5OPT = 
    PERL5_CPANPLUS_IS_RUNNING = 14726
    PERL5_CPAN_IS_RUNNING = 14726
    PERL5_CPAN_IS_RUNNING_IN_RECURSION = 8985,14726
    PERL_CR_SMOKER_CURRENT = Sledge-View-0.08
    PERL_EXTUTILS_AUTOINSTALL = --defaultdeps
    PERL_MM_USE_DEFAULT = 1
    SHELL = /bin/bash
    TERM = xterm

Perl special variables (and OS-specific diagnostics, for MSWin32):

    $^X = /home/graham/perltest/perl5121/perl/bin/perl
    $UID/$EUID = 1000 / 1000
    $GID = 1000 7 10 91 92 93 95 98 100 108 1000 1001
    $EGID = 1000 7 10 91 92 93 95 98 100 108 1000 1001

Perl module toolchain versions installed:

    Module              Have   
    ------------------- -------
    CPAN                1.9402 
    Cwd                 3.31   
    ExtUtils::CBuilder  0.27_05
    ExtUtils::Command   1.16   
    ExtUtils::Install   1.52   
    ExtUtils::MakeMaker 6.56   
    ExtUtils::Manifest  1.58   
    ExtUtils::ParseXS   2.2206 
    File::Spec          3.31   
    Module::Build       0.36_13
    Module::Signature   0.64   
    Test::Harness       3.21   
    Test::More          0.94   
    YAML                0.71   
    YAML::Syck          1.11   
    version             0.82   


--

Summary of my perl5 (revision 5 version 12 subversion 1) configuration:
   
  Platform:
    osname=linux, osvers=2.6.33-arch, archname=i686-linux
    uname='linux lorant 2.6.33-arch #1 smp preempt thu may 13 12:06:25 cest 2010 i686 intel(r) pentium(r) 4 cpu 2.80ghz genuineintel gnulinux '
    config_args=''
    hint=recommended, useposix=true, d_sigaction=define
    useithreads=undef, usemultiplicity=undef
    useperlio=define, d_sfio=undef, uselargefiles=define, usesocks=undef
    use64bitint=undef, use64bitall=undef, uselongdouble=undef
    usemymalloc=n, bincompat5005=undef
  Compiler:
    cc='cc', ccflags ='-fno-strict-aliasing -pipe -fstack-protector -I/usr/local/include -D_LARGEFILE_SOURCE -D_FILE_OFFSET_BITS=64',
    optimize='-O2',
    cppflags='-fno-strict-aliasing -pipe -fstack-protector -I/usr/local/include'
    ccversion='', gccversion='4.5.0 20100520 (prerelease)', gccosandvers=''
    intsize=4, longsize=4, ptrsize=4, doublesize=8, byteorder=1234
    d_longlong=define, longlongsize=8, d_longdbl=define, longdblsize=12
    ivtype='long', ivsize=4, nvtype='double', nvsize=8, Off_t='off_t', lseeksize=8
    alignbytes=4, prototype=define
  Linker and Libraries:
    ld='cc', ldflags =' -fstack-protector -L/usr/local/lib'
    libpth=/usr/local/lib /lib /usr/lib
    libs=-lnsl -lgdbm -ldb -ldl -lm -lcrypt -lutil -lc -lgdbm_compat
    perllibs=-lnsl -ldl -lm -lcrypt -lutil -lc
    libc=/lib/libc-2.12.so, so=so, useshrplib=true, libperl=libperl.so
    gnulibc_version='2.12'
  Dynamic Linking:
    dlsrc=dl_dlopen.xs, dlext=so, d_dlsymun=undef, ccdlflags='-Wl,-E -Wl,-rpath,/home/graham/perltest/perl5121/perl/lib/5.12.1/i686-linux/CORE'
    cccdlflags='-fPIC', lddlflags='-shared -O2 -L/usr/local/lib -fstack-protector'


Characteristics of this binary (from libperl): 
  Compile-time options: PERL_DONT_CREATE_GVSV PERL_MALLOC_WRAP
                        USE_LARGE_FILES USE_PERLIO USE_PERL_ATOF
  Built under linux
  Compiled at Jul 20 2010 13:38:07
  %ENV:
    PERL5LIB=""
    PERL5OPT=""
    PERL5_CPANPLUS_IS_RUNNING="14726"
    PERL5_CPAN_IS_RUNNING="14726"
    PERL5_CPAN_IS_RUNNING_IN_RECURSION="8985,14726"
    PERL_CR_SMOKER_CURRENT="Sledge-View-0.08"
    PERL_EXTUTILS_AUTOINSTALL="--defaultdeps"
    PERL_MM_USE_DEFAULT="1"
  @INC:
    /home/graham/perltest/perl5121/perl/lib/site_perl/5.12.1/i686-linux
    /home/graham/perltest/perl5121/perl/lib/site_perl/5.12.1
    /home/graham/perltest/perl5121/perl/lib/5.12.1/i686-linux
    /home/graham/perltest/perl5121/perl/lib/5.12.1
    .