Test-Moose-More v0.050 Perl 5 v5.28.1 darwin-thread-multi-2level

Status
Fail
From
Stanislaw Pusep
Dist
Test-Moose-More v0.050
Platform
Perl 5 v5.28.1 darwin-thread-multi-2level
Date
2018-12-30 16:31:27
ID
5b495d0c-0c50-11e9-b2fc-4ec6980eb343
This distribution has been tested as part of the CPAN Testers
project, supporting the Perl programming language.  See
http://wiki.cpantesters.org/ for more information or email
questions to cpan-testers-discuss@perl.org


--
Dear RSRCHBOY,

This is a computer-generated report for Test-Moose-More-0.050
on perl 5.28.1, created by App::cpanminus::reporter 0.17 (1.9018).

Thank you for uploading your work to CPAN.  However, there was a problem
testing your distribution.

If you think this report is invalid, please consult the CPAN Testers Wiki
for suggestions on how to avoid getting FAIL reports for missing library
or binary dependencies, unsupported operating systems, and so on:

http://wiki.cpantesters.org/wiki/CPANAuthorNotes

Sections of this report:

    * Tester comments
    * Program output
    * Prerequisites
    * Environment and other context

------------------------------
TESTER COMMENTS
------------------------------

Additional comments from tester:

none provided

------------------------------
PROGRAM OUTPUT
------------------------------

Output from '':

Building and testing Test-Moose-More-0.050
cp lib/Test/Moose/More.pm blib/lib/Test/Moose/More.pm
cp lib/Test/Moose/More/Utils.pm blib/lib/Test/Moose/More/Utils.pm
Manifying 2 pod documents
PERL_DL_NONLAZY=1 "/usr/local/Cellar/perl/5.28.1/bin/perl" "-MExtUtils::Command::MM" "-MTest::Harness" "-e" "undef *Test::Harness::Switches; test_harness(0, 'blib/lib', 'blib/arch')" t/*.t t/attribute_options_ok/*.t t/is_class_ok/*.t t/validate_attribute/*.t t/validate_class/*.t t/validate_role/*.t t/validate_thing/*.t t/wrapped/*.t
t/00-check-deps.t ...................................... ok

#   Failed test 'Test/Moose/More.pm loaded ok'
#   at t/00-compile.t line 44.
#          got: '512'
#     expected: '0'
Moose object version 1.17 does not match bootstrap parameter 2.0002 at /usr/local/Cellar/perl/5.28.1/lib/perl5/5.28.1/XSLoader.pm line 114.
Compilation failed in require at /Users/stan/perl5/lib/perl5/darwin-thread-multi-2level/Moose/Util.pm line 13.
BEGIN failed--compilation aborted at /Users/stan/perl5/lib/perl5/darwin-thread-multi-2level/Moose/Util.pm line 13.
Compilation failed in require at /Users/stan/perl5/lib/perl5/darwin-thread-multi-2level/Test/Moose.pm line 10.
BEGIN failed--compilation aborted at /Users/stan/perl5/lib/perl5/darwin-thread-multi-2level/Test/Moose.pm line 10.
Compilation failed in require at /Users/stan/.cpanm/work/1546179083.24735/Test-Moose-More-0.050/blib/lib/Test/Moose/More.pm line 72.
BEGIN failed--compilation aborted at /Users/stan/.cpanm/work/1546179083.24735/Test-Moose-More-0.050/blib/lib/Test/Moose/More.pm line 72.
Compilation failed in require at -e line 1.
# Looks like you failed 1 test of 2.
t/00-compile.t ......................................... 
Dubious, test returned 1 (wstat 256, 0x100)
Failed 1/2 subtests 
# 
# Versions for all modules listed in MYMETA.json (including optional ones):
# 
# === Configure Requires ===
# 
#     Module              Want Have
#     ------------------- ---- ----
#     ExtUtils::MakeMaker  any 7.34
# 
# === Build Requires ===
# 
#     Module              Want Have
#     ------------------- ---- ----
#     ExtUtils::MakeMaker  any 7.34
# 
# === Test Requires ===
# 
#     Module                  Want     Have
#     ---------------------- ----- --------
#     ExtUtils::MakeMaker      any     7.34
#     File::Spec               any     3.75
#     IO::Handle               any     1.39
#     IPC::Open3               any     1.20
#     List::Util              1.45     1.50
#     Moose                    any     1.17
#     Moose::Meta::Attribute   any     1.17
#     Moose::Role              any     1.17
#     Moose::Util::MetaRole    any     1.17
#     TAP::SimpleOutput      0.009    0.009
#     Test::Builder::Tester    any 1.302141
#     Test::CheckDeps        0.010    0.010
#     Test::More              0.94 1.302141
#     namespace::autoclean     any     0.28
# 
# === Test Recommends ===
# 
#     Module         Want     Have
#     ---------- -------- --------
#     CPAN::Meta 2.120900 2.150010
# 
# === Runtime Requires ===
# 
#     Module                       Want     Have
#     ---------------------------- ---- --------
#     Carp                          any     1.50
#     Data::OptList                 any    0.110
#     List::MoreUtils               any    0.428
#     List::Util                   1.45     1.50
#     Moose::Util                   any     1.17
#     Moose::Util::TypeConstraints  any     1.17
#     Scalar::Util                  any     1.50
#     Sub::Exporter::Progressive    any 0.001013
#     Syntax::Keyword::Junction     any 0.003008
#     Test::Builder                 any 1.302141
#     Test::Moose                   any     1.17
#     Test::More                   0.94 1.302141
#     strict                        any     1.11
#     warnings                      any     1.42
# 
t/00-report-prereqs.t .................................. ok
Moose object version 1.17 does not match bootstrap parameter 2.0002 at /usr/local/Cellar/perl/5.28.1/lib/perl5/5.28.1/XSLoader.pm line 114.
Compilation failed in require at /Users/stan/perl5/lib/perl5/darwin-thread-multi-2level/Moose/Util.pm line 13.
BEGIN failed--compilation aborted at /Users/stan/perl5/lib/perl5/darwin-thread-multi-2level/Moose/Util.pm line 13.
Compilation failed in require at /Users/stan/perl5/lib/perl5/darwin-thread-multi-2level/Test/Moose.pm line 10.
BEGIN failed--compilation aborted at /Users/stan/perl5/lib/perl5/darwin-thread-multi-2level/Test/Moose.pm line 10.
Compilation failed in require at /Users/stan/.cpanm/work/1546179083.24735/Test-Moose-More-0.050/blib/lib/Test/Moose/More.pm line 72.
BEGIN failed--compilation aborted at /Users/stan/.cpanm/work/1546179083.24735/Test-Moose-More-0.050/blib/lib/Test/Moose/More.pm line 72.
Compilation failed in require at t/attribute_options_ok/basic.t line 6.
BEGIN failed--compilation aborted at t/attribute_options_ok/basic.t line 6.
t/attribute_options_ok/basic.t ......................... 
Dubious, test returned 2 (wstat 512, 0x200)
No subtests run 
Moose object version 1.17 does not match bootstrap parameter 2.0002 at /usr/local/Cellar/perl/5.28.1/lib/perl5/5.28.1/XSLoader.pm line 114.
Compilation failed in require at /Users/stan/perl5/lib/perl5/darwin-thread-multi-2level/Moose/Util.pm line 13.
BEGIN failed--compilation aborted at /Users/stan/perl5/lib/perl5/darwin-thread-multi-2level/Moose/Util.pm line 13.
Compilation failed in require at /Users/stan/perl5/lib/perl5/darwin-thread-multi-2level/Test/Moose.pm line 10.
BEGIN failed--compilation aborted at /Users/stan/perl5/lib/perl5/darwin-thread-multi-2level/Test/Moose.pm line 10.
Compilation failed in require at /Users/stan/.cpanm/work/1546179083.24735/Test-Moose-More-0.050/blib/lib/Test/Moose/More.pm line 72.
BEGIN failed--compilation aborted at /Users/stan/.cpanm/work/1546179083.24735/Test-Moose-More-0.050/blib/lib/Test/Moose/More.pm line 72.
Compilation failed in require at t/attribute_options_ok/subtest-wrapper.t line 6.
BEGIN failed--compilation aborted at t/attribute_options_ok/subtest-wrapper.t line 6.
t/attribute_options_ok/subtest-wrapper.t ............... 
Dubious, test returned 2 (wstat 512, 0x200)
No subtests run 
Moose object version 1.17 does not match bootstrap parameter 2.0002 at /usr/local/Cellar/perl/5.28.1/lib/perl5/5.28.1/XSLoader.pm line 114.
Compilation failed in require at /Users/stan/perl5/lib/perl5/darwin-thread-multi-2level/Moose/Exporter.pm line 11.
BEGIN failed--compilation aborted at /Users/stan/perl5/lib/perl5/darwin-thread-multi-2level/Moose/Exporter.pm line 11.
Compilation failed in require at /Users/stan/perl5/lib/perl5/darwin-thread-multi-2level/Moose.pm line 15.
BEGIN failed--compilation aborted at /Users/stan/perl5/lib/perl5/darwin-thread-multi-2level/Moose.pm line 15.
Compilation failed in require at t/check_sugar.t line 6.
BEGIN failed--compilation aborted at t/check_sugar.t line 6.
t/check_sugar.t ........................................ 
Dubious, test returned 2 (wstat 512, 0x200)
No subtests run 
Moose object version 1.17 does not match bootstrap parameter 2.0002 at /usr/local/Cellar/perl/5.28.1/lib/perl5/5.28.1/XSLoader.pm line 114.
Compilation failed in require at /Users/stan/perl5/lib/perl5/darwin-thread-multi-2level/Moose/Util.pm line 13.
BEGIN failed--compilation aborted at /Users/stan/perl5/lib/perl5/darwin-thread-multi-2level/Moose/Util.pm line 13.
Compilation failed in require at /Users/stan/perl5/lib/perl5/darwin-thread-multi-2level/Test/Moose.pm line 10.
BEGIN failed--compilation aborted at /Users/stan/perl5/lib/perl5/darwin-thread-multi-2level/Test/Moose.pm line 10.
Compilation failed in require at /Users/stan/.cpanm/work/1546179083.24735/Test-Moose-More-0.050/blib/lib/Test/Moose/More.pm line 72.
BEGIN failed--compilation aborted at /Users/stan/.cpanm/work/1546179083.24735/Test-Moose-More-0.050/blib/lib/Test/Moose/More.pm line 72.
Compilation failed in require at t/definition_context.t line 5.
BEGIN failed--compilation aborted at t/definition_context.t line 5.
t/definition_context.t ................................. 
Dubious, test returned 2 (wstat 512, 0x200)
No subtests run 
Moose object version 1.17 does not match bootstrap parameter 2.0002 at /usr/local/Cellar/perl/5.28.1/lib/perl5/5.28.1/XSLoader.pm line 114.
Compilation failed in require at /Users/stan/perl5/lib/perl5/darwin-thread-multi-2level/Moose/Util.pm line 13.
BEGIN failed--compilation aborted at /Users/stan/perl5/lib/perl5/darwin-thread-multi-2level/Moose/Util.pm line 13.
Compilation failed in require at /Users/stan/perl5/lib/perl5/darwin-thread-multi-2level/Test/Moose.pm line 10.
BEGIN failed--compilation aborted at /Users/stan/perl5/lib/perl5/darwin-thread-multi-2level/Test/Moose.pm line 10.
Compilation failed in require at /Users/stan/.cpanm/work/1546179083.24735/Test-Moose-More-0.050/blib/lib/Test/Moose/More.pm line 72.
BEGIN failed--compilation aborted at /Users/stan/.cpanm/work/1546179083.24735/Test-Moose-More-0.050/blib/lib/Test/Moose/More.pm line 72.
Compilation failed in require at t/does_metaroles_ok.t line 6.
BEGIN failed--compilation aborted at t/does_metaroles_ok.t line 6.
t/does_metaroles_ok.t .................................. 
Dubious, test returned 2 (wstat 512, 0x200)
No subtests run 
Moose object version 1.17 does not match bootstrap parameter 2.0002 at /usr/local/Cellar/perl/5.28.1/lib/perl5/5.28.1/XSLoader.pm line 114.
Compilation failed in require at /Users/stan/perl5/lib/perl5/darwin-thread-multi-2level/Moose/Util.pm line 13.
BEGIN failed--compilation aborted at /Users/stan/perl5/lib/perl5/darwin-thread-multi-2level/Moose/Util.pm line 13.
Compilation failed in require at /Users/stan/perl5/lib/perl5/darwin-thread-multi-2level/Test/Moose.pm line 10.
BEGIN failed--compilation aborted at /Users/stan/perl5/lib/perl5/darwin-thread-multi-2level/Test/Moose.pm line 10.
Compilation failed in require at /Users/stan/.cpanm/work/1546179083.24735/Test-Moose-More-0.050/blib/lib/Test/Moose/More.pm line 72.
BEGIN failed--compilation aborted at /Users/stan/.cpanm/work/1546179083.24735/Test-Moose-More-0.050/blib/lib/Test/Moose/More.pm line 72.
Compilation failed in require at t/does_not_metaroles_ok.t line 6.
BEGIN failed--compilation aborted at t/does_not_metaroles_ok.t line 6.
t/does_not_metaroles_ok.t .............................. 
Dubious, test returned 2 (wstat 512, 0x200)
No subtests run 
Moose object version 1.17 does not match bootstrap parameter 2.0002 at /usr/local/Cellar/perl/5.28.1/lib/perl5/5.28.1/XSLoader.pm line 114.
Compilation failed in require at /Users/stan/perl5/lib/perl5/darwin-thread-multi-2level/Moose/Exporter.pm line 11.
BEGIN failed--compilation aborted at /Users/stan/perl5/lib/perl5/darwin-thread-multi-2level/Moose/Exporter.pm line 11.
Compilation failed in require at /Users/stan/perl5/lib/perl5/darwin-thread-multi-2level/Moose.pm line 15.
BEGIN failed--compilation aborted at /Users/stan/perl5/lib/perl5/darwin-thread-multi-2level/Moose.pm line 15.
Compilation failed in require at /Users/stan/perl5/lib/perl5/darwin-thread-multi-2level/Moose/Role.pm line 14.
BEGIN failed--compilation aborted at /Users/stan/perl5/lib/perl5/darwin-thread-multi-2level/Moose/Role.pm line 14.
Compilation failed in require at t/does_not_ok.t line 4.
BEGIN failed--compilation aborted at t/does_not_ok.t line 4.
t/does_not_ok.t ........................................ 
Dubious, test returned 2 (wstat 512, 0x200)
No subtests run 
Moose object version 1.17 does not match bootstrap parameter 2.0002 at /usr/local/Cellar/perl/5.28.1/lib/perl5/5.28.1/XSLoader.pm line 114.
Compilation failed in require at /Users/stan/perl5/lib/perl5/darwin-thread-multi-2level/Moose/Exporter.pm line 11.
BEGIN failed--compilation aborted at /Users/stan/perl5/lib/perl5/darwin-thread-multi-2level/Moose/Exporter.pm line 11.
Compilation failed in require at /Users/stan/perl5/lib/perl5/darwin-thread-multi-2level/Moose.pm line 15.
BEGIN failed--compilation aborted at /Users/stan/perl5/lib/perl5/darwin-thread-multi-2level/Moose.pm line 15.
Compilation failed in require at /Users/stan/perl5/lib/perl5/darwin-thread-multi-2level/Moose/Role.pm line 14.
BEGIN failed--compilation aborted at /Users/stan/perl5/lib/perl5/darwin-thread-multi-2level/Moose/Role.pm line 14.
Compilation failed in require at t/does_ok.t line 4.
BEGIN failed--compilation aborted at t/does_ok.t line 4.
t/does_ok.t ............................................ 
Dubious, test returned 2 (wstat 512, 0x200)
No subtests run 
Moose object version 1.17 does not match bootstrap parameter 2.0002 at /usr/local/Cellar/perl/5.28.1/lib/perl5/5.28.1/XSLoader.pm line 114.
Compilation failed in require at /Users/stan/perl5/lib/perl5/darwin-thread-multi-2level/Moose/Exporter.pm line 11.
BEGIN failed--compilation aborted at /Users/stan/perl5/lib/perl5/darwin-thread-multi-2level/Moose/Exporter.pm line 11.
Compilation failed in require at /Users/stan/perl5/lib/perl5/darwin-thread-multi-2level/Moose.pm line 15.
BEGIN failed--compilation aborted at /Users/stan/perl5/lib/perl5/darwin-thread-multi-2level/Moose.pm line 15.
Compilation failed in require at /Users/stan/perl5/lib/perl5/darwin-thread-multi-2level/Moose/Role.pm line 14.
BEGIN failed--compilation aborted at /Users/stan/perl5/lib/perl5/darwin-thread-multi-2level/Moose/Role.pm line 14.
Compilation failed in require at t/has_attribute_ok.t line 4.
BEGIN failed--compilation aborted at t/has_attribute_ok.t line 4.
t/has_attribute_ok.t ................................... 
Dubious, test returned 2 (wstat 512, 0x200)
No subtests run 
Moose object version 1.17 does not match bootstrap parameter 2.0002 at /usr/local/Cellar/perl/5.28.1/lib/perl5/5.28.1/XSLoader.pm line 114.
Compilation failed in require at /Users/stan/perl5/lib/perl5/darwin-thread-multi-2level/Moose/Util.pm line 13.
BEGIN failed--compilation aborted at /Users/stan/perl5/lib/perl5/darwin-thread-multi-2level/Moose/Util.pm line 13.
Compilation failed in require at t/is_anon_ok.t line 5.
BEGIN failed--compilation aborted at t/is_anon_ok.t line 5.
t/is_anon_ok.t ......................................... 
Dubious, test returned 2 (wstat 512, 0x200)
No subtests run 
Moose object version 1.17 does not match bootstrap parameter 2.0002 at /usr/local/Cellar/perl/5.28.1/lib/perl5/5.28.1/XSLoader.pm line 114.
Compilation failed in require at /Users/stan/perl5/lib/perl5/darwin-thread-multi-2level/Moose/Exporter.pm line 11.
BEGIN failed--compilation aborted at /Users/stan/perl5/lib/perl5/darwin-thread-multi-2level/Moose/Exporter.pm line 11.
Compilation failed in require at /Users/stan/perl5/lib/perl5/darwin-thread-multi-2level/Moose.pm line 15.
BEGIN failed--compilation aborted at /Users/stan/perl5/lib/perl5/darwin-thread-multi-2level/Moose.pm line 15.
Compilation failed in require at /Users/stan/perl5/lib/perl5/darwin-thread-multi-2level/Moose/Role.pm line 14.
BEGIN failed--compilation aborted at /Users/stan/perl5/lib/perl5/darwin-thread-multi-2level/Moose/Role.pm line 14.
Compilation failed in require at t/is_class_ok/basic.t line 7.
BEGIN failed--compilation aborted at t/is_class_ok/basic.t line 7.
t/is_class_ok/basic.t .................................. 
Dubious, test returned 2 (wstat 512, 0x200)
No subtests run 
Moose object version 1.17 does not match bootstrap parameter 2.0002 at /usr/local/Cellar/perl/5.28.1/lib/perl5/5.28.1/XSLoader.pm line 114.
Compilation failed in require at /Users/stan/perl5/lib/perl5/darwin-thread-multi-2level/Moose/Util.pm line 13.
BEGIN failed--compilation aborted at /Users/stan/perl5/lib/perl5/darwin-thread-multi-2level/Moose/Util.pm line 13.
Compilation failed in require at /Users/stan/perl5/lib/perl5/darwin-thread-multi-2level/Test/Moose.pm line 10.
BEGIN failed--compilation aborted at /Users/stan/perl5/lib/perl5/darwin-thread-multi-2level/Test/Moose.pm line 10.
Compilation failed in require at /Users/stan/.cpanm/work/1546179083.24735/Test-Moose-More-0.050/blib/lib/Test/Moose/More.pm line 72.
BEGIN failed--compilation aborted at /Users/stan/.cpanm/work/1546179083.24735/Test-Moose-More-0.050/blib/lib/Test/Moose/More.pm line 72.
Compilation failed in require at t/is_class_ok/moose-meta-attribute-should-be-moosey.t line 6.
BEGIN failed--compilation aborted at t/is_class_ok/moose-meta-attribute-should-be-moosey.t line 6.
t/is_class_ok/moose-meta-attribute-should-be-moosey.t .. 
Dubious, test returned 2 (wstat 512, 0x200)
No subtests run 
Moose object version 1.17 does not match bootstrap parameter 2.0002 at /usr/local/Cellar/perl/5.28.1/lib/perl5/5.28.1/XSLoader.pm line 114.
Compilation failed in require at /Users/stan/perl5/lib/perl5/darwin-thread-multi-2level/Moose/Exporter.pm line 11.
BEGIN failed--compilation aborted at /Users/stan/perl5/lib/perl5/darwin-thread-multi-2level/Moose/Exporter.pm line 11.
Compilation failed in require at /Users/stan/perl5/lib/perl5/darwin-thread-multi-2level/Moose.pm line 15.
BEGIN failed--compilation aborted at /Users/stan/perl5/lib/perl5/darwin-thread-multi-2level/Moose.pm line 15.
Compilation failed in require at t/is_immutable_ok.t line 4.
BEGIN failed--compilation aborted at t/is_immutable_ok.t line 4.
t/is_immutable_ok.t .................................... 
Dubious, test returned 2 (wstat 512, 0x200)
No subtests run 
Moose object version 1.17 does not match bootstrap parameter 2.0002 at /usr/local/Cellar/perl/5.28.1/lib/perl5/5.28.1/XSLoader.pm line 114.
Compilation failed in require at /Users/stan/perl5/lib/perl5/darwin-thread-multi-2level/Moose/Util.pm line 13.
BEGIN failed--compilation aborted at /Users/stan/perl5/lib/perl5/darwin-thread-multi-2level/Moose/Util.pm line 13.
Compilation failed in require at t/is_not_anon_ok.t line 5.
BEGIN failed--compilation aborted at t/is_not_anon_ok.t line 5.
t/is_not_anon_ok.t ..................................... 
Dubious, test returned 2 (wstat 512, 0x200)
No subtests run 
Moose object version 1.17 does not match bootstrap parameter 2.0002 at /usr/local/Cellar/perl/5.28.1/lib/perl5/5.28.1/XSLoader.pm line 114.
Compilation failed in require at /Users/stan/perl5/lib/perl5/darwin-thread-multi-2level/Moose/Exporter.pm line 11.
BEGIN failed--compilation aborted at /Users/stan/perl5/lib/perl5/darwin-thread-multi-2level/Moose/Exporter.pm line 11.
Compilation failed in require at /Users/stan/perl5/lib/perl5/darwin-thread-multi-2level/Moose.pm line 15.
BEGIN failed--compilation aborted at /Users/stan/perl5/lib/perl5/darwin-thread-multi-2level/Moose.pm line 15.
Compilation failed in require at /Users/stan/perl5/lib/perl5/darwin-thread-multi-2level/Moose/Role.pm line 14.
BEGIN failed--compilation aborted at /Users/stan/perl5/lib/perl5/darwin-thread-multi-2level/Moose/Role.pm line 14.
Compilation failed in require at t/is_role_ok.t line 7.
BEGIN failed--compilation aborted at t/is_role_ok.t line 7.
t/is_role_ok.t ......................................... 
Dubious, test returned 2 (wstat 512, 0x200)
No subtests run 
Moose object version 1.17 does not match bootstrap parameter 2.0002 at /usr/local/Cellar/perl/5.28.1/lib/perl5/5.28.1/XSLoader.pm line 114.
Compilation failed in require at /Users/stan/perl5/lib/perl5/darwin-thread-multi-2level/Moose/Exporter.pm line 11.
BEGIN failed--compilation aborted at /Users/stan/perl5/lib/perl5/darwin-thread-multi-2level/Moose/Exporter.pm line 11.
Compilation failed in require at /Users/stan/perl5/lib/perl5/darwin-thread-multi-2level/Moose.pm line 15.
BEGIN failed--compilation aborted at /Users/stan/perl5/lib/perl5/darwin-thread-multi-2level/Moose.pm line 15.
Compilation failed in require at /Users/stan/perl5/lib/perl5/darwin-thread-multi-2level/Moose/Role.pm line 14.
BEGIN failed--compilation aborted at /Users/stan/perl5/lib/perl5/darwin-thread-multi-2level/Moose/Role.pm line 14.
Compilation failed in require at t/meta_ok.t line 7.
BEGIN failed--compilation aborted at t/meta_ok.t line 7.
t/meta_ok.t ............................................ 
Dubious, test returned 2 (wstat 512, 0x200)
No subtests run 
Moose object version 1.17 does not match bootstrap parameter 2.0002 at /usr/local/Cellar/perl/5.28.1/lib/perl5/5.28.1/XSLoader.pm line 114.
Compilation failed in require at /Users/stan/perl5/lib/perl5/darwin-thread-multi-2level/Moose/Util.pm line 13.
BEGIN failed--compilation aborted at /Users/stan/perl5/lib/perl5/darwin-thread-multi-2level/Moose/Util.pm line 13.
Compilation failed in require at /Users/stan/perl5/lib/perl5/darwin-thread-multi-2level/Test/Moose.pm line 10.
BEGIN failed--compilation aborted at /Users/stan/perl5/lib/perl5/darwin-thread-multi-2level/Test/Moose.pm line 10.
Compilation failed in require at /Users/stan/.cpanm/work/1546179083.24735/Test-Moose-More-0.050/blib/lib/Test/Moose/More.pm line 72.
BEGIN failed--compilation aborted at /Users/stan/.cpanm/work/1546179083.24735/Test-Moose-More-0.050/blib/lib/Test/Moose/More.pm line 72.
Compilation failed in require at t/method_from_pkg_ok.t line 5.
BEGIN failed--compilation aborted at t/method_from_pkg_ok.t line 5.
t/method_from_pkg_ok.t ................................. 
Dubious, test returned 2 (wstat 512, 0x200)
No subtests run 
Moose object version 1.17 does not match bootstrap parameter 2.0002 at /usr/local/Cellar/perl/5.28.1/lib/perl5/5.28.1/XSLoader.pm line 114.
Compilation failed in require at /Users/stan/perl5/lib/perl5/darwin-thread-multi-2level/Moose/Util.pm line 13.
BEGIN failed--compilation aborted at /Users/stan/perl5/lib/perl5/darwin-thread-multi-2level/Moose/Util.pm line 13.
Compilation failed in require at /Users/stan/perl5/lib/perl5/darwin-thread-multi-2level/Test/Moose.pm line 10.
BEGIN failed--compilation aborted at /Users/stan/perl5/lib/perl5/darwin-thread-multi-2level/Test/Moose.pm line 10.
Compilation failed in require at /Users/stan/.cpanm/work/1546179083.24735/Test-Moose-More-0.050/blib/lib/Test/Moose/More.pm line 72.
BEGIN failed--compilation aborted at /Users/stan/.cpanm/work/1546179083.24735/Test-Moose-More-0.050/blib/lib/Test/Moose/More.pm line 72.
Compilation failed in require at t/method_is_accessor_ok.t line 5.
BEGIN failed--compilation aborted at t/method_is_accessor_ok.t line 5.
t/method_is_accessor_ok.t .............................. 
Dubious, test returned 2 (wstat 512, 0x200)
No subtests run 
Moose object version 1.17 does not match bootstrap parameter 2.0002 at /usr/local/Cellar/perl/5.28.1/lib/perl5/5.28.1/XSLoader.pm line 114.
Compilation failed in require at /Users/stan/perl5/lib/perl5/darwin-thread-multi-2level/Moose/Util.pm line 13.
BEGIN failed--compilation aborted at /Users/stan/perl5/lib/perl5/darwin-thread-multi-2level/Moose/Util.pm line 13.
Compilation failed in require at /Users/stan/perl5/lib/perl5/darwin-thread-multi-2level/Test/Moose.pm line 10.
BEGIN failed--compilation aborted at /Users/stan/perl5/lib/perl5/darwin-thread-multi-2level/Test/Moose.pm line 10.
Compilation failed in require at /Users/stan/.cpanm/work/1546179083.24735/Test-Moose-More-0.050/blib/lib/Test/Moose/More.pm line 72.
BEGIN failed--compilation aborted at /Users/stan/.cpanm/work/1546179083.24735/Test-Moose-More-0.050/blib/lib/Test/Moose/More.pm line 72.
Compilation failed in require at t/method_is_not_accessor_ok.t line 5.
BEGIN failed--compilation aborted at t/method_is_not_accessor_ok.t line 5.
t/method_is_not_accessor_ok.t .......................... 
Dubious, test returned 2 (wstat 512, 0x200)
No subtests run 
Moose object version 1.17 does not match bootstrap parameter 2.0002 at /usr/local/Cellar/perl/5.28.1/lib/perl5/5.28.1/XSLoader.pm line 114.
Compilation failed in require at /Users/stan/perl5/lib/perl5/darwin-thread-multi-2level/Moose/Util.pm line 13.
BEGIN failed--compilation aborted at /Users/stan/perl5/lib/perl5/darwin-thread-multi-2level/Moose/Util.pm line 13.
Compilation failed in require at /Users/stan/perl5/lib/perl5/darwin-thread-multi-2level/Test/Moose.pm line 10.
BEGIN failed--compilation aborted at /Users/stan/perl5/lib/perl5/darwin-thread-multi-2level/Test/Moose.pm line 10.
Compilation failed in require at /Users/stan/.cpanm/work/1546179083.24735/Test-Moose-More-0.050/blib/lib/Test/Moose/More.pm line 72.
BEGIN failed--compilation aborted at /Users/stan/.cpanm/work/1546179083.24735/Test-Moose-More-0.050/blib/lib/Test/Moose/More.pm line 72.
Compilation failed in require at t/method_not_from_pkg_ok.t line 5.
BEGIN failed--compilation aborted at t/method_not_from_pkg_ok.t line 5.
t/method_not_from_pkg_ok.t ............................. 
Dubious, test returned 2 (wstat 512, 0x200)
No subtests run 
Moose object version 1.17 does not match bootstrap parameter 2.0002 at /usr/local/Cellar/perl/5.28.1/lib/perl5/5.28.1/XSLoader.pm line 114.
Compilation failed in require at /Users/stan/perl5/lib/perl5/darwin-thread-multi-2level/Moose/Exporter.pm line 11.
BEGIN failed--compilation aborted at /Users/stan/perl5/lib/perl5/darwin-thread-multi-2level/Moose/Exporter.pm line 11.
Compilation failed in require at /Users/stan/perl5/lib/perl5/darwin-thread-multi-2level/Moose.pm line 15.
BEGIN failed--compilation aborted at /Users/stan/perl5/lib/perl5/darwin-thread-multi-2level/Moose.pm line 15.
Compilation failed in require at /Users/stan/perl5/lib/perl5/darwin-thread-multi-2level/Moose/Role.pm line 14.
BEGIN failed--compilation aborted at /Users/stan/perl5/lib/perl5/darwin-thread-multi-2level/Moose/Role.pm line 14.
Compilation failed in require at t/method_ok.t line 4.
BEGIN failed--compilation aborted at t/method_ok.t line 4.
t/method_ok.t .......................................... 
Dubious, test returned 2 (wstat 512, 0x200)
No subtests run 
Moose object version 1.17 does not match bootstrap parameter 2.0002 at /usr/local/Cellar/perl/5.28.1/lib/perl5/5.28.1/XSLoader.pm line 114.
Compilation failed in require at /Users/stan/perl5/lib/perl5/darwin-thread-multi-2level/Moose/Exporter.pm line 11.
BEGIN failed--compilation aborted at /Users/stan/perl5/lib/perl5/darwin-thread-multi-2level/Moose/Exporter.pm line 11.
Compilation failed in require at /Users/stan/perl5/lib/perl5/darwin-thread-multi-2level/Moose.pm line 15.
BEGIN failed--compilation aborted at /Users/stan/perl5/lib/perl5/darwin-thread-multi-2level/Moose.pm line 15.
Compilation failed in require at /Users/stan/perl5/lib/perl5/darwin-thread-multi-2level/Moose/Role.pm line 14.
BEGIN failed--compilation aborted at /Users/stan/perl5/lib/perl5/darwin-thread-multi-2level/Moose/Role.pm line 14.
Compilation failed in require at t/no_meta_ok.t line 7.
BEGIN failed--compilation aborted at t/no_meta_ok.t line 7.
t/no_meta_ok.t ......................................... 
Dubious, test returned 2 (wstat 512, 0x200)
No subtests run 
Moose object version 1.17 does not match bootstrap parameter 2.0002 at /usr/local/Cellar/perl/5.28.1/lib/perl5/5.28.1/XSLoader.pm line 114.
Compilation failed in require at /Users/stan/perl5/lib/perl5/darwin-thread-multi-2level/Moose/Util.pm line 13.
BEGIN failed--compilation aborted at /Users/stan/perl5/lib/perl5/darwin-thread-multi-2level/Moose/Util.pm line 13.
Compilation failed in require at /Users/stan/perl5/lib/perl5/darwin-thread-multi-2level/Test/Moose.pm line 10.
BEGIN failed--compilation aborted at /Users/stan/perl5/lib/perl5/darwin-thread-multi-2level/Test/Moose.pm line 10.
Compilation failed in require at /Users/stan/.cpanm/work/1546179083.24735/Test-Moose-More-0.050/blib/lib/Test/Moose/More.pm line 72.
BEGIN failed--compilation aborted at /Users/stan/.cpanm/work/1546179083.24735/Test-Moose-More-0.050/blib/lib/Test/Moose/More.pm line 72.
Compilation failed in require at t/pristine_ok.t line 6.
BEGIN failed--compilation aborted at t/pristine_ok.t line 6.
t/pristine_ok.t ........................................ 
Dubious, test returned 2 (wstat 512, 0x200)
No subtests run 
Moose object version 1.17 does not match bootstrap parameter 2.0002 at /usr/local/Cellar/perl/5.28.1/lib/perl5/5.28.1/XSLoader.pm line 114.
Compilation failed in require at /Users/stan/perl5/lib/perl5/darwin-thread-multi-2level/Moose/Exporter.pm line 11.
BEGIN failed--compilation aborted at /Users/stan/perl5/lib/perl5/darwin-thread-multi-2level/Moose/Exporter.pm line 11.
Compilation failed in require at /Users/stan/perl5/lib/perl5/darwin-thread-multi-2level/Moose.pm line 15.
BEGIN failed--compilation aborted at /Users/stan/perl5/lib/perl5/darwin-thread-multi-2level/Moose.pm line 15.
Compilation failed in require at /Users/stan/perl5/lib/perl5/darwin-thread-multi-2level/Moose/Role.pm line 14.
BEGIN failed--compilation aborted at /Users/stan/perl5/lib/perl5/darwin-thread-multi-2level/Moose/Role.pm line 14.
Compilation failed in require at t/requires_method_ok.t line 6.
BEGIN failed--compilation aborted at t/requires_method_ok.t line 6.
t/requires_method_ok.t ................................. 
Dubious, test returned 2 (wstat 512, 0x200)
No subtests run 
Moose object version 1.17 does not match bootstrap parameter 2.0002 at /usr/local/Cellar/perl/5.28.1/lib/perl5/5.28.1/XSLoader.pm line 114.
Compilation failed in require at /Users/stan/perl5/lib/perl5/darwin-thread-multi-2level/Moose/Util.pm line 13.
BEGIN failed--compilation aborted at /Users/stan/perl5/lib/perl5/darwin-thread-multi-2level/Moose/Util.pm line 13.
Compilation failed in require at /Users/stan/perl5/lib/perl5/darwin-thread-multi-2level/Test/Moose.pm line 10.
BEGIN failed--compilation aborted at /Users/stan/perl5/lib/perl5/darwin-thread-multi-2level/Test/Moose.pm line 10.
Compilation failed in require at /Users/stan/.cpanm/work/1546179083.24735/Test-Moose-More-0.050/blib/lib/Test/Moose/More.pm line 72.
BEGIN failed--compilation aborted at /Users/stan/.cpanm/work/1546179083.24735/Test-Moose-More-0.050/blib/lib/Test/Moose/More.pm line 72.
Compilation failed in require at t/subtest-1.t line 5.
BEGIN failed--compilation aborted at t/subtest-1.t line 5.
t/subtest-1.t .......................................... 
Dubious, test returned 2 (wstat 512, 0x200)
No subtests run 
Moose object version 1.17 does not match bootstrap parameter 2.0002 at /usr/local/Cellar/perl/5.28.1/lib/perl5/5.28.1/XSLoader.pm line 114.
Compilation failed in require at /Users/stan/perl5/lib/perl5/darwin-thread-multi-2level/Moose/Util.pm line 13.
BEGIN failed--compilation aborted at /Users/stan/perl5/lib/perl5/darwin-thread-multi-2level/Moose/Util.pm line 13.
Compilation failed in require at /Users/stan/perl5/lib/perl5/darwin-thread-multi-2level/Test/Moose.pm line 10.
BEGIN failed--compilation aborted at /Users/stan/perl5/lib/perl5/darwin-thread-multi-2level/Test/Moose.pm line 10.
Compilation failed in require at /Users/stan/.cpanm/work/1546179083.24735/Test-Moose-More-0.050/blib/lib/Test/Moose/More.pm line 72.
BEGIN failed--compilation aborted at /Users/stan/.cpanm/work/1546179083.24735/Test-Moose-More-0.050/blib/lib/Test/Moose/More.pm line 72.
Compilation failed in require at t/validate_attribute/basic.t line 6.
BEGIN failed--compilation aborted at t/validate_attribute/basic.t line 6.
t/validate_attribute/basic.t ........................... 
Dubious, test returned 2 (wstat 512, 0x200)
No subtests run 
Moose object version 1.17 does not match bootstrap parameter 2.0002 at /usr/local/Cellar/perl/5.28.1/lib/perl5/5.28.1/XSLoader.pm line 114.
Compilation failed in require at /Users/stan/perl5/lib/perl5/darwin-thread-multi-2level/Moose/Util.pm line 13.
BEGIN failed--compilation aborted at /Users/stan/perl5/lib/perl5/darwin-thread-multi-2level/Moose/Util.pm line 13.
Compilation failed in require at /Users/stan/perl5/lib/perl5/darwin-thread-multi-2level/Test/Moose.pm line 10.
BEGIN failed--compilation aborted at /Users/stan/perl5/lib/perl5/darwin-thread-multi-2level/Test/Moose.pm line 10.
Compilation failed in require at /Users/stan/.cpanm/work/1546179083.24735/Test-Moose-More-0.050/blib/lib/Test/Moose/More.pm line 72.
BEGIN failed--compilation aborted at /Users/stan/.cpanm/work/1546179083.24735/Test-Moose-More-0.050/blib/lib/Test/Moose/More.pm line 72.
Compilation failed in require at t/validate_attribute/coerce.t line 6.
BEGIN failed--compilation aborted at t/validate_attribute/coerce.t line 6.
t/validate_attribute/coerce.t .......................... 
Dubious, test returned 2 (wstat 512, 0x200)
No subtests run 
Moose object version 1.17 does not match bootstrap parameter 2.0002 at /usr/local/Cellar/perl/5.28.1/lib/perl5/5.28.1/XSLoader.pm line 114.
Compilation failed in require at /Users/stan/perl5/lib/perl5/darwin-thread-multi-2level/Moose/Util.pm line 13.
BEGIN failed--compilation aborted at /Users/stan/perl5/lib/perl5/darwin-thread-multi-2level/Moose/Util.pm line 13.
Compilation failed in require at /Users/stan/perl5/lib/perl5/darwin-thread-multi-2level/Test/Moose.pm line 10.
BEGIN failed--compilation aborted at /Users/stan/perl5/lib/perl5/darwin-thread-multi-2level/Test/Moose.pm line 10.
Compilation failed in require at /Users/stan/.cpanm/work/1546179083.24735/Test-Moose-More-0.050/blib/lib/Test/Moose/More.pm line 72.
BEGIN failed--compilation aborted at /Users/stan/.cpanm/work/1546179083.24735/Test-Moose-More-0.050/blib/lib/Test/Moose/More.pm line 72.
Compilation failed in require at t/validate_attribute/in_roles.t line 6.
BEGIN failed--compilation aborted at t/validate_attribute/in_roles.t line 6.
t/validate_attribute/in_roles.t ........................ 
Dubious, test returned 2 (wstat 512, 0x200)
No subtests run 
Moose object version 1.17 does not match bootstrap parameter 2.0002 at /usr/local/Cellar/perl/5.28.1/lib/perl5/5.28.1/XSLoader.pm line 114.
Compilation failed in require at /Users/stan/perl5/lib/perl5/darwin-thread-multi-2level/Moose/Util.pm line 13.
BEGIN failed--compilation aborted at /Users/stan/perl5/lib/perl5/darwin-thread-multi-2level/Moose/Util.pm line 13.
Compilation failed in require at /Users/stan/perl5/lib/perl5/darwin-thread-multi-2level/Test/Moose.pm line 10.
BEGIN failed--compilation aborted at /Users/stan/perl5/lib/perl5/darwin-thread-multi-2level/Test/Moose.pm line 10.
Compilation failed in require at /Users/stan/.cpanm/work/1546179083.24735/Test-Moose-More-0.050/blib/lib/Test/Moose/More.pm line 72.
BEGIN failed--compilation aborted at /Users/stan/.cpanm/work/1546179083.24735/Test-Moose-More-0.050/blib/lib/Test/Moose/More.pm line 72.
Compilation failed in require at t/validate_attribute/lazy.t line 6.
BEGIN failed--compilation aborted at t/validate_attribute/lazy.t line 6.
t/validate_attribute/lazy.t ............................ 
Dubious, test returned 2 (wstat 512, 0x200)
No subtests run 
Moose object version 1.17 does not match bootstrap parameter 2.0002 at /usr/local/Cellar/perl/5.28.1/lib/perl5/5.28.1/XSLoader.pm line 114.
Compilation failed in require at /Users/stan/perl5/lib/perl5/darwin-thread-multi-2level/Moose/Util.pm line 13.
BEGIN failed--compilation aborted at /Users/stan/perl5/lib/perl5/darwin-thread-multi-2level/Moose/Util.pm line 13.
Compilation failed in require at /Users/stan/perl5/lib/perl5/darwin-thread-multi-2level/Test/Moose.pm line 10.
BEGIN failed--compilation aborted at /Users/stan/perl5/lib/perl5/darwin-thread-multi-2level/Test/Moose.pm line 10.
Compilation failed in require at /Users/stan/.cpanm/work/1546179083.24735/Test-Moose-More-0.050/blib/lib/Test/Moose/More.pm line 72.
BEGIN failed--compilation aborted at /Users/stan/.cpanm/work/1546179083.24735/Test-Moose-More-0.050/blib/lib/Test/Moose/More.pm line 72.
Compilation failed in require at t/validate_attribute/required.t line 6.
BEGIN failed--compilation aborted at t/validate_attribute/required.t line 6.
t/validate_attribute/required.t ........................ 
Dubious, test returned 2 (wstat 512, 0x200)
No subtests run 
Moose object version 1.17 does not match bootstrap parameter 2.0002 at /usr/local/Cellar/perl/5.28.1/lib/perl5/5.28.1/XSLoader.pm line 114.
Compilation failed in require at /Users/stan/perl5/lib/perl5/darwin-thread-multi-2level/Moose/Util.pm line 13.
BEGIN failed--compilation aborted at /Users/stan/perl5/lib/perl5/darwin-thread-multi-2level/Moose/Util.pm line 13.
Compilation failed in require at t/validate_class/basic.t line 4.
BEGIN failed--compilation aborted at t/validate_class/basic.t line 4.
t/validate_class/basic.t ............................... 
Dubious, test returned 2 (wstat 512, 0x200)
No subtests run 
Moose object version 1.17 does not match bootstrap parameter 2.0002 at /usr/local/Cellar/perl/5.28.1/lib/perl5/5.28.1/XSLoader.pm line 114.
Compilation failed in require at /Users/stan/perl5/lib/perl5/darwin-thread-multi-2level/Moose/Exporter.pm line 11.
BEGIN failed--compilation aborted at /Users/stan/perl5/lib/perl5/darwin-thread-multi-2level/Moose/Exporter.pm line 11.
Compilation failed in require at /Users/stan/perl5/lib/perl5/darwin-thread-multi-2level/Moose.pm line 15.
BEGIN failed--compilation aborted at /Users/stan/perl5/lib/perl5/darwin-thread-multi-2level/Moose.pm line 15.
Compilation failed in require at /Users/stan/perl5/lib/perl5/darwin-thread-multi-2level/Moose/Role.pm line 14.
BEGIN failed--compilation aborted at /Users/stan/perl5/lib/perl5/darwin-thread-multi-2level/Moose/Role.pm line 14.
Compilation failed in require at t/validate_class/metaclasses.t line 4.
BEGIN failed--compilation aborted at t/validate_class/metaclasses.t line 4.
t/validate_class/metaclasses.t ......................... 
Dubious, test returned 2 (wstat 512, 0x200)
No subtests run 
Moose object version 1.17 does not match bootstrap parameter 2.0002 at /usr/local/Cellar/perl/5.28.1/lib/perl5/5.28.1/XSLoader.pm line 114.
Compilation failed in require at /Users/stan/perl5/lib/perl5/darwin-thread-multi-2level/Moose/Exporter.pm line 11.
BEGIN failed--compilation aborted at /Users/stan/perl5/lib/perl5/darwin-thread-multi-2level/Moose/Exporter.pm line 11.
Compilation failed in require at /Users/stan/perl5/lib/perl5/darwin-thread-multi-2level/Moose.pm line 15.
BEGIN failed--compilation aborted at /Users/stan/perl5/lib/perl5/darwin-thread-multi-2level/Moose.pm line 15.
Compilation failed in require at /Users/stan/perl5/lib/perl5/darwin-thread-multi-2level/Moose/Role.pm line 14.
BEGIN failed--compilation aborted at /Users/stan/perl5/lib/perl5/darwin-thread-multi-2level/Moose/Role.pm line 14.
Compilation failed in require at t/validate_class/metaroles.t line 4.
BEGIN failed--compilation aborted at t/validate_class/metaroles.t line 4.
t/validate_class/metaroles.t ........................... 
Dubious, test returned 2 (wstat 512, 0x200)
No subtests run 
Moose object version 1.17 does not match bootstrap parameter 2.0002 at /usr/local/Cellar/perl/5.28.1/lib/perl5/5.28.1/XSLoader.pm line 114.
Compilation failed in require at /Users/stan/perl5/lib/perl5/darwin-thread-multi-2level/Moose/Util.pm line 13.
BEGIN failed--compilation aborted at /Users/stan/perl5/lib/perl5/darwin-thread-multi-2level/Moose/Util.pm line 13.
Compilation failed in require at t/validate_class/methods.t line 4.
BEGIN failed--compilation aborted at t/validate_class/methods.t line 4.
t/validate_class/methods.t ............................. 
Dubious, test returned 2 (wstat 512, 0x200)
No subtests run 
Moose object version 1.17 does not match bootstrap parameter 2.0002 at /usr/local/Cellar/perl/5.28.1/lib/perl5/5.28.1/XSLoader.pm line 114.
Compilation failed in require at /Users/stan/perl5/lib/perl5/darwin-thread-multi-2level/Moose/Exporter.pm line 11.
BEGIN failed--compilation aborted at /Users/stan/perl5/lib/perl5/darwin-thread-multi-2level/Moose/Exporter.pm line 11.
Compilation failed in require at /Users/stan/perl5/lib/perl5/darwin-thread-multi-2level/Moose.pm line 15.
BEGIN failed--compilation aborted at /Users/stan/perl5/lib/perl5/darwin-thread-multi-2level/Moose.pm line 15.
Compilation failed in require at /Users/stan/perl5/lib/perl5/darwin-thread-multi-2level/Moose/Role.pm line 14.
BEGIN failed--compilation aborted at /Users/stan/perl5/lib/perl5/darwin-thread-multi-2level/Moose/Role.pm line 14.
Compilation failed in require at t/validate_role/basic.t line 4.
BEGIN failed--compilation aborted at t/validate_role/basic.t line 4.
t/validate_role/basic.t ................................ 
Dubious, test returned 2 (wstat 512, 0x200)
No subtests run 
Moose object version 1.17 does not match bootstrap parameter 2.0002 at /usr/local/Cellar/perl/5.28.1/lib/perl5/5.28.1/XSLoader.pm line 114.
Compilation failed in require at /Users/stan/perl5/lib/perl5/darwin-thread-multi-2level/Moose/Exporter.pm line 11.
BEGIN failed--compilation aborted at /Users/stan/perl5/lib/perl5/darwin-thread-multi-2level/Moose/Exporter.pm line 11.
Compilation failed in require at /Users/stan/perl5/lib/perl5/darwin-thread-multi-2level/Moose.pm line 15.
BEGIN failed--compilation aborted at /Users/stan/perl5/lib/perl5/darwin-thread-multi-2level/Moose.pm line 15.
Compilation failed in require at /Users/stan/perl5/lib/perl5/darwin-thread-multi-2level/Moose/Role.pm line 14.
BEGIN failed--compilation aborted at /Users/stan/perl5/lib/perl5/darwin-thread-multi-2level/Moose/Role.pm line 14.
Compilation failed in require at t/validate_role/compose.t line 6.
BEGIN failed--compilation aborted at t/validate_role/compose.t line 6.
t/validate_role/compose.t .............................. 
Dubious, test returned 2 (wstat 512, 0x200)
No subtests run 
Moose object version 1.17 does not match bootstrap parameter 2.0002 at /usr/local/Cellar/perl/5.28.1/lib/perl5/5.28.1/XSLoader.pm line 114.
Compilation failed in require at /Users/stan/perl5/lib/perl5/darwin-thread-multi-2level/Moose/Exporter.pm line 11.
BEGIN failed--compilation aborted at /Users/stan/perl5/lib/perl5/darwin-thread-multi-2level/Moose/Exporter.pm line 11.
Compilation failed in require at /Users/stan/perl5/lib/perl5/darwin-thread-multi-2level/Moose.pm line 15.
BEGIN failed--compilation aborted at /Users/stan/perl5/lib/perl5/darwin-thread-multi-2level/Moose.pm line 15.
Compilation failed in require at /Users/stan/perl5/lib/perl5/darwin-thread-multi-2level/Moose/Role.pm line 14.
BEGIN failed--compilation aborted at /Users/stan/perl5/lib/perl5/darwin-thread-multi-2level/Moose/Role.pm line 14.
Compilation failed in require at t/validate_role/metaclasses.t line 4.
BEGIN failed--compilation aborted at t/validate_role/metaclasses.t line 4.
t/validate_role/metaclasses.t .......................... 
Dubious, test returned 2 (wstat 512, 0x200)
No subtests run 
Moose object version 1.17 does not match bootstrap parameter 2.0002 at /usr/local/Cellar/perl/5.28.1/lib/perl5/5.28.1/XSLoader.pm line 114.
Compilation failed in require at /Users/stan/perl5/lib/perl5/darwin-thread-multi-2level/Moose/Exporter.pm line 11.
BEGIN failed--compilation aborted at /Users/stan/perl5/lib/perl5/darwin-thread-multi-2level/Moose/Exporter.pm line 11.
Compilation failed in require at /Users/stan/perl5/lib/perl5/darwin-thread-multi-2level/Moose.pm line 15.
BEGIN failed--compilation aborted at /Users/stan/perl5/lib/perl5/darwin-thread-multi-2level/Moose.pm line 15.
Compilation failed in require at /Users/stan/perl5/lib/perl5/darwin-thread-multi-2level/Moose/Role.pm line 14.
BEGIN failed--compilation aborted at /Users/stan/perl5/lib/perl5/darwin-thread-multi-2level/Moose/Role.pm line 14.
Compilation failed in require at t/validate_role/metaroles.t line 4.
BEGIN failed--compilation aborted at t/validate_role/metaroles.t line 4.
t/validate_role/metaroles.t ............................ 
Dubious, test returned 2 (wstat 512, 0x200)
No subtests run 
Moose object version 1.17 does not match bootstrap parameter 2.0002 at /usr/local/Cellar/perl/5.28.1/lib/perl5/5.28.1/XSLoader.pm line 114.
Compilation failed in require at /Users/stan/perl5/lib/perl5/darwin-thread-multi-2level/Moose/Exporter.pm line 11.
BEGIN failed--compilation aborted at /Users/stan/perl5/lib/perl5/darwin-thread-multi-2level/Moose/Exporter.pm line 11.
Compilation failed in require at /Users/stan/perl5/lib/perl5/darwin-thread-multi-2level/Moose.pm line 15.
BEGIN failed--compilation aborted at /Users/stan/perl5/lib/perl5/darwin-thread-multi-2level/Moose.pm line 15.
Compilation failed in require at /Users/stan/perl5/lib/perl5/darwin-thread-multi-2level/Moose/Role.pm line 14.
BEGIN failed--compilation aborted at /Users/stan/perl5/lib/perl5/darwin-thread-multi-2level/Moose/Role.pm line 14.
Compilation failed in require at t/validate_thing/metaclasses.t line 4.
BEGIN failed--compilation aborted at t/validate_thing/metaclasses.t line 4.
t/validate_thing/metaclasses.t ......................... 
Dubious, test returned 2 (wstat 512, 0x200)
No subtests run 
Moose object version 1.17 does not match bootstrap parameter 2.0002 at /usr/local/Cellar/perl/5.28.1/lib/perl5/5.28.1/XSLoader.pm line 114.
Compilation failed in require at /Users/stan/perl5/lib/perl5/darwin-thread-multi-2level/Moose/Util.pm line 13.
BEGIN failed--compilation aborted at /Users/stan/perl5/lib/perl5/darwin-thread-multi-2level/Moose/Util.pm line 13.
Compilation failed in require at t/validate_thing/methods.t line 4.
BEGIN failed--compilation aborted at t/validate_thing/methods.t line 4.
t/validate_thing/methods.t ............................. 
Dubious, test returned 2 (wstat 512, 0x200)
No subtests run 
Moose object version 1.17 does not match bootstrap parameter 2.0002 at /usr/local/Cellar/perl/5.28.1/lib/perl5/5.28.1/XSLoader.pm line 114.
Compilation failed in require at /Users/stan/perl5/lib/perl5/darwin-thread-multi-2level/Moose/Util.pm line 13.
BEGIN failed--compilation aborted at /Users/stan/perl5/lib/perl5/darwin-thread-multi-2level/Moose/Util.pm line 13.
Compilation failed in require at /Users/stan/perl5/lib/perl5/darwin-thread-multi-2level/Test/Moose.pm line 10.
BEGIN failed--compilation aborted at /Users/stan/perl5/lib/perl5/darwin-thread-multi-2level/Test/Moose.pm line 10.
Compilation failed in require at /Users/stan/.cpanm/work/1546179083.24735/Test-Moose-More-0.050/blib/lib/Test/Moose/More.pm line 72.
BEGIN failed--compilation aborted at /Users/stan/.cpanm/work/1546179083.24735/Test-Moose-More-0.050/blib/lib/Test/Moose/More.pm line 72.
Compilation failed in require at t/validate_thing/sugar.t line 5.
BEGIN failed--compilation aborted at t/validate_thing/sugar.t line 5.
t/validate_thing/sugar.t ............................... 
Dubious, test returned 2 (wstat 512, 0x200)
No subtests run 
Moose object version 1.17 does not match bootstrap parameter 2.0002 at /usr/local/Cellar/perl/5.28.1/lib/perl5/5.28.1/XSLoader.pm line 114.
Compilation failed in require at /Users/stan/perl5/lib/perl5/darwin-thread-multi-2level/Moose/Util.pm line 13.
BEGIN failed--compilation aborted at /Users/stan/perl5/lib/perl5/darwin-thread-multi-2level/Moose/Util.pm line 13.
Compilation failed in require at t/wrapped/in_roles.t line 5.
BEGIN failed--compilation aborted at t/wrapped/in_roles.t line 5.
t/wrapped/in_roles.t ................................... 
Dubious, test returned 2 (wstat 512, 0x200)
No subtests run 

Test Summary Report
-------------------
t/00-check-deps.t                                    (Wstat: 0 Tests: 32 Failed: 0)
  TODO passed:   32
t/00-compile.t                                       (Wstat: 256 Tests: 2 Failed: 1)
  Failed test:  1
  Non-zero exit status: 1
t/attribute_options_ok/basic.t                       (Wstat: 512 Tests: 0 Failed: 0)
  Non-zero exit status: 2
  Parse errors: No plan found in TAP output
t/attribute_options_ok/subtest-wrapper.t             (Wstat: 512 Tests: 0 Failed: 0)
  Non-zero exit status: 2
  Parse errors: No plan found in TAP output
t/check_sugar.t                                      (Wstat: 512 Tests: 0 Failed: 0)
  Non-zero exit status: 2
  Parse errors: No plan found in TAP output
t/definition_context.t                               (Wstat: 512 Tests: 0 Failed: 0)
  Non-zero exit status: 2
  Parse errors: No plan found in TAP output
t/does_metaroles_ok.t                                (Wstat: 512 Tests: 0 Failed: 0)
  Non-zero exit status: 2
  Parse errors: No plan found in TAP output
t/does_not_metaroles_ok.t                            (Wstat: 512 Tests: 0 Failed: 0)
  Non-zero exit status: 2
  Parse errors: No plan found in TAP output
t/does_not_ok.t                                      (Wstat: 512 Tests: 0 Failed: 0)
  Non-zero exit status: 2
  Parse errors: No plan found in TAP output
t/does_ok.t                                          (Wstat: 512 Tests: 0 Failed: 0)
  Non-zero exit status: 2
  Parse errors: No plan found in TAP output
t/has_attribute_ok.t                                 (Wstat: 512 Tests: 0 Failed: 0)
  Non-zero exit status: 2
  Parse errors: No plan found in TAP output
t/is_anon_ok.t                                       (Wstat: 512 Tests: 0 Failed: 0)
  Non-zero exit status: 2
  Parse errors: No plan found in TAP output
t/is_class_ok/basic.t                                (Wstat: 512 Tests: 0 Failed: 0)
  Non-zero exit status: 2
  Parse errors: No plan found in TAP output
t/is_class_ok/moose-meta-attribute-should-be-moosey.t (Wstat: 512 Tests: 0 Failed: 0)
  Non-zero exit status: 2
  Parse errors: No plan found in TAP output
t/is_immutable_ok.t                                  (Wstat: 512 Tests: 0 Failed: 0)
  Non-zero exit status: 2
  Parse errors: No plan found in TAP output
t/is_not_anon_ok.t                                   (Wstat: 512 Tests: 0 Failed: 0)
  Non-zero exit status: 2
  Parse errors: No plan found in TAP output
t/is_role_ok.t                                       (Wstat: 512 Tests: 0 Failed: 0)
  Non-zero exit status: 2
  Parse errors: No plan found in TAP output
t/meta_ok.t                                          (Wstat: 512 Tests: 0 Failed: 0)
  Non-zero exit status: 2
  Parse errors: No plan found in TAP output
t/method_from_pkg_ok.t                               (Wstat: 512 Tests: 0 Failed: 0)
  Non-zero exit status: 2
  Parse errors: No plan found in TAP output
t/method_is_accessor_ok.t                            (Wstat: 512 Tests: 0 Failed: 0)
  Non-zero exit status: 2
  Parse errors: No plan found in TAP output
t/method_is_not_accessor_ok.t                        (Wstat: 512 Tests: 0 Failed: 0)
  Non-zero exit status: 2
  Parse errors: No plan found in TAP output
t/method_not_from_pkg_ok.t                           (Wstat: 512 Tests: 0 Failed: 0)
  Non-zero exit status: 2
  Parse errors: No plan found in TAP output
t/method_ok.t                                        (Wstat: 512 Tests: 0 Failed: 0)
  Non-zero exit status: 2
  Parse errors: No plan found in TAP output
t/no_meta_ok.t                                       (Wstat: 512 Tests: 0 Failed: 0)
  Non-zero exit status: 2
  Parse errors: No plan found in TAP output
t/pristine_ok.t                                      (Wstat: 512 Tests: 0 Failed: 0)
  Non-zero exit status: 2
  Parse errors: No plan found in TAP output
t/requires_method_ok.t                               (Wstat: 512 Tests: 0 Failed: 0)
  Non-zero exit status: 2
  Parse errors: No plan found in TAP output
t/subtest-1.t                                        (Wstat: 512 Tests: 0 Failed: 0)
  Non-zero exit status: 2
  Parse errors: No plan found in TAP output
t/validate_attribute/basic.t                         (Wstat: 512 Tests: 0 Failed: 0)
  Non-zero exit status: 2
  Parse errors: No plan found in TAP output
t/validate_attribute/coerce.t                        (Wstat: 512 Tests: 0 Failed: 0)
  Non-zero exit status: 2
  Parse errors: No plan found in TAP output
t/validate_attribute/in_roles.t                      (Wstat: 512 Tests: 0 Failed: 0)
  Non-zero exit status: 2
  Parse errors: No plan found in TAP output
t/validate_attribute/lazy.t                          (Wstat: 512 Tests: 0 Failed: 0)
  Non-zero exit status: 2
  Parse errors: No plan found in TAP output
t/validate_attribute/required.t                      (Wstat: 512 Tests: 0 Failed: 0)
  Non-zero exit status: 2
  Parse errors: No plan found in TAP output
t/validate_class/basic.t                             (Wstat: 512 Tests: 0 Failed: 0)
  Non-zero exit status: 2
  Parse errors: No plan found in TAP output
t/validate_class/metaclasses.t                       (Wstat: 512 Tests: 0 Failed: 0)
  Non-zero exit status: 2
  Parse errors: No plan found in TAP output
t/validate_class/metaroles.t                         (Wstat: 512 Tests: 0 Failed: 0)
  Non-zero exit status: 2
  Parse errors: No plan found in TAP output
t/validate_class/methods.t                           (Wstat: 512 Tests: 0 Failed: 0)
  Non-zero exit status: 2
  Parse errors: No plan found in TAP output
t/validate_role/basic.t                              (Wstat: 512 Tests: 0 Failed: 0)
  Non-zero exit status: 2
  Parse errors: No plan found in TAP output
t/validate_role/compose.t                            (Wstat: 512 Tests: 0 Failed: 0)
  Non-zero exit status: 2
  Parse errors: No plan found in TAP output
t/validate_role/metaclasses.t                        (Wstat: 512 Tests: 0 Failed: 0)
  Non-zero exit status: 2
  Parse errors: No plan found in TAP output
t/validate_role/metaroles.t                          (Wstat: 512 Tests: 0 Failed: 0)
  Non-zero exit status: 2
  Parse errors: No plan found in TAP output
t/validate_thing/metaclasses.t                       (Wstat: 512 Tests: 0 Failed: 0)
  Non-zero exit status: 2
  Parse errors: No plan found in TAP output
t/validate_thing/methods.t                           (Wstat: 512 Tests: 0 Failed: 0)
  Non-zero exit status: 2
  Parse errors: No plan found in TAP output
t/validate_thing/sugar.t                             (Wstat: 512 Tests: 0 Failed: 0)
  Non-zero exit status: 2
  Parse errors: No plan found in TAP output
t/wrapped/in_roles.t                                 (Wstat: 512 Tests: 0 Failed: 0)
  Non-zero exit status: 2
  Parse errors: No plan found in TAP output
Files=45, Tests=35,  4 wallclock secs ( 0.09 usr  0.06 sys +  3.12 cusr  0.50 csys =  3.77 CPU)
Result: FAIL

------------------------------
PREREQUISITES
------------------------------

Prerequisite modules loaded:

runtime:

    Module                       Need  Have    
    ---------------------------- ----- --------
    Carp                         0     1.50    
    Data::OptList                0     0.110   
    List::MoreUtils              0     0.428   
    List::Util                   1.45  1.50    
    Moose::Util                  0     2.2011  
    Moose::Util::TypeConstraints 0     2.2011  
    perl                         5.006 5.028001
    Scalar::Util                 0     1.50    
    strict                       0     1.11    
    Sub::Exporter::Progressive   0     0.001013
  ! Syntax::Keyword::Junction    0     n/a     
    Test::Builder                0     1.302141
    Test::Moose                  0     2.2011  
    Test::More                   0.94  1.302141
    warnings                     0     1.42    

configure:

    Module                       Need  Have    
    ---------------------------- ----- --------
    ExtUtils::MakeMaker          0     7.34    
    perl                         5.006 5.028001


------------------------------
ENVIRONMENT AND OTHER CONTEXT
------------------------------

Environment variables:

    LANG = en_US.UTF-8
    LC_ALL = en_US.UTF-8
    LC_CTYPE = UTF-8
    LDFLAGS = -L/usr/local/opt/curl/lib
    PATH = /Users/stan/.vim/bin:/Users/stan/bin:/Users/stan/node_modules/.bin:/usr/local/opt/curl/bin:/usr/local/bin:/usr/bin:/bin:/usr/sbin:/sbin:/opt/X11/bin:/Users/stan/.vim/bin:/Users/stan/bin:/Users/stan/node_modules/.bin:/usr/local/opt/curl/bin:/Users/stan/perl5/bin
    PERL5LIB = /Users/stan/perl5/lib/perl5
    PERL_LOCAL_LIB_ROOT = /Users/stan/perl5
    PERL_MB_OPT = --install_base "/Users/stan/perl5"
    PERL_MM_OPT = INSTALL_BASE=/Users/stan/perl5
    PERL_MM_USE_DEFAULT = 1
    SHELL = /bin/zsh
    TERM = screen
    TMPDIR = /var/folders/1m/0mbn7h096b361dk2y6kwjfn00000gn/T/

Perl special variables (and OS-specific diagnostics, for MSWin32):

    EGID = 20 20 501 12 61 79 80 81 98 702 33 100 204 250 395 398 399
    EUID = 501
    EXECUTABLE_NAME = /usr/local/Cellar/perl/5.28.1/bin/perl
    GID = 20 20 501 12 61 79 80 81 98 702 33 100 204 250 395 398 399
    UID = 501

Perl module toolchain versions installed:

    Module              Have    
    ------------------- --------
    CPAN                2.20    
    CPAN::Meta          2.150010
    Cwd                 3.75    
    ExtUtils::CBuilder  0.280230
    ExtUtils::Command   7.34    
    ExtUtils::Install   2.14    
    ExtUtils::MakeMaker 7.34    
    ExtUtils::Manifest  1.70    
    ExtUtils::ParseXS   3.39    
    File::Spec          3.75    
    JSON                n/a     
    JSON::PP            4.00    
    Module::Build       0.4224  
    Module::Signature   n/a     
    Parse::CPAN::Meta   2.150010
    Test::Harness       3.42    
    Test::More          1.302141
    YAML                n/a     
    YAML::Syck          n/a     
    version             0.9923  


--

Summary of my perl5 (revision 5 version 28 subversion 1) configuration:
   
  Platform:
    osname=darwin
    osvers=18.2.0
    archname=darwin-thread-multi-2level
    uname='darwin mojave.local 18.2.0 darwin kernel version 18.2.0: mon nov 12 20:24:46 pst 2018; root:xnu-4903.231.4~2release_x86_64 x86_64 '
    config_args='-des -Dprefix=/usr/local/Cellar/perl/5.28.1 -Dprivlib=/usr/local/Cellar/perl/5.28.1/lib/perl5/5.28.1 -Dsitelib=/usr/local/Cellar/perl/5.28.1/lib/perl5/site_perl/5.28.1 -Dotherlibdirs=/usr/local/lib/perl5/site_perl/5.28.1 -Dperlpath=/usr/local/opt/perl/bin/perl -Dstartperl=#!/usr/local/opt/perl/bin/perl -Dman1dir=/usr/local/Cellar/perl/5.28.1/share/man/man1 -Dman3dir=/usr/local/Cellar/perl/5.28.1/share/man/man3 -Duseshrplib -Duselargefiles -Dusethreads'
    hint=recommended
    useposix=true
    d_sigaction=define
    useithreads=define
    usemultiplicity=define
    use64bitint=define
    use64bitall=define
    uselongdouble=undef
    usemymalloc=n
    default_inc_excludes_dot=define
    bincompat5005=undef
  Compiler:
    cc='cc'
    ccflags ='-fno-common -DPERL_DARWIN -mmacosx-version-min=10.14 -fno-strict-aliasing -pipe -fstack-protector-strong -I/usr/local/include -DPERL_USE_SAFE_PUTENV'
    optimize='-O3'
    cppflags='-fno-common -DPERL_DARWIN -mmacosx-version-min=10.14 -fno-strict-aliasing -pipe -fstack-protector-strong -I/usr/local/include'
    ccversion=''
    gccversion='4.2.1 Compatible Apple LLVM 10.0.0 (clang-1000.11.45.5)'
    gccosandvers=''
    intsize=4
    longsize=8
    ptrsize=8
    doublesize=8
    byteorder=12345678
    doublekind=3
    d_longlong=define
    longlongsize=8
    d_longdbl=define
    longdblsize=16
    longdblkind=3
    ivtype='long'
    ivsize=8
    nvtype='double'
    nvsize=8
    Off_t='off_t'
    lseeksize=8
    alignbytes=8
    prototype=define
  Linker and Libraries:
    ld='cc'
    ldflags =' -mmacosx-version-min=10.14 -fstack-protector-strong -L/usr/local/lib'
    libpth=/usr/local/lib /Applications/Xcode.app/Contents/Developer/Platforms/MacOSX.platform/Developer/SDKs/MacOSX10.14.sdk/usr/include/libxml2 /Applications/Xcode.app/Contents/Developer/Toolchains/XcodeDefault.xctoolchain/usr/lib/clang/10.0.0/lib /Applications/Xcode.app/Contents/Developer/Toolchains/XcodeDefault.xctoolchain/usr/lib /Applications/Xcode.app/Contents/Developer/Platforms/MacOSX.platform/Developer/SDKs/MacOSX10.14.sdk/usr/lib /usr/lib
    libs=-lpthread -ldbm -ldl -lm -lutil -lc
    perllibs=-lpthread -ldl -lm -lutil -lc
    libc=
    so=dylib
    useshrplib=true
    libperl=libperl.dylib
    gnulibc_version=''
  Dynamic Linking:
    dlsrc=dl_dlopen.xs
    dlext=bundle
    d_dlsymun=undef
    ccdlflags=' '
    cccdlflags=' '
    lddlflags=' -mmacosx-version-min=10.14 -bundle -undefined dynamic_lookup -L/usr/local/lib -fstack-protector-strong'


Characteristics of this binary (from libperl): 
  Compile-time options:
    HAS_TIMES
    MULTIPLICITY
    PERLIO_LAYERS
    PERL_COPY_ON_WRITE
    PERL_DONT_CREATE_GVSV
    PERL_IMPLICIT_CONTEXT
    PERL_MALLOC_WRAP
    PERL_OP_PARENT
    PERL_PRESERVE_IVUV
    PERL_USE_SAFE_PUTENV
    USE_64_BIT_ALL
    USE_64_BIT_INT
    USE_ITHREADS
    USE_LARGE_FILES
    USE_LOCALE
    USE_LOCALE_COLLATE
    USE_LOCALE_CTYPE
    USE_LOCALE_NUMERIC
    USE_LOCALE_TIME
    USE_PERLIO
    USE_PERL_ATOF
    USE_REENTRANT_API
  Built under darwin
  Compiled at Dec 27 2018 13:39:06
  %ENV:
    PERL5LIB="/Users/stan/perl5/lib/perl5"
    PERL_LOCAL_LIB_ROOT="/Users/stan/perl5"
    PERL_MB_OPT="--install_base "/Users/stan/perl5""
    PERL_MM_OPT="INSTALL_BASE=/Users/stan/perl5"
    PERL_MM_USE_DEFAULT="1"
  @INC:
    /Users/stan/perl5/lib/perl5/5.28.1/darwin-thread-multi-2level
    /Users/stan/perl5/lib/perl5/5.28.1
    /Users/stan/perl5/lib/perl5/darwin-thread-multi-2level
    /Users/stan/perl5/lib/perl5
    /usr/local/Cellar/perl/5.28.1/lib/perl5/site_perl/5.28.1/darwin-thread-multi-2level
    /usr/local/Cellar/perl/5.28.1/lib/perl5/site_perl/5.28.1
    /usr/local/Cellar/perl/5.28.1/lib/perl5/5.28.1/darwin-thread-multi-2level
    /usr/local/Cellar/perl/5.28.1/lib/perl5/5.28.1
    /usr/local/lib/perl5/site_perl/5.28.1/darwin-thread-multi-2level
    /usr/local/lib/perl5/site_perl/5.28.1