CXC-Form-Tiny-OptArgs2 v0.01 Perl 5 v5.38.0 x86_64-linux-thread-multi-ld

Status
Fail
From
Chris Williams (BINGOS)
Dist
CXC-Form-Tiny-OptArgs2 v0.01
Platform
Perl 5 v5.38.0 x86_64-linux-thread-multi-ld
Date
2023-09-17T09:34:10
ID
5aeb000a-553d-11ee-98b0-b3c3213a625c
This distribution has been tested as part of the CPAN Testers
project, supporting the Perl programming language.  See
http://wiki.cpantesters.org/ for more information or email
questions to cpan-testers-discuss@perl.org


--

Dear DJERIUS,

This is a computer-generated error report created automatically by
CPANPLUS, version 0.9914. Testers personal comments may appear
at the end of this report.


Thank you for uploading your work to CPAN.  However, it appears that
there were some problems testing your distribution.

TEST RESULTS:

Below is the error stack from stage 'make test':

t/00-compile.t ......... ok
# 
# Versions for all modules listed in MYMETA.json (including optional ones):
# 
# === Configure Requires ===
# 
#     Module               Want  Have
#     ------------------- ----- -----
#     Module::Build::Tiny 0.034 0.046
# 
# === Test Requires ===
# 
#     Module              Want     Have
#     ------------------- ---- --------
#     ExtUtils::MakeMaker  any     7.70
#     File::Spec           any     3.88
#     Form::Tiny           any     2.21
#     IO::Handle           any     1.52
#     IPC::Open3           any     1.22
#     Package::Variant     any 1.003002
#     Test2::V0            any 0.000156
#     Test::Lib            any    0.003
#     Test::More           any 1.302195
#     Types::Standard      any 2.004000
#     aliased              any     0.34
#     base                 any     2.27
# 
# === Test Recommends ===
# 
#     Module         Want     Have
#     ---------- -------- --------
#     CPAN::Meta 2.120900 2.150010
# 
# === Runtime Requires ===
# 
#     Module              Want     Have
#     ---------------- ------- --------
#     Carp                 any     1.54
#     Class::Load          any     0.25
#     Data::Dump           any     1.25
#     Hash::Fold           any   v1.0.0
#     Hash::Merge          any    0.302
#     List::Util           any     1.63
#     Log::Any             any    1.717
#     OptArgs2             any    2.0.0
#     Ref::Util            any    0.204
#     Scalar::Util         any     1.63
#     experimental         any    0.031
#     namespace::clean     any     0.27
#     perl             v5.26.0 5.038000
#     strict               any     1.12
#     warnings             any     1.65
# 
t/00-report-prereqs.t .. ok
could not load plugin CXC::Form::Tiny::Plugin::OptArgs2: Can't locate CXC/Form/Tiny/Plugin/OptArgs2.pm in @INC (you may need to install the CXC::Form::Tiny::Plugin::OptArgs2 module) (@INC entries checked: /home/cpan/pit/thr-ld/conf/perl-5.38.0/.cpanplus/5.38.0/build/PfFCNzpRlo/CXC-Form-Tiny-OptArgs2-0.01/t/lib /home/cpan/pit/thr-ld/conf/perl-5.38.0/.cpanplus/5.38.0/build/PfFCNzpRlo/CXC-Form-Tiny-OptArgs2-0.01/blib/arch /home/cpan/pit/thr-ld/conf/perl-5.38.0/.cpanplus/5.38.0/build/PfFCNzpRlo/CXC-Form-Tiny-OptArgs2-0.01/blib/lib /home/cpan/pit/jail/ZdfPFsuXyk/lib/perl5/5.38.0/x86_64-linux-thread-multi-ld /home/cpan/pit/jail/ZdfPFsuXyk/lib/perl5/5.38.0 /home/cpan/pit/jail/ZdfPFsuXyk/lib/perl5/x86_64-linux-thread-multi-ld /home/cpan/pit/jail/ZdfPFsuXyk/lib/perl5 /home/cpan/pit/thr-ld/perl-5.38.0/lib/site_perl/5.38.0/x86_64-linux-thread-multi-ld /home/cpan/pit/thr-ld/perl-5.38.0/lib/site_perl/5.38.0 /home/cpan/pit/thr-ld/perl-5.38.0/lib/5.38.0/x86_64-linux-thread-multi-ld /home/cpan/pit/thr-ld/perl-5.38.0/lib/5.38.0 .) at (eval 156) line 1.
BEGIN failed--compilation aborted at (eval 156) line 1.
 at t/config.t line 8.
BEGIN failed--compilation aborted at t/config.t line 8.
t/config.t ............. 
Dubious, test returned 2 (wstat 512, 0x200)
No subtests run 
could not load plugin CXC::Form::Tiny::Plugin::OptArgs2: Can't locate CXC/Form/Tiny/Plugin/OptArgs2.pm in @INC (you may need to install the CXC::Form::Tiny::Plugin::OptArgs2 module) (@INC entries checked: /home/cpan/pit/thr-ld/conf/perl-5.38.0/.cpanplus/5.38.0/build/PfFCNzpRlo/CXC-Form-Tiny-OptArgs2-0.01/t/lib /home/cpan/pit/thr-ld/conf/perl-5.38.0/.cpanplus/5.38.0/build/PfFCNzpRlo/CXC-Form-Tiny-OptArgs2-0.01/blib/arch /home/cpan/pit/thr-ld/conf/perl-5.38.0/.cpanplus/5.38.0/build/PfFCNzpRlo/CXC-Form-Tiny-OptArgs2-0.01/blib/lib /home/cpan/pit/jail/ZdfPFsuXyk/lib/perl5/5.38.0/x86_64-linux-thread-multi-ld /home/cpan/pit/jail/ZdfPFsuXyk/lib/perl5/5.38.0 /home/cpan/pit/jail/ZdfPFsuXyk/lib/perl5/x86_64-linux-thread-multi-ld /home/cpan/pit/jail/ZdfPFsuXyk/lib/perl5 /home/cpan/pit/thr-ld/perl-5.38.0/lib/site_perl/5.38.0/x86_64-linux-thread-multi-ld /home/cpan/pit/thr-ld/perl-5.38.0/lib/site_perl/5.38.0 /home/cpan/pit/thr-ld/perl-5.38.0/lib/5.38.0/x86_64-linux-thread-multi-ld /home/cpan/pit/thr-ld/perl-5.38.0/lib/5.38.0 .) at (eval 171) line 1.
BEGIN failed--compilation aborted at (eval 171) line 1.
 at (eval 168) line 2.
BEGIN failed--compilation aborted at (eval 167) line 1.
t/nested.t ............. 
Dubious, test returned 2 (wstat 512, 0x200)
No subtests run 
could not load plugin CXC::Form::Tiny::Plugin::OptArgs2: Can't locate CXC/Form/Tiny/Plugin/OptArgs2.pm in @INC (you may need to install the CXC::Form::Tiny::Plugin::OptArgs2 module) (@INC entries checked: /home/cpan/pit/thr-ld/conf/perl-5.38.0/.cpanplus/5.38.0/build/PfFCNzpRlo/CXC-Form-Tiny-OptArgs2-0.01/t/lib /home/cpan/pit/thr-ld/conf/perl-5.38.0/.cpanplus/5.38.0/build/PfFCNzpRlo/CXC-Form-Tiny-OptArgs2-0.01/blib/arch /home/cpan/pit/thr-ld/conf/perl-5.38.0/.cpanplus/5.38.0/build/PfFCNzpRlo/CXC-Form-Tiny-OptArgs2-0.01/blib/lib /home/cpan/pit/jail/ZdfPFsuXyk/lib/perl5/5.38.0/x86_64-linux-thread-multi-ld /home/cpan/pit/jail/ZdfPFsuXyk/lib/perl5/5.38.0 /home/cpan/pit/jail/ZdfPFsuXyk/lib/perl5/x86_64-linux-thread-multi-ld /home/cpan/pit/jail/ZdfPFsuXyk/lib/perl5 /home/cpan/pit/thr-ld/perl-5.38.0/lib/site_perl/5.38.0/x86_64-linux-thread-multi-ld /home/cpan/pit/thr-ld/perl-5.38.0/lib/site_perl/5.38.0 /home/cpan/pit/thr-ld/perl-5.38.0/lib/5.38.0/x86_64-linux-thread-multi-ld /home/cpan/pit/thr-ld/perl-5.38.0/lib/5.38.0 .) at (eval 156) line 1.
BEGIN failed--compilation aborted at (eval 156) line 1.
 at t/simple.t line 8.
BEGIN failed--compilation aborted at t/simple.t line 8.
t/simple.t ............. 
Dubious, test returned 2 (wstat 512, 0x200)
No subtests run 

Test Summary Report
-------------------
t/config.t           (Wstat: 512 (exited 2) Tests: 0 Failed: 0)
  Non-zero exit status: 2
  Parse errors: No plan found in TAP output
t/nested.t           (Wstat: 512 (exited 2) Tests: 0 Failed: 0)
  Non-zero exit status: 2
  Parse errors: No plan found in TAP output
t/simple.t           (Wstat: 512 (exited 2) Tests: 0 Failed: 0)
  Non-zero exit status: 2
  Parse errors: No plan found in TAP output
Files=5, Tests=2,  0 wallclock secs ( 0.02 usr  0.01 sys +  0.74 cusr  0.09 csys =  0.86 CPU)
Result: FAIL



MISSING PREREQUISITES:

It was observed that the test suite seem to fail without these modules:

CXC::Form::Tiny::Plugin::OptArgs2

As such, adding the prerequisite module(s) to 'PREREQ_PM' in your
Makefile.PL should solve this problem.  For example:

WriteMakefile(
    AUTHOR      => 'DJERIUS (cpanplus-info@lists.sf.net)',
    ... # other information
    PREREQ_PM   => {
	'CXC::Form::Tiny::Plugin::OptArgs2'	=> '0', # or a minimum working version
    }
);

Thanks! :-)

PREREQUISITES:

Here is a list of prerequisites you specified and versions we
managed to load:

	  Module Name                        Have     Want
	  Carp                               1.54        0
	  Class::Load                        0.25        0
	  Data::Dump                         1.25        0
	  ExtUtils::MakeMaker                7.70        0
	  File::Spec                         3.88        0
	  Form::Tiny                         2.21        0
	  Hash::Fold                       v1.0.0        0
	  Hash::Merge                       0.302        0
	  IO::Handle                         1.52        0
	  IPC::Open3                         1.22        0
	  List::Util                         1.63        0
	  Log::Any                          1.717        0
	  OptArgs2                          2.0.0        0
	  Package::Variant               1.003002        0
	  Ref::Util                         0.204        0
	  Scalar::Util                       1.63        0
	  Test2::V0                      0.000156        0
	  Test::Lib                         0.003        0
	  Test::More                     1.302195        0
	  Types::Standard                2.004000        0
	  aliased                            0.34        0
	  base                               2.27        0
	  experimental                      0.031        0
	  namespace::clean                   0.27        0
	  strict                             1.12        0
	  warnings                           1.65        0

Perl module toolchain versions installed:
	Module Name                        Have
	CPANPLUS                         0.9914
	CPANPLUS::Dist::Build              0.90
	Cwd                                3.89
	ExtUtils::CBuilder             0.280238
	ExtUtils::Command                  7.70
	ExtUtils::Install                  2.22
	ExtUtils::MakeMaker                7.70
	ExtUtils::Manifest                 1.75
	ExtUtils::ParseXS                  3.51
	File::Spec                         3.88
	Module::Build                    0.4234
	Pod::Parser                           0
	Pod::Simple                        3.43
	Test2                          1.302195
	Test::Harness                      3.44
	Test::More                     1.302195
	version                          0.9929

******************************** NOTE ********************************
The comments above are created mechanically, possibly without manual
checking by the sender.  As there are many people performing automatic
tests on each upload to CPAN, it is likely that you will receive
identical messages about the same problem.

If you believe that the message is mistaken, please reply to the first
one with correction and/or additional informations, and do not take
it personally.  We appreciate your patience. :)
**********************************************************************

Additional comments:


This report was machine-generated by CPANPLUS::Dist::YACSmoke 1.08.
Powered by minismokebox version 0.68

CPANPLUS is prefering Build.PL

------------------------------
ENVIRONMENT AND OTHER CONTEXT
------------------------------

Environment variables:

    AUTOMATED_TESTING = 1
    LANG = en_GB.UTF-8
    LANGUAGE = en_GB:en
    NONINTERACTIVE_TESTING = 1
    PATH = /usr/local/sbin:/usr/local/bin:/usr/sbin:/usr/bin:/sbin:/bin:/usr/games:/usr/local/games:/snap/bin
    PERL5LIB = /home/cpan/pit/jail/ZdfPFsuXyk/lib/perl5:/home/cpan/pit/thr-ld/conf/perl-5.38.0/.cpanplus/5.38.0/build/PfFCNzpRlo/CXC-Form-Tiny-OptArgs2-0.01/blib/lib:/home/cpan/pit/thr-ld/conf/perl-5.38.0/.cpanplus/5.38.0/build/PfFCNzpRlo/CXC-Form-Tiny-OptArgs2-0.01/blib/arch
    PERL5_CPANPLUS_IS_RUNNING = 2661706
    PERL5_CPANPLUS_IS_VERSION = 0.9914
    PERL5_MINISMOKEBOX = 0.68
    PERL5_YACSMOKE_BASE = /home/cpan/pit/thr-ld/conf/perl-5.38.0
    PERL_EXTUTILS_AUTOINSTALL = --defaultdeps
    PERL_LOCAL_LIB_ROOT = /home/cpan/pit/jail/ZdfPFsuXyk
    PERL_MB_OPT = --install_base "/home/cpan/pit/jail/ZdfPFsuXyk"
    PERL_MM_OPT = INSTALL_BASE=/home/cpan/pit/jail/ZdfPFsuXyk
    PERL_MM_USE_DEFAULT = 1
    SHELL = /bin/bash
    TERM = screen.xterm-256color

Perl special variables (and OS-specific diagnostics, for MSWin32):

    Perl: $^X = /home/cpan/pit/thr-ld/perl-5.38.0/bin/perl
    UID:  $<  = 1001
    EUID: $>  = 1001
    GID:  $(  = 1001 1001
    EGID: $)  = 1001 1001


-------------------------------


--

Summary of my perl5 (revision 5 version 38 subversion 0) configuration:
   
  Platform:
    osname=linux
    osvers=5.15.0-76-generic
    archname=x86_64-linux-thread-multi-ld
    uname='linux uchder 5.15.0-76-generic #83-ubuntu smp thu jun 15 19:16:32 utc 2023 x86_64 x86_64 x86_64 gnulinux '
    config_args='-des -Dprefix=/home/cpan/pit/thr-ld/perl-5.38.0 -Dusethreads -Duselongdouble'
    hint=recommended
    useposix=true
    d_sigaction=define
    useithreads=define
    usemultiplicity=define
    use64bitint=define
    use64bitall=define
    uselongdouble=define
    usemymalloc=n
    default_inc_excludes_dot=define
  Compiler:
    cc='cc'
    ccflags ='-D_REENTRANT -D_GNU_SOURCE -fwrapv -fno-strict-aliasing -pipe -fstack-protector-strong -I/usr/local/include -D_LARGEFILE_SOURCE -D_FILE_OFFSET_BITS=64'
    optimize='-O2'
    cppflags='-D_REENTRANT -D_GNU_SOURCE -fwrapv -fno-strict-aliasing -pipe -fstack-protector-strong -I/usr/local/include'
    ccversion=''
    gccversion='11.3.0'
    gccosandvers=''
    intsize=4
    longsize=8
    ptrsize=8
    doublesize=8
    byteorder=12345678
    doublekind=3
    d_longlong=define
    longlongsize=8
    d_longdbl=define
    longdblsize=16
    longdblkind=3
    ivtype='long'
    ivsize=8
    nvtype='long double'
    nvsize=16
    Off_t='off_t'
    lseeksize=8
    alignbytes=16
    prototype=define
  Linker and Libraries:
    ld='cc'
    ldflags =' -fstack-protector-strong -L/usr/local/lib'
    libpth=/usr/local/lib /usr/lib/x86_64-linux-gnu /usr/lib /usr/lib64
    libs=-lpthread -lgdbm -ldl -lm -lcrypt -lutil -lc
    perllibs=-lpthread -ldl -lm -lcrypt -lutil -lc
    libc=/lib/x86_64-linux-gnu/libc.so.6
    so=so
    useshrplib=false
    libperl=libperl.a
    gnulibc_version='2.35'
  Dynamic Linking:
    dlsrc=dl_dlopen.xs
    dlext=so
    d_dlsymun=undef
    ccdlflags='-Wl,-E'
    cccdlflags='-fPIC'
    lddlflags='-shared -O2 -L/usr/local/lib -fstack-protector-strong'


Characteristics of this binary (from libperl): 
  Compile-time options:
    HAS_LONG_DOUBLE
    HAS_STRTOLD
    HAS_TIMES
    MULTIPLICITY
    PERLIO_LAYERS
    PERL_COPY_ON_WRITE
    PERL_DONT_CREATE_GVSV
    PERL_HASH_FUNC_SIPHASH13
    PERL_HASH_USE_SBOX32
    PERL_MALLOC_WRAP
    PERL_OP_PARENT
    PERL_PRESERVE_IVUV
    PERL_USE_SAFE_PUTENV
    USE_64_BIT_ALL
    USE_64_BIT_INT
    USE_ITHREADS
    USE_LARGE_FILES
    USE_LOCALE
    USE_LOCALE_COLLATE
    USE_LOCALE_CTYPE
    USE_LOCALE_NUMERIC
    USE_LOCALE_TIME
    USE_LONG_DOUBLE
    USE_PERLIO
    USE_PERL_ATOF
    USE_REENTRANT_API
    USE_THREAD_SAFE_LOCALE
  Built under linux
  Compiled at Jul  4 2023 00:04:35
  %ENV:
    PERL5LIB="/home/cpan/pit/jail/ZdfPFsuXyk/lib/perl5:/home/cpan/pit/thr-ld/conf/perl-5.38.0/.cpanplus/5.38.0/build/PfFCNzpRlo/CXC-Form-Tiny-OptArgs2-0.01/blib/lib:/home/cpan/pit/thr-ld/conf/perl-5.38.0/.cpanplus/5.38.0/build/PfFCNzpRlo/CXC-Form-Tiny-OptArgs2-0.01/blib/arch"
    PERL5_CPANPLUS_IS_RUNNING="2661706"
    PERL5_CPANPLUS_IS_VERSION="0.9914"
    PERL5_MINISMOKEBOX="0.68"
    PERL5_YACSMOKE_BASE="/home/cpan/pit/thr-ld/conf/perl-5.38.0"
    PERL_EXTUTILS_AUTOINSTALL="--defaultdeps"
    PERL_LOCAL_LIB_ROOT="/home/cpan/pit/jail/ZdfPFsuXyk"
    PERL_MB_OPT="--install_base "/home/cpan/pit/jail/ZdfPFsuXyk""
    PERL_MM_OPT="INSTALL_BASE=/home/cpan/pit/jail/ZdfPFsuXyk"
    PERL_MM_USE_DEFAULT="1"
  @INC:
    /home/cpan/pit/jail/ZdfPFsuXyk/lib/perl5/5.38.0/x86_64-linux-thread-multi-ld
    /home/cpan/pit/jail/ZdfPFsuXyk/lib/perl5/5.38.0
    /home/cpan/pit/jail/ZdfPFsuXyk/lib/perl5/x86_64-linux-thread-multi-ld
    /home/cpan/pit/jail/ZdfPFsuXyk/lib/perl5
    /home/cpan/pit/thr-ld/conf/perl-5.38.0/.cpanplus/5.38.0/build/PfFCNzpRlo/CXC-Form-Tiny-OptArgs2-0.01/blib/lib
    /home/cpan/pit/thr-ld/conf/perl-5.38.0/.cpanplus/5.38.0/build/PfFCNzpRlo/CXC-Form-Tiny-OptArgs2-0.01/blib/arch
    /home/cpan/pit/thr-ld/perl-5.38.0/lib/site_perl/5.38.0/x86_64-linux-thread-multi-ld
    /home/cpan/pit/thr-ld/perl-5.38.0/lib/site_perl/5.38.0
    /home/cpan/pit/thr-ld/perl-5.38.0/lib/5.38.0/x86_64-linux-thread-multi-ld
    /home/cpan/pit/thr-ld/perl-5.38.0/lib/5.38.0