SReview v0.9.3 Perl 5 v5.16.3 darwin-thread-multi-2level

Status
Na
From
David Cantrell (DCANTRELL)
Dist
SReview v0.9.3
Platform
Perl 5 v5.16.3 darwin-thread-multi-2level
Date
2023-11-04T00:08:56
ID
5898d26c-7aa6-11ee-ab58-2137efe57fba
This distribution has been tested as part of the CPAN Testers
project, supporting the Perl programming language.  See
http://wiki.cpantesters.org/ for more information or email
questions to cpan-testers-discuss@perl.org


--
Dear Wouter Verhelst,

This is a computer-generated report for SReview-0.9.3
on perl 5.16.3, created by CPAN-Reporter-1.2019.

Thank you for uploading your work to CPAN.  While attempting to build or test
this distribution, the distribution signaled that support is not available
either for this operating system or this version of Perl.  Nevertheless, any
diagnostic output produced is provided below for reference.  If this is not
what you expect, you may wish to consult the CPAN Testers Wiki:

http://wiki.cpantesters.org/wiki/CPANAuthorNotes

Sections of this report:

    * Tester comments
    * Program output
    * Prerequisites
    * Environment and other context

------------------------------
TESTER COMMENTS
------------------------------

Additional comments from tester:

this report is from an automated smoke testing program
and was not reviewed by a human for accuracy

------------------------------
PROGRAM OUTPUT
------------------------------

Output from '/usr/bin/make test':

PERL_DL_NONLAZY=1 "/Users/cpantesting/cpantesting/perl-5.16.3/bin/perl" "-MExtUtils::Command::MM" "-MTest::Harness" "-e" "undef *Test::Harness::Switches; test_harness(0, 'blib/lib', 'blib/arch')" t/*.t
t/010-config.t ........... ok
Can't locate Mojo/Pg.pm in @INC (@INC contains: /Users/cpantesting/cpantesting/perl-5.16.3/.cpan/build/SReview-0.9.3-BR0QNP/blib/lib /Users/cpantesting/cpantesting/perl-5.16.3/.cpan/build/SReview-0.9.3-BR0QNP/blib/arch /Users/cpantesting/cpantesting/perl-5.16.3/lib/site_perl/5.16.3/darwin-thread-multi-2level /Users/cpantesting/cpantesting/perl-5.16.3/lib/site_perl/5.16.3 /Users/cpantesting/cpantesting/perl-5.16.3/lib/5.16.3/darwin-thread-multi-2level /Users/cpantesting/cpantesting/perl-5.16.3/lib/5.16.3 .) at /Users/cpantesting/cpantesting/perl-5.16.3/.cpan/build/SReview-0.9.3-BR0QNP/blib/lib/SReview/Db.pm line 6.
BEGIN failed--compilation aborted at /Users/cpantesting/cpantesting/perl-5.16.3/.cpan/build/SReview-0.9.3-BR0QNP/blib/lib/SReview/Db.pm line 6.
Compilation failed in require at t/040-db.t line 8.
BEGIN failed--compilation aborted at t/040-db.t line 8.
# Looks like your test exited with 2 before it could output anything.
t/040-db.t ............... 
Dubious, test returned 2 (wstat 512, 0x200)
Failed 7/7 subtests 
Can't locate Media/Convert/Asset.pm in @INC (@INC contains: /Users/cpantesting/cpantesting/perl-5.16.3/.cpan/build/SReview-0.9.3-BR0QNP/blib/lib /Users/cpantesting/cpantesting/perl-5.16.3/.cpan/build/SReview-0.9.3-BR0QNP/blib/arch /Users/cpantesting/cpantesting/perl-5.16.3/lib/site_perl/5.16.3/darwin-thread-multi-2level /Users/cpantesting/cpantesting/perl-5.16.3/lib/site_perl/5.16.3 /Users/cpantesting/cpantesting/perl-5.16.3/lib/5.16.3/darwin-thread-multi-2level /Users/cpantesting/cpantesting/perl-5.16.3/lib/5.16.3 .) at t/080-runthrough.t line 13.
BEGIN failed--compilation aborted at t/080-runthrough.t line 13.
# Looks like your test exited with 2 before it could output anything.
t/080-runthrough.t ....... 
Dubious, test returned 2 (wstat 512, 0x200)
Failed 15/15 subtests 
Perl v5.28.0 required--this is only v5.16.3, stopped at t/085-schedule-export.t line 3.
BEGIN failed--compilation aborted at t/085-schedule-export.t line 3.
t/085-schedule-export.t .. 
Dubious, test returned 255 (wstat 65280, 0xff00)
No subtests run 
Warning: could not find configuration file /etc/sreview/config.pm, falling back to defaults at /Users/cpantesting/cpantesting/perl-5.16.3/.cpan/build/SReview-0.9.3-BR0QNP/blib/lib/SReview/Config/Common.pm line 63.
t/090-talk.t ............. ok
Warning: could not find configuration file /etc/sreview/config.pm, falling back to defaults at /Users/cpantesting/cpantesting/perl-5.16.3/.cpan/build/SReview-0.9.3-BR0QNP/blib/lib/SReview/Config/Common.pm line 63.
t/095-files.t ............ ok
Perl v5.28.0 required--this is only v5.16.3, stopped at t/095-synfig.t line 3.
BEGIN failed--compilation aborted at t/095-synfig.t line 3.
t/095-synfig.t ........... 
Dubious, test returned 255 (wstat 65280, 0xff00)
No subtests run 
Can't locate Media/Convert/Asset.pm in @INC (@INC contains: /Users/cpantesting/cpantesting/perl-5.16.3/.cpan/build/SReview-0.9.3-BR0QNP/blib/lib /Users/cpantesting/cpantesting/perl-5.16.3/.cpan/build/SReview-0.9.3-BR0QNP/blib/arch /Users/cpantesting/cpantesting/perl-5.16.3/lib/site_perl/5.16.3/darwin-thread-multi-2level /Users/cpantesting/cpantesting/perl-5.16.3/lib/site_perl/5.16.3 /Users/cpantesting/cpantesting/perl-5.16.3/lib/5.16.3/darwin-thread-multi-2level /Users/cpantesting/cpantesting/perl-5.16.3/lib/5.16.3 .) at /Users/cpantesting/cpantesting/perl-5.16.3/.cpan/build/SReview-0.9.3-BR0QNP/blib/lib/SReview/Talk.pm line 5.
BEGIN failed--compilation aborted at /Users/cpantesting/cpantesting/perl-5.16.3/.cpan/build/SReview-0.9.3-BR0QNP/blib/lib/SReview/Talk.pm line 5.
Compilation failed in require at t/100-mojo.t line 22.
BEGIN failed--compilation aborted at t/100-mojo.t line 22.
# Looks like your test exited with 2 before it could output anything.
t/100-mojo.t ............. 
Dubious, test returned 2 (wstat 512, 0x200)
Failed 51/51 subtests 
Can't locate Mojo/Pg.pm in @INC (@INC contains: /Users/cpantesting/cpantesting/perl-5.16.3/.cpan/build/SReview-0.9.3-BR0QNP/blib/lib /Users/cpantesting/cpantesting/perl-5.16.3/.cpan/build/SReview-0.9.3-BR0QNP/blib/arch /Users/cpantesting/cpantesting/perl-5.16.3/lib/site_perl/5.16.3/darwin-thread-multi-2level /Users/cpantesting/cpantesting/perl-5.16.3/lib/site_perl/5.16.3 /Users/cpantesting/cpantesting/perl-5.16.3/lib/5.16.3/darwin-thread-multi-2level /Users/cpantesting/cpantesting/perl-5.16.3/lib/5.16.3 .) at /Users/cpantesting/cpantesting/perl-5.16.3/.cpan/build/SReview-0.9.3-BR0QNP/blib/lib/SReview/Db.pm line 6.
BEGIN failed--compilation aborted at /Users/cpantesting/cpantesting/perl-5.16.3/.cpan/build/SReview-0.9.3-BR0QNP/blib/lib/SReview/Db.pm line 6.
Compilation failed in require at t/110-api.t line 8.
BEGIN failed--compilation aborted at t/110-api.t line 8.
t/110-api.t .............. 
Dubious, test returned 2 (wstat 512, 0x200)
No subtests run 
t/120-types.t ............ ok
t/130-schedule.t ......... ok

Test Summary Report
-------------------
t/040-db.t             (Wstat: 512 (exited 2) Tests: 0 Failed: 0)
  Non-zero exit status: 2
  Parse errors: Bad plan.  You planned 7 tests but ran 0.
t/080-runthrough.t     (Wstat: 512 (exited 2) Tests: 0 Failed: 0)
  Non-zero exit status: 2
  Parse errors: Bad plan.  You planned 15 tests but ran 0.
t/085-schedule-export.t (Wstat: 65280 (exited 255) Tests: 0 Failed: 0)
  Non-zero exit status: 255
  Parse errors: No plan found in TAP output
t/095-synfig.t         (Wstat: 65280 (exited 255) Tests: 0 Failed: 0)
  Non-zero exit status: 255
  Parse errors: No plan found in TAP output
t/100-mojo.t           (Wstat: 512 (exited 2) Tests: 0 Failed: 0)
  Non-zero exit status: 2
  Parse errors: Bad plan.  You planned 51 tests but ran 0.
t/110-api.t            (Wstat: 512 (exited 2) Tests: 0 Failed: 0)
  Non-zero exit status: 2
  Parse errors: No plan found in TAP output
Files=11, Tests=42,  4 wallclock secs ( 0.06 usr  0.05 sys +  3.91 cusr  0.57 csys =  4.59 CPU)
Result: FAIL
Failed 6/11 test programs. 0/42 subtests failed.
make: *** [test_dynamic] Error 255

------------------------------
PREREQUISITES
------------------------------

Prerequisite modules loaded:

requires:

    Module                       Need   Have    
    ---------------------------- ------ --------
    Class::Type::Enum            0      0.014   
    Crypt::PRNG                  0      0.080   
    DateTime                     0      1.63    
    DateTime::Format::ISO8601    0      0.16    
    DateTime::Format::Pg         0      0.16014 
  ! Media::Convert               v1.0.1 n/a     
    Mojo::JSON                   0      0       
  ! Mojo::Pg                     0      n/a     
    Mojolicious::Plugin::OpenAPI 4.03   5.09    
    Moose                        0      2.2206  
    Net::Amazon::S3              0      0.991   
    Net::SSH::AuthorizedKeysFile 0      0.18    
    Text::Format                 0      0.62    

build_requires:

    Module                       Need   Have    
    ---------------------------- ------ --------
    ExtUtils::MakeMaker          0      7.58    
    Test::More                   0      1.302183
    YAML::XS                     0      0.88    

configure_requires:

    Module                       Need   Have    
    ---------------------------- ------ --------
    ExtUtils::Depends            0      0.8001  


------------------------------
ENVIRONMENT AND OTHER CONTEXT
------------------------------

Environment variables:

    AUTOMATED_TESTING = 1
    NONINTERACTIVE_TESTING = 1
    PATH = /Users/cpantesting/perl5/perlbrew/bin:/Users/cpantesting/perl5/perlbrew/perls/perl-5.32.0/bin:/usr/local/bin:/System/Cryptexes/App/usr/bin:/usr/bin:/bin:/usr/sbin:/sbin:/Library/Apple/usr/bin:/Users/cpantesting/.cargo/bin
    PERL = 5.16.3
    PERL5LIB = 
    PERL5OPT = 
    PERL5_CPANPLUS_IS_RUNNING = 75825
    PERL5_CPAN_IS_RUNNING = 75825
    PERLBREW_HOME = /Users/cpantesting/.perlbrew
    PERLBREW_MANPATH = /Users/cpantesting/perl5/perlbrew/perls/perl-5.32.0/man
    PERLBREW_PATH = /Users/cpantesting/perl5/perlbrew/bin:/Users/cpantesting/perl5/perlbrew/perls/perl-5.32.0/bin
    PERLBREW_PERL = perl-5.32.0
    PERLBREW_ROOT = /Users/cpantesting/perl5/perlbrew
    PERLBREW_SHELLRC_VERSION = 0.94
    PERLBREW_VERSION = 0.94
    PERLVER = 5.16.3
    PERL_INLINE_DIRECTORY = /Users/cpantesting/.Inline-5.16.3
    PERL_MM_USE_DEFAULT = 1
    PERL_USE_UNSAFE_INC = 0
    SHELL = /bin/bash
    TERM = screen

Perl special variables (and OS-specific diagnostics, for MSWin32):

    $^X = /Users/cpantesting/cpantesting/perl-5.16.3/bin/perl
    $UID/$EUID = 503 / 503
    $GID = 20 20 12 61 703 702 701 100
    $EGID = 20 20 12 61 703 702 701 100

Perl module toolchain versions installed:

    Module              Have    
    ------------------- --------
    CPAN                1.9800  
    CPAN::Meta          2.143240
    Cwd                 3.39_02 
    ExtUtils::CBuilder  0.280235
    ExtUtils::Command   7.58    
    ExtUtils::Install   2.06    
    ExtUtils::MakeMaker 7.58    
    ExtUtils::Manifest  1.70    
    ExtUtils::ParseXS   3.51    
    File::Spec          3.39_02 
    JSON                4.10    
    JSON::PP            4.05    
    Module::Build       0.4234  
    Module::Signature   n/a     
    Parse::CPAN::Meta   1.4414  
    Test2               1.302183
    Test::Harness       3.48    
    Test::More          1.302183
    YAML                1.30    
    YAML::Syck          n/a     
    version             0.99    


--

Summary of my perl5 (revision 5 version 16 subversion 3) configuration:
   
  Platform:
    osname=darwin, osvers=19.6.0, archname=darwin-thread-multi-2level
    uname='darwin harrow.local 19.6.0 darwin kernel version 19.6.0: thu oct 29 22:56:45 pdt 2020; root:xnu-6153.141.2.2~1release_x86_64 x86_64 '
    config_args='-de -Dusethreads -Dprefix=/Users/cpantesting/cpantesting/perl-5.16.3'
    hint=recommended, useposix=true, d_sigaction=define
    useithreads=define, usemultiplicity=define
    useperlio=define, d_sfio=undef, uselargefiles=define, usesocks=undef
    use64bitint=define, use64bitall=define, uselongdouble=undef
    usemymalloc=n, bincompat5005=undef
  Compiler:
    cc='cc', ccflags ='-fno-common -DPERL_DARWIN -fno-strict-aliasing -pipe -fstack-protector -I/usr/local/include',
    optimize='-O3',
    cppflags='-fno-common -DPERL_DARWIN -fno-strict-aliasing -pipe -fstack-protector -I/usr/local/include'
    ccversion='', gccversion='Apple LLVM 12.0.0 (clang-1200.0.32.27)', gccosandvers=''
    intsize=4, longsize=8, ptrsize=8, doublesize=8, byteorder=12345678
    d_longlong=define, longlongsize=8, d_longdbl=define, longdblsize=16
    ivtype='long', ivsize=8, nvtype='double', nvsize=8, Off_t='off_t', lseeksize=8
    alignbytes=8, prototype=define
  Linker and Libraries:
    ld='env MACOSX_DEPLOYMENT_TARGET=10.3 cc', ldflags =' -fstack-protector -L/usr/local/lib'
    libpth=/usr/local/lib /usr/lib
    libs=-lgdbm -ldbm -ldl -lm -lutil -lc
    perllibs=-ldl -lm -lutil -lc
    libc=, so=dylib, useshrplib=false, libperl=libperl.a
    gnulibc_version=''
  Dynamic Linking:
    dlsrc=dl_dlopen.xs, dlext=bundle, d_dlsymun=undef, ccdlflags=' '
    cccdlflags=' ', lddlflags=' -bundle -undefined dynamic_lookup -L/usr/local/lib -fstack-protector'


Characteristics of this binary (from libperl): 
  Compile-time options: HAS_TIMES MULTIPLICITY PERLIO_LAYERS
                        PERL_DONT_CREATE_GVSV PERL_IMPLICIT_CONTEXT
                        PERL_MALLOC_WRAP PERL_PRESERVE_IVUV USE_64_BIT_ALL
                        USE_64_BIT_INT USE_ITHREADS USE_LARGE_FILES
                        USE_LOCALE USE_LOCALE_COLLATE USE_LOCALE_CTYPE
                        USE_LOCALE_NUMERIC USE_PERLIO USE_PERL_ATOF
                        USE_REENTRANT_API
  Built under darwin
  Compiled at Dec 29 2020 22:52:51
  %ENV:
    PERL="5.16.3"
    PERL5LIB=""
    PERL5OPT=""
    PERL5_CPANPLUS_IS_RUNNING="75825"
    PERL5_CPAN_IS_RUNNING="75825"
    PERLBREW_HOME="/Users/cpantesting/.perlbrew"
    PERLBREW_MANPATH="/Users/cpantesting/perl5/perlbrew/perls/perl-5.32.0/man"
    PERLBREW_PATH="/Users/cpantesting/perl5/perlbrew/bin:/Users/cpantesting/perl5/perlbrew/perls/perl-5.32.0/bin"
    PERLBREW_PERL="perl-5.32.0"
    PERLBREW_ROOT="/Users/cpantesting/perl5/perlbrew"
    PERLBREW_SHELLRC_VERSION="0.94"
    PERLBREW_VERSION="0.94"
    PERLVER="5.16.3"
    PERL_INLINE_DIRECTORY="/Users/cpantesting/.Inline-5.16.3"
    PERL_MM_USE_DEFAULT="1"
    PERL_USE_UNSAFE_INC="0"
  @INC:
    /Users/cpantesting/cpantesting/perl-5.16.3/lib/site_perl/5.16.3/darwin-thread-multi-2level
    /Users/cpantesting/cpantesting/perl-5.16.3/lib/site_perl/5.16.3
    /Users/cpantesting/cpantesting/perl-5.16.3/lib/5.16.3/darwin-thread-multi-2level
    /Users/cpantesting/cpantesting/perl-5.16.3/lib/5.16.3
    .