Report for Bundle-PBib-2.08

Back
From: metabase:user:30ae4450-2aae-11df-837a-5e0a49663a4f
Subject: FAIL Bundle-PBib-2.08 v5.14.3 
Date: 2013-01-29T13:54:30Z

This distribution has been tested as part of the CPAN Testers
project, supporting the Perl programming language.  See
http://wiki.cpantesters.org/ for more information or email
questions to cpan-testers-discuss@perl.org


--
Dear Peter Tandler,

This is a computer-generated report for Bundle-PBib-2.08
on perl 5.14.3, created by CPAN-Reporter-1.2009.

Thank you for uploading your work to CPAN.  However, there was a problem
testing your distribution.

If you think this report is invalid, please consult the CPAN Testers Wiki
for suggestions on how to avoid getting FAIL reports for missing library
or binary dependencies, unsupported operating systems, and so on:

http://wiki.cpantesters.org/wiki/CPANAuthorNotes

Sections of this report:

    * Tester comments
    * Program output
    * Prerequisites
    * Environment and other context

------------------------------
TESTER COMMENTS
------------------------------

Additional comments from tester:

this report is from an automated smoke testing program
and was not reviewed by a human for accuracy

------------------------------
PROGRAM OUTPUT
------------------------------

Output from 'C:\strawberry5143\perl\bin\perl.exe ./Build test':

"gpg" ­¥ ï¥âáï ¢­ãâ७­¥© ¨«¨ ¢­¥è­¥©
ª®¬ ­¤®©, ¨á¯®«­ï¥¬®© ¯à®£à ¬¬®© ¨«¨ ¯ ª¥â­ë¬ ä ©«®¬.
Error verifying signature: Could not find public key with KeyID 1d5abe1759055f9b
# Looks like your test exited with 9 before it could output anything.
t\00-signature.t .... 
Dubious, test returned 9 (wstat 2304, 0x900)
Failed 1/1 subtests 
t\10-pbib-config.t .. ok
defined(%hash) is deprecated at C:\strawberry5143\cpan\build\Bundle-PBib-2.08-LWDCOl\blib\lib\Biblio\bp\lib/bp-p-cs.pl line 115.
	(Maybe you should just omit the defined()?)
defined(%hash) is deprecated at C:\strawberry5143\cpan\build\Bundle-PBib-2.08-LWDCOl\blib\lib\Biblio\bp\lib/bp-p-cs.pl line 129.
	(Maybe you should just omit the defined()?)
Using bp, version 0.2.97 (19 Dec 96).
Reading: auto:auto  Writing: canon:8859-1

Use of uninitialized value $pattern in lc at C:\strawberry5143\cpan\build\Bundle-PBib-2.08-LWDCOl\blib\lib/Biblio/File.pm line 66.
bp warning (record   16): Could not find bibtex crossref: CSCW96
bp warning (record   30): Could not find bibtex crossref: HUC00
bp warning (record   33): Could not find bibtex crossref: Carroll-HCIMillennium
bp warning (record   35): Could not find bibtex crossref: CHI92
bp warning (record   40): Could not find bibtex crossref: UIST02
bp warning (record   43): Could not find bibtex crossref: CSCW02
bp warning (record   57): Could not find bibtex crossref: CHI99
bp warning (record   63): Could not find bibtex crossref: UIST01
storePaper not yet supported ...
t\20-biblio.t ....... ok
t\21-odbc.t ......... skipped: Cannot assume that there is a ODBC data source available
defined(%hash) is deprecated at C:\strawberry5143\cpan\build\Bundle-PBib-2.08-LWDCOl\blib\lib\Biblio\bp\lib/bp-p-cs.pl line 115.
	(Maybe you should just omit the defined()?)
defined(%hash) is deprecated at C:\strawberry5143\cpan\build\Bundle-PBib-2.08-LWDCOl\blib\lib\Biblio\bp\lib/bp-p-cs.pl line 129.
	(Maybe you should just omit the defined()?)
Using bp, version 0.2.97 (19 Dec 96).
Reading: auto:auto  Writing: canon:8859-1

"\c" is more clearly written simply as "\@" at C:\strawberry5143\cpan\build\Bundle-PBib-2.08-LWDCOl\blib\lib/PBib/ReferenceConverter.pm line 453.
Using bp, version 0.2.97 (19 Dec 96).
Reading: auto:auto  Writing: canon:8859-1

Use of uninitialized value $pattern in lc at C:\strawberry5143\cpan\build\Bundle-PBib-2.08-LWDCOl\blib\lib/Biblio/File.pm line 66.
bp warning (record   16): Could not find bibtex crossref: CSCW96
bp warning (record   30): Could not find bibtex crossref: HUC00
bp warning (record   33): Could not find bibtex crossref: Carroll-HCIMillennium
bp warning (record   35): Could not find bibtex crossref: CHI92
bp warning (record   40): Could not find bibtex crossref: UIST02
bp warning (record   43): Could not find bibtex crossref: CSCW02
bp warning (record   57): Could not find bibtex crossref: CHI99
bp warning (record   63): Could not find bibtex crossref: UIST01
# Converting t\sample.rtf ...
Undefined subroutine &PBib::PBib::Store called at C:\strawberry5143\cpan\build\Bundle-PBib-2.08-LWDCOl\blib\lib/PBib/PBib.pm line 570.
Document::MSWord: 0 OLE objects left ...
# Looks like you planned 15 tests but ran 10.
# Looks like your test exited with 255 just after 10.
t\30-pbib-module.t .. 
Dubious, test returned 255 (wstat 65280, 0xff00)
Failed 5/15 subtests 
# Converting t\sample.rtf ...
defined(%hash) is deprecated at C:\strawberry5143\cpan\build\Bundle-PBib-2.08-LWDCOl\lib\Biblio\bp\lib/bp-p-cs.pl line 115.
	(Maybe you should just omit the defined()?)
defined(%hash) is deprecated at C:\strawberry5143\cpan\build\Bundle-PBib-2.08-LWDCOl\lib\Biblio\bp\lib/bp-p-cs.pl line 129.
	(Maybe you should just omit the defined()?)
Using bp, version 0.2.97 (19 Dec 96).
Reading: auto:auto  Writing: canon:8859-1

"\c" is more clearly written simply as "\@" at C:/strawberry5143/cpan/build/Bundle-PBib-2.08-LWDCOl/bin/../lib/PBib/ReferenceConverter.pm line 453.
PBib version 2.08.
Using bp, version 0.2.97 (19 Dec 96).
Reading: auto:auto  Writing: canon:8859-1

Use of uninitialized value $pattern in lc at C:/strawberry5143/cpan/build/Bundle-PBib-2.08-LWDCOl/bin/../lib/Biblio/File.pm line 66.
Read t/sample.bib ...
bp warning (record   16): Could not find bibtex crossref: CSCW96
bp warning (record   30): Could not find bibtex crossref: HUC00
bp warning (record   33): Could not find bibtex crossref: Carroll-HCIMillennium
bp warning (record   35): Could not find bibtex crossref: CHI92
bp warning (record   40): Could not find bibtex crossref: UIST02
bp warning (record   43): Could not find bibtex crossref: CSCW02
bp warning (record   57): Could not find bibtex crossref: CHI99
bp warning (record   63): Could not find bibtex crossref: UIST01
66 records read from t/sample.bib (8 warnings).
Undefined subroutine &PBib::PBib::Store called at C:/strawberry5143/cpan/build/Bundle-PBib-2.08-LWDCOl/bin/../lib/PBib/PBib.pm line 570.
Document::MSWord: 0 OLE objects left ...

#   Failed test 'system(C:\strawberry5143\perl\bin\perl.exe, C:\strawberry5143\cpan\build\Bundle-PBib-2.08-LWDCOl\bin\pbib.pl, t\sample.rtf)'
#   at t\31-pbib-script.t line 50.
#          got: '65280'
#     expected: '0'
# Converting t\sample.sxw ...
defined(%hash) is deprecated at C:\strawberry5143\cpan\build\Bundle-PBib-2.08-LWDCOl\lib\Biblio\bp\lib/bp-p-cs.pl line 115.
	(Maybe you should just omit the defined()?)
defined(%hash) is deprecated at C:\strawberry5143\cpan\build\Bundle-PBib-2.08-LWDCOl\lib\Biblio\bp\lib/bp-p-cs.pl line 129.
	(Maybe you should just omit the defined()?)
Using bp, version 0.2.97 (19 Dec 96).
Reading: auto:auto  Writing: canon:8859-1

"\c" is more clearly written simply as "\@" at C:/strawberry5143/cpan/build/Bundle-PBib-2.08-LWDCOl/bin/../lib/PBib/ReferenceConverter.pm line 453.
PBib version 2.08.
Using bp, version 0.2.97 (19 Dec 96).
Reading: auto:auto  Writing: canon:8859-1

Use of uninitialized value $pattern in lc at C:/strawberry5143/cpan/build/Bundle-PBib-2.08-LWDCOl/bin/../lib/Biblio/File.pm line 66.
Read t/sample.bib ...
bp warning (record   16): Could not find bibtex crossref: CSCW96
bp warning (record   30): Could not find bibtex crossref: HUC00
bp warning (record   33): Could not find bibtex crossref: Carroll-HCIMillennium
bp warning (record   35): Could not find bibtex crossref: CHI92
bp warning (record   40): Could not find bibtex crossref: UIST02
bp warning (record   43): Could not find bibtex crossref: CSCW02
bp warning (record   57): Could not find bibtex crossref: CHI99
bp warning (record   63): Could not find bibtex crossref: UIST01
66 records read from t/sample.bib (8 warnings).
Wide character in Compress::Raw::Zlib::crc32 at C:/strawberry5143/perl/vendor/lib/Archive/Zip.pm line 303.

#   Failed test 'system(C:\strawberry5143\perl\bin\perl.exe, C:\strawberry5143\cpan\build\Bundle-PBib-2.08-LWDCOl\bin\pbib.pl, t\sample.sxw)'
#   at t\31-pbib-script.t line 50.
#          got: '65280'
#     expected: '0'
# Converting t\sample.txt ...
defined(%hash) is deprecated at C:\strawberry5143\cpan\build\Bundle-PBib-2.08-LWDCOl\lib\Biblio\bp\lib/bp-p-cs.pl line 115.
	(Maybe you should just omit the defined()?)
defined(%hash) is deprecated at C:\strawberry5143\cpan\build\Bundle-PBib-2.08-LWDCOl\lib\Biblio\bp\lib/bp-p-cs.pl line 129.
	(Maybe you should just omit the defined()?)
Using bp, version 0.2.97 (19 Dec 96).
Reading: auto:auto  Writing: canon:8859-1

"\c" is more clearly written simply as "\@" at C:/strawberry5143/cpan/build/Bundle-PBib-2.08-LWDCOl/bin/../lib/PBib/ReferenceConverter.pm line 453.
PBib version 2.08.
Using bp, version 0.2.97 (19 Dec 96).
Reading: auto:auto  Writing: canon:8859-1

Use of uninitialized value $pattern in lc at C:/strawberry5143/cpan/build/Bundle-PBib-2.08-LWDCOl/bin/../lib/Biblio/File.pm line 66.
Read t/sample.bib ...
bp warning (record   16): Could not find bibtex crossref: CSCW96
bp warning (record   30): Could not find bibtex crossref: HUC00
bp warning (record   33): Could not find bibtex crossref: Carroll-HCIMillennium
bp warning (record   35): Could not find bibtex crossref: CHI92
bp warning (record   40): Could not find bibtex crossref: UIST02
bp warning (record   43): Could not find bibtex crossref: CSCW02
bp warning (record   57): Could not find bibtex crossref: CHI99
bp warning (record   63): Could not find bibtex crossref: UIST01
66 records read from t/sample.bib (8 warnings).
Undefined subroutine &PBib::PBib::Store called at C:/strawberry5143/cpan/build/Bundle-PBib-2.08-LWDCOl/bin/../lib/PBib/PBib.pm line 570.

#   Failed test 'system(C:\strawberry5143\perl\bin\perl.exe, C:\strawberry5143\cpan\build\Bundle-PBib-2.08-LWDCOl\bin\pbib.pl, t\sample.txt)'
#   at t\31-pbib-script.t line 50.
#          got: '65280'
#     expected: '0'
# Looks like you failed 3 tests of 11.
t\31-pbib-script.t .. 
Dubious, test returned 3 (wstat 768, 0x300)
Failed 3/11 subtests 
	(less 3 skipped subtests: 5 okay)

Test Summary Report
-------------------
t\00-signature.t  (Wstat: 2304 Tests: 0 Failed: 0)
  Non-zero exit status: 9
  Parse errors: Bad plan.  You planned 1 tests but ran 0.
t\30-pbib-module.t (Wstat: 65280 Tests: 10 Failed: 0)
  Non-zero exit status: 255
  Parse errors: Bad plan.  You planned 15 tests but ran 10.
t\31-pbib-script.t (Wstat: 768 Tests: 11 Failed: 3)
  Failed tests:  4, 7, 10
  Non-zero exit status: 3
Files=6, Tests=33,  5 wallclock secs ( 0.04 usr +  0.05 sys =  0.09 CPU)
Result: FAIL
Failed 3/6 test programs. 3/33 subtests failed.

------------------------------
PREREQUISITES
------------------------------

Prerequisite modules loaded:

requires:

    Module          Need   Have     
    --------------- ------ ---------
    Bundle::DBI     11.02  12.008695
    Config::General 2.18   2.51     
    Cwd             2.06   3.36     
    Data::Dumper    2.12   2.136    
    perl            v5.6.1 5.014003 


------------------------------
ENVIRONMENT AND OTHER CONTEXT
------------------------------

Environment variables:

    AUTOMATED_TESTING = 1
    COMSPEC = C:\WINDOWS\system32\cmd.exe
    NUMBER_OF_PROCESSORS = 1
    PATH = C:\Program Files\Far Manager\;C:\IM\ImageMagick-6.8.2-Q16;C:\WINDOWS\system32;C:\WINDOWS;C:\WINDOWS\System32\Wbem;C:\strawberry5143\c\bin;C:\strawberry5143\perl\site\bin;C:\strawberry5143\perl\bin
    PERL5LIB = 
    PERL5OPT = 
    PERL5_CPANPLUS_IS_RUNNING = 1756
    PERL5_CPAN_IS_RUNNING = 1756
    PERL5_CPAN_IS_RUNNING_IN_RECURSION = 1748,1756
    PERL_CR_SMOKER_CURRENT = Bundle-PBib-2.08
    PERL_EXTUTILS_AUTOINSTALL = --defaultdeps
    PERL_MM_USE_DEFAULT = 1
    PROCESSOR_IDENTIFIER = x86 Family 16 Model 5 Stepping 3, AuthenticAMD
    TEMP = C:\DOCUME~1\c\LOCALS~1\Temp
    TERM = dumb

Perl special variables (and OS-specific diagnostics, for MSWin32):

    $^X = C:\strawberry5143\perl\bin\perl.exe
    $UID/$EUID = 0 / 0
    $GID = 0
    $EGID = 0
    Win32::GetOSName = WinXP/.Net
    Win32::GetOSVersion = Service Pack 3, 5, 1, 2600, 2, 3, 0, 256, 1
    Win32::FsType = NTFS
    Win32::IsAdminUser = 1

Perl module toolchain versions installed:

    Module              Have    
    ------------------- --------
    CPAN                1.9800  
    CPAN::Meta          2.120921
    Cwd                 3.36    
    ExtUtils::CBuilder  0.280205
    ExtUtils::Command   1.17    
    ExtUtils::Install   1.56    
    ExtUtils::MakeMaker 6.62    
    ExtUtils::Manifest  1.61    
    ExtUtils::ParseXS   3.15    
    File::Spec          3.33    
    JSON                2.53    
    JSON::PP            2.27200 
    Module::Build       0.4003  
    Module::Signature   0.68    
    Parse::CPAN::Meta   1.4404  
    Test::Harness       3.25    
    Test::More          0.98    
    YAML                0.84    
    YAML::Syck          1.22    
    version             0.9901  


--

Summary of my perl5 (revision 5 version 14 subversion 3) configuration:
   
  Platform:
    osname=MSWin32, osvers=4.0, archname=MSWin32-x86-multi-thread
    uname='Win32 strawberry-perl 5.14.3.1 #1 Wed Oct 17 22:51:55 2012 i386'
    config_args='undef'
    hint=recommended, useposix=true, d_sigaction=undef
    useithreads=define, usemultiplicity=define
    useperlio=define, d_sfio=undef, uselargefiles=define, usesocks=undef
    use64bitint=undef, use64bitall=undef, uselongdouble=undef
    usemymalloc=n, bincompat5005=undef
  Compiler:
    cc='gcc', ccflags =' -s -O2 -DWIN32  -DPERL_TEXTMODE_SCRIPTS -DPERL_IMPLICIT_CONTEXT -DPERL_IMPLICIT_SYS -fno-strict-aliasing -mms-bitfields',
    optimize='-s -O2',
    cppflags='-DWIN32'
    ccversion='', gccversion='4.6.3', gccosandvers=''
    intsize=4, longsize=4, ptrsize=4, doublesize=8, byteorder=1234
    d_longlong=undef, longlongsize=8, d_longdbl=define, longdblsize=12
    ivtype='long', ivsize=4, nvtype='double', nvsize=8, Off_t='long long', lseeksize=8
    alignbytes=8, prototype=define
  Linker and Libraries:
    ld='g++', ldflags ='-s -L"C:\strawberry5143\perl\lib\CORE" -L"C:\strawberry5143\c\lib"'
    libpth=C:\strawberry5143\c\lib C:\strawberry5143\c\i686-w64-mingw32\lib
    libs=-lmoldname -lkernel32 -luser32 -lgdi32 -lwinspool -lcomdlg32 -ladvapi32 -lshell32 -lole32 -loleaut32 -lnetapi32 -luuid -lws2_32 -lmpr -lwinmm -lversion -lodbc32 -lodbccp32 -lcomctl32
    perllibs=-lmoldname -lkernel32 -luser32 -lgdi32 -lwinspool -lcomdlg32 -ladvapi32 -lshell32 -lole32 -loleaut32 -lnetapi32 -luuid -lws2_32 -lmpr -lwinmm -lversion -lodbc32 -lodbccp32 -lcomctl32
    libc=, so=dll, useshrplib=true, libperl=libperl514.a
    gnulibc_version=''
  Dynamic Linking:
    dlsrc=dl_win32.xs, dlext=dll, d_dlsymun=undef, ccdlflags=' '
    cccdlflags=' ', lddlflags='-mdll -s -L"C:\strawberry5143\perl\lib\CORE" -L"C:\strawberry5143\c\lib"'


Characteristics of this binary (from libperl): 
  Compile-time options: MULTIPLICITY PERL_DONT_CREATE_GVSV
                        PERL_IMPLICIT_CONTEXT PERL_IMPLICIT_SYS
                        PERL_MALLOC_WRAP PERL_PRESERVE_IVUV PL_OP_SLAB_ALLOC
                        USE_ITHREADS USE_LARGE_FILES USE_PERLIO
                        USE_PERL_ATOF
  Built under MSWin32
  Compiled at Oct 17 2012 23:05:06
  %ENV:
    PERL5_CPANPLUS_IS_RUNNING="1756"
    PERL5_CPAN_IS_RUNNING="1756"
    PERL5_CPAN_IS_RUNNING_IN_RECURSION="1748,1756"
    PERL_CR_SMOKER_CURRENT="Bundle-PBib-2.08"
    PERL_EXTUTILS_AUTOINSTALL="--defaultdeps"
    PERL_MM_USE_DEFAULT="1"
  @INC:
    C:/strawberry5143/perl/site/lib
    C:/strawberry5143/perl/vendor/lib
    C:/strawberry5143/perl/lib
    .