Report for rpm-build-perl-0.82

Back
From: metabase:user:322078bc-2aae-11df-837a-5e0a49663a4f
Subject: FAIL rpm-build-perl-0.82 v5.12.1 Dragonfly BSD
Date: 2012-10-06T14:58:50Z

This distribution has been tested as part of the CPAN Testers
project, supporting the Perl programming language.  See
http://wiki.cpantesters.org/ for more information or email
questions to cpan-testers-discuss@perl.org


--

Dear ATOURBIN,

This is a computer-generated error report created automatically by
CPANPLUS, version 0.9133. Testers personal comments may appear
at the end of this report.


Thank you for uploading your work to CPAN.  However, it appears that
there were some problems testing your distribution.

TEST RESULTS:

Below is the error stack from stage 'make test':

PERL_DL_NONLAZY=1 /usr/home/cpan/pit/bare/perl-5.12.1/bin/perl "-MExtUtils::Command::MM" "-e" "test_harness(0, 'blib/lib', 'blib/arch')" t/*.t
Can't locate Try/Tiny.pm in @INC (@INC contains: /usr/home/cpan/pit/bare/conf/perl-5.12.1/.cpanplus/5.12.1/build/rpm-build-perl-0.82/blib/arch /usr/home/cpan/pit/bare/conf/perl-5.12.1/.cpanplus/5.12.1/build/rpm-build-perl-0.82/blib/lib /usr/home/cpan/pit/bare/conf/perl-5.12.1/.cpanplus/5.12.1/build/rpm-build-perl-0.82/blib/lib /usr/home/cpan/pit/bare/conf/perl-5.12.1/.cpanplus/5.12.1/build/rpm-build-perl-0.82/blib/arch /usr/home/cpan/pit/bare/conf/perl-5.12.1/.cpanplus/5.12.1/build/rpm-build-perl-0.82/blib/lib /usr/home/cpan/pit/bare/conf/perl-5.12.1/.cpanplus/5.12.1/build/rpm-build-perl-0.82/blib/arch /usr/home/cpan/pit/bare/perl-5.12.1/lib/site_perl/5.12.1/x86_64-dragonfly /usr/home/cpan/pit/bare/perl-5.12.1/lib/site_perl/5.12.1 /usr/home/cpan/pit/bare/perl-5.12.1/lib/5.12.1/x86_64-dragonfly /usr/home/cpan/pit/bare/perl-5.12.1/lib/5.12.1 .) at -e line 1.
BEGIN failed--compilation aborted at -e line 1.
# perl(Try/Tiny.pm) at line 1 (depth 3) not loaded at BEGIN SKIP

#   Failed test at t/01-B-PerlReq.t line 93.
#          got: 'perl(Try/Tiny.pm)
# perl(Bar.pm)'
#     expected: ''
Can't locate Try/Tiny.pm in @INC (@INC contains: /usr/home/cpan/pit/bare/conf/perl-5.12.1/.cpanplus/5.12.1/build/rpm-build-perl-0.82/blib/arch /usr/home/cpan/pit/bare/conf/perl-5.12.1/.cpanplus/5.12.1/build/rpm-build-perl-0.82/blib/lib /usr/home/cpan/pit/bare/conf/perl-5.12.1/.cpanplus/5.12.1/build/rpm-build-perl-0.82/blib/lib /usr/home/cpan/pit/bare/conf/perl-5.12.1/.cpanplus/5.12.1/build/rpm-build-perl-0.82/blib/arch /usr/home/cpan/pit/bare/conf/perl-5.12.1/.cpanplus/5.12.1/build/rpm-build-perl-0.82/blib/lib /usr/home/cpan/pit/bare/conf/perl-5.12.1/.cpanplus/5.12.1/build/rpm-build-perl-0.82/blib/arch /usr/home/cpan/pit/bare/perl-5.12.1/lib/site_perl/5.12.1/x86_64-dragonfly /usr/home/cpan/pit/bare/perl-5.12.1/lib/site_perl/5.12.1 /usr/home/cpan/pit/bare/perl-5.12.1/lib/5.12.1/x86_64-dragonfly /usr/home/cpan/pit/bare/perl-5.12.1/lib/5.12.1 .) at -e line 1.
BEGIN failed--compilation aborted at -e line 1.
# perl(Try/Tiny.pm) at line 1 (depth 3) not loaded at BEGIN SKIP

#   Failed test at t/01-B-PerlReq.t line 94.
#          got: 'perl(Try/Tiny.pm)
# perl(Bar.pm)'
#     expected: ''
Can't locate Try/Tiny.pm in @INC (@INC contains: /usr/home/cpan/pit/bare/conf/perl-5.12.1/.cpanplus/5.12.1/build/rpm-build-perl-0.82/blib/arch /usr/home/cpan/pit/bare/conf/perl-5.12.1/.cpanplus/5.12.1/build/rpm-build-perl-0.82/blib/lib /usr/home/cpan/pit/bare/conf/perl-5.12.1/.cpanplus/5.12.1/build/rpm-build-perl-0.82/blib/lib /usr/home/cpan/pit/bare/conf/perl-5.12.1/.cpanplus/5.12.1/build/rpm-build-perl-0.82/blib/arch /usr/home/cpan/pit/bare/conf/perl-5.12.1/.cpanplus/5.12.1/build/rpm-build-perl-0.82/blib/lib /usr/home/cpan/pit/bare/conf/perl-5.12.1/.cpanplus/5.12.1/build/rpm-build-perl-0.82/blib/arch /usr/home/cpan/pit/bare/perl-5.12.1/lib/site_perl/5.12.1/x86_64-dragonfly /usr/home/cpan/pit/bare/perl-5.12.1/lib/site_perl/5.12.1 /usr/home/cpan/pit/bare/perl-5.12.1/lib/5.12.1/x86_64-dragonfly /usr/home/cpan/pit/bare/perl-5.12.1/lib/5.12.1 .) at -e line 1.
BEGIN failed--compilation aborted at -e line 1.
# perl(Try/Tiny.pm) at line 1 (depth 3) not loaded at BEGIN SKIP

#   Failed test at t/01-B-PerlReq.t line 95.
#          got: 'perl(Try/Tiny.pm)
# perl(Baz.pm)'
#     expected: ''
dying at -e line 1
 at /usr/home/cpan/pit/bare/conf/perl-5.12.1/.cpanplus/5.12.1/build/rpm-build-perl-0.82/blib/lib/B/PerlReq.pm line 388
	B::PerlReq::__ANON__('Can\'t locate object method "padix" via package "B::SVOP" at ...') called at /usr/home/cpan/pit/bare/conf/perl-5.12.1/.cpanplus/5.12.1/build/rpm-build-perl-0.82/blib/lib/B/PerlReq.pm line 319
	B::PerlReq::grok_entersub('B::UNOP=SCALAR(0x80001530c0)') called at /usr/home/cpan/pit/bare/conf/perl-5.12.1/.cpanplus/5.12.1/build/rpm-build-perl-0.82/blib/lib/B/Walker.pm line 56
	B::Walker::walk_root('B::UNOP=SCALAR(0x80001530c0)') called at /usr/home/cpan/pit/bare/conf/perl-5.12.1/.cpanplus/5.12.1/build/rpm-build-perl-0.82/blib/lib/B/Walker.pm line 65
	B::Walker::walk_root('B::UNOP=SCALAR(0x8000153120)') called at /usr/home/cpan/pit/bare/conf/perl-5.12.1/.cpanplus/5.12.1/build/rpm-build-perl-0.82/blib/lib/B/Walker.pm line 65
	B::Walker::walk_root('B::LISTOP=SCALAR(0x8000164420)') called at /usr/home/cpan/pit/bare/conf/perl-5.12.1/.cpanplus/5.12.1/build/rpm-build-perl-0.82/blib/lib/B/Walker.pm line 105
	B::Walker::walk_main() called at /usr/home/cpan/pit/bare/conf/perl-5.12.1/.cpanplus/5.12.1/build/rpm-build-perl-0.82/blib/lib/B/PerlReq.pm line 391
	B::PerlReq::__ANON__() called at (eval 5) line 31
	O::CHECK() called at -e line 0
	eval {...} called at -e line 0
Can't locate object method "padix" via package "B::SVOP" at /usr/home/cpan/pit/bare/conf/perl-5.12.1/.cpanplus/5.12.1/build/rpm-build-perl-0.82/blib/lib/B/PerlReq.pm line 319.
CHECK failed--call queue aborted.

#   Failed test at t/01-B-PerlReq.t line 128.
#          got: 'perl(File/Glob.pm)'
#     expected: ''
# Looks like you failed 4 tests of 78.
t/01-B-PerlReq.t .. 
Dubious, test returned 4 (wstat 1024, 0x400)
Failed 4/78 subtests 
dying at /usr/home/cpan/pit/bare/perl-5.12.1/lib/5.12.1/AutoLoader.pm line 23
 at /usr/home/cpan/pit/bare/conf/perl-5.12.1/.cpanplus/5.12.1/build/rpm-build-perl-0.82/blib/lib/B/PerlReq.pm line 388
	B::PerlReq::__ANON__('Can\'t locate object method "padix" via package "B::SVOP" at ...') called at /usr/home/cpan/pit/bare/conf/perl-5.12.1/.cpanplus/5.12.1/build/rpm-build-perl-0.82/blib/lib/B/PerlReq.pm line 319
	B::PerlReq::grok_entersub('B::UNOP=SCALAR(0x8000171de0)') called at /usr/home/cpan/pit/bare/conf/perl-5.12.1/.cpanplus/5.12.1/build/rpm-build-perl-0.82/blib/lib/B/Walker.pm line 56
	B::Walker::walk_root('B::UNOP=SCALAR(0x8000171de0)') called at /usr/home/cpan/pit/bare/conf/perl-5.12.1/.cpanplus/5.12.1/build/rpm-build-perl-0.82/blib/lib/B/Walker.pm line 65
	B::Walker::walk_root('B::BINOP=SCALAR(0x8000171d80)') called at /usr/home/cpan/pit/bare/conf/perl-5.12.1/.cpanplus/5.12.1/build/rpm-build-perl-0.82/blib/lib/B/Walker.pm line 65
	B::Walker::walk_root('B::LISTOP=SCALAR(0x8000171d38)') called at /usr/home/cpan/pit/bare/conf/perl-5.12.1/.cpanplus/5.12.1/build/rpm-build-perl-0.82/blib/lib/B/Walker.pm line 65
	B::Walker::walk_root('B::UNOP=SCALAR(0x8000171cc0)') called at /usr/home/cpan/pit/bare/conf/perl-5.12.1/.cpanplus/5.12.1/build/rpm-build-perl-0.82/blib/lib/B/Walker.pm line 91
	B::Walker::walk_cv('B::CV=SCALAR(0x8000171c30)') called at /usr/home/cpan/pit/bare/conf/perl-5.12.1/.cpanplus/5.12.1/build/rpm-build-perl-0.82/blib/lib/B/Walker.pm line 116
	B::Walker::walk_gv('B::GV=SCALAR(0x8000171c18)') called at /usr/home/cpan/pit/bare/conf/perl-5.12.1/.cpanplus/5.12.1/build/rpm-build-perl-0.82/blib/lib/B/Walker.pm line 132
	B::Walker::walk_stash('HASH(0x800000a618)', 'DynaLoader::') called at /usr/home/cpan/pit/bare/conf/perl-5.12.1/.cpanplus/5.12.1/build/rpm-build-perl-0.82/blib/lib/B/Walker.pm line 127
	B::Walker::walk_stash('HASH(0x8000004108)', '') called at /usr/home/cpan/pit/bare/conf/perl-5.12.1/.cpanplus/5.12.1/build/rpm-build-perl-0.82/blib/lib/B/Walker.pm line 139
	B::Walker::walk_subs() called at /usr/home/cpan/pit/bare/conf/perl-5.12.1/.cpanplus/5.12.1/build/rpm-build-perl-0.82/blib/lib/B/PerlReq.pm line 392
	B::PerlReq::__ANON__() called at (eval 2) line 31
	O::CHECK() called at /usr/home/cpan/pit/bare/perl-5.12.1/lib/5.12.1/AutoLoader.pm line 0
	eval {...} called at /usr/home/cpan/pit/bare/perl-5.12.1/lib/5.12.1/AutoLoader.pm line 0
Can't locate object method "padix" via package "B::SVOP" at /usr/home/cpan/pit/bare/conf/perl-5.12.1/.cpanplus/5.12.1/build/rpm-build-perl-0.82/blib/lib/B/PerlReq.pm line 319.
CHECK failed--call queue aborted.
# /usr/home/cpan/pit/bare/perl-5.12.1/lib/5.12.1/AutoLoader.pm: deparse failed. prefix=/usr/home/cpan/pit/bare/perl-5.12.1/lib/5.12.1

#   Failed test 'AutoLoader.pm zero exit status'
#   at t/02-perlreq.t line 33.
dying at /usr/home/cpan/pit/bare/perl-5.12.1/lib/5.12.1/Exporter.pm line 83
 at /usr/home/cpan/pit/bare/conf/perl-5.12.1/.cpanplus/5.12.1/build/rpm-build-perl-0.82/blib/lib/B/PerlReq.pm line 388
	B::PerlReq::__ANON__('Can\'t locate object method "padix" via package "B::SVOP" at ...') called at /usr/home/cpan/pit/bare/conf/perl-5.12.1/.cpanplus/5.12.1/build/rpm-build-perl-0.82/blib/lib/B/PerlReq.pm line 319
	B::PerlReq::grok_entersub('B::UNOP=SCALAR(0x8000177570)') called at /usr/home/cpan/pit/bare/conf/perl-5.12.1/.cpanplus/5.12.1/build/rpm-build-perl-0.82/blib/lib/B/Walker.pm line 56
	B::Walker::walk_root('B::UNOP=SCALAR(0x8000177570)') called at /usr/home/cpan/pit/bare/conf/perl-5.12.1/.cpanplus/5.12.1/build/rpm-build-perl-0.82/blib/lib/B/Walker.pm line 65
	B::Walker::walk_root('B::LISTOP=SCALAR(0x8000177ae0)') called at /usr/home/cpan/pit/bare/conf/perl-5.12.1/.cpanplus/5.12.1/build/rpm-build-perl-0.82/blib/lib/B/Walker.pm line 65
	B::Walker::walk_root('B::UNOP=SCALAR(0x8000177af8)') called at /usr/home/cpan/pit/bare/conf/perl-5.12.1/.cpanplus/5.12.1/build/rpm-build-perl-0.82/blib/lib/B/Walker.pm line 65
	B::Walker::walk_root('B::UNOP=SCALAR(0x8000178048)') called at /usr/home/cpan/pit/bare/conf/perl-5.12.1/.cpanplus/5.12.1/build/rpm-build-perl-0.82/blib/lib/B/Walker.pm line 65
	B::Walker::walk_root('B::UNOP=SCALAR(0x80001780a8)') called at /usr/home/cpan/pit/bare/conf/perl-5.12.1/.cpanplus/5.12.1/build/rpm-build-perl-0.82/blib/lib/B/Walker.pm line 65
	B::Walker::walk_root('B::UNOP=SCALAR(0x80001712a0)') called at /usr/home/cpan/pit/bare/conf/perl-5.12.1/.cpanplus/5.12.1/build/rpm-build-perl-0.82/blib/lib/B/Walker.pm line 65
	B::Walker::walk_root('B::UNOP=SCALAR(0x8000171300)') called at /usr/home/cpan/pit/bare/conf/perl-5.12.1/.cpanplus/5.12.1/build/rpm-build-perl-0.82/blib/lib/B/Walker.pm line 65
	B::Walker::walk_root('B::UNOP=SCALAR(0x80001780f0)') called at /usr/home/cpan/pit/bare/conf/perl-5.12.1/.cpanplus/5.12.1/build/rpm-build-perl-0.82/blib/lib/B/Walker.pm line 65
	B::Walker::walk_root('B::LISTOP=SCALAR(0x8000178180)') called at /usr/home/cpan/pit/bare/conf/perl-5.12.1/.cpanplus/5.12.1/build/rpm-build-perl-0.82/blib/lib/B/Walker.pm line 65
	B::Walker::walk_root('B::UNOP=SCALAR(0x80001781c8)') called at /usr/home/cpan/pit/bare/conf/perl-5.12.1/.cpanplus/5.12.1/build/rpm-build-perl-0.82/blib/lib/B/Walker.pm line 91
	B::Walker::walk_cv('B::CV=SCALAR(0x80001712e8)') called at /usr/home/cpan/pit/bare/conf/perl-5.12.1/.cpanplus/5.12.1/build/rpm-build-perl-0.82/blib/lib/B/Walker.pm line 116
	B::Walker::walk_gv('B::GV=SCALAR(0x8000171240)') called at /usr/home/cpan/pit/bare/conf/perl-5.12.1/.cpanplus/5.12.1/build/rpm-build-perl-0.82/blib/lib/B/Walker.pm line 132
	B::Walker::walk_stash('HASH(0x800000aa38)', 'Exporter::') called at /usr/home/cpan/pit/bare/conf/perl-5.12.1/.cpanplus/5.12.1/build/rpm-build-perl-0.82/blib/lib/B/Walker.pm line 127
	B::Walker::walk_stash('HASH(0x8000004108)', '') called at /usr/home/cpan/pit/bare/conf/perl-5.12.1/.cpanplus/5.12.1/build/rpm-build-perl-0.82/blib/lib/B/Walker.pm line 139
	B::Walker::walk_subs() called at /usr/home/cpan/pit/bare/conf/perl-5.12.1/.cpanplus/5.12.1/build/rpm-build-perl-0.82/blib/lib/B/PerlReq.pm line 392
	B::PerlReq::__ANON__() called at (eval 2) line 31
	O::CHECK() called at /usr/home/cpan/pit/bare/perl-5.12.1/lib/5.12.1/Exporter.pm line 0
	eval {...} called at /usr/home/cpan/pit/bare/perl-5.12.1/lib/5.12.1/Exporter.pm line 0
Can't locate object method "padix" via package "B::SVOP" at /usr/home/cpan/pit/bare/conf/perl-5.12.1/.cpanplus/5.12.1/build/rpm-build-perl-0.82/blib/lib/B/PerlReq.pm line 319.
CHECK failed--call queue aborted.
# /usr/home/cpan/pit/bare/perl-5.12.1/lib/5.12.1/Exporter.pm: deparse failed. prefix=/usr/home/cpan/pit/bare/perl-5.12.1/lib/5.12.1

#   Failed test 'Exporter.pm dependencies'
#   at t/02-perlreq.t line 32.
#          got: ''
#     expected: 'perl(Exporter/Heavy.pm)'

#   Failed test 'Exporter.pm zero exit status'
#   at t/02-perlreq.t line 33.
# Looks like you failed 3 tests of 4.
t/02-perlreq.t .... 
Dubious, test returned 3 (wstat 768, 0x300)
Failed 3/4 subtests 
t/03-perlprov.t ... ok

Test Summary Report
-------------------
t/01-B-PerlReq.t (Wstat: 1024 Tests: 78 Failed: 4)
  Failed tests:  46-48, 75
  Non-zero exit status: 4
t/02-perlreq.t  (Wstat: 768 Tests: 4 Failed: 3)
  Failed tests:  2-4
  Non-zero exit status: 3
Files=3, Tests=112, 25 wallclock secs ( 0.34 usr  0.38 sys + 10.65 cusr 12.37 csys = 23.73 CPU)
Result: FAIL
Failed 2/3 test programs. 7/112 subtests failed.
*** Error code 255

Stop in /usr/home/cpan/pit/bare/conf/perl-5.12.1/.cpanplus/5.12.1/build/rpm-build-perl-0.82.



MISSING PREREQUISITES:

It was observed that the test suite seem to fail without these modules:

Try::Tiny

As such, adding the prerequisite module(s) to 'PREREQ_PM' in your
Makefile.PL should solve this problem.  For example:

WriteMakefile(
    AUTHOR      => 'ATOURBIN (cpanplus-info@lists.sf.net)',
    ... # other information
    PREREQ_PM   => {
	'Try::Tiny'	=> '0', # or a minimum working version
    }
);

Thanks! :-)

PREREQUISITES:

Here is a list of prerequisites you specified and versions we
managed to load:

	  Module Name                        Have     Want
	  B                                  1.23        0
	  Encode                             2.39        0
	  ExtUtils::MakeMaker                6.62        0
	  O                                  1.01        0
	  Safe                               2.27        0
	  Test::More                         0.98        0

Perl module toolchain versions installed:
	Module Name                        Have
	CPANPLUS                         0.9133
	CPANPLUS::Dist::Build              0.62
	Cwd                                3.33
	ExtUtils::CBuilder             0.280205
	ExtUtils::Command                  1.16
	ExtUtils::Install                  1.55
	ExtUtils::MakeMaker                6.62
	ExtUtils::Manifest                 1.61
	ExtUtils::ParseXS                  3.15
	File::Spec                         3.33
	Module::Build                    0.4003
	Pod::Parser                        1.37
	Pod::Simple                        3.14
	Test::Harness                      3.25
	Test::More                         0.98
	version                          0.9901

******************************** NOTE ********************************
The comments above are created mechanically, possibly without manual
checking by the sender.  As there are many people performing automatic
tests on each upload to CPAN, it is likely that you will receive
identical messages about the same problem.

If you believe that the message is mistaken, please reply to the first
one with correction and/or additional informations, and do not take
it personally.  We appreciate your patience. :)
**********************************************************************

Additional comments:


This report was machine-generated by CPANPLUS::Dist::YACSmoke 0.84.
Powered by minismokebox version 0.54

------------------------------
ENVIRONMENT AND OTHER CONTEXT
------------------------------

Environment variables:

    AUTOMATED_TESTING = 1
    PATH = /usr/home/cpan/pit/bare/conf/perl-5.12.1/.cpanplus/5.12.1/build/rpm-build-perl-0.82/blib/script:/sbin:/bin:/usr/sbin:/usr/bin:/usr/games:/usr/pkg/sbin:/usr/pkg/bin:/usr/pkg/xorg/bin:/usr/local/sbin:/usr/local/bin:/home/cpan/bin
    PERL5LIB = :/usr/home/cpan/pit/bare/conf/perl-5.12.1/.cpanplus/5.12.1/build/rpm-build-perl-0.82/blib/lib:/usr/home/cpan/pit/bare/conf/perl-5.12.1/.cpanplus/5.12.1/build/rpm-build-perl-0.82/blib/arch
    PERL5_CPANPLUS_IS_RUNNING = 7641
    PERL5_CPANPLUS_IS_VERSION = 0.9133
    PERL5_MINISMOKEBOX = 0.54
    PERL5_YACSMOKE_BASE = /usr/home/cpan/pit/bare/conf/perl-5.12.1
    PERL_EXTUTILS_AUTOINSTALL = --defaultdeps
    PERL_MM_USE_DEFAULT = 1
    SHELL = /usr/pkg/bin/bash
    TERM = screen

Perl special variables (and OS-specific diagnostics, for MSWin32):

    Perl: $^X = /usr/home/cpan/pit/bare/perl-5.12.1/bin/perl
    UID:  $<  = 1002
    EUID: $>  = 1002
    GID:  $(  = 1002 1002
    EGID: $)  = 1002 1002


-------------------------------


--

Summary of my perl5 (revision 5 version 12 subversion 1) configuration:
   
  Platform:
    osname=dragonfly, osvers=3.0-release, archname=x86_64-dragonfly
    uname='dragonfly dafydd.bingosnet.co.uk 3.0-release dragonfly v3.0.2-release #7: thu mar 22 14:05:25 msk 2012 root@df64.v12.su:usrobjhomejustinmake_30srcsysx86_64_generic x86_64 '
    config_args='-des -Dprefix=/usr/home/cpan/pit/bare/perl-5.12.1'
    hint=recommended, useposix=true, d_sigaction=define
    useithreads=undef, usemultiplicity=undef
    useperlio=define, d_sfio=undef, uselargefiles=define, usesocks=undef
    use64bitint=define, use64bitall=define, uselongdouble=undef
    usemymalloc=n, bincompat5005=undef
  Compiler:
    cc='cc', ccflags ='-DHAS_FPSETMASK -DHAS_FLOATINGPOINT_H -fno-strict-aliasing -pipe -fstack-protector -I/usr/local/include',
    optimize='-O',
    cppflags='-DHAS_FPSETMASK -DHAS_FLOATINGPOINT_H -fno-strict-aliasing -pipe -fstack-protector -I/usr/local/include'
    ccversion='', gccversion='4.4.7 2011.10.25', gccosandvers=''
    intsize=4, longsize=8, ptrsize=8, doublesize=8, byteorder=12345678
    d_longlong=define, longlongsize=8, d_longdbl=define, longdblsize=16
    ivtype='long', ivsize=8, nvtype='double', nvsize=8, Off_t='off_t', lseeksize=8
    alignbytes=8, prototype=define
  Linker and Libraries:
    ld='cc', ldflags ='-Wl,-E  -fstack-protector -L/usr/local/lib'
    libpth=/usr/lib /usr/local/lib
    libs=-lgdbm -ldl -lm -lcrypt -lutil -lc
    perllibs=-ldl -lm -lcrypt -lutil -lc
    libc=, so=so, useshrplib=false, libperl=libperl.a
    gnulibc_version=''
  Dynamic Linking:
    dlsrc=dl_dlopen.xs, dlext=so, d_dlsymun=undef, ccdlflags=' '
    cccdlflags='-DPIC -fPIC', lddlflags='-shared  -L/usr/local/lib -fstack-protector'


Characteristics of this binary (from libperl): 
  Compile-time options: PERL_DONT_CREATE_GVSV PERL_MALLOC_WRAP USE_64_BIT_ALL
                        USE_64_BIT_INT USE_LARGE_FILES USE_PERLIO
                        USE_PERL_ATOF
  Built under dragonfly
  Compiled at May 11 2012 20:20:19
  %ENV:
    PERL5LIB=":/usr/home/cpan/pit/bare/conf/perl-5.12.1/.cpanplus/5.12.1/build/rpm-build-perl-0.82/blib/lib:/usr/home/cpan/pit/bare/conf/perl-5.12.1/.cpanplus/5.12.1/build/rpm-build-perl-0.82/blib/arch"
    PERL5_CPANPLUS_IS_RUNNING="7641"
    PERL5_CPANPLUS_IS_VERSION="0.9133"
    PERL5_MINISMOKEBOX="0.54"
    PERL5_YACSMOKE_BASE="/usr/home/cpan/pit/bare/conf/perl-5.12.1"
    PERL_EXTUTILS_AUTOINSTALL="--defaultdeps"
    PERL_MM_USE_DEFAULT="1"
  @INC:
    /usr/home/cpan/pit/bare/conf/perl-5.12.1/.cpanplus/5.12.1/build/rpm-build-perl-0.82/blib/lib
    /usr/home/cpan/pit/bare/conf/perl-5.12.1/.cpanplus/5.12.1/build/rpm-build-perl-0.82/blib/arch
    /usr/home/cpan/pit/bare/perl-5.12.1/lib/site_perl/5.12.1/x86_64-dragonfly
    /usr/home/cpan/pit/bare/perl-5.12.1/lib/site_perl/5.12.1
    /usr/home/cpan/pit/bare/perl-5.12.1/lib/5.12.1/x86_64-dragonfly
    /usr/home/cpan/pit/bare/perl-5.12.1/lib/5.12.1
    .