DateTime-Format-Intl vv0.1.0 Perl 5 v5.41.5 darwin-2level
- Status
- Fail
- From
- David Cantrell (DCANTRELL)
- Dist
-
DateTime-Format-Intl vv0.1.0
- Platform
- Perl 5 v5.41.5 darwin-2level
- Date
- 2024-10-09 23:15:13
- ID
- 569d49fc-8694-11ef-8071-80c92f979357
This distribution has been tested as part of the CPAN Testers
project, supporting the Perl programming language. See
http://wiki.cpantesters.org/ for more information or email
questions to cpan-testers-discuss@perl.org
--
Dear Jacques Deguest,
This is a computer-generated report for DateTime-Format-Intl-v0.1.0
on perl 5.41.5, created by CPAN-Reporter-1.2020.
Thank you for uploading your work to CPAN. However, there was a problem
testing your distribution.
If you think this report is invalid, please consult the CPAN Testers Wiki
for suggestions on how to avoid getting FAIL reports for missing library
or binary dependencies, unsupported operating systems, and so on:
http://wiki.cpantesters.org/wiki/CPANAuthorNotes
Sections of this report:
* Tester comments
* Program output
* Prerequisites
* Environment and other context
------------------------------
TESTER COMMENTS
------------------------------
Additional comments from tester:
this report is from an automated smoke testing program
and was not reviewed by a human for accuracy
------------------------------
PROGRAM OUTPUT
------------------------------
Output from '/usr/bin/make test':
PERL_DL_NONLAZY=1 "/Users/cpantesting/cpantesting/perl-blead/bin/perl5.41.5" "-MExtUtils::Command::MM" "-MTest::Harness" "-e" "undef *Test::Harness::Switches; test_harness(0, 'blib/lib', 'blib/arch')" t/*.t
t/001_load.t ....................... ok
t/002_methods.t .................... ok
# Failed test 'Option "timeZone" value expected was "Asia/Tokyo", but got "Europe/London".'
# at t/003_resolved_options.t line 928.
# Looks like you failed 1 test of 2.
# Failed test 'DateTime::Format::Intl->new( en, {dayPeriod, hour} )'
# at t/003_resolved_options.t line 934.
# Failed test 'Option "timeZone" value expected was "Asia/Tokyo", but got "Europe/London".'
# at t/003_resolved_options.t line 928.
# Looks like you failed 1 test of 2.
# Failed test 'DateTime::Format::Intl->new( en, {dayPeriod, hour, minute} )'
# at t/003_resolved_options.t line 934.
# Failed test 'Option "timeZone" value expected was "Asia/Tokyo", but got "Europe/London".'
# at t/003_resolved_options.t line 928.
# Looks like you failed 1 test of 2.
# Failed test 'DateTime::Format::Intl->new( en, {dayPeriod, hour, minute, second} )'
# at t/003_resolved_options.t line 934.
# Failed test 'Option "timeZone" value expected was "Asia/Tokyo", but got "Europe/London".'
# at t/003_resolved_options.t line 928.
# Looks like you failed 1 test of 2.
# Failed test 'DateTime::Format::Intl->new( en, {weekday} )'
# at t/003_resolved_options.t line 934.
# Failed test 'Option "timeZone" value expected was "Asia/Tokyo", but got "Europe/London".'
# at t/003_resolved_options.t line 928.
# Looks like you failed 1 test of 2.
# Failed test 'DateTime::Format::Intl->new( en, {dayPeriod, hour, minute, weekday} )'
# at t/003_resolved_options.t line 934.
# Failed test 'Option "timeZone" value expected was "Asia/Tokyo", but got "Europe/London".'
# at t/003_resolved_options.t line 928.
# Looks like you failed 1 test of 2.
# Failed test 'DateTime::Format::Intl->new( en, {dayPeriod, hour, minute, second, weekday} )'
# at t/003_resolved_options.t line 934.
# Failed test 'Option "timeZone" value expected was "Asia/Tokyo", but got "Europe/London".'
# at t/003_resolved_options.t line 928.
# Looks like you failed 1 test of 2.
# Failed test 'DateTime::Format::Intl->new( en, {hour, hour12, minute, weekday} )'
# at t/003_resolved_options.t line 934.
# Failed test 'Option "timeZone" value expected was "Asia/Tokyo", but got "Europe/London".'
# at t/003_resolved_options.t line 928.
# Looks like you failed 1 test of 2.
# Failed test 'DateTime::Format::Intl->new( en, {hour, hour12, minute, second, weekday} )'
# at t/003_resolved_options.t line 934.
# Failed test 'Option "timeZone" value expected was "Asia/Tokyo", but got "Europe/London".'
# at t/003_resolved_options.t line 928.
# Looks like you failed 1 test of 2.
# Failed test 'DateTime::Format::Intl->new( en, {day, weekday} )'
# at t/003_resolved_options.t line 934.
# Failed test 'Option "timeZone" value expected was "Asia/Tokyo", but got "Europe/London".'
# at t/003_resolved_options.t line 928.
# Looks like you failed 1 test of 2.
# Failed test 'DateTime::Format::Intl->new( en, {era, year} )'
# at t/003_resolved_options.t line 934.
# Failed test 'Option "timeZone" value expected was "Asia/Tokyo", but got "Europe/London".'
# at t/003_resolved_options.t line 928.
# Looks like you failed 1 test of 2.
# Failed test 'DateTime::Format::Intl->new( en, {era, month, year} )'
# at t/003_resolved_options.t line 934.
# Failed test 'Option "timeZone" value expected was "Asia/Tokyo", but got "Europe/London".'
# at t/003_resolved_options.t line 928.
# Looks like you failed 1 test of 2.
# Failed test 'DateTime::Format::Intl->new( en, {day, era, month, weekday, year} )'
# at t/003_resolved_options.t line 934.
# Failed test 'Option "timeZone" value expected was "Asia/Tokyo", but got "Europe/London".'
# at t/003_resolved_options.t line 928.
# Looks like you failed 1 test of 2.
# Failed test 'DateTime::Format::Intl->new( en, {day, era, month, year} )'
# at t/003_resolved_options.t line 934.
# Failed test 'Option "timeZone" value expected was "Asia/Tokyo", but got "Europe/London".'
# at t/003_resolved_options.t line 928.
# Looks like you failed 1 test of 2.
# Failed test 'DateTime::Format::Intl->new( en, {day, era, month, year} )'
# at t/003_resolved_options.t line 934.
# Failed test 'Option "timeZone" value expected was "Asia/Tokyo", but got "Europe/London".'
# at t/003_resolved_options.t line 928.
# Looks like you failed 1 test of 2.
# Failed test 'DateTime::Format::Intl->new( en, {hour, hour12} )'
# at t/003_resolved_options.t line 934.
# Failed test 'Option "timeZone" value expected was "Asia/Tokyo", but got "Europe/London".'
# at t/003_resolved_options.t line 928.
# Looks like you failed 1 test of 2.
# Failed test 'DateTime::Format::Intl->new( en, {hour, hour12, minute} )'
# at t/003_resolved_options.t line 934.
# Failed test 'Option "timeZone" value expected was "Asia/Tokyo", but got "Europe/London".'
# at t/003_resolved_options.t line 928.
# Looks like you failed 1 test of 2.
# Failed test 'DateTime::Format::Intl->new( en, {hour, hour12, minute, second} )'
# at t/003_resolved_options.t line 934.
# Failed test 'Option "timeZone" value expected was "Asia/Tokyo", but got "Europe/London".'
# at t/003_resolved_options.t line 928.
# Looks like you failed 1 test of 2.
# Failed test 'DateTime::Format::Intl->new( en, {hour, hour12, minute, second, timeZoneName} )'
# at t/003_resolved_options.t line 934.
# Failed test 'Option "timeZone" value expected was "Asia/Tokyo", but got "Europe/London".'
# at t/003_resolved_options.t line 928.
# Looks like you failed 1 test of 2.
# Failed test 'DateTime::Format::Intl->new( en, {hour, hour12, minute, timeZoneName} )'
# at t/003_resolved_options.t line 934.
# Failed test 'Option "timeZone" value expected was "Asia/Tokyo", but got "Europe/London".'
# at t/003_resolved_options.t line 928.
# Looks like you failed 1 test of 2.
# Failed test 'DateTime::Format::Intl->new( en, {day, month} )'
# at t/003_resolved_options.t line 934.
# Failed test 'Option "timeZone" value expected was "Asia/Tokyo", but got "Europe/London".'
# at t/003_resolved_options.t line 928.
# Looks like you failed 1 test of 2.
# Failed test 'DateTime::Format::Intl->new( en, {month} )'
# at t/003_resolved_options.t line 934.
# Failed test 'Option "timeZone" value expected was "Asia/Tokyo", but got "Europe/London".'
# at t/003_resolved_options.t line 928.
# Looks like you failed 1 test of 2.
# Failed test 'DateTime::Format::Intl->new( en, {day, month, weekday} )'
# at t/003_resolved_options.t line 934.
# Failed test 'Option "timeZone" value expected was "Asia/Tokyo", but got "Europe/London".'
# at t/003_resolved_options.t line 928.
# Looks like you failed 1 test of 2.
# Failed test 'DateTime::Format::Intl->new( en, {month} )'
# at t/003_resolved_options.t line 934.
# Failed test 'Option "timeZone" value expected was "Asia/Tokyo", but got "Europe/London".'
# at t/003_resolved_options.t line 928.
# Looks like you failed 1 test of 2.
# Failed test 'DateTime::Format::Intl->new( en, {day, month, weekday} )'
# at t/003_resolved_options.t line 934.
# Failed test 'Option "timeZone" value expected was "Asia/Tokyo", but got "Europe/London".'
# at t/003_resolved_options.t line 928.
# Looks like you failed 1 test of 2.
# Failed test 'DateTime::Format::Intl->new( en, {day, month} )'
# at t/003_resolved_options.t line 934.
# Failed test 'Option "timeZone" value expected was "Asia/Tokyo", but got "Europe/London".'
# at t/003_resolved_options.t line 928.
# Looks like you failed 1 test of 2.
# Failed test 'DateTime::Format::Intl->new( en, {day, month, year} )'
# at t/003_resolved_options.t line 934.
# Failed test 'Option "timeZone" value expected was "Asia/Tokyo", but got "Europe/London".'
# at t/003_resolved_options.t line 928.
# Looks like you failed 1 test of 2.
# Failed test 'DateTime::Format::Intl->new( en, {day, month} )'
# at t/003_resolved_options.t line 934.
# Failed test 'Option "timeZone" value expected was "Asia/Tokyo", but got "Europe/London".'
# at t/003_resolved_options.t line 928.
# Looks like you failed 1 test of 2.
# Failed test 'DateTime::Format::Intl->new( en, {day} )'
# at t/003_resolved_options.t line 934.
# Failed test 'Option "timeZone" value expected was "Asia/Tokyo", but got "Europe/London".'
# at t/003_resolved_options.t line 928.
# Looks like you failed 1 test of 2.
# Failed test 'DateTime::Format::Intl->new( en, {hour, hour12} )'
# at t/003_resolved_options.t line 934.
# Failed test 'Option "timeZone" value expected was "Asia/Tokyo", but got "Europe/London".'
# at t/003_resolved_options.t line 928.
# Looks like you failed 1 test of 2.
# Failed test 'DateTime::Format::Intl->new( en, {hour, hour12, minute} )'
# at t/003_resolved_options.t line 934.
# Failed test 'Option "timeZone" value expected was "Asia/Tokyo", but got "Europe/London".'
# at t/003_resolved_options.t line 928.
# Looks like you failed 1 test of 2.
# Failed test 'DateTime::Format::Intl->new( en, {hour, hour12, minute, second} )'
# at t/003_resolved_options.t line 934.
# Failed test 'Option "timeZone" value expected was "Asia/Tokyo", but got "Europe/London".'
# at t/003_resolved_options.t line 928.
# Looks like you failed 1 test of 2.
# Failed test 'DateTime::Format::Intl->new( en, {hour, hour12, minute, second, timeZoneName} )'
# at t/003_resolved_options.t line 934.
# Failed test 'Option "timeZone" value expected was "Asia/Tokyo", but got "Europe/London".'
# at t/003_resolved_options.t line 928.
# Looks like you failed 1 test of 2.
# Failed test 'DateTime::Format::Intl->new( en, {hour, hour12, minute, timeZoneName} )'
# at t/003_resolved_options.t line 934.
# Failed test 'Option "timeZone" value expected was "Asia/Tokyo", but got "Europe/London".'
# at t/003_resolved_options.t line 928.
# Looks like you failed 1 test of 2.
# Failed test 'DateTime::Format::Intl->new( en, {minute, second} )'
# at t/003_resolved_options.t line 934.
# Failed test 'Option "timeZone" value expected was "Asia/Tokyo", but got "Europe/London".'
# at t/003_resolved_options.t line 928.
# Looks like you failed 1 test of 2.
# Failed test 'DateTime::Format::Intl->new( en, {year} )'
# at t/003_resolved_options.t line 934.
# Failed test 'Option "timeZone" value expected was "Asia/Tokyo", but got "Europe/London".'
# at t/003_resolved_options.t line 928.
# Looks like you failed 1 test of 2.
# Failed test 'DateTime::Format::Intl->new( en, {month, year} )'
# at t/003_resolved_options.t line 934.
# Failed test 'Option "timeZone" value expected was "Asia/Tokyo", but got "Europe/London".'
# at t/003_resolved_options.t line 928.
# Looks like you failed 1 test of 2.
# Failed test 'DateTime::Format::Intl->new( en, {day, month, weekday, year} )'
# at t/003_resolved_options.t line 934.
# Failed test 'Option "timeZone" value expected was "Asia/Tokyo", but got "Europe/London".'
# at t/003_resolved_options.t line 928.
# Looks like you failed 1 test of 2.
# Failed test 'DateTime::Format::Intl->new( en, {month, year} )'
# at t/003_resolved_options.t line 934.
# Failed test 'Option "timeZone" value expected was "Asia/Tokyo", but got "Europe/London".'
# at t/003_resolved_options.t line 928.
# Looks like you failed 1 test of 2.
# Failed test 'DateTime::Format::Intl->new( en, {day, month, weekday, year} )'
# at t/003_resolved_options.t line 934.
# Failed test 'Option "timeZone" value expected was "Asia/Tokyo", but got "Europe/London".'
# at t/003_resolved_options.t line 928.
# Looks like you failed 1 test of 2.
# Failed test 'DateTime::Format::Intl->new( en, {month, year} )'
# at t/003_resolved_options.t line 934.
# Failed test 'Option "timeZone" value expected was "Asia/Tokyo", but got "Europe/London".'
# at t/003_resolved_options.t line 928.
# Looks like you failed 1 test of 2.
# Failed test 'DateTime::Format::Intl->new( en, {day, month, year} )'
# at t/003_resolved_options.t line 934.
# Failed test 'Option "timeZone" value expected was "Asia/Tokyo", but got "Europe/London".'
# at t/003_resolved_options.t line 928.
# Looks like you failed 1 test of 2.
# Failed test 'DateTime::Format::Intl->new( en, {day, month, year} )'
# at t/003_resolved_options.t line 934.
# Failed test 'Option "timeZone" value expected was "Asia/Tokyo", but got "Europe/London".'
# at t/003_resolved_options.t line 928.
# Looks like you failed 1 test of 2.
# Failed test 'DateTime::Format::Intl->new( en, {month, year} )'
# at t/003_resolved_options.t line 934.
# Failed test 'Option "timeZone" value expected was "Asia/Tokyo", but got "Europe/London".'
# at t/003_resolved_options.t line 928.
# Looks like you failed 1 test of 2.
# Failed test 'DateTime::Format::Intl->new( en, {month, year} )'
# at t/003_resolved_options.t line 934.
# Failed test 'Option "timeZone" value expected was "Asia/Tokyo", but got "Europe/London".'
# at t/003_resolved_options.t line 928.
# Looks like you failed 1 test of 2.
# Failed test 'DateTime::Format::Intl->new( en, {day, month, year} )'
# at t/003_resolved_options.t line 934.
# Failed test 'Option "timeZone" value expected was "Asia/Tokyo", but got "Europe/London".'
# at t/003_resolved_options.t line 928.
# Looks like you failed 1 test of 2.
# Failed test 'DateTime::Format::Intl->new( en, {minute} )'
# at t/003_resolved_options.t line 934.
# Failed test 'Option "timeZone" value expected was "Asia/Tokyo", but got "Europe/London".'
# at t/003_resolved_options.t line 928.
# Looks like you failed 1 test of 2.
# Failed test 'DateTime::Format::Intl->new( en, {second} )'
# at t/003_resolved_options.t line 934.
# Looks like you failed 47 tests of 54.
t/003_resolved_options.t ...........
Dubious, test returned 47 (wstat 12032, 0x2f00)
Failed 47/54 subtests
t/004_supported_locales_of.t ....... ok
t/005_select_best_pattern.t ........ ok
t/006_format.t ..................... ok
t/007_select_best_range_pattern.t .. ok
t/008_format_range.t ............... ok
t/009_date_time_combination.t ...... ok
t/010_format_to_parts.t ............ ok
t/011_format_range_to_parts.t ...... ok
t/900_pod.t ........................ skipped: These tests are for author or release candidate testing
t/910_coverage.t ................... skipped: These tests are for author or release candidate testing
t/920_manifest.t ................... skipped: Author tests not required for installation
t/930_signature.t .................. skipped: Set the environment variable AUTHOR_TESTING to enable this test.
t/999_kwalitee.t ................... skipped: These tests are for author or release candidate testing
Test Summary Report
-------------------
t/003_resolved_options.t (Wstat: 12032 (exited 47) Tests: 54 Failed: 47)
Failed tests: 8-54
Non-zero exit status: 47
Files=16, Tests=453, 38 wallclock secs ( 0.39 usr 0.10 sys + 30.96 cusr 2.19 csys = 33.64 CPU)
Result: FAIL
Failed 1/16 test programs. 47/453 subtests failed.
make: *** [test_dynamic] Error 255
------------------------------
PREREQUISITES
------------------------------
Prerequisite modules loaded:
requires:
Module Need Have
-------------------------- -------- --------
DateTime 0.42 1.65
DateTime::Format::Unicode v0.1.3 v0.1.3
DateTime::Locale::FromCLDR v0.4.3 v0.4.3
Locale::Intl v0.1.0 v0.1.2
Locale::Unicode::Data v1.0.4 v1.0.4
parent 0 0.242
perl 5.010001 5.041005
POSIX 0 2.22
Scalar::Util 0 1.66
strict 0 1.13
vars 0 1.05
Want 0.17 0.29
warnings 0 1.70
warnings::register 0 1.06
build_requires:
Module Need Have
-------------------------- -------- --------
ExtUtils::MakeMaker 0 7.70
lib 0.63 0.65
open 0 1.13
Test::More 1.302120 1.302204
Test::Pod 1.52 1.52
utf8 0 1.27
configure_requires:
Module Need Have
-------------------------- -------- --------
ExtUtils::MakeMaker 0 7.70
------------------------------
ENVIRONMENT AND OTHER CONTEXT
------------------------------
Environment variables:
AUTOMATED_TESTING = 1
NONINTERACTIVE_TESTING = 1
PATH = /Users/cpantesting/perl5/perlbrew/bin:/Users/cpantesting/perl5/perlbrew/perls/perl-5.32.0/bin:/usr/local/bin:/System/Cryptexes/App/usr/bin:/usr/bin:/bin:/usr/sbin:/sbin:/var/run/com.apple.security.cryptexd/codex.system/bootstrap/usr/local/bin:/var/run/com.apple.security.cryptexd/codex.system/bootstrap/usr/bin:/var/run/com.apple.security.cryptexd/codex.system/bootstrap/usr/appleinternal/bin:/Library/Apple/usr/bin:/Users/cpantesting/.cargo/bin
PERL = blead
PERL5LIB =
PERL5OPT =
PERL5_CPANPLUS_IS_RUNNING = 31481
PERL5_CPAN_IS_RUNNING = 31481
PERLBREW_HOME = /Users/cpantesting/.perlbrew
PERLBREW_MANPATH = /Users/cpantesting/perl5/perlbrew/perls/perl-5.32.0/man
PERLBREW_PATH = /Users/cpantesting/perl5/perlbrew/bin:/Users/cpantesting/perl5/perlbrew/perls/perl-5.32.0/bin
PERLBREW_PERL = perl-5.32.0
PERLBREW_ROOT = /Users/cpantesting/perl5/perlbrew
PERLBREW_SHELLRC_VERSION = 0.94
PERLBREW_VERSION = 0.94
PERLVER = blead
PERL_INLINE_DIRECTORY = /Users/cpantesting/.Inline-blead
PERL_MM_USE_DEFAULT = 1
PERL_USE_UNSAFE_INC = 0
SHELL = /bin/bash
TERM = screen
Perl special variables (and OS-specific diagnostics, for MSWin32):
$^X = /Users/cpantesting/cpantesting/perl-blead/bin/perl5.41.5
$UID/$EUID = 503 / 503
$GID = 20 20 12 61 703 702 701 100
$EGID = 20 20 12 61 703 702 701 100
Perl module toolchain versions installed:
Module Have
------------------- --------
CPAN 2.37
CPAN::Meta 2.150010
Cwd 3.92
ExtUtils::CBuilder 0.280240
ExtUtils::Command 7.70
ExtUtils::Install 2.22
ExtUtils::MakeMaker 7.70
ExtUtils::Manifest 1.75
ExtUtils::ParseXS 3.54
File::Spec 3.93
JSON 4.10
JSON::PP 4.16
Module::Build 0.4234
Module::Signature n/a
Parse::CPAN::Meta 2.150010
Test2 1.302204
Test::Harness 3.50
Test::More 1.302204
YAML n/a
YAML::Syck n/a
version 0.9933
--
Summary of my perl5 (revision 5 version 41 subversion 5) configuration:
Commit id: b66abe3878e48c99de059364b052d96c7be8ee75
Platform:
osname=darwin
osvers=23.6.0
archname=darwin-2level
uname='darwin harrow.home 23.6.0 darwin kernel version 23.6.0: mon jul 29 21:13:00 pdt 2024; root:xnu-10063.141.2~1release_x86_64 x86_64 '
config_args='-de -Dprefix=/Users/cpantesting/cpantesting/perl-blead -Dusedevel'
hint=recommended
useposix=true
d_sigaction=define
useithreads=undef
usemultiplicity=undef
use64bitint=define
use64bitall=define
uselongdouble=undef
usemymalloc=n
default_inc_excludes_dot=define
Compiler:
cc='cc'
ccflags ='-fno-common -DPERL_DARWIN -mmacosx-version-min=14.6 -DNO_THREAD_SAFE_QUERYLOCALE -DNO_POSIX_2008_LOCALE -DHAS_BROKEN_LANGINFO_CODESET -fno-strict-aliasing -pipe -fstack-protector-strong -I/usr/local/include'
optimize='-O3'
cppflags='-fno-common -DPERL_DARWIN -mmacosx-version-min=14.6 -DNO_THREAD_SAFE_QUERYLOCALE -DNO_POSIX_2008_LOCALE -DHAS_BROKEN_LANGINFO_CODESET -fno-strict-aliasing -pipe -fstack-protector-strong -I/usr/local/include'
ccversion=''
gccversion='Apple LLVM 16.0.0 (clang-1600.0.26.3)'
gccosandvers=''
intsize=4
longsize=8
ptrsize=8
doublesize=8
byteorder=12345678
doublekind=3
d_longlong=define
longlongsize=8
d_longdbl=define
longdblsize=16
longdblkind=3
ivtype='long'
ivsize=8
nvtype='double'
nvsize=8
Off_t='off_t'
lseeksize=8
alignbytes=8
prototype=define
Linker and Libraries:
ld='cc'
ldflags =' -mmacosx-version-min=14.6 -fstack-protector-strong -L/usr/local/lib'
libpth=/usr/local/lib /Applications/Xcode.app/Contents/Developer/Toolchains/XcodeDefault.xctoolchain/usr/lib/clang/16/lib /Applications/Xcode.app/Contents/Developer/Platforms/MacOSX.platform/Developer/SDKs/MacOSX.sdk/usr/lib /Applications/Xcode.app/Contents/Developer/Toolchains/XcodeDefault.xctoolchain/usr/lib /usr/lib
libs=
perllibs=
libc=
so=dylib
useshrplib=false
libperl=libperl.a
gnulibc_version=''
Dynamic Linking:
dlsrc=dl_dlopen.xs
dlext=bundle
d_dlsymun=undef
ccdlflags=' '
cccdlflags=' '
lddlflags=' -mmacosx-version-min=14.6 -bundle -undefined dynamic_lookup -L/usr/local/lib -fstack-protector-strong'
Characteristics of this binary (from libperl):
Compile-time options:
HAS_LONG_DOUBLE
HAS_STRTOLD
HAS_TIMES
PERLIO_LAYERS
PERL_COPY_ON_WRITE
PERL_DONT_CREATE_GVSV
PERL_HASH_FUNC_SIPHASH13
PERL_HASH_USE_SBOX32
PERL_MALLOC_WRAP
PERL_OP_PARENT
PERL_PRESERVE_IVUV
PERL_USE_DEVEL
PERL_USE_SAFE_PUTENV
USE_64_BIT_ALL
USE_64_BIT_INT
USE_LARGE_FILES
USE_LOCALE
USE_LOCALE_COLLATE
USE_LOCALE_CTYPE
USE_LOCALE_NUMERIC
USE_LOCALE_TIME
USE_PERLIO
USE_PERL_ATOF
Built under darwin
Compiled at Oct 4 2024 13:51:47
%ENV:
PERL="blead"
PERL5LIB=""
PERL5OPT=""
PERL5_CPANPLUS_IS_RUNNING="31481"
PERL5_CPAN_IS_RUNNING="31481"
PERLBREW_HOME="/Users/cpantesting/.perlbrew"
PERLBREW_MANPATH="/Users/cpantesting/perl5/perlbrew/perls/perl-5.32.0/man"
PERLBREW_PATH="/Users/cpantesting/perl5/perlbrew/bin:/Users/cpantesting/perl5/perlbrew/perls/perl-5.32.0/bin"
PERLBREW_PERL="perl-5.32.0"
PERLBREW_ROOT="/Users/cpantesting/perl5/perlbrew"
PERLBREW_SHELLRC_VERSION="0.94"
PERLBREW_VERSION="0.94"
PERLVER="blead"
PERL_INLINE_DIRECTORY="/Users/cpantesting/.Inline-blead"
PERL_MM_USE_DEFAULT="1"
PERL_USE_UNSAFE_INC="0"
@INC:
/Users/cpantesting/cpantesting/perl-blead/lib/site_perl/5.41.5/darwin-2level
/Users/cpantesting/cpantesting/perl-blead/lib/site_perl/5.41.5
/Users/cpantesting/cpantesting/perl-blead/lib/5.41.5/darwin-2level
/Users/cpantesting/cpantesting/perl-blead/lib/5.41.5