Report for MooseX-WithCache-0.01002

Back
From: metabase:user:320bfe00-2aae-11df-837a-5e0a49663a4f
Subject: FAIL MooseX-WithCache-0.01002 v5.21.10 GNU/Linux
Date: 2015-02-22T00:47:12Z

This distribution has been tested as part of the CPAN Testers
project, supporting the Perl programming language.  See
http://wiki.cpantesters.org/ for more information or email
questions to cpan-testers-discuss@perl.org


--
Dear Daisuke Maki,

This is a computer-generated report for MooseX-WithCache-0.01002
on perl 5.21.10, created by CPAN-Reporter-1.2011.

Thank you for uploading your work to CPAN.  However, there was a problem
testing your distribution.

If you think this report is invalid, please consult the CPAN Testers Wiki
for suggestions on how to avoid getting FAIL reports for missing library
or binary dependencies, unsupported operating systems, and so on:

http://wiki.cpantesters.org/wiki/CPANAuthorNotes

Sections of this report:

    * Tester comments
    * Program output
    * Prerequisites
    * Environment and other context

------------------------------
TESTER COMMENTS
------------------------------

Additional comments from tester:

this report is from an automated smoke testing program
and was not reviewed by a human for accuracy

------------------------------
PROGRAM OUTPUT
------------------------------

Output from '/usr/bin/make test':

PERL_DL_NONLAZY=1 "/tmp/basesmoker-reloperl-hcNY/bin/perl" "-MExtUtils::Command::MM" "-MTest::Harness" "-e" "undef *Test::Harness::Switches; test_harness(0, 'inc', 'blib/lib', 'blib/arch')" t/*.t t/*/*.t
t/00_compile.t ............... ok
syntax error at t/02_memcached.t line 25, near "$class qw(Cache::Memcached Cache::Memcached::Fast Cache::memcached::libmemcached)"
Global symbol "$class" requires explicit package name (did you forget to declare "my $class"?) at t/02_memcached.t line 29.
Global symbol "$class" requires explicit package name (did you forget to declare "my $class"?) at t/02_memcached.t line 31.
Global symbol "$tests" requires explicit package name (did you forget to declare "my $tests"?) at t/02_memcached.t line 37.
BEGIN not safe after errors--compilation aborted at t/02_memcached.t line 39.
t/02_memcached.t ............. 
Dubious, test returned 255 (wstat 65280, 0xff00)
No subtests run 
Class::MOP::load_class is deprecated at /home/sand/src/perl/repoperls/installed-perls/perl/v5.21.9-6-gadc55e0/165a/lib/site_perl/5.21.10/x86_64-linux/Class/MOP.pm line 69.
	Class::MOP::load_class("MooseX::WithCache::Backend::CHI") called at /tmp/loop_over_bdir-19385-SPmb2a/MooseX-WithCache-0.01002-TFBfBo/blib/lib/MooseX/WithCache.pm line 51
	MooseX::WithCache::__ANON__(Moose::Meta::Class::__ANON__::SERIAL::2=HASH(0x1cd1690), "operating_on", MooseX::Role::Parameterized::Meta::Role::Parameterized=HASH(0x1ccf5f8), "consumer", Moose::Meta::Class=HASH(0x1cd1168)) called at /home/sand/src/perl/repoperls/installed-perls/perl/v5.21.9-6-gadc55e0/165a/lib/site_perl/5.21.10/MooseX/Role/Parameterized/Meta/Trait/Parameterizable.pm line 88
	MooseX::Role::Parameterized::Meta::Trait::Parameterizable::generate_role(Moose::Meta::Class::__ANON__::SERIAL::1=HASH(0x32138e8), "consumer", Moose::Meta::Class=HASH(0x1cd1168), "parameters", HASH(0x3142378), "orig_apply", CODE(0x2e69770)) called at /home/sand/src/perl/repoperls/installed-perls/perl/v5.21.9-6-gadc55e0/165a/lib/site_perl/5.21.10/MooseX/Role/Parameterized/Meta/Trait/Parameterizable.pm line 110
	Class::MOP::Class:::around(CODE(0x2e69770), Moose::Meta::Class::__ANON__::SERIAL::1=HASH(0x32138e8), Moose::Meta::Class=HASH(0x1cd1168), "backend", "CHI") called at /home/sand/src/perl/repoperls/installed-perls/perl/v5.21.9-6-gadc55e0/165a/lib/site_perl/5.21.10/x86_64-linux/Class/MOP/Method/Wrapped.pm line 158
	Class::MOP::Method::Wrapped::__ANON__(Moose::Meta::Class::__ANON__::SERIAL::1=HASH(0x32138e8), Moose::Meta::Class=HASH(0x1cd1168), "backend", "CHI") called at /home/sand/src/perl/repoperls/installed-perls/perl/v5.21.9-6-gadc55e0/165a/lib/site_perl/5.21.10/x86_64-linux/Class/MOP/Method/Wrapped.pm line 87
	Moose::Meta::Class::__ANON__::SERIAL::1::apply(Moose::Meta::Class::__ANON__::SERIAL::1=HASH(0x32138e8), Moose::Meta::Class=HASH(0x1cd1168), "backend", "CHI") called at /home/sand/src/perl/repoperls/installed-perls/perl/v5.21.9-6-gadc55e0/165a/lib/site_perl/5.21.10/x86_64-linux/Moose/Util.pm line 172
	Moose::Util::_apply_all_roles(Moose::Meta::Class=HASH(0x1cd1168), undef, "MooseX::WithCache", HASH(0x3184dd8)) called at /home/sand/src/perl/repoperls/installed-perls/perl/v5.21.9-6-gadc55e0/165a/lib/site_perl/5.21.10/x86_64-linux/Moose/Util.pm line 114
	Moose::Util::apply_all_roles(Moose::Meta::Class=HASH(0x1cd1168), "MooseX::WithCache", HASH(0x3184dd8)) called at /home/sand/src/perl/repoperls/installed-perls/perl/v5.21.9-6-gadc55e0/165a/lib/site_perl/5.21.10/x86_64-linux/Moose/Meta/Class.pm line 89
	Moose::Meta::Class::create("Moose::Meta::Class", "Moose::Meta::Class::__ANON__::SERIAL::3", "roles", ARRAY(0x3184c28), "superclasses", ARRAY(0x1cc63c8), "weaken", 1) called at /home/sand/src/perl/repoperls/installed-perls/perl/v5.21.9-6-gadc55e0/165a/lib/site_perl/5.21.10/x86_64-linux/Class/MOP/Package.pm line 120
	Class::MOP::Package::create_anon("Moose::Meta::Class", "superclasses", ARRAY(0x1cc63c8), "roles", ARRAY(0x3184c28)) called at /home/sand/src/perl/repoperls/installed-perls/perl/v5.21.9-6-gadc55e0/165a/lib/site_perl/5.21.10/x86_64-linux/Class/MOP/Class.pm line 472
	Class::MOP::Class::create_anon_class("Moose::Meta::Class", "superclasses", ARRAY(0x1cc63c8), "roles", ARRAY(0x3184c28)) called at t/03_chi.t line 22
must specify either 'datastore' hashref or 'global' flag at /home/sand/src/perl/repoperls/installed-perls/perl/v5.21.9-6-gadc55e0/165a/lib/site_perl/5.21.10/CHI/Driver/Memory.pm line 34.
	CHI::Driver::Memory::BUILD(CHI::Driver::Memory__WITH__CHI::Driver::Role::Universal=HASH(0x3a76560), HASH(0x3af1198)) called at (eval 293) line 663
	CHI::Driver::Memory__WITH__CHI::Driver::Role::Universal::new("CHI::Driver::Memory__WITH__CHI::Driver::Role::Universal", "chi_root_class", "CHI", "driver_class", "CHI::Driver::Memory") called at (eval 292) line 55
	CHI::Driver::Memory::new("CHI::Driver::Memory__WITH__CHI::Driver::Role::Universal", "chi_root_class", "CHI", "driver_class", "CHI::Driver::Memory") called at /home/sand/src/perl/repoperls/installed-perls/perl/v5.21.9-6-gadc55e0/165a/lib/site_perl/5.21.10/CHI.pm line 151
	CHI::new("CHI", "driver", "Memory") called at t/03_chi.t line 29
t/03_chi.t ................... ok
Class::MOP::load_class is deprecated at /home/sand/src/perl/repoperls/installed-perls/perl/v5.21.9-6-gadc55e0/165a/lib/site_perl/5.21.10/x86_64-linux/Class/MOP.pm line 69.
	Class::MOP::load_class("MooseX::WithCache::Backend::Cache::FastMmap") called at /tmp/loop_over_bdir-19385-SPmb2a/MooseX-WithCache-0.01002-TFBfBo/blib/lib/MooseX/WithCache.pm line 51
	MooseX::WithCache::__ANON__(Moose::Meta::Class::__ANON__::SERIAL::2=HASH(0x2176048), "operating_on", MooseX::Role::Parameterized::Meta::Role::Parameterized=HASH(0xbc8858), "consumer", Moose::Meta::Class=HASH(0x2175c10)) called at /home/sand/src/perl/repoperls/installed-perls/perl/v5.21.9-6-gadc55e0/165a/lib/site_perl/5.21.10/MooseX/Role/Parameterized/Meta/Trait/Parameterizable.pm line 88
	MooseX::Role::Parameterized::Meta::Trait::Parameterizable::generate_role(Moose::Meta::Class::__ANON__::SERIAL::1=HASH(0x219a1f8), "consumer", Moose::Meta::Class=HASH(0x2175c10), "parameters", HASH(0x203b898), "orig_apply", CODE(0x1d62fa0)) called at /home/sand/src/perl/repoperls/installed-perls/perl/v5.21.9-6-gadc55e0/165a/lib/site_perl/5.21.10/MooseX/Role/Parameterized/Meta/Trait/Parameterizable.pm line 110
	Class::MOP::Class:::around(CODE(0x1d62fa0), Moose::Meta::Class::__ANON__::SERIAL::1=HASH(0x219a1f8), Moose::Meta::Class=HASH(0x2175c10), "backend", "Cache::FastMmap") called at /home/sand/src/perl/repoperls/installed-perls/perl/v5.21.9-6-gadc55e0/165a/lib/site_perl/5.21.10/x86_64-linux/Class/MOP/Method/Wrapped.pm line 158
	Class::MOP::Method::Wrapped::__ANON__(Moose::Meta::Class::__ANON__::SERIAL::1=HASH(0x219a1f8), Moose::Meta::Class=HASH(0x2175c10), "backend", "Cache::FastMmap") called at /home/sand/src/perl/repoperls/installed-perls/perl/v5.21.9-6-gadc55e0/165a/lib/site_perl/5.21.10/x86_64-linux/Class/MOP/Method/Wrapped.pm line 87
	Moose::Meta::Class::__ANON__::SERIAL::1::apply(Moose::Meta::Class::__ANON__::SERIAL::1=HASH(0x219a1f8), Moose::Meta::Class=HASH(0x2175c10), "backend", "Cache::FastMmap") called at /home/sand/src/perl/repoperls/installed-perls/perl/v5.21.9-6-gadc55e0/165a/lib/site_perl/5.21.10/x86_64-linux/Moose/Util.pm line 172
	Moose::Util::_apply_all_roles(Moose::Meta::Class=HASH(0x2175c10), undef, "MooseX::WithCache", HASH(0xbbf1b8)) called at /home/sand/src/perl/repoperls/installed-perls/perl/v5.21.9-6-gadc55e0/165a/lib/site_perl/5.21.10/x86_64-linux/Moose/Util.pm line 114
	Moose::Util::apply_all_roles(Moose::Meta::Class=HASH(0x2175c10), "MooseX::WithCache", HASH(0xbbf1b8)) called at /home/sand/src/perl/repoperls/installed-perls/perl/v5.21.9-6-gadc55e0/165a/lib/site_perl/5.21.10/x86_64-linux/Moose/Meta/Class.pm line 89
	Moose::Meta::Class::create("Moose::Meta::Class", "Moose::Meta::Class::__ANON__::SERIAL::3", "weaken", 1, "roles", ARRAY(0xbbf278), "superclasses", ARRAY(0xbab178)) called at /home/sand/src/perl/repoperls/installed-perls/perl/v5.21.9-6-gadc55e0/165a/lib/site_perl/5.21.10/x86_64-linux/Class/MOP/Package.pm line 120
	Class::MOP::Package::create_anon("Moose::Meta::Class", "superclasses", ARRAY(0xbab178), "roles", ARRAY(0xbbf278)) called at /home/sand/src/perl/repoperls/installed-perls/perl/v5.21.9-6-gadc55e0/165a/lib/site_perl/5.21.10/x86_64-linux/Class/MOP/Class.pm line 472
	Class::MOP::Class::create_anon_class("Moose::Meta::Class", "superclasses", ARRAY(0xbab178), "roles", ARRAY(0xbbf278)) called at t/04_fastmmap.t line 23
t/04_fastmmap.t .............. ok
t/deprecated/00_compile.t .... ok
syntax error at t/deprecated/02_memcached.t line 20, near "$class qw(Cache::Memcached Cache::Memcached::Fast Cache::memcached::libmemcached)"
Global symbol "$class" requires explicit package name (did you forget to declare "my $class"?) at t/deprecated/02_memcached.t line 24.
Global symbol "$class" requires explicit package name (did you forget to declare "my $class"?) at t/deprecated/02_memcached.t line 26.
Global symbol "$tests" requires explicit package name (did you forget to declare "my $tests"?) at t/deprecated/02_memcached.t line 32.
BEGIN not safe after errors--compilation aborted at t/deprecated/02_memcached.t line 34.
t/deprecated/02_memcached.t .. 
Dubious, test returned 255 (wstat 65280, 0xff00)
No subtests run 
Class::MOP::load_class is deprecated at /home/sand/src/perl/repoperls/installed-perls/perl/v5.21.9-6-gadc55e0/165a/lib/site_perl/5.21.10/x86_64-linux/Class/MOP.pm line 69.
	Class::MOP::load_class("MooseX::WithCache") called at t/deprecated/03_chi.t line 16

#   Failed test 'Correct deprecation warning'
#   at t/deprecated/03_chi.t line 24.
#                   'Class::MOP::load_class is deprecated at /home/sand/src/perl/repoperls/installed-perls/perl/v5.21.9-6-gadc55e0/165a/lib/site_perl/5.21.10/x86_64-linux/Class/MOP.pm line 69.
# 	Class::MOP::load_class("MooseX::WithCache::Backend::CHI") called at /tmp/loop_over_bdir-19385-SPmb2a/MooseX-WithCache-0.01002-TFBfBo/blib/lib/MooseX/WithCache.pm line 51
# 	MooseX::WithCache::__ANON__(Moose::Meta::Class::__ANON__::SERIAL::2=HASH(0x35ebab0), "operating_on", MooseX::Role::Parameterized::Meta::Role::Parameterized=HASH(0x3dc00d0), "consumer", Moose::Meta::Class=HASH(0x35f1c90)) called at /home/sand/src/perl/repoperls/installed-perls/perl/v5.21.9-6-gadc55e0/165a/lib/site_perl/5.21.10/MooseX/Role/Parameterized/Meta/Trait/Parameterizable.pm line 88
# 	MooseX::Role::Parameterized::Meta::Trait::Parameterizable::generate_role(Moose::Meta::Class::__ANON__::SERIAL::1=HASH(0x3db7098), "consumer", Moose::Meta::Class=HASH(0x35f1c90), "parameters", HASH(0x3d69420), "orig_apply", CODE(0x3a4d450)) called at /home/sand/src/perl/repoperls/installed-perls/perl/v5.21.9-6-gadc55e0/165a/lib/site_perl/5.21.10/MooseX/Role/Parameterized/Meta/Trait/Parameterizable.pm line 110
# 	Class::MOP::Class:::around(CODE(0x3a4d450), Moose::Meta::Class::__ANON__::SERIAL::1=HASH(0x3db7098), Moose::Meta::Class=HASH(0x35f1c90), "name", "cache", "backend", "CHI") called at /home/sand/src/perl/repoperls/installed-perls/perl/v5.21.9-6-gadc55e0/165a/lib/site_perl/5.21.10/x86_64-linux/Class/MOP/Method/Wrapped.pm line 158
# 	Class::MOP::Method::Wrapped::__ANON__(Moose::Meta::Class::__ANON__::SERIAL::1=HASH(0x3db7098), Moose::Meta::Class=HASH(0x35f1c90), "name", "cache", "backend", "CHI") called at /home/sand/src/perl/repoperls/installed-perls/perl/v5.21.9-6-gadc55e0/165a/lib/site_perl/5.21.10/x86_64-linux/Class/MOP/Method/Wrapped.pm line 87
# 	Moose::Meta::Class::__ANON__::SERIAL::1::apply(Moose::Meta::Class::__ANON__::SERIAL::1=HASH(0x3db7098), Moose::Meta::Class=HASH(0x35f1c90), "name", "cache", "backend", "CHI") called at /home/sand/src/perl/repoperls/installed-perls/perl/v5.21.9-6-gadc55e0/165a/lib/site_perl/5.21.10/x86_64-linux/Moose/Util.pm line 172
# 	Moose::Util::_apply_all_roles("Moose::Meta::Class::__ANON__::SERIAL::3", undef, "MooseX::WithCache", HASH(0x2c12170)) called at /home/sand/src/perl/repoperls/installed-perls/perl/v5.21.9-6-gadc55e0/165a/lib/site_perl/5.21.10/x86_64-linux/Moose/Util.pm line 114
# 	Moose::Util::apply_all_roles("Moose::Meta::Class::__ANON__::SERIAL::3", "MooseX::WithCache", HASH(0x2c12170)) called at /tmp/loop_over_bdir-19385-SPmb2a/MooseX-WithCache-0.01002-TFBfBo/blib/lib/MooseX/WithCache.pm line 21
# 	MooseX::WithCache::with_cache("Moose::Meta::Class::__ANON__::SERIAL::3", "cache", "backend", "CHI") called at t/deprecated/03_chi.t line 27
# '
#     doesn't match '(?^:^use of with_cache for MooseX::WithCache is now deprecated\. Use parameterized roles directly)'
must specify either 'datastore' hashref or 'global' flag at /home/sand/src/perl/repoperls/installed-perls/perl/v5.21.9-6-gadc55e0/165a/lib/site_perl/5.21.10/CHI/Driver/Memory.pm line 34.
	CHI::Driver::Memory::BUILD(CHI::Driver::Memory__WITH__CHI::Driver::Role::Universal=HASH(0x42015d0), HASH(0x4272f08)) called at (eval 295) line 663
	CHI::Driver::Memory__WITH__CHI::Driver::Role::Universal::new("CHI::Driver::Memory__WITH__CHI::Driver::Role::Universal", "chi_root_class", "CHI", "driver_class", "CHI::Driver::Memory") called at (eval 294) line 55
	CHI::Driver::Memory::new("CHI::Driver::Memory__WITH__CHI::Driver::Role::Universal", "chi_root_class", "CHI", "driver_class", "CHI::Driver::Memory") called at /home/sand/src/perl/repoperls/installed-perls/perl/v5.21.9-6-gadc55e0/165a/lib/site_perl/5.21.10/CHI.pm line 151
	CHI::new("CHI", "driver", "Memory") called at t/deprecated/03_chi.t line 30
# Looks like you planned 10 tests but ran 11.
# Looks like you failed 1 test of 11 run.
t/deprecated/03_chi.t ........ 
Dubious, test returned 1 (wstat 256, 0x100)
Failed 1/10 subtests 
Class::MOP::load_class is deprecated at /home/sand/src/perl/repoperls/installed-perls/perl/v5.21.9-6-gadc55e0/165a/lib/site_perl/5.21.10/x86_64-linux/Class/MOP.pm line 69.
	Class::MOP::load_class("MooseX::WithCache") called at t/deprecated/04_fastmmap.t line 17

#   Failed test 'Correct deprecation warning'
#   at t/deprecated/04_fastmmap.t line 25.
#                   'Class::MOP::load_class is deprecated at /home/sand/src/perl/repoperls/installed-perls/perl/v5.21.9-6-gadc55e0/165a/lib/site_perl/5.21.10/x86_64-linux/Class/MOP.pm line 69.
# 	Class::MOP::load_class("MooseX::WithCache::Backend::Cache::FastMmap") called at /tmp/loop_over_bdir-19385-SPmb2a/MooseX-WithCache-0.01002-TFBfBo/blib/lib/MooseX/WithCache.pm line 51
# 	MooseX::WithCache::__ANON__(Moose::Meta::Class::__ANON__::SERIAL::2=HASH(0x21323b8), "operating_on", MooseX::Role::Parameterized::Meta::Role::Parameterized=HASH(0x2170610), "consumer", Moose::Meta::Class=HASH(0x19592e0)) called at /home/sand/src/perl/repoperls/installed-perls/perl/v5.21.9-6-gadc55e0/165a/lib/site_perl/5.21.10/MooseX/Role/Parameterized/Meta/Trait/Parameterizable.pm line 88
# 	MooseX::Role::Parameterized::Meta::Trait::Parameterizable::generate_role(Moose::Meta::Class::__ANON__::SERIAL::1=HASH(0x215a0f8), "consumer", Moose::Meta::Class=HASH(0x19592e0), "parameters", HASH(0x2104018), "orig_apply", CODE(0x1e2ae20)) called at /home/sand/src/perl/repoperls/installed-perls/perl/v5.21.9-6-gadc55e0/165a/lib/site_perl/5.21.10/MooseX/Role/Parameterized/Meta/Trait/Parameterizable.pm line 110
# 	Class::MOP::Class:::around(CODE(0x1e2ae20), Moose::Meta::Class::__ANON__::SERIAL::1=HASH(0x215a0f8), Moose::Meta::Class=HASH(0x19592e0), "backend", "Cache::FastMmap", "name", "cache") called at /home/sand/src/perl/repoperls/installed-perls/perl/v5.21.9-6-gadc55e0/165a/lib/site_perl/5.21.10/x86_64-linux/Class/MOP/Method/Wrapped.pm line 158
# 	Class::MOP::Method::Wrapped::__ANON__(Moose::Meta::Class::__ANON__::SERIAL::1=HASH(0x215a0f8), Moose::Meta::Class=HASH(0x19592e0), "backend", "Cache::FastMmap", "name", "cache") called at /home/sand/src/perl/repoperls/installed-perls/perl/v5.21.9-6-gadc55e0/165a/lib/site_perl/5.21.10/x86_64-linux/Class/MOP/Method/Wrapped.pm line 87
# 	Moose::Meta::Class::__ANON__::SERIAL::1::apply(Moose::Meta::Class::__ANON__::SERIAL::1=HASH(0x215a0f8), Moose::Meta::Class=HASH(0x19592e0), "backend", "Cache::FastMmap", "name", "cache") called at /home/sand/src/perl/repoperls/installed-perls/perl/v5.21.9-6-gadc55e0/165a/lib/site_perl/5.21.10/x86_64-linux/Moose/Util.pm line 172
# 	Moose::Util::_apply_all_roles("Moose::Meta::Class::__ANON__::SERIAL::3", undef, "MooseX::WithCache", HASH(0x13da7d0)) called at /home/sand/src/perl/repoperls/installed-perls/perl/v5.21.9-6-gadc55e0/165a/lib/site_perl/5.21.10/x86_64-linux/Moose/Util.pm line 114
# 	Moose::Util::apply_all_roles("Moose::Meta::Class::__ANON__::SERIAL::3", "MooseX::WithCache", HASH(0x13da7d0)) called at /tmp/loop_over_bdir-19385-SPmb2a/MooseX-WithCache-0.01002-TFBfBo/blib/lib/MooseX/WithCache.pm line 21
# 	MooseX::WithCache::with_cache("Moose::Meta::Class::__ANON__::SERIAL::3", "cache", "backend", "Cache::FastMmap") called at t/deprecated/04_fastmmap.t line 28
# '
#     doesn't match '(?^:^use of with_cache for MooseX::WithCache is now deprecated\. Use parameterized roles directly)'
# Looks like you planned 21 tests but ran 22.
# Looks like you failed 1 test of 22 run.
t/deprecated/04_fastmmap.t ... 
Dubious, test returned 1 (wstat 256, 0x100)
Failed 1/21 subtests 

Test Summary Report
-------------------
t/02_memcached.t           (Wstat: 65280 Tests: 0 Failed: 0)
  Non-zero exit status: 255
  Parse errors: No plan found in TAP output
t/deprecated/02_memcached.t (Wstat: 65280 Tests: 0 Failed: 0)
  Non-zero exit status: 255
  Parse errors: No plan found in TAP output
t/deprecated/03_chi.t      (Wstat: 256 Tests: 11 Failed: 2)
  Failed tests:  2, 11
  Non-zero exit status: 1
  Parse errors: Bad plan.  You planned 10 tests but ran 11.
t/deprecated/04_fastmmap.t (Wstat: 256 Tests: 22 Failed: 2)
  Failed tests:  2, 22
  Non-zero exit status: 1
  Parse errors: Bad plan.  You planned 21 tests but ran 22.
Files=8, Tests=64,  2 wallclock secs ( 0.04 usr  0.01 sys +  2.61 cusr  0.16 csys =  2.82 CPU)
Result: FAIL
Failed 4/8 test programs. 4/64 subtests failed.
Makefile:811: recipe for target 'test_dynamic' failed
make: *** [test_dynamic] Error 1

------------------------------
PREREQUISITES
------------------------------

Prerequisite modules loaded:

requires:

    Module                      Need  Have        
    --------------------------- ----- ------------
    Cache::Memcached            0     1.30        
    Data::Dumper                0     2.157       
    Digest::MD5                 0     2.54        
    Moose                       0.59  2.1403      
    MooseX::Role::Parameterized 0     1.08        
    perl                        5.008 5.021010    

build_requires:

    Module                      Need  Have        
    --------------------------- ----- ------------
    ExtUtils::MakeMaker         6.42  7.04        
    IO::Socket::INET            0     1.35        
    Test::Exception             0     0.36        
    Test::More                  0     1.301001_098

configure_requires:

    Module                      Need  Have        
    --------------------------- ----- ------------
    ExtUtils::MakeMaker         6.42  7.04        


------------------------------
ENVIRONMENT AND OTHER CONTEXT
------------------------------

Environment variables:

    AUTOMATED_TESTING = 1
    LANG = en_US.UTF-8
    LANGUAGE = en_US:en
    PATH = /home/sand/bin:/usr/local/bin:/usr/bin:/bin:/usr/games:/usr/local/perl/bin:/usr/X11/bin:/sbin:/usr/sbin
    PERL5LIB = 
    PERL5OPT = 
    PERL5_CPANPLUS_IS_RUNNING = 13883
    PERL5_CPAN_IS_RUNNING = 13883
    PERL_MM_USE_DEFAULT = 1
    SHELL = /usr/bin/zsh
    TERM = screen

Perl special variables (and OS-specific diagnostics, for MSWin32):

    $^X = /tmp/basesmoker-reloperl-hcNY/bin/perl
    $UID/$EUID = 1005 / 1005
    $GID = 1005 1005
    $EGID = 1005 1005

Perl module toolchain versions installed:

    Module              Have        
    ------------------- ------------
    CPAN                2.05        
    CPAN::Meta          2.143240    
    Cwd                 3.54        
    ExtUtils::CBuilder  0.280221    
    ExtUtils::Command   1.20        
    ExtUtils::Install   2.04        
    ExtUtils::MakeMaker 7.04        
    ExtUtils::Manifest  1.70        
    ExtUtils::ParseXS   3.27        
    File::Spec          3.53        
    JSON                2.90        
    JSON::PP            2.27300     
    Module::Build       0.4211      
    Module::Signature   0.73        
    Parse::CPAN::Meta   1.4414      
    Test::Harness       3.35        
    Test::More          1.301001_098
    YAML                1.14        
    YAML::Syck          1.29        
    version             0.9912      


--

Summary of my perl5 (revision 5 version 21 subversion 10) configuration:
  Commit id: adc55e020e9dd90e3092c97ee7db0912097c4a7e
  Platform:
    osname=linux, osvers=3.16.0-4-amd64, archname=x86_64-linux
    uname='linux k83 3.16.0-4-amd64 #1 smp debian 3.16.7-ckt2-1 (2014-12-08) x86_64 gnulinux '
    config_args='-Dprefix=/home/sand/src/perl/repoperls/installed-perls/perl/v5.21.9-6-gadc55e0/165a -Dmyhostname=k83 -Dinstallusrbinperl=n -Uversiononly -Dusedevel -des -Ui_db -Uuseithreads -Uuselongdouble -DDEBUGGING=-g'
    hint=recommended, useposix=true, d_sigaction=define
    useithreads=undef, usemultiplicity=undef
    use64bitint=define, use64bitall=define, uselongdouble=undef
    usemymalloc=n, bincompat5005=undef
  Compiler:
    cc='cc', ccflags ='-fwrapv -fno-strict-aliasing -pipe -fstack-protector-strong -I/usr/local/include -D_LARGEFILE_SOURCE -D_FILE_OFFSET_BITS=64 -D_FORTIFY_SOURCE=2',
    optimize='-O2 -g',
    cppflags='-fwrapv -fno-strict-aliasing -pipe -fstack-protector-strong -I/usr/local/include'
    ccversion='', gccversion='4.9.2', gccosandvers=''
    intsize=4, longsize=8, ptrsize=8, doublesize=8, byteorder=12345678, doublekind=3
    d_longlong=define, longlongsize=8, d_longdbl=define, longdblsize=16, longdblkind=3
    ivtype='long', ivsize=8, nvtype='double', nvsize=8, Off_t='off_t', lseeksize=8
    alignbytes=8, prototype=define
  Linker and Libraries:
    ld='cc', ldflags =' -fstack-protector-strong -L/usr/local/lib'
    libpth=/usr/local/lib /usr/lib/gcc/x86_64-linux-gnu/4.9/include-fixed /usr/include/x86_64-linux-gnu /usr/lib /lib/x86_64-linux-gnu /lib/../lib /usr/lib/x86_64-linux-gnu /usr/lib/../lib /lib
    libs=-lpthread -lnsl -lgdbm -ldb -ldl -lm -lcrypt -lutil -lc -lgdbm_compat
    perllibs=-lpthread -lnsl -ldl -lm -lcrypt -lutil -lc
    libc=libc-2.19.so, so=so, useshrplib=false, libperl=libperl.a
    gnulibc_version='2.19'
  Dynamic Linking:
    dlsrc=dl_dlopen.xs, dlext=so, d_dlsymun=undef, ccdlflags='-Wl,-E'
    cccdlflags='-fPIC', lddlflags='-shared -O2 -g -L/usr/local/lib -fstack-protector-strong'


Characteristics of this binary (from libperl): 
  Compile-time options: HAS_TIMES PERLIO_LAYERS PERL_DONT_CREATE_GVSV
                        PERL_HASH_FUNC_ONE_AT_A_TIME_HARD PERL_MALLOC_WRAP
                        PERL_NEW_COPY_ON_WRITE PERL_PRESERVE_IVUV
                        PERL_USE_DEVEL USE_64_BIT_ALL USE_64_BIT_INT
                        USE_LARGE_FILES USE_LOCALE USE_LOCALE_COLLATE
                        USE_LOCALE_CTYPE USE_LOCALE_NUMERIC USE_LOCALE_TIME
                        USE_PERLIO USE_PERL_ATOF
  Built under linux
  Compiled at Feb 21 2015 12:00:21
  %ENV:
    PERL5LIB=""
    PERL5OPT=""
    PERL5_CPANPLUS_IS_RUNNING="13883"
    PERL5_CPAN_IS_RUNNING="13883"
    PERL_MM_USE_DEFAULT="1"
  @INC:
    /home/sand/src/perl/repoperls/installed-perls/perl/v5.21.9-6-gadc55e0/165a/lib/site_perl/5.21.10/x86_64-linux
    /home/sand/src/perl/repoperls/installed-perls/perl/v5.21.9-6-gadc55e0/165a/lib/site_perl/5.21.10
    /home/sand/src/perl/repoperls/installed-perls/perl/v5.21.9-6-gadc55e0/165a/lib/5.21.10/x86_64-linux
    /home/sand/src/perl/repoperls/installed-perls/perl/v5.21.9-6-gadc55e0/165a/lib/5.21.10
    .