Back
From: metabase:user:322078bc-2aae-11df-837a-5e0a49663a4f
Subject: FAIL Test-Unit-0.25_0922 v5.14.0 GNU/Linux
Date: 2011-06-10T23:35:33Z
This distribution has been tested as part of the CPAN Testers
project, supporting the Perl programming language. See
http://wiki.cpantesters.org/ for more information or email
questions to cpan-testers-discuss@perl.org
--
Dear MCAST,
This is a computer-generated error report created automatically by
CPANPLUS, version 0.9105. Testers personal comments may appear
at the end of this report.
Thank you for uploading your work to CPAN. However, it appears that
there were some problems testing your distribution.
TEST RESULTS:
Below is the error stack from stage 'make test':
[MSG] [Sat Jun 11 00:34:23 2011] cp lib/Test/Unit/Error.pm blib/lib/Test/Unit/Error.pm
cp TestLister.pl blib/lib/Test/TestLister.pl
cp lib/Test/Unit/Tutorial.pm blib/lib/Test/Unit/Tutorial.pm
cp lib/Test/Unit/Loader.pm blib/lib/Test/Unit/Loader.pm
cp lib/Test/Unit/Assertion.pm blib/lib/Test/Unit/Assertion.pm
cp lib/Test/Unit/Setup.pm blib/lib/Test/Unit/Setup.pm
cp TestRunner.pl blib/lib/Test/TestRunner.pl
cp lib/Test/Unit/Debug.pm blib/lib/Test/Unit/Debug.pm
cp lib/Test/Unit/Assertion/Boolean.pm blib/lib/Test/Unit/Assertion/Boolean.pm
cp lib/Test/Unit/Decorator.pm blib/lib/Test/Unit/Decorator.pm
cp lib/Test/Unit/TestSuite.pm blib/lib/Test/Unit/TestSuite.pm
cp lib/Test/Unit/Runner/Terminal.pm blib/lib/Test/Unit/Runner/Terminal.pm
cp lib/Test/Unit/Procedural.pm blib/lib/Test/Unit/Procedural.pm
cp lib/Test/Unit/Listener.pm blib/lib/Test/Unit/Listener.pm
cp TkTestRunner.pl blib/lib/Test/TkTestRunner.pl
cp lib/Test/Unit/Runner.pm blib/lib/Test/Unit/Runner.pm
cp lib/Test/Unit/UnitHarness.pm blib/lib/Test/Unit/UnitHarness.pm
cp lib/Test/Unit/HarnessUnit.pm blib/lib/Test/Unit/HarnessUnit.pm
cp lib/Test/Unit/Exception.pm blib/lib/Test/Unit/Exception.pm
cp lib/Test/Unit/Test.pm blib/lib/Test/Unit/Test.pm
cp lib/Test/Unit/TestCase.pm blib/lib/Test/Unit/TestCase.pm
cp lib/Test/Unit/Assertion/Exception.pm blib/lib/Test/Unit/Assertion/Exception.pm
cp lib/Test/Unit/Result.pm blib/lib/Test/Unit/Result.pm
cp lib/Test/Unit/TestRunner.pm blib/lib/Test/Unit/TestRunner.pm
cp lib/Test/Unit/Failure.pm blib/lib/Test/Unit/Failure.pm
cp lib/Test/Unit.pm blib/lib/Test/Unit.pm
cp lib/Test/Unit/TkTestRunner.pm blib/lib/Test/Unit/TkTestRunner.pm
cp lib/Test/Unit/Assertion/Regexp.pm blib/lib/Test/Unit/Assertion/Regexp.pm
cp lib/Test/Unit/Assert.pm blib/lib/Test/Unit/Assert.pm
cp lib/Test/Unit/Warning.pm blib/lib/Test/Unit/Warning.pm
cp lib/Test/Unit/Assertion/CodeRef.pm blib/lib/Test/Unit/Assertion/CodeRef.pm
Manifying blib/man3/Test::Unit::Error.3
Manifying blib/man3/Test::Unit::Loader.3
Manifying blib/man3/Test::Unit::Tutorial.3
Manifying blib/man3/Test::Unit::Setup.3
Manifying blib/man3/Test::Unit::Assertion.3
Manifying blib/man3/Test::Unit::Debug.3
Manifying blib/man3/Test::Unit::Assertion::Boolean.3
Manifying blib/man3/Test::Unit::Decorator.3
Manifying blib/man3/Test::Unit::TestSuite.3
Manifying blib/man3/Test::Unit::Runner::Terminal.3
Manifying blib/man3/Test::Unit::Procedural.3
Manifying blib/man3/Test::Unit::Listener.3
Manifying blib/man3/Test::Unit::Runner.3
Manifying blib/man3/Test::Unit::UnitHarness.3
Manifying blib/man3/Test::Unit::HarnessUnit.3
Manifying blib/man3/Test::Unit::Exception.3
Manifying blib/man3/Test::Unit::Assertion::Exception.3
Manifying blib/man3/Test::Unit::TestCase.3
Manifying blib/man3/Test::Unit::Test.3
Manifying blib/man3/Test::Unit::Result.3
Manifying blib/man3/Test::Unit::TestRunner.3
Manifying blib/man3/Test::Unit::Failure.3
Manifying blib/man3/Test::Unit::Assertion::Regexp.3
Manifying blib/man3/Test::Unit::TkTestRunner.3
Manifying blib/man3/Test::Unit.3
Manifying blib/man3/Test::Unit::Assert.3
Manifying blib/man3/Test::Unit::Assertion::CodeRef.3
Manifying blib/man3/Test::Unit::Warning.3
[ERROR] [Sat Jun 11 00:34:24 2011] MAKE TEST failed: PERL_DL_NONLAZY=1 /home/cpan/pit/bare/perl-5.14.0/bin/perl "-MExtUtils::Command::MM" "-e" "test_harness(0, 'blib/lib', 'blib/arch')" t/*.t
t/all_tests.t ..... ok
t/assert.t ........
Failed 2/45 subtests
t/try_examples.t .. ok
Test Summary Report
-------------------
t/assert.t (Wstat: 0 Tests: 45 Failed: 2)
Failed tests: 29, 43
Files=3, Tests=94, 1 wallclock secs ( 0.03 usr 0.01 sys + 0.90 cusr 0.04 csys = 0.98 CPU)
Result: FAIL
Failed 1/3 test programs. 2/94 subtests failed.
make: *** [test_dynamic] Error 255
[MSG] [Sat Jun 11 00:34:24 2011] DEFAULT 'proceed_on_test_failure' HANDLER RETURNING 'sub return value'
PREREQUISITES:
Here is a list of prerequisites you specified and versions we
managed to load:
Module Name Have Want
Class::Inner 0.200001 0
Devel::Symdump 2.08 0
Error 0.17016 0
ExtUtils::MakeMaker 6.57_05 0
base 2.16 1
Perl module toolchain versions installed:
Module Name Have
CPANPLUS 0.9105
CPANPLUS::Dist::Build 0.56
Cwd 3.36
ExtUtils::CBuilder 0.280203
ExtUtils::Command 1.17
ExtUtils::Install 1.56
ExtUtils::MakeMaker 6.57_05
ExtUtils::Manifest 1.58
ExtUtils::ParseXS 2.2210
File::Spec 3.33
Module::Build 0.3800
Test::Harness 3.23
Test::More 0.98
version 0.88
******************************** NOTE ********************************
The comments above are created mechanically, possibly without manual
checking by the sender. As there are many people performing automatic
tests on each upload to CPAN, it is likely that you will receive
identical messages about the same problem.
If you believe that the message is mistaken, please reply to the first
one with correction and/or additional informations, and do not take
it personally. We appreciate your patience. :)
**********************************************************************
Additional comments:
This report was machine-generated by CPANPLUS::Dist::YACSmoke 0.62.
Powered by minismokebox version 0.48
------------------------------
ENVIRONMENT AND OTHER CONTEXT
------------------------------
Environment variables:
AUTOMATED_TESTING = 1
LANG = en_US
LC_COLLATE = C
PATH = /usr/local/bin:/usr/bin:/bin:/usr/games:/usr/lib64/java/bin:/usr/lib64/qt/bin:/usr/share/texmf/bin:.
PERL5LIB = :/home/cpan/pit/bare/conf/perl-5.14.0/.cpanplus/5.14.0/build/Class-Inner-0.200001/blib/lib:/home/cpan/pit/bare/conf/perl-5.14.0/.cpanplus/5.14.0/build/Class-Inner-0.200001/blib/arch:/home/cpan/pit/bare/conf/perl-5.14.0/.cpanplus/5.14.0/build/Devel-Symdump-2.08/blib/lib:/home/cpan/pit/bare/conf/perl-5.14.0/.cpanplus/5.14.0/build/Devel-Symdump-2.08/blib/arch:/home/cpan/pit/bare/conf/perl-5.14.0/.cpanplus/5.14.0/build/Error-0.17016/blib/lib:/home/cpan/pit/bare/conf/perl-5.14.0/.cpanplus/5.14.0/build/Error-0.17016/blib/arch:/home/cpan/pit/bare/conf/perl-5.14.0/.cpanplus/5.14.0/build/Test-Unit-0.25_0922/blib/lib:/home/cpan/pit/bare/conf/perl-5.14.0/.cpanplus/5.14.0/build/Test-Unit-0.25_0922/blib/arch
PERL5_CPANPLUS_IS_RUNNING = 18836
PERL5_CPANPLUS_IS_VERSION = 0.9105
PERL5_MINISMOKEBOX = 0.48
PERL5_YACSMOKE_BASE = /home/cpan/pit/bare/conf/perl-5.14.0
PERL_EXTUTILS_AUTOINSTALL = --defaultdeps
PERL_MM_USE_DEFAULT = 1
SHELL = /bin/bash
TERM = screen
Perl special variables (and OS-specific diagnostics, for MSWin32):
Perl: $^X = /home/cpan/pit/bare/perl-5.14.0/bin/perl
UID: $< = 1001
EUID: $> = 1001
GID: $( = 100 100
EGID: $) = 100 100
-------------------------------
--
Summary of my perl5 (revision 5 version 14 subversion 0) configuration:
Platform:
osname=linux, osvers=2.6.33.4, archname=x86_64-linux
uname='linux slack64 2.6.33.4 #3 smp wed may 12 23:13:09 cdt 2010 x86_64 intel(r) xeon(r) cpu e5520 @ 2.27ghz genuineintel gnulinux '
config_args='-des -Dprefix=/home/cpan/pit/bare/perl-5.14.0'
hint=recommended, useposix=true, d_sigaction=define
useithreads=undef, usemultiplicity=undef
useperlio=define, d_sfio=undef, uselargefiles=define, usesocks=undef
use64bitint=define, use64bitall=define, uselongdouble=undef
usemymalloc=n, bincompat5005=undef
Compiler:
cc='cc', ccflags ='-fno-strict-aliasing -pipe -fstack-protector -I/usr/local/include -D_LARGEFILE_SOURCE -D_FILE_OFFSET_BITS=64',
optimize='-O2',
cppflags='-fno-strict-aliasing -pipe -fstack-protector -I/usr/local/include'
ccversion='', gccversion='4.4.4', gccosandvers=''
intsize=4, longsize=8, ptrsize=8, doublesize=8, byteorder=12345678
d_longlong=define, longlongsize=8, d_longdbl=define, longdblsize=16
ivtype='long', ivsize=8, nvtype='double', nvsize=8, Off_t='off_t', lseeksize=8
alignbytes=8, prototype=define
Linker and Libraries:
ld='cc', ldflags =' -fstack-protector -L/usr/local/lib'
libpth=/usr/local/lib /lib/../lib64 /usr/lib/../lib64 /lib /usr/lib /lib64 /usr/lib64 /usr/local/lib64
libs=-lnsl -lgdbm -ldb -ldl -lm -lcrypt -lutil -lc
perllibs=-lnsl -ldl -lm -lcrypt -lutil -lc
libc=, so=so, useshrplib=false, libperl=libperl.a
gnulibc_version='2.11.1'
Dynamic Linking:
dlsrc=dl_dlopen.xs, dlext=so, d_dlsymun=undef, ccdlflags='-Wl,-E'
cccdlflags='-fPIC', lddlflags='-shared -O2 -L/usr/local/lib -fstack-protector'
Characteristics of this binary (from libperl):
Compile-time options: PERL_DONT_CREATE_GVSV PERL_MALLOC_WRAP
PERL_PRESERVE_IVUV USE_64_BIT_ALL USE_64_BIT_INT
USE_LARGE_FILES USE_PERLIO USE_PERL_ATOF
Built under linux
Compiled at May 16 2011 10:36:24
%ENV:
PERL5LIB=":/home/cpan/pit/bare/conf/perl-5.14.0/.cpanplus/5.14.0/build/Class-Inner-0.200001/blib/lib:/home/cpan/pit/bare/conf/perl-5.14.0/.cpanplus/5.14.0/build/Class-Inner-0.200001/blib/arch:/home/cpan/pit/bare/conf/perl-5.14.0/.cpanplus/5.14.0/build/Devel-Symdump-2.08/blib/lib:/home/cpan/pit/bare/conf/perl-5.14.0/.cpanplus/5.14.0/build/Devel-Symdump-2.08/blib/arch:/home/cpan/pit/bare/conf/perl-5.14.0/.cpanplus/5.14.0/build/Error-0.17016/blib/lib:/home/cpan/pit/bare/conf/perl-5.14.0/.cpanplus/5.14.0/build/Error-0.17016/blib/arch:/home/cpan/pit/bare/conf/perl-5.14.0/.cpanplus/5.14.0/build/Test-Unit-0.25_0922/blib/lib:/home/cpan/pit/bare/conf/perl-5.14.0/.cpanplus/5.14.0/build/Test-Unit-0.25_0922/blib/arch"
PERL5_CPANPLUS_IS_RUNNING="18836"
PERL5_CPANPLUS_IS_VERSION="0.9105"
PERL5_MINISMOKEBOX="0.48"
PERL5_YACSMOKE_BASE="/home/cpan/pit/bare/conf/perl-5.14.0"
PERL_EXTUTILS_AUTOINSTALL="--defaultdeps"
PERL_MM_USE_DEFAULT="1"
@INC:
/home/cpan/pit/bare/conf/perl-5.14.0/.cpanplus/5.14.0/build/Class-Inner-0.200001/blib/lib
/home/cpan/pit/bare/conf/perl-5.14.0/.cpanplus/5.14.0/build/Class-Inner-0.200001/blib/arch
/home/cpan/pit/bare/conf/perl-5.14.0/.cpanplus/5.14.0/build/Devel-Symdump-2.08/blib/lib
/home/cpan/pit/bare/conf/perl-5.14.0/.cpanplus/5.14.0/build/Devel-Symdump-2.08/blib/arch
/home/cpan/pit/bare/conf/perl-5.14.0/.cpanplus/5.14.0/build/Error-0.17016/blib/lib
/home/cpan/pit/bare/conf/perl-5.14.0/.cpanplus/5.14.0/build/Error-0.17016/blib/arch
/home/cpan/pit/bare/conf/perl-5.14.0/.cpanplus/5.14.0/build/Test-Unit-0.25_0922/blib/lib
/home/cpan/pit/bare/conf/perl-5.14.0/.cpanplus/5.14.0/build/Test-Unit-0.25_0922/blib/arch
/home/cpan/pit/bare/perl-5.14.0/lib/site_perl/5.14.0/x86_64-linux
/home/cpan/pit/bare/perl-5.14.0/lib/site_perl/5.14.0
/home/cpan/pit/bare/perl-5.14.0/lib/5.14.0/x86_64-linux
/home/cpan/pit/bare/perl-5.14.0/lib/5.14.0
.