SReview v0.9.3 Perl 5 v5.18.4 amd64-freebsd

Status
Na
From
Slaven Rezić
Dist
SReview v0.9.3
Platform
Perl 5 v5.18.4 amd64-freebsd
Date
2023-11-04T10:17:16
ID
542440ae-7afb-11ee-bdb9-86076e8775ea
This distribution has been tested as part of the CPAN Testers
project, supporting the Perl programming language.  See
http://wiki.cpantesters.org/ for more information or email
questions to cpan-testers-discuss@perl.org


--
Dear Wouter Verhelst,

This is a computer-generated report for SReview-0.9.3
on perl 5.18.4, created by CPAN-Reporter-1.2019.

Thank you for uploading your work to CPAN.  While attempting to build or test
this distribution, the distribution signaled that support is not available
either for this operating system or this version of Perl.  Nevertheless, any
diagnostic output produced is provided below for reference.  If this is not
what you expect, you may wish to consult the CPAN Testers Wiki:

http://wiki.cpantesters.org/wiki/CPANAuthorNotes

Sections of this report:

    * Tester comments
    * Program output
    * Prerequisites
    * Environment and other context

------------------------------
TESTER COMMENTS
------------------------------

Additional comments from tester:

none provided

------------------------------
PROGRAM OUTPUT
------------------------------

Output from '/usr/bin/make test':

PERL_DL_NONLAZY=1 "/usr/perl5.18.4p/bin/perl5.18.4" "-MExtUtils::Command::MM" "-MTest::Harness" "-e" "undef *Test::Harness::Switches; test_harness(0, 'blib/lib', 'blib/arch')" t/*.t
t/010-config.t ........... ok
t/040-db.t ............... ok
Can't locate Media/Convert/Asset.pm in @INC (you may need to install the Media::Convert::Asset module) (@INC contains: /home/cpansand/.cpan/build/2023110410/SReview-0.9.3-0/blib/lib /home/cpansand/.cpan/build/2023110410/SReview-0.9.3-0/blib/arch /usr/perl5.18.4p/lib/site_perl/5.18.4/amd64-freebsd /usr/perl5.18.4p/lib/site_perl/5.18.4 /usr/perl5.18.4p/lib/5.18.4/amd64-freebsd /usr/perl5.18.4p/lib/5.18.4 .) at t/080-runthrough.t line 13.
BEGIN failed--compilation aborted at t/080-runthrough.t line 13.
# Looks like your test exited with 2 before it could output anything.
t/080-runthrough.t ....... 
Dubious, test returned 2 (wstat 512, 0x200)
Failed 15/15 subtests 
Perl v5.28.0 required--this is only v5.18.4, stopped at t/085-schedule-export.t line 3.
BEGIN failed--compilation aborted at t/085-schedule-export.t line 3.
t/085-schedule-export.t .. 
Dubious, test returned 255 (wstat 65280, 0xff00)
No subtests run 
Warning: could not find configuration file /etc/sreview/config.pm, falling back to defaults at /home/cpansand/.cpan/build/2023110410/SReview-0.9.3-0/blib/lib/SReview/Config/Common.pm line 63.
t/090-talk.t ............. ok
Warning: could not find configuration file /etc/sreview/config.pm, falling back to defaults at /home/cpansand/.cpan/build/2023110410/SReview-0.9.3-0/blib/lib/SReview/Config/Common.pm line 63.
t/095-files.t ............ ok
Perl v5.28.0 required--this is only v5.18.4, stopped at t/095-synfig.t line 3.
BEGIN failed--compilation aborted at t/095-synfig.t line 3.
t/095-synfig.t ........... 
Dubious, test returned 255 (wstat 65280, 0xff00)
No subtests run 
Can't locate Media/Convert/Asset.pm in @INC (you may need to install the Media::Convert::Asset module) (@INC contains: /home/cpansand/.cpan/build/2023110410/SReview-0.9.3-0/blib/lib /home/cpansand/.cpan/build/2023110410/SReview-0.9.3-0/blib/arch /usr/perl5.18.4p/lib/site_perl/5.18.4/amd64-freebsd /usr/perl5.18.4p/lib/site_perl/5.18.4 /usr/perl5.18.4p/lib/5.18.4/amd64-freebsd /usr/perl5.18.4p/lib/5.18.4 .) at /home/cpansand/.cpan/build/2023110410/SReview-0.9.3-0/blib/lib/SReview/Talk.pm line 5.
BEGIN failed--compilation aborted at /home/cpansand/.cpan/build/2023110410/SReview-0.9.3-0/blib/lib/SReview/Talk.pm line 5.
Compilation failed in require at t/100-mojo.t line 22.
BEGIN failed--compilation aborted at t/100-mojo.t line 22.
# Looks like your test exited with 2 before it could output anything.
t/100-mojo.t ............. 
Dubious, test returned 2 (wstat 512, 0x200)
Failed 51/51 subtests 
Warning: could not find configuration file /etc/sreview/config.pm, falling back to defaults at /home/cpansand/.cpan/build/2023110410/SReview-0.9.3-0/blib/lib/SReview/Config/Common.pm line 63.
t/110-api.t .............. ok
t/120-types.t ............ ok
t/130-schedule.t ......... ok

Test Summary Report
-------------------
t/080-runthrough.t     (Wstat: 512 (exited 2) Tests: 0 Failed: 0)
  Non-zero exit status: 2
  Parse errors: Bad plan.  You planned 15 tests but ran 0.
t/085-schedule-export.t (Wstat: 65280 (exited 255) Tests: 0 Failed: 0)
  Non-zero exit status: 255
  Parse errors: No plan found in TAP output
t/095-synfig.t         (Wstat: 65280 (exited 255) Tests: 0 Failed: 0)
  Non-zero exit status: 255
  Parse errors: No plan found in TAP output
t/100-mojo.t           (Wstat: 512 (exited 2) Tests: 0 Failed: 0)
  Non-zero exit status: 2
  Parse errors: Bad plan.  You planned 51 tests but ran 0.
Files=11, Tests=50,  3 wallclock secs ( 0.03 usr  0.02 sys +  1.45 cusr  1.27 csys =  2.77 CPU)
Result: FAIL
Failed 4/11 test programs. 0/50 subtests failed.
*** Error code 255

Stop.
make: stopped in /home/cpansand/.cpan/build/2023110410/SReview-0.9.3-0

------------------------------
PREREQUISITES
------------------------------

Prerequisite modules loaded:

requires:

    Module                       Need   Have    
    ---------------------------- ------ --------
    Class::Type::Enum            0      0.011   
    Crypt::PRNG                  0      0.078   
    DateTime                     0      1.63    
    DateTime::Format::ISO8601    0      0.16    
    DateTime::Format::Pg         0      0.16013 
  ! Media::Convert               v1.0.1 n/a     
    Mojo::JSON                   0      0       
    Mojo::Pg                     0      4.24    
    Mojolicious::Plugin::OpenAPI 4.03   5.07    
    Moose                        0      2.2203  
    Net::Amazon::S3              0      0.99    
    Net::SSH::AuthorizedKeysFile 0      0.18    
    Text::Format                 0      0.61    

build_requires:

    Module                       Need   Have    
    ---------------------------- ------ --------
    ExtUtils::MakeMaker          0      7.70    
    Test::More                   0      1.302196
    YAML::XS                     0      0.88    

configure_requires:

    Module                       Need   Have    
    ---------------------------- ------ --------
    ExtUtils::Depends            0      0.405   


------------------------------
ENVIRONMENT AND OTHER CONTEXT
------------------------------

Environment variables:

    LC_ALL = de_DE.ISO8859-1
    PATH = /usr/local/bin:/usr/bin:/bin:/usr/local/sbin:/usr/sbin:/sbin:/home/cpansand/bin/freebsd10.3:/home/cpansand/bin/sh:/home/cpansand/bin:/usr/games:/home/cpansand/devel:/home/eserte/src/srezic-misc/scripts
    PERL5LIB = 
    PERL5OPT = 
    PERL5_CPANPLUS_IS_RUNNING = 56848
    PERL5_CPAN_IS_RUNNING = 56848
    PERL5_CPAN_IS_RUNNING_IN_RECURSION = 23646,56848
    PERLDOC = -MPod::Perldoc::ToTextOverstrike
    PERL_BATCH = yes
    PERL_CANARY_STABILITY_NOPROMPT = 1
    PERL_CPAN_REPORTER_CONFIG = /var/tmp/cpansmoker-1023/2023110409/cpanreporter_000_config.ini
    PERL_EXTUTILS_AUTOINSTALL = --defaultdeps
    PERL_USE_UNSAFE_INC = 1
    SHELL = /usr/local/bin/zsh
    TERM = screen
    TMPDIR = /var/tmp/cpansmoker-1023/2023110409

Perl special variables (and OS-specific diagnostics, for MSWin32):

    $^X = /usr/perl5.18.4p/bin/perl5.18.4
    $UID/$EUID = 1023 / 1023
    $GID = 1023 1023
    $EGID = 1023 1023

Perl module toolchain versions installed:

    Module              Have    
    ------------------- --------
    CPAN                2.34    
    CPAN::Meta          2.150010
    Cwd                 3.75    
    ExtUtils::CBuilder  0.280236
    ExtUtils::Command   7.70    
    ExtUtils::Install   2.22    
    ExtUtils::MakeMaker 7.70    
    ExtUtils::Manifest  1.75    
    ExtUtils::ParseXS   3.51    
    File::Spec          3.75    
    JSON                4.10    
    JSON::PP            4.16    
    Module::Build       0.4234  
    Module::Signature   0.87    
    Parse::CPAN::Meta   2.150010
    Test2               1.302196
    Test::Harness       3.47    
    Test::More          1.302196
    YAML                1.30    
    YAML::Syck          1.34    
    version             0.9930  


--

Summary of my perl5 (revision 5 version 18 subversion 4) configuration:
   
  Platform:
    osname=freebsd, osvers=10.1-release, archname=amd64-freebsd
    uname='freebsd cvrsnica-freebsd-101.herceg.de 10.1-release freebsd 10.1-release #0 r274401: tue nov 11 21:02:49 utc 2014 root@releng1.nyi.freebsd.org:usrobjusrsrcsysgeneric amd64 '
    config_args='-ds -e -Dprefix=/usr/perl5.18.4p'
    hint=recommended, useposix=true, d_sigaction=define
    useithreads=undef, usemultiplicity=undef
    useperlio=define, d_sfio=undef, uselargefiles=define, usesocks=undef
    use64bitint=define, use64bitall=define, uselongdouble=undef
    usemymalloc=n, bincompat5005=undef
  Compiler:
    cc='cc', ccflags ='-DHAS_FPSETMASK -DHAS_FLOATINGPOINT_H -fno-strict-aliasing -pipe -fstack-protector -I/usr/local/include',
    optimize='-O',
    cppflags='-DHAS_FPSETMASK -DHAS_FLOATINGPOINT_H -fno-strict-aliasing -pipe -fstack-protector -I/usr/local/include'
    ccversion='', gccversion='4.2.1 Compatible FreeBSD Clang 3.4.1 (tags/RELEASE_34/dot1-final 208032)', gccosandvers=''
    intsize=4, longsize=8, ptrsize=8, doublesize=8, byteorder=12345678
    d_longlong=define, longlongsize=8, d_longdbl=define, longdblsize=16
    ivtype='long', ivsize=8, nvtype='double', nvsize=8, Off_t='off_t', lseeksize=8
    alignbytes=8, prototype=define
  Linker and Libraries:
    ld='cc', ldflags ='-pthread -Wl,-E  -fstack-protector -L/usr/local/lib'
    libpth=/usr/lib /usr/local/lib
    libs=-lgdbm -lm -lcrypt -lutil -lc
    perllibs=-lm -lcrypt -lutil -lc
    libc=, so=so, useshrplib=false, libperl=libperl.a
    gnulibc_version=''
  Dynamic Linking:
    dlsrc=dl_dlopen.xs, dlext=so, d_dlsymun=undef, ccdlflags=' '
    cccdlflags='-DPIC -fPIC', lddlflags='-shared  -L/usr/local/lib -fstack-protector'


Characteristics of this binary (from libperl): 
  Compile-time options: HAS_TIMES PERLIO_LAYERS PERL_DONT_CREATE_GVSV
                        PERL_HASH_FUNC_ONE_AT_A_TIME_HARD PERL_MALLOC_WRAP
                        PERL_PRESERVE_IVUV PERL_SAWAMPERSAND USE_64_BIT_ALL
                        USE_64_BIT_INT USE_LARGE_FILES USE_LOCALE
                        USE_LOCALE_COLLATE USE_LOCALE_CTYPE
                        USE_LOCALE_NUMERIC USE_PERLIO USE_PERL_ATOF
  Built under freebsd
  Compiled at Apr  4 2015 13:03:15
  %ENV:
    PERL5LIB=""
    PERL5OPT=""
    PERL5_CPANPLUS_IS_RUNNING="56848"
    PERL5_CPAN_IS_RUNNING="56848"
    PERL5_CPAN_IS_RUNNING_IN_RECURSION="23646,56848"
    PERLDOC="-MPod::Perldoc::ToTextOverstrike"
    PERL_BATCH="yes"
    PERL_CANARY_STABILITY_NOPROMPT="1"
    PERL_CPAN_REPORTER_CONFIG="/var/tmp/cpansmoker-1023/2023110409/cpanreporter_000_config.ini"
    PERL_EXTUTILS_AUTOINSTALL="--defaultdeps"
    PERL_USE_UNSAFE_INC="1"
  @INC:
    /usr/perl5.18.4p/lib/site_perl/5.18.4/amd64-freebsd
    /usr/perl5.18.4p/lib/site_perl/5.18.4
    /usr/perl5.18.4p/lib/5.18.4/amd64-freebsd
    /usr/perl5.18.4p/lib/5.18.4
    .