XML-FeedWriter v0.06 Perl 5 v5.18.4 x86_64-linux-ld
- Status
- Fail
- From
- Andreas J. König (ANDK)
- Dist
-
XML-FeedWriter v0.06
- Platform
- Perl 5 v5.18.4 x86_64-linux-ld
- Date
- 2017-12-11 18:23:04
- ID
- 53da28be-dea0-11e7-a59b-bd51a4763c8f
This distribution has been tested as part of the CPAN Testers
project, supporting the Perl programming language. See
http://wiki.cpantesters.org/ for more information or email
questions to cpan-testers-discuss@perl.org
--
Dear Kenichi Ishigaki,
This is a computer-generated report for XML-FeedWriter-0.06
on perl 5.18.4, created by CPAN-Reporter-1.2018.
Thank you for uploading your work to CPAN. However, there was a problem
testing your distribution.
If you think this report is invalid, please consult the CPAN Testers Wiki
for suggestions on how to avoid getting FAIL reports for missing library
or binary dependencies, unsupported operating systems, and so on:
http://wiki.cpantesters.org/wiki/CPANAuthorNotes
Sections of this report:
* Tester comments
* Program output
* Prerequisites
* Environment and other context
------------------------------
TESTER COMMENTS
------------------------------
Additional comments from tester:
this report is from an automated smoke testing program
and was not reviewed by a human for accuracy
------------------------------
PROGRAM OUTPUT
------------------------------
Output from '/usr/bin/make test':
PERL_DL_NONLAZY=1 "/home/sand/src/perl/repoperls/installed-perls/host/k93msid/v5.18.4/2d7c/bin/perl" "-MExtUtils::Command::MM" "-MTest::Harness" "-e" "undef *Test::Harness::Switches; test_harness(0, 'blib/lib', 'blib/arch')" t/*.t
t/00_load.t ......... ok
# Failed test 'item_pubdate'
# at t/lib/XML/FeedWriter/Test/RSS20/Item.pm line 32.
# Structures begin differing at:
# $got->{pubDate} = 'Mon, 7 Jul 2008 09:39:35 +0000'
# $expected->{pubDate} = 'Mon, 07 Jul 2008 09:39:35 -0000'
# Failed test 'item_pubdate_epoch'
# at t/lib/XML/FeedWriter/Test/RSS20/Item.pm line 32.
# Structures begin differing at:
# $got->{pubDate} = 'Mon, 7 Jul 2008 09:39:35 +0000'
# $expected->{pubDate} = 'Mon, 07 Jul 2008 09:39:35 -0000'
# Failed test 'item_pubdate_object'
# at t/lib/XML/FeedWriter/Test/RSS20/Item.pm line 32.
# Structures begin differing at:
# $got->{pubDate} = 'Mon, 7 Jul 2008 09:39:35 +0000'
# $expected->{pubDate} = 'Mon, 07 Jul 2008 09:39:35 -0000'
# Failed test 'item_pubdate_plain_epoch'
# at t/lib/XML/FeedWriter/Test/RSS20/Item.pm line 32.
# Structures begin differing at:
# $got->{pubDate} = 'Mon, 7 Jul 2008 09:39:35 +0000'
# $expected->{pubDate} = 'Mon, 07 Jul 2008 09:39:35 -0000'
# Failed test 'channel_pubdate'
# at t/lib/XML/FeedWriter/Test/RSS20/Channel.pm line 32.
# got: 'Mon, 7 Jul 2008 09:39:35 +0000'
# expected: 'Mon, 07 Jul 2008 09:39:35 -0000'
# Failed test 'channel_pubdate_epoch'
# at t/lib/XML/FeedWriter/Test/RSS20/Channel.pm line 32.
# got: 'Mon, 7 Jul 2008 09:39:35 +0000'
# expected: 'Mon, 07 Jul 2008 09:39:35 -0000'
# Failed test 'channel_pubdate_object'
# at t/lib/XML/FeedWriter/Test/RSS20/Channel.pm line 32.
# got: 'Mon, 7 Jul 2008 09:39:35 +0000'
# expected: 'Mon, 07 Jul 2008 09:39:35 -0000'
# Failed test 'channel_pubdate_plain_epoch'
# at t/lib/XML/FeedWriter/Test/RSS20/Channel.pm line 32.
# got: 'Mon, 7 Jul 2008 09:39:35 +0000'
# expected: 'Mon, 07 Jul 2008 09:39:35 -0000'
# Looks like you failed 8 tests of 42.
t/20_basic.t ........
Dubious, test returned 8 (wstat 2048, 0x800)
Failed 8/42 subtests
t/99_pod.t .......... skipped: set TEST_POD to enable this test
t/99_podcoverage.t .. skipped: set TEST_POD to enable this test
Test Summary Report
-------------------
t/20_basic.t (Wstat: 2048 Tests: 42 Failed: 8)
Failed tests: 11-14, 32-35
Non-zero exit status: 8
Files=4, Tests=45, 4 wallclock secs ( 0.03 usr 0.02 sys + 0.82 cusr 0.18 csys = 1.05 CPU)
Result: FAIL
Failed 1/4 test programs. 8/45 subtests failed.
Makefile:865: recipe for target 'test_dynamic' failed
make: *** [test_dynamic] Error 255
------------------------------
PREREQUISITES
------------------------------
Prerequisite modules loaded:
requires:
Module Need Have
------------------------ ---- --------
Class::Accessor::Fast 0 0.51
Class::Data::Inheritable 0 0.08
DateTime 0 1.44
DateTimeX::Web 0.03 0.08
Encode 0 2.93
Test::Classy 0.03 0.10
Test::More 0.47 1.302119
Test::UseAllModules 0.09 0.17
XML::Writer 0 0.625
build_requires:
Module Need Have
------------------------ ---- --------
ExtUtils::MakeMaker 0 7.30
------------------------------
ENVIRONMENT AND OTHER CONTEXT
------------------------------
Environment variables:
AUTOMATED_TESTING = 1
LANG = en_US.UTF-8
PATH = /home/sand/bin:/usr/local/bin:/usr/bin:/bin:/usr/games:/usr/local/perl/bin:/usr/X11/bin:/sbin:/usr/sbin
PERL5LIB = /tmp/loop_over_bdir-27930-zzTE5l/Test-Classy-0.10-0/blib/arch:/tmp/loop_over_bdir-27930-zzTE5l/Test-Classy-0.10-0/blib/lib:/tmp/loop_over_bdir-27930-zzTE5l/DateTimeX-Web-0.08-0/blib/arch:/tmp/loop_over_bdir-27930-zzTE5l/DateTimeX-Web-0.08-0/blib/lib
PERL5OPT =
PERL5_CPANPLUS_IS_RUNNING = 27939
PERL5_CPAN_IS_RUNNING = 27939
PERL5_CPAN_IS_RUNNING_IN_RECURSION = 1352,27939
PERL_CANARY_STABILITY_NOPROMPT = 1
PERL_MM_USE_DEFAULT = 1
PERL_USE_UNSAFE_INC = 1
SHELL = /usr/bin/zsh
TERM = screen
Perl special variables (and OS-specific diagnostics, for MSWin32):
$^X = /home/sand/src/perl/repoperls/installed-perls/host/k93msid/v5.18.4/2d7c/bin/perl
$UID/$EUID = 1005 / 1005
$GID = 1005 1005
$EGID = 1005 1005
Perl module toolchain versions installed:
Module Have
------------------- --------
CPAN 2.20
CPAN::Meta 2.150010
Cwd 3.62
ExtUtils::CBuilder 0.280230
ExtUtils::Command 7.30
ExtUtils::Install 2.06
ExtUtils::MakeMaker 7.30
ExtUtils::Manifest 1.70
ExtUtils::ParseXS 3.35
File::Spec 3.62
JSON 2.95
JSON::PP 2.96
Module::Build 0.4224
Module::Signature 0.81
Parse::CPAN::Meta 2.150010
Test::Harness 3.39
Test::More 1.302119
YAML 1.24
YAML::Syck 1.30
version 0.9918
--
Summary of my perl5 (revision 5 version 18 subversion 4) configuration:
Derived from: 51202371ba68f3f52f13124a3ea1bc3c171e0ee2
Platform:
osname=linux, osvers=4.12.0-2-amd64, archname=x86_64-linux-ld
uname='linux k93msid 4.12.0-2-amd64 #1 smp debian 4.12.13-1 (2017-09-19) x86_64 gnulinux '
config_args='-Dprefix=/home/sand/src/perl/repoperls/installed-perls/host/k93msid/v5.18.4/2d7c -Dmyhostname=k93msid -Dinstallusrbinperl=n -Uversiononly -Dusedevel -des -Ui_db -Dlibswanted=cl pthread socket inet nsl gdbm dbm malloc dl ld sun m crypt sec util c cposix posix ucb BSD gdbm_compat -Uuseithreads -Duselongdouble -DDEBUGGING=-g'
hint=recommended, useposix=true, d_sigaction=define
useithreads=undef, usemultiplicity=undef
useperlio=define, d_sfio=undef, uselargefiles=define, usesocks=undef
use64bitint=define, use64bitall=define, uselongdouble=define
usemymalloc=n, bincompat5005=undef
Compiler:
cc='cc', ccflags ='-fno-strict-aliasing -pipe -fstack-protector -I/usr/local/include -D_LARGEFILE_SOURCE -D_FILE_OFFSET_BITS=64',
optimize='-O2 -g',
cppflags='-fno-strict-aliasing -pipe -fstack-protector -I/usr/local/include'
ccversion='', gccversion='7.2.0', gccosandvers=''
intsize=4, longsize=8, ptrsize=8, doublesize=8, byteorder=12345678
d_longlong=define, longlongsize=8, d_longdbl=define, longdblsize=16
ivtype='long', ivsize=8, nvtype='long double', nvsize=16, Off_t='off_t', lseeksize=8
alignbytes=16, prototype=define
Linker and Libraries:
ld='cc', ldflags =' -fstack-protector -L/usr/local/lib'
libpth=/usr/local/lib /lib/x86_64-linux-gnu /lib/../lib /usr/lib/x86_64-linux-gnu /usr/lib/../lib /lib /usr/lib
libs=-lpthread -lnsl -ldl -lm -lcrypt -lutil -lc
perllibs=-lpthread -lnsl -ldl -lm -lcrypt -lutil -lc
libc=libc-2.24.so, so=so, useshrplib=false, libperl=libperl.a
gnulibc_version='2.24'
Dynamic Linking:
dlsrc=dl_dlopen.xs, dlext=so, d_dlsymun=undef, ccdlflags='-Wl,-E'
cccdlflags='-fPIC', lddlflags='-shared -O2 -g -L/usr/local/lib -fstack-protector'
Characteristics of this binary (from libperl):
Compile-time options: HAS_TIMES PERLIO_LAYERS PERL_DONT_CREATE_GVSV
PERL_HASH_FUNC_ONE_AT_A_TIME_HARD PERL_MALLOC_WRAP
PERL_PRESERVE_IVUV PERL_SAWAMPERSAND PERL_USE_DEVEL
USE_64_BIT_ALL USE_64_BIT_INT USE_LARGE_FILES
USE_LOCALE USE_LOCALE_COLLATE USE_LOCALE_CTYPE
USE_LOCALE_NUMERIC USE_LONG_DOUBLE USE_PERLIO
USE_PERL_ATOF
Locally applied patches:
uncommitted-changes
Built under linux
Compiled at Oct 3 2017 19:53:19
%ENV:
PERL5LIB="/tmp/loop_over_bdir-27930-zzTE5l/Test-Classy-0.10-0/blib/arch:/tmp/loop_over_bdir-27930-zzTE5l/Test-Classy-0.10-0/blib/lib:/tmp/loop_over_bdir-27930-zzTE5l/DateTimeX-Web-0.08-0/blib/arch:/tmp/loop_over_bdir-27930-zzTE5l/DateTimeX-Web-0.08-0/blib/lib"
PERL5OPT=""
PERL5_CPANPLUS_IS_RUNNING="27939"
PERL5_CPAN_IS_RUNNING="27939"
PERL5_CPAN_IS_RUNNING_IN_RECURSION="1352,27939"
PERL_CANARY_STABILITY_NOPROMPT="1"
PERL_MM_USE_DEFAULT="1"
PERL_USE_UNSAFE_INC="1"
@INC:
/tmp/loop_over_bdir-27930-zzTE5l/Test-Classy-0.10-0/blib/arch
/tmp/loop_over_bdir-27930-zzTE5l/Test-Classy-0.10-0/blib/lib
/tmp/loop_over_bdir-27930-zzTE5l/DateTimeX-Web-0.08-0/blib/arch
/tmp/loop_over_bdir-27930-zzTE5l/DateTimeX-Web-0.08-0/blib/lib
/home/sand/src/perl/repoperls/installed-perls/host/k93msid/v5.18.4/2d7c/lib/site_perl/5.18.4/x86_64-linux-ld
/home/sand/src/perl/repoperls/installed-perls/host/k93msid/v5.18.4/2d7c/lib/site_perl/5.18.4
/home/sand/src/perl/repoperls/installed-perls/host/k93msid/v5.18.4/2d7c/lib/5.18.4/x86_64-linux-ld
/home/sand/src/perl/repoperls/installed-perls/host/k93msid/v5.18.4/2d7c/lib/5.18.4
.