Test-Unit v0.25 Perl 5 v5.24.3 x86_64-linux-thread-multi
- Status
- Fail
- From
- David Cantrell (DCANTRELL)
- Dist
-
Test-Unit v0.25
- Platform
- Perl 5 v5.24.3 x86_64-linux-thread-multi
- Date
- 2018-07-06 12:23:01
- ID
- 536680ac-8117-11e8-9a99-63e07247484a
This distribution has been tested as part of the CPAN Testers
project, supporting the Perl programming language. See
http://wiki.cpantesters.org/ for more information or email
questions to cpan-testers-discuss@perl.org
--
Dear Matthew Astley,
This is a computer-generated report for Test-Unit-0.25
on perl 5.24.3, created by CPAN-Reporter-1.2018.
Thank you for uploading your work to CPAN. However, there was a problem
testing your distribution.
If you think this report is invalid, please consult the CPAN Testers Wiki
for suggestions on how to avoid getting FAIL reports for missing library
or binary dependencies, unsupported operating systems, and so on:
http://wiki.cpantesters.org/wiki/CPANAuthorNotes
Sections of this report:
* Tester comments
* Program output
* Prerequisites
* Environment and other context
------------------------------
TESTER COMMENTS
------------------------------
Additional comments from tester:
this report is from an automated smoke testing program
and was not reviewed by a human for accuracy
------------------------------
PROGRAM OUTPUT
------------------------------
Output from '/usr/bin/make test':
PERL_DL_NONLAZY=1 "/home/david/cpantesting/perl-5.24.3/bin/perl" "-MExtUtils::Command::MM" "-MTest::Harness" "-e" "undef *Test::Harness::Switches; test_harness(0, 'blib/lib', 'blib/arch')" t/*.t
Can't use 'defined(@array)' (Maybe you should just omit the defined()?) at /home/david/cpantesting/perl-5.24.3/.cpan/build/Test-Unit-0.25-DrIWS2/blib/lib/Test/Unit/TestCase.pm line 106.
Compilation failed in require at /home/david/cpantesting/perl-5.24.3/.cpan/build/Test-Unit-0.25-DrIWS2/blib/lib/Test/Unit/TestSuite.pm line 15.
BEGIN failed--compilation aborted at /home/david/cpantesting/perl-5.24.3/.cpan/build/Test-Unit-0.25-DrIWS2/blib/lib/Test/Unit/TestSuite.pm line 15.
Compilation failed in require at /home/david/cpantesting/perl-5.24.3/.cpan/build/Test-Unit-0.25-DrIWS2/blib/lib/Test/Unit/Loader.pm line 7.
BEGIN failed--compilation aborted at /home/david/cpantesting/perl-5.24.3/.cpan/build/Test-Unit-0.25-DrIWS2/blib/lib/Test/Unit/Loader.pm line 7.
Compilation failed in require at /home/david/cpantesting/perl-5.24.3/.cpan/build/Test-Unit-0.25-DrIWS2/blib/lib/Test/Unit/Listener.pm line 2.
BEGIN failed--compilation aborted at /home/david/cpantesting/perl-5.24.3/.cpan/build/Test-Unit-0.25-DrIWS2/blib/lib/Test/Unit/Listener.pm line 2.
Compilation failed in require at /home/david/cpantesting/perl-5.24.3/lib/5.24.3/base.pm line 138.
...propagated at /home/david/cpantesting/perl-5.24.3/lib/5.24.3/base.pm line 160.
BEGIN failed--compilation aborted at /home/david/cpantesting/perl-5.24.3/.cpan/build/Test-Unit-0.25-DrIWS2/blib/lib/Test/Unit/Runner.pm line 25.
Compilation failed in require at /home/david/cpantesting/perl-5.24.3/lib/5.24.3/base.pm line 138.
...propagated at /home/david/cpantesting/perl-5.24.3/lib/5.24.3/base.pm line 160.
BEGIN failed--compilation aborted at /home/david/cpantesting/perl-5.24.3/.cpan/build/Test-Unit-0.25-DrIWS2/blib/lib/Test/Unit/HarnessUnit.pm line 6.
Compilation failed in require at t/all_tests.t line 6.
BEGIN failed--compilation aborted at t/all_tests.t line 6.
t/all_tests.t .....
Dubious, test returned 255 (wstat 65280, 0xff00)
No subtests run
Can't use 'defined(@array)' (Maybe you should just omit the defined()?) at /home/david/cpantesting/perl-5.24.3/.cpan/build/Test-Unit-0.25-DrIWS2/blib/lib/Test/Unit/TestCase.pm line 106.
Compilation failed in require at /home/david/cpantesting/perl-5.24.3/.cpan/build/Test-Unit-0.25-DrIWS2/blib/lib/Test/Unit/TestSuite.pm line 15.
BEGIN failed--compilation aborted at /home/david/cpantesting/perl-5.24.3/.cpan/build/Test-Unit-0.25-DrIWS2/blib/lib/Test/Unit/TestSuite.pm line 15.
Compilation failed in require at /home/david/cpantesting/perl-5.24.3/.cpan/build/Test-Unit-0.25-DrIWS2/blib/lib/Test/Unit/Loader.pm line 7.
BEGIN failed--compilation aborted at /home/david/cpantesting/perl-5.24.3/.cpan/build/Test-Unit-0.25-DrIWS2/blib/lib/Test/Unit/Loader.pm line 7.
Compilation failed in require at /home/david/cpantesting/perl-5.24.3/.cpan/build/Test-Unit-0.25-DrIWS2/blib/lib/Test/Unit/Listener.pm line 2.
BEGIN failed--compilation aborted at /home/david/cpantesting/perl-5.24.3/.cpan/build/Test-Unit-0.25-DrIWS2/blib/lib/Test/Unit/Listener.pm line 2.
Compilation failed in require at /home/david/cpantesting/perl-5.24.3/lib/5.24.3/base.pm line 138.
...propagated at /home/david/cpantesting/perl-5.24.3/lib/5.24.3/base.pm line 160.
BEGIN failed--compilation aborted at /home/david/cpantesting/perl-5.24.3/.cpan/build/Test-Unit-0.25-DrIWS2/blib/lib/Test/Unit/Runner.pm line 25.
Compilation failed in require at /home/david/cpantesting/perl-5.24.3/lib/5.24.3/base.pm line 138.
...propagated at /home/david/cpantesting/perl-5.24.3/lib/5.24.3/base.pm line 160.
BEGIN failed--compilation aborted at /home/david/cpantesting/perl-5.24.3/.cpan/build/Test-Unit-0.25-DrIWS2/blib/lib/Test/Unit/HarnessUnit.pm line 6.
Compilation failed in require at t/assert.t line 5.
BEGIN failed--compilation aborted at t/assert.t line 5.
t/assert.t ........
Dubious, test returned 255 (wstat 65280, 0xff00)
No subtests run
# Test 1 got: "Can't use 'defined(@array)' (Maybe you should just omit the defined()?) at /home/david/cpantesting/perl-5.24.3/.cpan/build/Test-Unit-0.25-DrIWS2/blib/lib/Test/Unit/TestCase.pm line 106.\n# Compilation failed in require at /home/david/cpantesting/perl-5.24.3/.cpan/build/Test-Unit-0.25-DrIWS2/blib/lib/Test/Unit/TestSuite.pm line 15.\n# BEGIN failed--compilation aborted at /home/david/cpantesting/perl-5.24.3/.cpan/build/Test-Unit-0.25-DrIWS2/blib/lib/Test/Unit/TestSuite.pm line 15.\n# Compilation failed in require at /home/david/cpantesting/perl-5.24.3/.cpan/build/Test-Unit-0.25-DrIWS2/blib/lib/Test/Unit/Loader.pm line 7.\n# BEGIN failed--compilation aborted at /home/david/cpantesting/perl-5.24.3/.cpan/build/Test-Unit-0.25-DrIWS2/blib/lib/Test/Unit/Loader.pm line 7.\n# Compilation failed in require at /home/david/cpantesting/perl-5.24.3/.cpan/build/Test-Unit-0.25-DrIWS2/blib/lib/Test/Unit/Listener.pm line 2.\n# BEGIN failed--compilation aborted at /home/david/cpantesting/perl-5.24.3/.cpan/build/Test-Unit-0.25-DrIWS2/blib/lib/Test/Unit/Listener.pm line 2.\n# Compilation failed in require at /home/david/cpantesting/perl-5.24.3/lib/5.24.3/base.pm line 138.\n# \t...propagated at /home/david/cpantesting/perl-5.24.3/lib/5.24.3/base.pm line 160.\n# BEGIN failed--compilation aborted at /home/david/cpantesting/perl-5.24.3/.cpan/build/Test-Unit-0.25-DrIWS2/blib/lib/Test/Unit/Runner.pm line 25.\n# Compilation failed in require at /home/david/cpantesting/perl-5.24.3/lib/5.24.3/base.pm line 138.\n# \t...propagated at /home/david/cpantesting/perl-5.24.3/lib/5.24.3/base.pm line 160.\n# BEGIN failed--compilation aborted at /home/david/cpantesting/perl-5.24.3/.cpan/build/Test-Unit-0.25-DrIWS2/blib/lib/Test/Unit/TestRunner.pm line 4.\n# Compilation failed in require at ./TestRunner.pl line 6.\n# BEGIN failed--compilation aborted at ./TestRunner.pl line 6.\n# " (t/try_examples.t at line 106)
# Expected: "Suite setup\n# TEST-RUN-SUMMARY\n# \n# TIME-SUMMARY\n# \n# !!!FAILURES!!!\n# Test Results:\n# Run: 2, Failures: 1, Errors: 0\n# \n# There was 1 failure:\n# 1) examples/fail_example.pm:19 - test_fail(fail_example)\n# Born to lose ...\n# \n# Test was not successful.\n# "
# (Install the Algorithm::Diff module to have differences in multiline
# output explained. You might also set the PERL_TEST_DIFF environment
# variable to run a diff program on the output.)
# t/try_examples.t line 106 is: ok($out, $guru_checked{$e});
# Test 2 got: "Can't use 'defined(@array)' (Maybe you should just omit the defined()?) at /home/david/cpantesting/perl-5.24.3/.cpan/build/Test-Unit-0.25-DrIWS2/blib/lib/Test/Unit/TestCase.pm line 106.\n# Compilation failed in require at /home/david/cpantesting/perl-5.24.3/.cpan/build/Test-Unit-0.25-DrIWS2/blib/lib/Test/Unit/TestSuite.pm line 15.\n# BEGIN failed--compilation aborted at /home/david/cpantesting/perl-5.24.3/.cpan/build/Test-Unit-0.25-DrIWS2/blib/lib/Test/Unit/TestSuite.pm line 15.\n# Compilation failed in require at /home/david/cpantesting/perl-5.24.3/.cpan/build/Test-Unit-0.25-DrIWS2/blib/lib/Test/Unit/Procedural.pm line 5.\n# BEGIN failed--compilation aborted at /home/david/cpantesting/perl-5.24.3/.cpan/build/Test-Unit-0.25-DrIWS2/blib/lib/Test/Unit/Procedural.pm line 5.\n# Compilation failed in require at examples/patch100132 line 6.\n# BEGIN failed--compilation aborted at examples/patch100132 line 6.\n# " (t/try_examples.t at line 106 fail #2)
# Expected: "...\n# TIME-SUMMARY\n# \n# OK (3 tests)\n# "
# Test 3 got: "Can't use 'defined(@array)' (Maybe you should just omit the defined()?) at /home/david/cpantesting/perl-5.24.3/.cpan/build/Test-Unit-0.25-DrIWS2/blib/lib/Test/Unit/TestCase.pm line 106.\n# Compilation failed in require at /home/david/cpantesting/perl-5.24.3/.cpan/build/Test-Unit-0.25-DrIWS2/blib/lib/Test/Unit/TestSuite.pm line 15.\n# BEGIN failed--compilation aborted at /home/david/cpantesting/perl-5.24.3/.cpan/build/Test-Unit-0.25-DrIWS2/blib/lib/Test/Unit/TestSuite.pm line 15.\n# Compilation failed in require at /home/david/cpantesting/perl-5.24.3/.cpan/build/Test-Unit-0.25-DrIWS2/blib/lib/Test/Unit/Procedural.pm line 5.\n# BEGIN failed--compilation aborted at /home/david/cpantesting/perl-5.24.3/.cpan/build/Test-Unit-0.25-DrIWS2/blib/lib/Test/Unit/Procedural.pm line 5.\n# Compilation failed in require at examples/patch100132-1 line 6.\n# BEGIN failed--compilation aborted at examples/patch100132-1 line 6.\n# " (t/try_examples.t at line 106 fail #3)
# Expected: "...\n# TIME-SUMMARY\n# \n# OK (3 tests)\n# "
# Test 4 got: "Can't use 'defined(@array)' (Maybe you should just omit the defined()?) at /home/david/cpantesting/perl-5.24.3/.cpan/build/Test-Unit-0.25-DrIWS2/blib/lib/Test/Unit/TestCase.pm line 106.\n# Compilation failed in require at /home/david/cpantesting/perl-5.24.3/.cpan/build/Test-Unit-0.25-DrIWS2/blib/lib/Test/Unit/TestSuite.pm line 15.\n# BEGIN failed--compilation aborted at /home/david/cpantesting/perl-5.24.3/.cpan/build/Test-Unit-0.25-DrIWS2/blib/lib/Test/Unit/TestSuite.pm line 15.\n# Compilation failed in require at /home/david/cpantesting/perl-5.24.3/.cpan/build/Test-Unit-0.25-DrIWS2/blib/lib/Test/Unit/Procedural.pm line 5.\n# BEGIN failed--compilation aborted at /home/david/cpantesting/perl-5.24.3/.cpan/build/Test-Unit-0.25-DrIWS2/blib/lib/Test/Unit/Procedural.pm line 5.\n# Compilation failed in require at examples/patch100132-2 line 6.\n# BEGIN failed--compilation aborted at examples/patch100132-2 line 6.\n# " (t/try_examples.t at line 106 fail #4)
# Expected: "...\n# TIME-SUMMARY\n# \n# OK (3 tests)\n# "
t/try_examples.t ..
Failed 4/4 subtests
Test Summary Report
-------------------
t/all_tests.t (Wstat: 65280 Tests: 0 Failed: 0)
Non-zero exit status: 255
Parse errors: No plan found in TAP output
t/assert.t (Wstat: 65280 Tests: 0 Failed: 0)
Non-zero exit status: 255
Parse errors: No plan found in TAP output
t/try_examples.t (Wstat: 0 Tests: 4 Failed: 4)
Failed tests: 1-4
Files=3, Tests=4, 2 wallclock secs ( 0.01 usr 0.01 sys + 0.16 cusr 0.01 csys = 0.19 CPU)
Result: FAIL
Failed 3/3 test programs. 4/4 subtests failed.
Makefile:1010: recipe for target 'test_dynamic' failed
make: *** [test_dynamic] Error 255
------------------------------
PREREQUISITES
------------------------------
Prerequisite modules loaded:
requires:
Module Need Have
------------------- ---- --------
base 1 2.23_01
Class::Inner 0 0.200001
Devel::Symdump 0 2.18
Error 0 0.17026
build_requires:
Module Need Have
------------------- ---- --------
ExtUtils::MakeMaker 0 7.10_02
------------------------------
ENVIRONMENT AND OTHER CONTEXT
------------------------------
Environment variables:
AUTOMATED_TESTING = 1
NONINTERACTIVE_TESTING = 1
PATH = /usr/local/bin:/usr/bin:/bin:/usr/local/games:/usr/games
PERL = 5.24.3
PERL5LIB =
PERL5OPT =
PERL5_CPANPLUS_IS_RUNNING = 8854
PERL5_CPAN_IS_RUNNING = 8854
PERLVER = 5.24.3
PERL_INLINE_DIRECTORY = /home/david/.Inline-5.24.3
PERL_MM_USE_DEFAULT = 1
PERL_USE_UNSAFE_INC = 0
SHELL = /bin/bash
TERM = screen
Perl special variables (and OS-specific diagnostics, for MSWin32):
$^X = /home/david/cpantesting/perl-5.24.3/bin/perl
$UID/$EUID = 1000 / 1000
$GID = 1000 1000
$EGID = 1000 1000
Perl module toolchain versions installed:
Module Have
------------------- ----------
CPAN 2.11_01
CPAN::Meta 2.150005
Cwd 3.63_01
ExtUtils::CBuilder 0.280225
ExtUtils::Command 7.10_02
ExtUtils::Install 2.04
ExtUtils::MakeMaker 7.10_02
ExtUtils::Manifest 1.70
ExtUtils::ParseXS 3.31
File::Spec 3.63_01
JSON n/a
JSON::PP 2.27300_01
Module::Build 0.4224
Module::Signature n/a
Parse::CPAN::Meta 1.4417_001
Test::Harness 3.36_01
Test::More 1.001014
YAML n/a
YAML::Syck n/a
version 0.9916
--
Summary of my perl5 (revision 5 version 24 subversion 3) configuration:
Platform:
osname=linux, osvers=3.16.0-4-amd64, archname=x86_64-linux-thread-multi
uname='linux pigsty.barnyard.co.uk 3.16.0-4-amd64 #1 smp debian 3.16.36-1+deb8u1 (2016-09-03) x86_64 gnulinux '
config_args='-de -Duse64bitall -Dusethreads -Dprefix=/home/david/cpantesting/perl-5.24.3'
hint=recommended, useposix=true, d_sigaction=define
useithreads=define, usemultiplicity=define
use64bitint=define, use64bitall=define, uselongdouble=undef
usemymalloc=n, bincompat5005=undef
Compiler:
cc='cc', ccflags ='-D_REENTRANT -D_GNU_SOURCE -fwrapv -fno-strict-aliasing -pipe -fstack-protector-strong -I/usr/local/include -D_LARGEFILE_SOURCE -D_FILE_OFFSET_BITS=64 -D_FORTIFY_SOURCE=2',
optimize='-O2',
cppflags='-D_REENTRANT -D_GNU_SOURCE -fwrapv -fno-strict-aliasing -pipe -fstack-protector-strong -I/usr/local/include'
ccversion='', gccversion='4.9.2', gccosandvers=''
intsize=4, longsize=8, ptrsize=8, doublesize=8, byteorder=12345678, doublekind=3
d_longlong=define, longlongsize=8, d_longdbl=define, longdblsize=16, longdblkind=3
ivtype='long', ivsize=8, nvtype='double', nvsize=8, Off_t='off_t', lseeksize=8
alignbytes=8, prototype=define
Linker and Libraries:
ld='cc', ldflags =' -fstack-protector-strong -L/usr/local/lib'
libpth=/usr/local/lib /usr/lib/gcc/x86_64-linux-gnu/4.9/include-fixed /usr/include/x86_64-linux-gnu /usr/lib /lib/x86_64-linux-gnu /lib/../lib /usr/lib/x86_64-linux-gnu /usr/lib/../lib /lib
libs=-lpthread -lnsl -ldb -ldl -lm -lcrypt -lutil -lc
perllibs=-lpthread -lnsl -ldl -lm -lcrypt -lutil -lc
libc=libc-2.19.so, so=so, useshrplib=false, libperl=libperl.a
gnulibc_version='2.19'
Dynamic Linking:
dlsrc=dl_dlopen.xs, dlext=so, d_dlsymun=undef, ccdlflags='-Wl,-E'
cccdlflags='-fPIC', lddlflags='-shared -O2 -L/usr/local/lib -fstack-protector-strong'
Characteristics of this binary (from libperl):
Compile-time options: HAS_TIMES MULTIPLICITY PERLIO_LAYERS
PERL_COPY_ON_WRITE PERL_DONT_CREATE_GVSV
PERL_HASH_FUNC_ONE_AT_A_TIME_HARD
PERL_IMPLICIT_CONTEXT PERL_MALLOC_WRAP
PERL_PRESERVE_IVUV USE_64_BIT_ALL USE_64_BIT_INT
USE_ITHREADS USE_LARGE_FILES USE_LOCALE
USE_LOCALE_COLLATE USE_LOCALE_CTYPE
USE_LOCALE_NUMERIC USE_LOCALE_TIME USE_PERLIO
USE_PERL_ATOF USE_REENTRANT_API
Built under linux
Compiled at Sep 26 2017 16:23:50
%ENV:
PERL="5.24.3"
PERL5LIB=""
PERL5OPT=""
PERL5_CPANPLUS_IS_RUNNING="8854"
PERL5_CPAN_IS_RUNNING="8854"
PERLVER="5.24.3"
PERL_INLINE_DIRECTORY="/home/david/.Inline-5.24.3"
PERL_MM_USE_DEFAULT="1"
PERL_USE_UNSAFE_INC="0"
@INC:
/home/david/cpantesting/perl-5.24.3/lib/site_perl/5.24.3/x86_64-linux-thread-multi
/home/david/cpantesting/perl-5.24.3/lib/site_perl/5.24.3
/home/david/cpantesting/perl-5.24.3/lib/5.24.3/x86_64-linux-thread-multi
/home/david/cpantesting/perl-5.24.3/lib/5.24.3
.