Dpkg v1.22.5 Perl 5 v5.36.3 amd64-freebsd-thread-multi
- Status
- Fail
- From
- Slaven Rezić
- Dist
-
Dpkg v1.22.5
- Platform
- Perl 5 v5.36.3 amd64-freebsd-thread-multi
- Date
- 2024-02-27 06:13:29
- ID
- 53272824-d537-11ee-a75c-e3d56d8775ea
This distribution has been tested as part of the CPAN Testers
project, supporting the Perl programming language. See
http://wiki.cpantesters.org/ for more information or email
questions to cpan-testers-discuss@perl.org
--
Dear Guillem Jover,
This is a computer-generated report for Dpkg-1.22.5
on perl 5.36.3, created by CPAN-Reporter-1.2018.
Thank you for uploading your work to CPAN. However, there was a problem
testing your distribution.
If you think this report is invalid, please consult the CPAN Testers Wiki
for suggestions on how to avoid getting FAIL reports for missing library
or binary dependencies, unsupported operating systems, and so on:
http://wiki.cpantesters.org/wiki/CPANAuthorNotes
Sections of this report:
* Tester comments
* Program output
* Prerequisites
* Environment and other context
------------------------------
TESTER COMMENTS
------------------------------
Additional comments from tester:
none provided
------------------------------
PROGRAM OUTPUT
------------------------------
Output from './Build test':
t/Dpkg_Arch.t ................ ok
t/Dpkg_BuildAPI.t ............ ok
t/Dpkg_BuildEnv.t ............ ok
t/Dpkg_BuildFlags.t .......... ok
t/Dpkg_BuildFlags_Ubuntu.t ... ok
t/Dpkg_BuildInfo.t ........... ok
t/Dpkg_BuildOptions.t ........ ok
t/Dpkg_BuildProfiles.t ....... ok
t/Dpkg_BuildTree.t ........... ok
t/Dpkg_BuildTypes.t .......... ok
t/Dpkg_Changelog.t ........... ok
t/Dpkg_Changelog_Ubuntu.t .... ok
t/Dpkg_Checksums.t ........... ok
t/Dpkg_Compression.t ......... ok
t/Dpkg_Conf.t ................ ok
t/Dpkg_Control.t ............. ok
t/Dpkg_Control_Fields.t ...... ok
t/Dpkg_Control_Tests.t ....... ok
t/Dpkg_Deps.t ................ ok
t/Dpkg_Dist_Files.t .......... ok
t/Dpkg_ErrorHandling.t ....... ok
t/Dpkg_Exit.t ................ ok
t/Dpkg_File.t ................ ok
t/Dpkg_Getopt.t .............. ok
t/Dpkg_Gettext.t ............. ok
t/Dpkg_IPC.t ................. ok
t/Dpkg_Index.t ............... ok
t/Dpkg_Interface_Storable.t .. ok
t/Dpkg_Lock.t ................ ok
# Failed test '(auto:auto) dearmoring OpenPGP ASCII Armored certificate'
# at t/Dpkg_OpenPGP.t line 67.
# Failed test '(auto:auto) armoring OpenPGP binary certificate'
# at t/Dpkg_OpenPGP.t line 69.
diff: t.tmp/Dpkg_OpenPGP/dpkg-test-pub.asc: No such file or directory
# Failed test '(auto:auto) OpenPGP certificate dearmor/armor round-trip correctly (t/Dpkg_OpenPGP/dpkg-test-pub.asc vs t.tmp/Dpkg_OpenPGP/dpkg-test-pub.asc)'
# at t/Dpkg_OpenPGP.t line 54.
# Failed test '(auto:auto) armoring OpenPGP binary signature succeeded'
# at t/Dpkg_OpenPGP.t line 74.
# Failed test '(auto:auto) armoring OpenPGP armored signature succeeded'
# at t/Dpkg_OpenPGP.t line 78.
diff: t.tmp/Dpkg_OpenPGP/sign-file-rearmor.asc: No such file or directory
# Failed test '(auto:auto) rearmoring OpenPGP ASCII Armor changed the file (t/Dpkg_OpenPGP/sign-file.asc vs t.tmp/Dpkg_OpenPGP/sign-file-rearmor.asc)'
# at t/Dpkg_OpenPGP.t line 54.
# Failed test '(auto:auto) dearmoring OpenPGP armored signature succeeded'
# at t/Dpkg_OpenPGP.t line 83.
diff: t.tmp/Dpkg_OpenPGP/sign-file.sig: No such file or directory
# Failed test '(auto:auto) dearmored OpenPGP ASCII Armor signature matches (t/Dpkg_OpenPGP/sign-file.sig vs t.tmp/Dpkg_OpenPGP/sign-file.sig)'
# at t/Dpkg_OpenPGP.t line 54.
# Failed test '(auto:auto) verify OpenPGP ASCII Armor inline signature'
# at t/Dpkg_OpenPGP.t line 90.
# Failed test '(auto:auto) verify OpenPGP binary inline signature'
# at t/Dpkg_OpenPGP.t line 92.
# Failed test '(auto:auto) verify OpenPGP ASCII Armor detached signature'
# at t/Dpkg_OpenPGP.t line 95.
# Failed test '(auto:auto) verify OpenPGP binary detached signature'
# at t/Dpkg_OpenPGP.t line 97.
gpgv: Signature made Sun Nov 6 18:27:38 2022 UTC using ? key ID 8E744A1D
gpgv: Can't check signature: unknown pubkey algorithm
# Failed test '(gpg:gpg) verify OpenPGP ASCII Armor inline signature'
# at t/Dpkg_OpenPGP.t line 90.
gpgv: Signature made Sun Nov 6 18:26:45 2022 UTC using ? key ID 8E744A1D
gpgv: Can't check signature: unknown pubkey algorithm
# Failed test '(gpg:gpg) verify OpenPGP binary inline signature'
# at t/Dpkg_OpenPGP.t line 92.
gpgv: Signature made Sun Nov 6 18:23:54 2022 UTC using ? key ID 8E744A1D
gpgv: Can't check signature: unknown pubkey algorithm
# Failed test '(gpg:gpg) verify OpenPGP ASCII Armor detached signature'
# at t/Dpkg_OpenPGP.t line 95.
gpgv: Signature made Sun Nov 6 18:25:09 2022 UTC using ? key ID 8E744A1D
gpgv: Can't check signature: unknown pubkey algorithm
# Failed test '(gpg:gpg) verify OpenPGP binary detached signature'
# at t/Dpkg_OpenPGP.t line 97.
# Looks like you failed 16 tests of 32.
t/Dpkg_OpenPGP.t .............
Dubious, test returned 16 (wstat 4096, 0x1000)
Failed 16/32 subtests
(less 4 skipped subtests: 12 okay)
t/Dpkg_OpenPGP_KeyHandle.t ... ok
t/Dpkg_Package.t ............. ok
t/Dpkg_Path.t ................ ok
t/Dpkg_Shlibs.t .............. ok
# Failed test 'mass c++ demangling (1x10)'
# at t/Dpkg_Shlibs_Cppfilt.t line 88.
# got: '00000000002f40a0 w DO .data.rel.ro 0000000000000020 GLIBCXX_3.4 VTT for std::basic_ifstream<wchar_t, std::char_traits<wchar_t>>'
# expected: '00000000002f40a0 w DO .data.rel.ro 0000000000000020 GLIBCXX_3.4 VTT for std::basic_ifstream<wchar_t, std::char_traits<wchar_t> >'
# Failed test 'mass c++ demangling (1x12)'
# at t/Dpkg_Shlibs_Cppfilt.t line 88.
# got: '00000000000bdc20 w DF .text 0000000000000024 GLIBCXX_3.4 std::basic_string<wchar_t, std::char_traits<wchar_t>, std::allocator<wchar_t>>::basic_string(wchar_t const*, unsigned long, std::allocator<wchar_t> const&)'
# expected: '00000000000bdc20 w DF .text 0000000000000024 GLIBCXX_3.4 std::basic_string<wchar_t, std::char_traits<wchar_t>, std::allocator<wchar_t> >::basic_string(wchar_t const*, unsigned long, std::allocator<wchar_t> const&)'
# Failed test 'mass c++ demangling (1x14)'
# at t/Dpkg_Shlibs_Cppfilt.t line 88.
# got: '00000000000898b0 w DF .text 0000000000000255 GLIBCXX_3.4 std::time_put<char, std::ostreambuf_iterator<char, std::char_traits<char>>>::put(std::ostreambuf_iterator<char, std::char_traits<char>>, std::ios_base&, char, tm const*, char const*, char const*) const'
# expected: '00000000000898b0 w DF .text 0000000000000255 GLIBCXX_3.4 std::time_put<char, std::ostreambuf_iterator<char, std::char_traits<char> > >::put(std::ostreambuf_iterator<char, std::char_traits<char> >, std::ios_base&, char, tm const*, char const*, char const*) const'
# Failed test 'mass c++ demangling (1x16)'
# at t/Dpkg_Shlibs_Cppfilt.t line 88.
# got: '00000000000666a0 g DF .text 000000000000003f std::tr1::hash<std::basic_string<wchar_t, std::char_traits<wchar_t>, std::allocator<wchar_t>> const&>::operator()(std::basic_string<wchar_t, std::char_traits<wchar_t>, std::allocator<wchar_t>> const&) const@GLIBCXX_3.4.10'
# expected: '00000000000666a0 g DF .text 000000000000003f std::tr1::hash<std::basic_string<wchar_t, std::char_traits<wchar_t>, std::allocator<wchar_t> > const&>::operator()(std::basic_string<wchar_t, std::char_traits<wchar_t>, std::allocator<wchar_t> > const&) const@GLIBCXX_3.4.10'
# Failed test 'mass c++ demangling (1x17)'
# at t/Dpkg_Shlibs_Cppfilt.t line 88.
# got: '00000000002f6160 w DO .data.rel.ro 0000000000000050 VTT for std::basic_stringstream<char, std::char_traits<char>, std::allocator<char>>@GLIBCXX_3.4'
# expected: '00000000002f6160 w DO .data.rel.ro 0000000000000050 VTT for std::basic_stringstream<char, std::char_traits<char>, std::allocator<char> >@GLIBCXX_3.4'
# Failed test 'mass c++ demangling (2x10)'
# at t/Dpkg_Shlibs_Cppfilt.t line 88.
# got: '00000000002f40a0 w DO .data.rel.ro 0000000000000020 GLIBCXX_3.4 VTT for std::basic_ifstream<wchar_t, std::char_traits<wchar_t>>'
# expected: '00000000002f40a0 w DO .data.rel.ro 0000000000000020 GLIBCXX_3.4 VTT for std::basic_ifstream<wchar_t, std::char_traits<wchar_t> >'
# Failed test 'mass c++ demangling (2x12)'
# at t/Dpkg_Shlibs_Cppfilt.t line 88.
# got: '00000000000bdc20 w DF .text 0000000000000024 GLIBCXX_3.4 std::basic_string<wchar_t, std::char_traits<wchar_t>, std::allocator<wchar_t>>::basic_string(wchar_t const*, unsigned long, std::allocator<wchar_t> const&)'
# expected: '00000000000bdc20 w DF .text 0000000000000024 GLIBCXX_3.4 std::basic_string<wchar_t, std::char_traits<wchar_t>, std::allocator<wchar_t> >::basic_string(wchar_t const*, unsigned long, std::allocator<wchar_t> const&)'
# Failed test 'mass c++ demangling (2x14)'
# at t/Dpkg_Shlibs_Cppfilt.t line 88.
# got: '00000000000898b0 w DF .text 0000000000000255 GLIBCXX_3.4 std::time_put<char, std::ostreambuf_iterator<char, std::char_traits<char>>>::put(std::ostreambuf_iterator<char, std::char_traits<char>>, std::ios_base&, char, tm const*, char const*, char const*) const'
# expected: '00000000000898b0 w DF .text 0000000000000255 GLIBCXX_3.4 std::time_put<char, std::ostreambuf_iterator<char, std::char_traits<char> > >::put(std::ostreambuf_iterator<char, std::char_traits<char> >, std::ios_base&, char, tm const*, char const*, char const*) const'
# Failed test 'mass c++ demangling (2x16)'
# at t/Dpkg_Shlibs_Cppfilt.t line 88.
# got: '00000000000666a0 g DF .text 000000000000003f std::tr1::hash<std::basic_string<wchar_t, std::char_traits<wchar_t>, std::allocator<wchar_t>> const&>::operator()(std::basic_string<wchar_t, std::char_traits<wchar_t>, std::allocator<wchar_t>> const&) const@GLIBCXX_3.4.10'
# expected: '00000000000666a0 g DF .text 000000000000003f std::tr1::hash<std::basic_string<wchar_t, std::char_traits<wchar_t>, std::allocator<wchar_t> > const&>::operator()(std::basic_string<wchar_t, std::char_traits<wchar_t>, std::allocator<wchar_t> > const&) const@GLIBCXX_3.4.10'
# Failed test 'mass c++ demangling (2x17)'
# at t/Dpkg_Shlibs_Cppfilt.t line 88.
# got: '00000000002f6160 w DO .data.rel.ro 0000000000000050 VTT for std::basic_stringstream<char, std::char_traits<char>, std::allocator<char>>@GLIBCXX_3.4'
# expected: '00000000002f6160 w DO .data.rel.ro 0000000000000050 VTT for std::basic_stringstream<char, std::char_traits<char>, std::allocator<char> >@GLIBCXX_3.4'
# Failed test 'mass c++ demangling (3x10)'
# at t/Dpkg_Shlibs_Cppfilt.t line 88.
# got: '00000000002f40a0 w DO .data.rel.ro 0000000000000020 GLIBCXX_3.4 VTT for std::basic_ifstream<wchar_t, std::char_traits<wchar_t>>'
# expected: '00000000002f40a0 w DO .data.rel.ro 0000000000000020 GLIBCXX_3.4 VTT for std::basic_ifstream<wchar_t, std::char_traits<wchar_t> >'
# Failed test 'mass c++ demangling (3x12)'
# at t/Dpkg_Shlibs_Cppfilt.t line 88.
# got: '00000000000bdc20 w DF .text 0000000000000024 GLIBCXX_3.4 std::basic_string<wchar_t, std::char_traits<wchar_t>, std::allocator<wchar_t>>::basic_string(wchar_t const*, unsigned long, std::allocator<wchar_t> const&)'
# expected: '00000000000bdc20 w DF .text 0000000000000024 GLIBCXX_3.4 std::basic_string<wchar_t, std::char_traits<wchar_t>, std::allocator<wchar_t> >::basic_string(wchar_t const*, unsigned long, std::allocator<wchar_t> const&)'
# Failed test 'mass c++ demangling (3x14)'
# at t/Dpkg_Shlibs_Cppfilt.t line 88.
# got: '00000000000898b0 w DF .text 0000000000000255 GLIBCXX_3.4 std::time_put<char, std::ostreambuf_iterator<char, std::char_traits<char>>>::put(std::ostreambuf_iterator<char, std::char_traits<char>>, std::ios_base&, char, tm const*, char const*, char const*) const'
# expected: '00000000000898b0 w DF .text 0000000000000255 GLIBCXX_3.4 std::time_put<char, std::ostreambuf_iterator<char, std::char_traits<char> > >::put(std::ostreambuf_iterator<char, std::char_traits<char> >, std::ios_base&, char, tm const*, char const*, char const*) const'
# Failed test 'mass c++ demangling (3x16)'
# at t/Dpkg_Shlibs_Cppfilt.t line 88.
# got: '00000000000666a0 g DF .text 000000000000003f std::tr1::hash<std::basic_string<wchar_t, std::char_traits<wchar_t>, std::allocator<wchar_t>> const&>::operator()(std::basic_string<wchar_t, std::char_traits<wchar_t>, std::allocator<wchar_t>> const&) const@GLIBCXX_3.4.10'
# expected: '00000000000666a0 g DF .text 000000000000003f std::tr1::hash<std::basic_string<wchar_t, std::char_traits<wchar_t>, std::allocator<wchar_t> > const&>::operator()(std::basic_string<wchar_t, std::char_traits<wchar_t>, std::allocator<wchar_t> > const&) const@GLIBCXX_3.4.10'
# Failed test 'mass c++ demangling (3x17)'
# at t/Dpkg_Shlibs_Cppfilt.t line 88.
# got: '00000000002f6160 w DO .data.rel.ro 0000000000000050 VTT for std::basic_stringstream<char, std::char_traits<char>, std::allocator<char>>@GLIBCXX_3.4'
# expected: '00000000002f6160 w DO .data.rel.ro 0000000000000050 VTT for std::basic_stringstream<char, std::char_traits<char>, std::allocator<char> >@GLIBCXX_3.4'
# Failed test 'mass c++ demangling (4x10)'
# at t/Dpkg_Shlibs_Cppfilt.t line 88.
# got: '00000000002f40a0 w DO .data.rel.ro 0000000000000020 GLIBCXX_3.4 VTT for std::basic_ifstream<wchar_t, std::char_traits<wchar_t>>'
# expected: '00000000002f40a0 w DO .data.rel.ro 0000000000000020 GLIBCXX_3.4 VTT for std::basic_ifstream<wchar_t, std::char_traits<wchar_t> >'
# Failed test 'mass c++ demangling (4x12)'
# at t/Dpkg_Shlibs_Cppfilt.t line 88.
# got: '00000000000bdc20 w DF .text 0000000000000024 GLIBCXX_3.4 std::basic_string<wchar_t, std::char_traits<wchar_t>, std::allocator<wchar_t>>::basic_string(wchar_t const*, unsigned long, std::allocator<wchar_t> const&)'
# expected: '00000000000bdc20 w DF .text 0000000000000024 GLIBCXX_3.4 std::basic_string<wchar_t, std::char_traits<wchar_t>, std::allocator<wchar_t> >::basic_string(wchar_t const*, unsigned long, std::allocator<wchar_t> const&)'
# Failed test 'mass c++ demangling (4x14)'
# at t/Dpkg_Shlibs_Cppfilt.t line 88.
# got: '00000000000898b0 w DF .text 0000000000000255 GLIBCXX_3.4 std::time_put<char, std::ostreambuf_iterator<char, std::char_traits<char>>>::put(std::ostreambuf_iterator<char, std::char_traits<char>>, std::ios_base&, char, tm const*, char const*, char const*) const'
# expected: '00000000000898b0 w DF .text 0000000000000255 GLIBCXX_3.4 std::time_put<char, std::ostreambuf_iterator<char, std::char_traits<char> > >::put(std::ostreambuf_iterator<char, std::char_traits<char> >, std::ios_base&, char, tm const*, char const*, char const*) const'
# Failed test 'mass c++ demangling (4x16)'
# at t/Dpkg_Shlibs_Cppfilt.t line 88.
# got: '00000000000666a0 g DF .text 000000000000003f std::tr1::hash<std::basic_string<wchar_t, std::char_traits<wchar_t>, std::allocator<wchar_t>> const&>::operator()(std::basic_string<wchar_t, std::char_traits<wchar_t>, std::allocator<wchar_t>> const&) const@GLIBCXX_3.4.10'
# expected: '00000000000666a0 g DF .text 000000000000003f std::tr1::hash<std::basic_string<wchar_t, std::char_traits<wchar_t>, std::allocator<wchar_t> > const&>::operator()(std::basic_string<wchar_t, std::char_traits<wchar_t>, std::allocator<wchar_t> > const&) const@GLIBCXX_3.4.10'
# Failed test 'mass c++ demangling (4x17)'
# at t/Dpkg_Shlibs_Cppfilt.t line 88.
# got: '00000000002f6160 w DO .data.rel.ro 0000000000000050 VTT for std::basic_stringstream<char, std::char_traits<char>, std::allocator<char>>@GLIBCXX_3.4'
# expected: '00000000002f6160 w DO .data.rel.ro 0000000000000050 VTT for std::basic_stringstream<char, std::char_traits<char>, std::allocator<char> >@GLIBCXX_3.4'
# Failed test 'mass c++ demangling (5x10)'
# at t/Dpkg_Shlibs_Cppfilt.t line 88.
# got: '00000000002f40a0 w DO .data.rel.ro 0000000000000020 GLIBCXX_3.4 VTT for std::basic_ifstream<wchar_t, std::char_traits<wchar_t>>'
# expected: '00000000002f40a0 w DO .data.rel.ro 0000000000000020 GLIBCXX_3.4 VTT for std::basic_ifstream<wchar_t, std::char_traits<wchar_t> >'
# Failed test 'mass c++ demangling (5x12)'
# at t/Dpkg_Shlibs_Cppfilt.t line 88.
# got: '00000000000bdc20 w DF .text 0000000000000024 GLIBCXX_3.4 std::basic_string<wchar_t, std::char_traits<wchar_t>, std::allocator<wchar_t>>::basic_string(wchar_t const*, unsigned long, std::allocator<wchar_t> const&)'
# expected: '00000000000bdc20 w DF .text 0000000000000024 GLIBCXX_3.4 std::basic_string<wchar_t, std::char_traits<wchar_t>, std::allocator<wchar_t> >::basic_string(wchar_t const*, unsigned long, std::allocator<wchar_t> const&)'
# Failed test 'mass c++ demangling (5x14)'
# at t/Dpkg_Shlibs_Cppfilt.t line 88.
# got: '00000000000898b0 w DF .text 0000000000000255 GLIBCXX_3.4 std::time_put<char, std::ostreambuf_iterator<char, std::char_traits<char>>>::put(std::ostreambuf_iterator<char, std::char_traits<char>>, std::ios_base&, char, tm const*, char const*, char const*) const'
# expected: '00000000000898b0 w DF .text 0000000000000255 GLIBCXX_3.4 std::time_put<char, std::ostreambuf_iterator<char, std::char_traits<char> > >::put(std::ostreambuf_iterator<char, std::char_traits<char> >, std::ios_base&, char, tm const*, char const*, char const*) const'
# Failed test 'mass c++ demangling (5x16)'
# at t/Dpkg_Shlibs_Cppfilt.t line 88.
# got: '00000000000666a0 g DF .text 000000000000003f std::tr1::hash<std::basic_string<wchar_t, std::char_traits<wchar_t>, std::allocator<wchar_t>> const&>::operator()(std::basic_string<wchar_t, std::char_traits<wchar_t>, std::allocator<wchar_t>> const&) const@GLIBCXX_3.4.10'
# expected: '00000000000666a0 g DF .text 000000000000003f std::tr1::hash<std::basic_string<wchar_t, std::char_traits<wchar_t>, std::allocator<wchar_t> > const&>::operator()(std::basic_string<wchar_t, std::char_traits<wchar_t>, std::allocator<wchar_t> > const&) const@GLIBCXX_3.4.10'
# Failed test 'mass c++ demangling (5x17)'
# at t/Dpkg_Shlibs_Cppfilt.t line 88.
# got: '00000000002f6160 w DO .data.rel.ro 0000000000000050 VTT for std::basic_stringstream<char, std::char_traits<char>, std::allocator<char>>@GLIBCXX_3.4'
# expected: '00000000002f6160 w DO .data.rel.ro 0000000000000050 VTT for std::basic_stringstream<char, std::char_traits<char>, std::allocator<char> >@GLIBCXX_3.4'
# Failed test 'mass c++ demangling (6x10)'
# at t/Dpkg_Shlibs_Cppfilt.t line 88.
# got: '00000000002f40a0 w DO .data.rel.ro 0000000000000020 GLIBCXX_3.4 VTT for std::basic_ifstream<wchar_t, std::char_traits<wchar_t>>'
# expected: '00000000002f40a0 w DO .data.rel.ro 0000000000000020 GLIBCXX_3.4 VTT for std::basic_ifstream<wchar_t, std::char_traits<wchar_t> >'
# Failed test 'mass c++ demangling (6x12)'
# at t/Dpkg_Shlibs_Cppfilt.t line 88.
# got: '00000000000bdc20 w DF .text 0000000000000024 GLIBCXX_3.4 std::basic_string<wchar_t, std::char_traits<wchar_t>, std::allocator<wchar_t>>::basic_string(wchar_t const*, unsigned long, std::allocator<wchar_t> const&)'
# expected: '00000000000bdc20 w DF .text 0000000000000024 GLIBCXX_3.4 std::basic_string<wchar_t, std::char_traits<wchar_t>, std::allocator<wchar_t> >::basic_string(wchar_t const*, unsigned long, std::allocator<wchar_t> const&)'
# Failed test 'mass c++ demangling (6x14)'
# at t/Dpkg_Shlibs_Cppfilt.t line 88.
# got: '00000000000898b0 w DF .text 0000000000000255 GLIBCXX_3.4 std::time_put<char, std::ostreambuf_iterator<char, std::char_traits<char>>>::put(std::ostreambuf_iterator<char, std::char_traits<char>>, std::ios_base&, char, tm const*, char const*, char const*) const'
# expected: '00000000000898b0 w DF .text 0000000000000255 GLIBCXX_3.4 std::time_put<char, std::ostreambuf_iterator<char, std::char_traits<char> > >::put(std::ostreambuf_iterator<char, std::char_traits<char> >, std::ios_base&, char, tm const*, char const*, char const*) const'
# Failed test 'mass c++ demangling (6x16)'
# at t/Dpkg_Shlibs_Cppfilt.t line 88.
# got: '00000000000666a0 g DF .text 000000000000003f std::tr1::hash<std::basic_string<wchar_t, std::char_traits<wchar_t>, std::allocator<wchar_t>> const&>::operator()(std::basic_string<wchar_t, std::char_traits<wchar_t>, std::allocator<wchar_t>> const&) const@GLIBCXX_3.4.10'
# expected: '00000000000666a0 g DF .text 000000000000003f std::tr1::hash<std::basic_string<wchar_t, std::char_traits<wchar_t>, std::allocator<wchar_t> > const&>::operator()(std::basic_string<wchar_t, std::char_traits<wchar_t>, std::allocator<wchar_t> > const&) const@GLIBCXX_3.4.10'
# Failed test 'mass c++ demangling (6x17)'
# at t/Dpkg_Shlibs_Cppfilt.t line 88.
# got: '00000000002f6160 w DO .data.rel.ro 0000000000000050 VTT for std::basic_stringstream<char, std::char_traits<char>, std::allocator<char>>@GLIBCXX_3.4'
# expected: '00000000002f6160 w DO .data.rel.ro 0000000000000050 VTT for std::basic_stringstream<char, std::char_traits<char>, std::allocator<char> >@GLIBCXX_3.4'
# Failed test 'mass c++ demangling (7x10)'
# at t/Dpkg_Shlibs_Cppfilt.t line 88.
# got: '00000000002f40a0 w DO .data.rel.ro 0000000000000020 GLIBCXX_3.4 VTT for std::basic_ifstream<wchar_t, std::char_traits<wchar_t>>'
# expected: '00000000002f40a0 w DO .data.rel.ro 0000000000000020 GLIBCXX_3.4 VTT for std::basic_ifstream<wchar_t, std::char_traits<wchar_t> >'
# Failed test 'mass c++ demangling (7x12)'
# at t/Dpkg_Shlibs_Cppfilt.t line 88.
# got: '00000000000bdc20 w DF .text 0000000000000024 GLIBCXX_3.4 std::basic_string<wchar_t, std::char_traits<wchar_t>, std::allocator<wchar_t>>::basic_string(wchar_t const*, unsigned long, std::allocator<wchar_t> const&)'
# expected: '00000000000bdc20 w DF .text 0000000000000024 GLIBCXX_3.4 std::basic_string<wchar_t, std::char_traits<wchar_t>, std::allocator<wchar_t> >::basic_string(wchar_t const*, unsigned long, std::allocator<wchar_t> const&)'
# Failed test 'mass c++ demangling (7x14)'
# at t/Dpkg_Shlibs_Cppfilt.t line 88.
# got: '00000000000898b0 w DF .text 0000000000000255 GLIBCXX_3.4 std::time_put<char, std::ostreambuf_iterator<char, std::char_traits<char>>>::put(std::ostreambuf_iterator<char, std::char_traits<char>>, std::ios_base&, char, tm const*, char const*, char const*) const'
# expected: '00000000000898b0 w DF .text 0000000000000255 GLIBCXX_3.4 std::time_put<char, std::ostreambuf_iterator<char, std::char_traits<char> > >::put(std::ostreambuf_iterator<char, std::char_traits<char> >, std::ios_base&, char, tm const*, char const*, char const*) const'
# Failed test 'mass c++ demangling (7x16)'
# at t/Dpkg_Shlibs_Cppfilt.t line 88.
# got: '00000000000666a0 g DF .text 000000000000003f std::tr1::hash<std::basic_string<wchar_t, std::char_traits<wchar_t>, std::allocator<wchar_t>> const&>::operator()(std::basic_string<wchar_t, std::char_traits<wchar_t>, std::allocator<wchar_t>> const&) const@GLIBCXX_3.4.10'
# expected: '00000000000666a0 g DF .text 000000000000003f std::tr1::hash<std::basic_string<wchar_t, std::char_traits<wchar_t>, std::allocator<wchar_t> > const&>::operator()(std::basic_string<wchar_t, std::char_traits<wchar_t>, std::allocator<wchar_t> > const&) const@GLIBCXX_3.4.10'
# Failed test 'mass c++ demangling (7x17)'
# at t/Dpkg_Shlibs_Cppfilt.t line 88.
# got: '00000000002f6160 w DO .data.rel.ro 0000000000000050 VTT for std::basic_stringstream<char, std::char_traits<char>, std::allocator<char>>@GLIBCXX_3.4'
# expected: '00000000002f6160 w DO .data.rel.ro 0000000000000050 VTT for std::basic_stringstream<char, std::char_traits<char>, std::allocator<char> >@GLIBCXX_3.4'
# Looks like you failed 35 tests of 124.
t/Dpkg_Shlibs_Cppfilt.t ......
Dubious, test returned 35 (wstat 8960, 0x2300)
Failed 35/124 subtests
tar: Option --compare is not supported
Usage:
List: tar -tf <archive-filename>
Extract: tar -xf <archive-filename>
Create: tar -cf <archive-filename> [filenames...]
Help: tar --help
# Failed test 'expected directory matches'
# at t/Dpkg_Source_Archive.t line 114.
# Looks like you failed 1 test of 4.
t/Dpkg_Source_Archive.t ......
Dubious, test returned 1 (wstat 256, 0x100)
Failed 1/4 subtests
t/Dpkg_Source_Format.t ....... ok
t/Dpkg_Source_Functions.t .... ok
t/Dpkg_Source_Package.t ...... ok
# Failed test 'patch(1) prevents escape using indented hunks'
# at t/Dpkg_Source_Patch.t line 42.
# Looks like you failed 1 test of 10.
t/Dpkg_Source_Patch.t ........
Dubious, test returned 1 (wstat 256, 0x100)
Failed 1/10 subtests
t/Dpkg_Source_Quilt.t ........ ok
t/Dpkg_Substvars.t ........... ok
t/Dpkg_Vendor.t .............. ok
t/Dpkg_Version.t ............. ok
t/codespell.t ................ skipped: author test
t/cppcheck.t ................. skipped: author test
t/critic.t ................... skipped: author test
t/minimum-version.t .......... skipped: author test
t/module-version.t ........... ok
t/po.t ....................... skipped: author test
t/pod-coverage.t ............. skipped: author test
t/pod-spell.t ................ skipped: author test
t/pod.t ...................... skipped: requires module Test::Pod 1.00
t/shellcheck.t ............... skipped: author test
t/strict.t ................... skipped: requires module Test::Strict
t/synopsis.t ................. skipped: author test
t/syntax.t ................... ok
Test Summary Report
-------------------
t/Dpkg_OpenPGP.t (Wstat: 4096 (exited 16) Tests: 32 Failed: 16)
Failed tests: 3-6, 8-15, 27-30
Non-zero exit status: 16
t/Dpkg_Shlibs_Cppfilt.t (Wstat: 8960 (exited 35) Tests: 124 Failed: 35)
Failed tests: 15, 17, 19, 21-22, 32, 34, 36, 38-39, 49
51, 53, 55-56, 66, 68, 70, 72-73, 83, 85
87, 89-90, 100, 102, 104, 106-107, 117
119, 121, 123-124
Non-zero exit status: 35
t/Dpkg_Source_Archive.t (Wstat: 256 (exited 1) Tests: 4 Failed: 1)
Failed test: 3
Non-zero exit status: 1
t/Dpkg_Source_Patch.t (Wstat: 256 (exited 1) Tests: 10 Failed: 1)
Failed test: 10
Non-zero exit status: 1
Files=57, Tests=12927, 20 wallclock secs ( 0.72 usr 0.17 sys + 15.31 cusr 3.11 csys = 19.31 CPU)
Result: FAIL
Failed 4/57 test programs. 53/12927 subtests failed.
------------------------------
PREREQUISITES
------------------------------
Prerequisite modules loaded:
requires:
Module Need Have
------------- ------- --------
perl v5.32.1 5.036003
build_requires:
Module Need Have
------------- ------- --------
TAP::Harness 0 3.44
Test::More 0 1.302190
configure_requires:
Module Need Have
------------- ------- --------
Module::Build 0.4004 0.4234
------------------------------
ENVIRONMENT AND OTHER CONTEXT
------------------------------
Environment variables:
LANG = C.UTF-8
PATH = /usr/local/bin:/usr/bin:/bin:/usr/local/sbin:/usr/sbin:/sbin:/home/cpansand/bin/sh:/home/cpansand/bin:/usr/games:/home/cpansand/devel:/home/eserte/src/srezic-misc/scripts
PERL5LIB = /home/cpansand/.cpan/build/2024022704/Module-Build-0.4234-3/blib/arch:/home/cpansand/.cpan/build/2024022704/Module-Build-0.4234-3/blib/lib
PERL5OPT =
PERL5_CPANPLUS_IS_RUNNING = 98766
PERL5_CPAN_IS_RUNNING = 98766
PERL5_CPAN_IS_RUNNING_IN_RECURSION = 92385,98766
PERL_BATCH = yes
PERL_CANARY_STABILITY_NOPROMPT = 1
PERL_CPAN_REPORTER_CONFIG = /var/tmp/cpansmoker-1023/2024022704/cpanreporter_000_config.ini
PERL_EXTUTILS_AUTOINSTALL = --defaultdeps
PERL_USE_UNSAFE_INC = 1
SHELL = /bin/sh
TMPDIR = /var/tmp/cpansmoker-1023/2024022704
Perl special variables (and OS-specific diagnostics, for MSWin32):
$^X = /usr/local/bin/perl
$UID/$EUID = 1023 / 1023
$GID = 1023 1023
$EGID = 1023 1023
Perl module toolchain versions installed:
Module Have
------------------- --------
CPAN 2.33
CPAN::Meta 2.150010
Cwd 3.84
ExtUtils::CBuilder 0.280236
ExtUtils::Command 7.64
ExtUtils::Install 2.20
ExtUtils::MakeMaker 7.64
ExtUtils::Manifest 1.73
ExtUtils::ParseXS 3.45
File::Spec 3.84
JSON n/a
JSON::PP 4.07
Module::Build 0.4234
Module::Signature n/a
Parse::CPAN::Meta 2.150010
Test::Harness 3.44
Test::More 1.302190
YAML n/a
YAML::Syck 1.34
version 0.9929
--
Summary of my perl5 (revision 5 version 36 subversion 3) configuration:
Platform:
osname=freebsd
osvers=15.0-current
archname=amd64-freebsd-thread-multi
uname='freebsd main-amd64-default-job-03 15.0-current freebsd 15.0-current 1500007 amd64 '
config_args='-Accflags=-DUSE_THREAD_SAFE_LOCALE -Darchlib=/usr/local/lib/perl5/5.36/mach -Dcc=cc -Dcf_by=mat -Dcf_email=mat@FreeBSD.org -Dcf_time=Wed Nov 29 16:10:26 UTC 2023 -Dinc_version_list=none -Dlibperl=libperl.so.5.36.3 -Dman1dir=/usr/local/lib/perl5/5.36/perl/man/man1 -Dman3dir=/usr/local/lib/perl5/5.36/perl/man/man3 -Dprefix=/usr/local -Dprivlib=/usr/local/lib/perl5/5.36 -Dscriptdir=/usr/local/bin -Dsitearch=/usr/local/lib/perl5/site_perl/mach/5.36 -Dsitelib=/usr/local/lib/perl5/site_perl -Dsiteman1dir=/usr/local/lib/perl5/site_perl/man/man1 -Dsiteman3dir=/usr/local/lib/perl5/site_perl/man/man3 -Dusenm=n -Duseshrplib -sde -Ui_iconv -Ui_malloc -Uinstallusrbinperl -Alddlflags=-L/wrkdirs/usr/ports/lang/perl5.36/work/perl-5.36.3 -L/usr/local/lib/perl5/5.36/mach/CORE -lperl -Dshrpldflags=$(LDDLFLAGS:N-L/wrkdirs/usr/ports/lang/perl5.36/work/perl-5.36.3:N-L/usr/local/lib/perl5/5.36/mach/CORE:N-lperl) -Wl,-soname,$(LIBPERL:R) -Doptimize=-O2 -pipe -fstack-protector-strong -fno-strict-aliasing -Dusedtrace -Ui_gdbm -Dusemultiplicity=y -Duse64bitint -Dusemymalloc=n -Dusethreads=y'
hint=recommended
useposix=true
d_sigaction=define
useithreads=define
usemultiplicity=define
use64bitint=define
use64bitall=define
uselongdouble=undef
usemymalloc=n
default_inc_excludes_dot=define
Compiler:
cc='cc'
ccflags ='-DHAS_FPSETMASK -DHAS_FLOATINGPOINT_H -DUSE_THREAD_SAFE_LOCALE -fno-strict-aliasing -pipe -fstack-protector-strong -I/usr/local/include'
optimize='-O2 -pipe -fstack-protector-strong -fno-strict-aliasing '
cppflags='-DHAS_FPSETMASK -DHAS_FLOATINGPOINT_H -DUSE_THREAD_SAFE_LOCALE -fno-strict-aliasing -pipe -fstack-protector-strong -I/usr/local/include'
ccversion=''
gccversion='FreeBSD Clang 17.0.6 (https://github.com/llvm/llvm-project.git llvmorg-17.0.6-0-g6009708b4367)'
gccosandvers=''
intsize=4
longsize=8
ptrsize=8
doublesize=8
byteorder=12345678
doublekind=3
d_longlong=define
longlongsize=8
d_longdbl=define
longdblsize=16
longdblkind=3
ivtype='long'
ivsize=8
nvtype='double'
nvsize=8
Off_t='off_t'
lseeksize=8
alignbytes=8
prototype=define
Linker and Libraries:
ld='cc'
ldflags ='-pthread -Wl,-E -fstack-protector-strong -L/usr/local/lib'
libpth=/usr/lib /usr/local/lib /usr/lib/clang/17/lib
libs=-ldl -lm -lcrypt -lutil
perllibs=-ldl -lm -lcrypt -lutil
libc=
so=so
useshrplib=true
libperl=libperl.so.5.36.3
gnulibc_version=''
Dynamic Linking:
dlsrc=dl_dlopen.xs
dlext=so
d_dlsymun=undef
ccdlflags=' -Wl,-R/usr/local/lib/perl5/5.36/mach/CORE'
cccdlflags='-DPIC -fPIC'
lddlflags='-shared -L/usr/local/lib/perl5/5.36/mach/CORE -lperl -L/usr/local/lib -fstack-protector-strong'
Characteristics of this binary (from libperl):
Compile-time options:
HAS_TIMES
MULTIPLICITY
PERLIO_LAYERS
PERL_COPY_ON_WRITE
PERL_DONT_CREATE_GVSV
PERL_MALLOC_WRAP
PERL_OP_PARENT
PERL_PRESERVE_IVUV
USE_64_BIT_ALL
USE_64_BIT_INT
USE_ITHREADS
USE_LARGE_FILES
USE_LOCALE
USE_LOCALE_COLLATE
USE_LOCALE_CTYPE
USE_LOCALE_NUMERIC
USE_LOCALE_TIME
USE_PERLIO
USE_PERL_ATOF
USE_REENTRANT_API
USE_THREAD_SAFE_LOCALE
Built under freebsd
%ENV:
PERL5LIB="/home/cpansand/.cpan/build/2024022704/Module-Build-0.4234-3/blib/arch:/home/cpansand/.cpan/build/2024022704/Module-Build-0.4234-3/blib/lib"
PERL5OPT=""
PERL5_CPANPLUS_IS_RUNNING="98766"
PERL5_CPAN_IS_RUNNING="98766"
PERL5_CPAN_IS_RUNNING_IN_RECURSION="92385,98766"
PERL_BATCH="yes"
PERL_CANARY_STABILITY_NOPROMPT="1"
PERL_CPAN_REPORTER_CONFIG="/var/tmp/cpansmoker-1023/2024022704/cpanreporter_000_config.ini"
PERL_EXTUTILS_AUTOINSTALL="--defaultdeps"
PERL_USE_UNSAFE_INC="1"
@INC:
/home/cpansand/.cpan/build/2024022704/Module-Build-0.4234-3/blib/arch
/home/cpansand/.cpan/build/2024022704/Module-Build-0.4234-3/blib/lib
/usr/local/lib/perl5/site_perl/mach/5.36
/usr/local/lib/perl5/site_perl
/usr/local/lib/perl5/5.36/mach
/usr/local/lib/perl5/5.36
.