Beekeeper v0.04 Perl 5 v5.24.4 x86_64-linux-ld

Status
Fail
From
Slaven Rezić
Dist
Beekeeper v0.04
Platform
Perl 5 v5.24.4 x86_64-linux-ld
Date
2021-06-07 19:26:53
ID
50ac1fae-c7c6-11eb-bf6d-d1891f24ea8f
This distribution has been tested as part of the CPAN Testers
project, supporting the Perl programming language.  See
http://wiki.cpantesters.org/ for more information or email
questions to cpan-testers-discuss@perl.org


--
Dear Jose Mico,

This is a computer-generated report for Beekeeper-0.04
on perl 5.24.4, created by CPAN-Reporter-1.2018.

Thank you for uploading your work to CPAN.  However, there was a problem
testing your distribution.

If you think this report is invalid, please consult the CPAN Testers Wiki
for suggestions on how to avoid getting FAIL reports for missing library
or binary dependencies, unsupported operating systems, and so on:

http://wiki.cpantesters.org/wiki/CPANAuthorNotes

Sections of this report:

    * Tester comments
    * Program output
    * Prerequisites
    * Environment and other context

------------------------------
TESTER COMMENTS
------------------------------

Additional comments from tester:

none provided

------------------------------
PROGRAM OUTPUT
------------------------------

Output from '/usr/bin/make test':

Skip blib/lib/auto/share/dist/Beekeeper/basic/run.sh (unchanged)
Skip blib/lib/auto/share/dist/Beekeeper/basic/config/toybroker.config.json (unchanged)
Skip blib/lib/auto/share/dist/Beekeeper/basic/README.md (unchanged)
Skip blib/lib/auto/share/dist/Beekeeper/chat/chat.html (unchanged)
Skip blib/lib/auto/share/dist/Beekeeper/chat/lib/MyApp/Service/Auth.pm (unchanged)
Skip blib/lib/auto/share/dist/Beekeeper/chat/config/toybroker.config.json (unchanged)
Skip blib/lib/auto/share/dist/Beekeeper/chat/config/bus.config.json (unchanged)
Skip blib/lib/auto/share/dist/Beekeeper/chat/lib/MyApp/Service/Base.pm (unchanged)
Skip blib/lib/auto/share/dist/Beekeeper/chat/README.md (unchanged)
Skip blib/lib/auto/share/dist/Beekeeper/basic/config/bus.config.json (unchanged)
Skip blib/lib/auto/share/dist/Beekeeper/chat/config/pool.config.json (unchanged)
Skip blib/lib/auto/share/dist/Beekeeper/chat/lib/MyApp/Bot.pm (unchanged)
Skip blib/lib/auto/share/dist/Beekeeper/chat/flood.pl (unchanged)
Skip blib/lib/auto/share/dist/Beekeeper/basic/setup.sh (unchanged)
Skip blib/lib/auto/share/dist/Beekeeper/chat/js/config.js (unchanged)
Skip blib/lib/auto/share/dist/Beekeeper/chat/js/beekeeper.js (unchanged)
Skip blib/lib/auto/share/dist/Beekeeper/basic/config/pool.config.json (unchanged)
Skip blib/lib/auto/share/dist/Beekeeper/basic/client.pl (unchanged)
Skip blib/lib/auto/share/dist/Beekeeper/chat/config/client.config.json (unchanged)
Skip blib/lib/auto/share/dist/Beekeeper/chat/lib/MyApp/Service/Auth/Worker.pm (unchanged)
Skip blib/lib/auto/share/dist/Beekeeper/chat/lib/MyApp/Client.pm (unchanged)
Skip blib/lib/auto/share/dist/Beekeeper/chat/lib/MyApp/Service/Chat.pm (unchanged)
Skip blib/lib/auto/share/dist/Beekeeper/chat/js/chat.js (unchanged)
Skip blib/lib/auto/share/dist/Beekeeper/chat/chat.pl (unchanged)
Skip blib/lib/auto/share/dist/Beekeeper/basic/lib/MyWorker.pm (unchanged)
Skip blib/lib/auto/share/dist/Beekeeper/basic/lib/MyClient.pm (unchanged)
Skip blib/lib/auto/share/dist/Beekeeper/flood/flood.pl (unchanged)
Skip blib/lib/auto/share/dist/Beekeeper/flood/config/pool.config.json (unchanged)
Skip blib/lib/auto/share/dist/Beekeeper/websocket/js/beekeeper.js (unchanged)
Skip blib/lib/auto/share/dist/Beekeeper/chat/run.sh (unchanged)
Skip blib/lib/auto/share/dist/Beekeeper/flood/setup.sh (unchanged)
Skip blib/lib/auto/share/dist/Beekeeper/websocket/run.sh (unchanged)
Skip blib/lib/auto/share/dist/Beekeeper/websocket/client.html (unchanged)
Skip blib/lib/auto/share/dist/Beekeeper/websocket/client.pl (unchanged)
Skip blib/lib/auto/share/dist/Beekeeper/websocket/config/bus.config.json (unchanged)
Skip blib/lib/auto/share/dist/Beekeeper/flood/config/bus.config.json (unchanged)
Skip blib/lib/auto/share/dist/Beekeeper/flood/lib/TestClient.pm (unchanged)
Skip blib/lib/auto/share/dist/Beekeeper/websocket/js/config.js (unchanged)
Skip blib/lib/auto/share/dist/Beekeeper/chat/setup.sh (unchanged)
Skip blib/lib/auto/share/dist/Beekeeper/flood/config/toybroker.config.json (unchanged)
Skip blib/lib/auto/share/dist/Beekeeper/websocket/config/toybroker.config.json (unchanged)
Skip blib/lib/auto/share/dist/Beekeeper/websocket/config/pool.config.json (unchanged)
Skip blib/lib/auto/share/dist/Beekeeper/flood/run.sh (unchanged)
Skip blib/lib/auto/share/dist/Beekeeper/websocket/config/client.config.json (unchanged)
Skip blib/lib/auto/share/dist/Beekeeper/websocket/js/calculator.js (unchanged)
Skip blib/lib/auto/share/dist/Beekeeper/websocket/lib/MyApp/Calculator.pm (unchanged)
Skip blib/lib/auto/share/dist/Beekeeper/websocket/README.md (unchanged)
Skip blib/lib/auto/share/dist/Beekeeper/flood/lib/TestWorker.pm (unchanged)
Skip blib/lib/auto/share/dist/Beekeeper/chat/lib/MyApp/Service/Chat/Worker.pm (unchanged)
Skip blib/lib/auto/share/dist/Beekeeper/flood/README.md (unchanged)
Skip blib/lib/auto/share/dist/Beekeeper/websocket/lib/MyApp/Service/Calculator.pm (unchanged)
Skip blib/lib/auto/share/dist/Beekeeper/websocket/setup.sh (unchanged)
PERL_DL_NONLAZY=1 "/opt/perl-5.24.4D/bin/perl" "-MExtUtils::Command::MM" "-MTest::Harness" "-e" "undef *Test::Harness::Switches; test_harness(0, 'blib/lib', 'blib/arch')" t/*.t
# Testing Beekeeper 0.04, Perl 5.024004
t/00-compile.t ....... ok
[2021-06-06 23:10:51.494][4026][warning] Could not connect to MQTT broker at localhost:54306: Connection refused
Could not connect to MQTT broker at localhost:57329: Connection refused

#   Failed test 'Could not start supervisor'
#   at /home/cpansand/.cpan/build/2021060623/Beekeeper-0.04-kiy8iR/t/lib/Tests/Service/Base.pm line 151.
#   (in Tests::TestBase->test_01_spawn_workers)

#   Failed test 'Could not start supervisor'
#   at /home/cpansand/.cpan/build/2021060623/Beekeeper-0.04-kiy8iR/t/lib/Tests/Service/Base.pm line 151.
#   (in Tests::TestBase->test_01_spawn_workers)

#   Failed test 'Could not start supervisor'
#   at /home/cpansand/.cpan/build/2021060623/Beekeeper-0.04-kiy8iR/t/lib/Tests/Service/Base.pm line 151.
#   (in Tests::TestBase->test_01_spawn_workers)

#   Failed test 'Could not start supervisor'
#   at /home/cpansand/.cpan/build/2021060623/Beekeeper-0.04-kiy8iR/t/lib/Tests/Service/Base.pm line 151.
#   (in Tests::TestBase->test_01_spawn_workers)

#   Failed test 'Could not start supervisor'
#   at /home/cpansand/.cpan/build/2021060623/Beekeeper-0.04-kiy8iR/t/lib/Tests/Service/Base.pm line 151.
#   (in Tests::TestBase->test_01_spawn_workers)
# Looks like you failed 5 tests of 7.
# Looks like your test exited with 5 just after 7.
t/01-test_base.t ..... 
Dubious, test returned 5 (wstat 1280, 0x500)
Failed 5/7 subtests 
[2021-06-06 23:11:35.600][4076][warning] Could not connect to MQTT broker at localhost:50487: Connection refused
Could not connect to MQTT broker at localhost:58100: Connection refused

#   Failed test 'Could not start supervisor'
#   at /home/cpansand/.cpan/build/2021060623/Beekeeper-0.04-kiy8iR/t/lib/Tests/Service/Base.pm line 151.
#   (in Tests::Basic->start_test_workers)

#   Failed test 'Could not start supervisor'
#   at /home/cpansand/.cpan/build/2021060623/Beekeeper-0.04-kiy8iR/t/lib/Tests/Service/Base.pm line 151.
#   (in Tests::Basic->start_test_workers)

#   Failed test 'Could not start supervisor'
#   at /home/cpansand/.cpan/build/2021060623/Beekeeper-0.04-kiy8iR/t/lib/Tests/Service/Base.pm line 151.
#   (in Tests::Basic->start_test_workers)

#   Failed test 'Could not start supervisor'
#   at /home/cpansand/.cpan/build/2021060623/Beekeeper-0.04-kiy8iR/t/lib/Tests/Service/Base.pm line 151.
#   (in Tests::Basic->start_test_workers)

#   Failed test 'Could not start supervisor'
#   at /home/cpansand/.cpan/build/2021060623/Beekeeper-0.04-kiy8iR/t/lib/Tests/Service/Base.pm line 151.
#   (in Tests::Basic->start_test_workers)

#   Failed test 'Could not start supervisor'
#   at /home/cpansand/.cpan/build/2021060623/Beekeeper-0.04-kiy8iR/t/lib/Tests/Service/Base.pm line 151.
#   (in Tests::Basic->start_test_workers)

#   Failed test 'Could not start supervisor'
#   at /home/cpansand/.cpan/build/2021060623/Beekeeper-0.04-kiy8iR/t/lib/Tests/Service/Base.pm line 151.
#   (in Tests::Basic->start_test_workers)

#   Failed test 'Could not start supervisor'
#   at /home/cpansand/.cpan/build/2021060623/Beekeeper-0.04-kiy8iR/t/lib/Tests/Service/Base.pm line 151.
#   (in Tests::Basic->start_test_workers)

#   Failed test 'Could not start supervisor'
#   at /home/cpansand/.cpan/build/2021060623/Beekeeper-0.04-kiy8iR/t/lib/Tests/Service/Base.pm line 151.
#   (in Tests::Basic->start_test_workers)

#   Failed test 'Could not start supervisor'
#   at /home/cpansand/.cpan/build/2021060623/Beekeeper-0.04-kiy8iR/t/lib/Tests/Service/Base.pm line 151.
#   (in Tests::Basic->start_test_workers)

#   Failed test 'Could not start supervisor'
#   at /home/cpansand/.cpan/build/2021060623/Beekeeper-0.04-kiy8iR/t/lib/Tests/Service/Base.pm line 151.
#   (in Tests::Basic->start_test_workers)

#   Failed test 'Could not start supervisor'
#   at /home/cpansand/.cpan/build/2021060623/Beekeeper-0.04-kiy8iR/t/lib/Tests/Service/Base.pm line 151.
#   (in Tests::Basic->start_test_workers)

#   Failed test 'Could not start supervisor'
#   at /home/cpansand/.cpan/build/2021060623/Beekeeper-0.04-kiy8iR/t/lib/Tests/Service/Base.pm line 151.
#   (in Tests::Basic->start_test_workers)

#   Failed test 'Could not start supervisor'
#   at /home/cpansand/.cpan/build/2021060623/Beekeeper-0.04-kiy8iR/t/lib/Tests/Service/Base.pm line 151.
#   (in Tests::Basic->start_test_workers)

#   Failed test 'Could not start supervisor'
#   at /home/cpansand/.cpan/build/2021060623/Beekeeper-0.04-kiy8iR/t/lib/Tests/Service/Base.pm line 151.
#   (in Tests::Basic->start_test_workers)

#   Failed test 'Could not start supervisor'
#   at /home/cpansand/.cpan/build/2021060623/Beekeeper-0.04-kiy8iR/t/lib/Tests/Service/Base.pm line 151.
#   (in Tests::Basic->start_test_workers)

#   Failed test 'Could not start supervisor'
#   at /home/cpansand/.cpan/build/2021060623/Beekeeper-0.04-kiy8iR/t/lib/Tests/Service/Base.pm line 151.
#   (in Tests::Basic->start_test_workers)

#   Failed test 'Could not start supervisor'
#   at /home/cpansand/.cpan/build/2021060623/Beekeeper-0.04-kiy8iR/t/lib/Tests/Service/Base.pm line 151.
#   (in Tests::Basic->start_test_workers)

#   Failed test 'Could not start supervisor'
#   at /home/cpansand/.cpan/build/2021060623/Beekeeper-0.04-kiy8iR/t/lib/Tests/Service/Base.pm line 151.
#   (in Tests::Basic->start_test_workers)

#   Failed test 'Could not start supervisor'
#   at /home/cpansand/.cpan/build/2021060623/Beekeeper-0.04-kiy8iR/t/lib/Tests/Service/Base.pm line 151.
#   (in Tests::Basic->start_test_workers)

#   Failed test 'Could not start supervisor'
#   at /home/cpansand/.cpan/build/2021060623/Beekeeper-0.04-kiy8iR/t/lib/Tests/Service/Base.pm line 151.
#   (in Tests::Basic->start_test_workers)

#   Failed test 'Could not start supervisor'
#   at /home/cpansand/.cpan/build/2021060623/Beekeeper-0.04-kiy8iR/t/lib/Tests/Service/Base.pm line 151.
#   (in Tests::Basic->start_test_workers)

#   Failed test 'Could not start supervisor'
#   at /home/cpansand/.cpan/build/2021060623/Beekeeper-0.04-kiy8iR/t/lib/Tests/Service/Base.pm line 151.
#   (in Tests::Basic->start_test_workers)

#   Failed test 'Could not start supervisor'
#   at /home/cpansand/.cpan/build/2021060623/Beekeeper-0.04-kiy8iR/t/lib/Tests/Service/Base.pm line 151.
#   (in Tests::Basic->start_test_workers)

#   Failed test 'Could not start supervisor'
#   at /home/cpansand/.cpan/build/2021060623/Beekeeper-0.04-kiy8iR/t/lib/Tests/Service/Base.pm line 151.
#   (in Tests::Basic->start_test_workers)

#   Failed test 'Could not start supervisor'
#   at /home/cpansand/.cpan/build/2021060623/Beekeeper-0.04-kiy8iR/t/lib/Tests/Service/Base.pm line 151.
#   (in Tests::Basic->start_test_workers)

#   Failed test 'Could not start supervisor'
#   at /home/cpansand/.cpan/build/2021060623/Beekeeper-0.04-kiy8iR/t/lib/Tests/Service/Base.pm line 151.
#   (in Tests::Basic->start_test_workers)

#   Failed test 'Could not start supervisor'
#   at /home/cpansand/.cpan/build/2021060623/Beekeeper-0.04-kiy8iR/t/lib/Tests/Service/Base.pm line 151.
#   (in Tests::Basic->start_test_workers)

#   Failed test 'Could not start supervisor'
#   at /home/cpansand/.cpan/build/2021060623/Beekeeper-0.04-kiy8iR/t/lib/Tests/Service/Base.pm line 151.
#   (in Tests::Basic->start_test_workers)

#   Failed test 'Could not start supervisor'
#   at /home/cpansand/.cpan/build/2021060623/Beekeeper-0.04-kiy8iR/t/lib/Tests/Service/Base.pm line 151.
#   (in Tests::Basic->start_test_workers)

#   Failed test 'Could not start supervisor'
#   at /home/cpansand/.cpan/build/2021060623/Beekeeper-0.04-kiy8iR/t/lib/Tests/Service/Base.pm line 151.
#   (in Tests::Basic->start_test_workers)

#   Failed test 'Could not start supervisor'
#   at /home/cpansand/.cpan/build/2021060623/Beekeeper-0.04-kiy8iR/t/lib/Tests/Service/Base.pm line 151.
#   (in Tests::Basic->start_test_workers)

#   Failed test 'Could not start supervisor'
#   at /home/cpansand/.cpan/build/2021060623/Beekeeper-0.04-kiy8iR/t/lib/Tests/Service/Base.pm line 151.
#   (in Tests::Basic->start_test_workers)

#   Failed test 'Could not start supervisor'
#   at /home/cpansand/.cpan/build/2021060623/Beekeeper-0.04-kiy8iR/t/lib/Tests/Service/Base.pm line 151.
#   (in Tests::Basic->start_test_workers)

#   Failed test 'Could not start supervisor'
#   at /home/cpansand/.cpan/build/2021060623/Beekeeper-0.04-kiy8iR/t/lib/Tests/Service/Base.pm line 151.
#   (in Tests::Basic->start_test_workers)

#   Failed test 'Could not start supervisor'
#   at /home/cpansand/.cpan/build/2021060623/Beekeeper-0.04-kiy8iR/t/lib/Tests/Service/Base.pm line 151.
#   (in Tests::Basic->start_test_workers)

#   Failed test 'Could not start supervisor'
#   at /home/cpansand/.cpan/build/2021060623/Beekeeper-0.04-kiy8iR/t/lib/Tests/Service/Base.pm line 151.
#   (in Tests::Basic->start_test_workers)

#   Failed test 'Could not start supervisor'
#   at /home/cpansand/.cpan/build/2021060623/Beekeeper-0.04-kiy8iR/t/lib/Tests/Service/Base.pm line 151.
#   (in Tests::Basic->start_test_workers)

#   Failed test 'Could not start supervisor'
#   at /home/cpansand/.cpan/build/2021060623/Beekeeper-0.04-kiy8iR/t/lib/Tests/Service/Base.pm line 151.
#   (in Tests::Basic->start_test_workers)

#   Failed test 'Could not start supervisor'
#   at /home/cpansand/.cpan/build/2021060623/Beekeeper-0.04-kiy8iR/t/lib/Tests/Service/Base.pm line 151.
#   (in Tests::Basic->start_test_workers)

#   Failed test 'Could not start supervisor'
#   at /home/cpansand/.cpan/build/2021060623/Beekeeper-0.04-kiy8iR/t/lib/Tests/Service/Base.pm line 151.
#   (in Tests::Basic->start_test_workers)

#   Failed test 'Could not start supervisor'
#   at /home/cpansand/.cpan/build/2021060623/Beekeeper-0.04-kiy8iR/t/lib/Tests/Service/Base.pm line 151.
#   (in Tests::Basic->start_test_workers)

#   Failed test 'Could not start supervisor'
#   at /home/cpansand/.cpan/build/2021060623/Beekeeper-0.04-kiy8iR/t/lib/Tests/Service/Base.pm line 151.
#   (in Tests::Basic->start_test_workers)

#   Failed test 'Could not start supervisor'
#   at /home/cpansand/.cpan/build/2021060623/Beekeeper-0.04-kiy8iR/t/lib/Tests/Service/Base.pm line 151.
#   (in Tests::Basic->start_test_workers)

#   Failed test 'Could not start supervisor'
#   at /home/cpansand/.cpan/build/2021060623/Beekeeper-0.04-kiy8iR/t/lib/Tests/Service/Base.pm line 151.
#   (in Tests::Basic->start_test_workers)

#   Failed test 'Could not start supervisor'
#   at /home/cpansand/.cpan/build/2021060623/Beekeeper-0.04-kiy8iR/t/lib/Tests/Service/Base.pm line 151.
#   (in Tests::Basic->start_test_workers)

#   Failed test 'Could not start supervisor'
#   at /home/cpansand/.cpan/build/2021060623/Beekeeper-0.04-kiy8iR/t/lib/Tests/Service/Base.pm line 151.
#   (in Tests::Basic->start_test_workers)

#   Failed test 'Could not start supervisor'
#   at /home/cpansand/.cpan/build/2021060623/Beekeeper-0.04-kiy8iR/t/lib/Tests/Service/Base.pm line 151.
#   (in Tests::Basic->start_test_workers)

#   Failed test 'Could not start supervisor'
#   at /home/cpansand/.cpan/build/2021060623/Beekeeper-0.04-kiy8iR/t/lib/Tests/Service/Base.pm line 151.
#   (in Tests::Basic->start_test_workers)

#   Failed test 'Could not start supervisor'
#   at /home/cpansand/.cpan/build/2021060623/Beekeeper-0.04-kiy8iR/t/lib/Tests/Service/Base.pm line 151.
#   (in Tests::Basic->start_test_workers)
# Looks like you failed 50 tests of 52.
# Looks like your test exited with 50 just after 52.
t/02-basic.t ......... 
Dubious, test returned 50 (wstat 12800, 0x3200)
Failed 50/52 subtests 
[2021-06-06 23:12:19.712][4402][warning] Could not connect to MQTT broker at localhost:56296: Connection refused
Could not connect to MQTT broker at localhost:56941: Connection refused

#   Failed test 'Could not start supervisor'
#   at /home/cpansand/.cpan/build/2021060623/Beekeeper-0.04-kiy8iR/t/lib/Tests/Service/Base.pm line 151.
#   (in Tests::Supervisor->test_01_client)

#   Failed test 'Could not start supervisor'
#   at /home/cpansand/.cpan/build/2021060623/Beekeeper-0.04-kiy8iR/t/lib/Tests/Service/Base.pm line 151.
#   (in Tests::Supervisor->test_01_client)

#   Failed test 'Could not start supervisor'
#   at /home/cpansand/.cpan/build/2021060623/Beekeeper-0.04-kiy8iR/t/lib/Tests/Service/Base.pm line 151.
#   (in Tests::Supervisor->test_01_client)

#   Failed test 'Could not start supervisor'
#   at /home/cpansand/.cpan/build/2021060623/Beekeeper-0.04-kiy8iR/t/lib/Tests/Service/Base.pm line 151.
#   (in Tests::Supervisor->test_01_client)

#   Failed test 'Could not start supervisor'
#   at /home/cpansand/.cpan/build/2021060623/Beekeeper-0.04-kiy8iR/t/lib/Tests/Service/Base.pm line 151.
#   (in Tests::Supervisor->test_01_client)

#   Failed test 'Could not start supervisor'
#   at /home/cpansand/.cpan/build/2021060623/Beekeeper-0.04-kiy8iR/t/lib/Tests/Service/Base.pm line 151.
#   (in Tests::Supervisor->test_01_client)

#   Failed test 'Could not start supervisor'
#   at /home/cpansand/.cpan/build/2021060623/Beekeeper-0.04-kiy8iR/t/lib/Tests/Service/Base.pm line 151.
#   (in Tests::Supervisor->test_01_client)

#   Failed test 'Could not start supervisor'
#   at /home/cpansand/.cpan/build/2021060623/Beekeeper-0.04-kiy8iR/t/lib/Tests/Service/Base.pm line 151.
#   (in Tests::Supervisor->test_01_client)

#   Failed test 'Could not start supervisor'
#   at /home/cpansand/.cpan/build/2021060623/Beekeeper-0.04-kiy8iR/t/lib/Tests/Service/Base.pm line 151.
#   (in Tests::Supervisor->test_01_client)
# Looks like you failed 9 tests of 11.
# Looks like your test exited with 9 just after 11.
t/03-supervisor.t .... 
Dubious, test returned 9 (wstat 2304, 0x900)
Failed 9/11 subtests 
[2021-06-06 23:13:03.817][4440][warning] Could not connect to MQTT broker at localhost:54167: Connection refused
Could not connect to MQTT broker at localhost:58076: Connection refused

#   Failed test 'Could not start supervisor'
#   at /home/cpansand/.cpan/build/2021060623/Beekeeper-0.04-kiy8iR/t/lib/Tests/Service/Base.pm line 151.
#   (in Tests::LogTail->start_test_workers)

#   Failed test 'Could not start supervisor'
#   at /home/cpansand/.cpan/build/2021060623/Beekeeper-0.04-kiy8iR/t/lib/Tests/Service/Base.pm line 151.
#   (in Tests::LogTail->start_test_workers)

#   Failed test 'Could not start supervisor'
#   at /home/cpansand/.cpan/build/2021060623/Beekeeper-0.04-kiy8iR/t/lib/Tests/Service/Base.pm line 151.
#   (in Tests::LogTail->start_test_workers)

#   Failed test 'Could not start supervisor'
#   at /home/cpansand/.cpan/build/2021060623/Beekeeper-0.04-kiy8iR/t/lib/Tests/Service/Base.pm line 151.
#   (in Tests::LogTail->start_test_workers)

#   Failed test 'Could not start supervisor'
#   at /home/cpansand/.cpan/build/2021060623/Beekeeper-0.04-kiy8iR/t/lib/Tests/Service/Base.pm line 151.
#   (in Tests::LogTail->start_test_workers)

#   Failed test 'Could not start supervisor'
#   at /home/cpansand/.cpan/build/2021060623/Beekeeper-0.04-kiy8iR/t/lib/Tests/Service/Base.pm line 151.
#   (in Tests::LogTail->start_test_workers)

#   Failed test 'Could not start supervisor'
#   at /home/cpansand/.cpan/build/2021060623/Beekeeper-0.04-kiy8iR/t/lib/Tests/Service/Base.pm line 151.
#   (in Tests::LogTail->start_test_workers)

#   Failed test 'Could not start supervisor'
#   at /home/cpansand/.cpan/build/2021060623/Beekeeper-0.04-kiy8iR/t/lib/Tests/Service/Base.pm line 151.
#   (in Tests::LogTail->start_test_workers)

#   Failed test 'Could not start supervisor'
#   at /home/cpansand/.cpan/build/2021060623/Beekeeper-0.04-kiy8iR/t/lib/Tests/Service/Base.pm line 151.
#   (in Tests::LogTail->start_test_workers)

#   Failed test 'Could not start supervisor'
#   at /home/cpansand/.cpan/build/2021060623/Beekeeper-0.04-kiy8iR/t/lib/Tests/Service/Base.pm line 151.
#   (in Tests::LogTail->start_test_workers)

#   Failed test 'Could not start supervisor'
#   at /home/cpansand/.cpan/build/2021060623/Beekeeper-0.04-kiy8iR/t/lib/Tests/Service/Base.pm line 151.
#   (in Tests::LogTail->start_test_workers)

#   Failed test 'Could not start supervisor'
#   at /home/cpansand/.cpan/build/2021060623/Beekeeper-0.04-kiy8iR/t/lib/Tests/Service/Base.pm line 151.
#   (in Tests::LogTail->start_test_workers)

#   Failed test 'Could not start supervisor'
#   at /home/cpansand/.cpan/build/2021060623/Beekeeper-0.04-kiy8iR/t/lib/Tests/Service/Base.pm line 151.
#   (in Tests::LogTail->start_test_workers)
# Looks like you failed 13 tests of 15.
# Looks like your test exited with 13 just after 15.
t/04-log_tail.t ...... 
Dubious, test returned 13 (wstat 3328, 0xd00)
Failed 13/15 subtests 
[2021-06-06 23:13:47.921][4459][warning] Could not connect to MQTT broker at localhost:50652: Connection refused
Could not connect to MQTT broker at localhost:59225: Connection refused

#   Failed test 'Could not start supervisor'
#   at /home/cpansand/.cpan/build/2021060623/Beekeeper-0.04-kiy8iR/t/lib/Tests/Service/Base.pm line 151.
#   (in Tests::Recursion->start_test_workers)

#   Failed test 'Could not start supervisor'
#   at /home/cpansand/.cpan/build/2021060623/Beekeeper-0.04-kiy8iR/t/lib/Tests/Service/Base.pm line 151.
#   (in Tests::Recursion->start_test_workers)

#   Failed test 'Could not start supervisor'
#   at /home/cpansand/.cpan/build/2021060623/Beekeeper-0.04-kiy8iR/t/lib/Tests/Service/Base.pm line 151.
#   (in Tests::Recursion->start_test_workers)

#   Failed test 'Could not start supervisor'
#   at /home/cpansand/.cpan/build/2021060623/Beekeeper-0.04-kiy8iR/t/lib/Tests/Service/Base.pm line 151.
#   (in Tests::Recursion->start_test_workers)

#   Failed test 'Could not start supervisor'
#   at /home/cpansand/.cpan/build/2021060623/Beekeeper-0.04-kiy8iR/t/lib/Tests/Service/Base.pm line 151.
#   (in Tests::Recursion->start_test_workers)

#   Failed test 'Could not start supervisor'
#   at /home/cpansand/.cpan/build/2021060623/Beekeeper-0.04-kiy8iR/t/lib/Tests/Service/Base.pm line 151.
#   (in Tests::Recursion->start_test_workers)

#   Failed test 'Could not start supervisor'
#   at /home/cpansand/.cpan/build/2021060623/Beekeeper-0.04-kiy8iR/t/lib/Tests/Service/Base.pm line 151.
#   (in Tests::Recursion->start_test_workers)

#   Failed test 'Could not start supervisor'
#   at /home/cpansand/.cpan/build/2021060623/Beekeeper-0.04-kiy8iR/t/lib/Tests/Service/Base.pm line 151.
#   (in Tests::Recursion->start_test_workers)

#   Failed test 'Could not start supervisor'
#   at /home/cpansand/.cpan/build/2021060623/Beekeeper-0.04-kiy8iR/t/lib/Tests/Service/Base.pm line 151.
#   (in Tests::Recursion->start_test_workers)

#   Failed test 'Could not start supervisor'
#   at /home/cpansand/.cpan/build/2021060623/Beekeeper-0.04-kiy8iR/t/lib/Tests/Service/Base.pm line 151.
#   (in Tests::Recursion->start_test_workers)

#   Failed test 'Could not start supervisor'
#   at /home/cpansand/.cpan/build/2021060623/Beekeeper-0.04-kiy8iR/t/lib/Tests/Service/Base.pm line 151.
#   (in Tests::Recursion->start_test_workers)

#   Failed test 'Could not start supervisor'
#   at /home/cpansand/.cpan/build/2021060623/Beekeeper-0.04-kiy8iR/t/lib/Tests/Service/Base.pm line 151.
#   (in Tests::Recursion->start_test_workers)

#   Failed test 'Could not start supervisor'
#   at /home/cpansand/.cpan/build/2021060623/Beekeeper-0.04-kiy8iR/t/lib/Tests/Service/Base.pm line 151.
#   (in Tests::Recursion->start_test_workers)

#   Failed test 'Could not start supervisor'
#   at /home/cpansand/.cpan/build/2021060623/Beekeeper-0.04-kiy8iR/t/lib/Tests/Service/Base.pm line 151.
#   (in Tests::Recursion->start_test_workers)

#   Failed test 'Could not start supervisor'
#   at /home/cpansand/.cpan/build/2021060623/Beekeeper-0.04-kiy8iR/t/lib/Tests/Service/Base.pm line 151.
#   (in Tests::Recursion->start_test_workers)

#   Failed test 'Could not start supervisor'
#   at /home/cpansand/.cpan/build/2021060623/Beekeeper-0.04-kiy8iR/t/lib/Tests/Service/Base.pm line 151.
#   (in Tests::Recursion->start_test_workers)

#   Failed test 'Could not start supervisor'
#   at /home/cpansand/.cpan/build/2021060623/Beekeeper-0.04-kiy8iR/t/lib/Tests/Service/Base.pm line 151.
#   (in Tests::Recursion->start_test_workers)

#   Failed test 'Could not start supervisor'
#   at /home/cpansand/.cpan/build/2021060623/Beekeeper-0.04-kiy8iR/t/lib/Tests/Service/Base.pm line 151.
#   (in Tests::Recursion->start_test_workers)

#   Failed test 'Could not start supervisor'
#   at /home/cpansand/.cpan/build/2021060623/Beekeeper-0.04-kiy8iR/t/lib/Tests/Service/Base.pm line 151.
#   (in Tests::Recursion->start_test_workers)

#   Failed test 'Could not start supervisor'
#   at /home/cpansand/.cpan/build/2021060623/Beekeeper-0.04-kiy8iR/t/lib/Tests/Service/Base.pm line 151.
#   (in Tests::Recursion->start_test_workers)
# Looks like you failed 20 tests of 22.
# Looks like your test exited with 20 just after 22.
t/05-recursion.t ..... 
Dubious, test returned 20 (wstat 5120, 0x1400)
Failed 20/22 subtests 
[2021-06-06 23:14:32.049][4509][warning] Could not connect to MQTT broker at localhost:59484: Connection refused
Could not connect to MQTT broker at localhost:58294: Connection refused

#   Failed test 'Could not start supervisor'
#   at /home/cpansand/.cpan/build/2021060623/Beekeeper-0.04-kiy8iR/t/lib/Tests/Service/Base.pm line 151.
#   (in Tests::SharedCache->start_test_workers)

#   Failed test 'Could not start supervisor'
#   at /home/cpansand/.cpan/build/2021060623/Beekeeper-0.04-kiy8iR/t/lib/Tests/Service/Base.pm line 151.
#   (in Tests::SharedCache->start_test_workers)

#   Failed test 'Could not start supervisor'
#   at /home/cpansand/.cpan/build/2021060623/Beekeeper-0.04-kiy8iR/t/lib/Tests/Service/Base.pm line 151.
#   (in Tests::SharedCache->start_test_workers)

#   Failed test 'Could not start supervisor'
#   at /home/cpansand/.cpan/build/2021060623/Beekeeper-0.04-kiy8iR/t/lib/Tests/Service/Base.pm line 151.
#   (in Tests::SharedCache->start_test_workers)

#   Failed test 'Could not start supervisor'
#   at /home/cpansand/.cpan/build/2021060623/Beekeeper-0.04-kiy8iR/t/lib/Tests/Service/Base.pm line 151.
#   (in Tests::SharedCache->start_test_workers)

#   Failed test 'Could not start supervisor'
#   at /home/cpansand/.cpan/build/2021060623/Beekeeper-0.04-kiy8iR/t/lib/Tests/Service/Base.pm line 151.
#   (in Tests::SharedCache->start_test_workers)

#   Failed test 'Could not start supervisor'
#   at /home/cpansand/.cpan/build/2021060623/Beekeeper-0.04-kiy8iR/t/lib/Tests/Service/Base.pm line 151.
#   (in Tests::SharedCache->start_test_workers)

#   Failed test 'Could not start supervisor'
#   at /home/cpansand/.cpan/build/2021060623/Beekeeper-0.04-kiy8iR/t/lib/Tests/Service/Base.pm line 151.
#   (in Tests::SharedCache->start_test_workers)

#   Failed test 'Could not start supervisor'
#   at /home/cpansand/.cpan/build/2021060623/Beekeeper-0.04-kiy8iR/t/lib/Tests/Service/Base.pm line 151.
#   (in Tests::SharedCache->start_test_workers)

#   Failed test 'Could not start supervisor'
#   at /home/cpansand/.cpan/build/2021060623/Beekeeper-0.04-kiy8iR/t/lib/Tests/Service/Base.pm line 151.
#   (in Tests::SharedCache->start_test_workers)

#   Failed test 'Could not start supervisor'
#   at /home/cpansand/.cpan/build/2021060623/Beekeeper-0.04-kiy8iR/t/lib/Tests/Service/Base.pm line 151.
#   (in Tests::SharedCache->start_test_workers)

#   Failed test 'Could not start supervisor'
#   at /home/cpansand/.cpan/build/2021060623/Beekeeper-0.04-kiy8iR/t/lib/Tests/Service/Base.pm line 151.
#   (in Tests::SharedCache->start_test_workers)

#   Failed test 'Could not start supervisor'
#   at /home/cpansand/.cpan/build/2021060623/Beekeeper-0.04-kiy8iR/t/lib/Tests/Service/Base.pm line 151.
#   (in Tests::SharedCache->start_test_workers)

#   Failed test 'Could not start supervisor'
#   at /home/cpansand/.cpan/build/2021060623/Beekeeper-0.04-kiy8iR/t/lib/Tests/Service/Base.pm line 151.
#   (in Tests::SharedCache->start_test_workers)

#   Failed test 'Could not start supervisor'
#   at /home/cpansand/.cpan/build/2021060623/Beekeeper-0.04-kiy8iR/t/lib/Tests/Service/Base.pm line 151.
#   (in Tests::SharedCache->start_test_workers)

#   Failed test 'Could not start supervisor'
#   at /home/cpansand/.cpan/build/2021060623/Beekeeper-0.04-kiy8iR/t/lib/Tests/Service/Base.pm line 151.
#   (in Tests::SharedCache->start_test_workers)

#   Failed test 'Could not start supervisor'
#   at /home/cpansand/.cpan/build/2021060623/Beekeeper-0.04-kiy8iR/t/lib/Tests/Service/Base.pm line 151.
#   (in Tests::SharedCache->start_test_workers)

#   Failed test 'Could not start supervisor'
#   at /home/cpansand/.cpan/build/2021060623/Beekeeper-0.04-kiy8iR/t/lib/Tests/Service/Base.pm line 151.
#   (in Tests::SharedCache->start_test_workers)

#   Failed test 'Could not start supervisor'
#   at /home/cpansand/.cpan/build/2021060623/Beekeeper-0.04-kiy8iR/t/lib/Tests/Service/Base.pm line 151.
#   (in Tests::SharedCache->start_test_workers)

#   Failed test 'Could not start supervisor'
#   at /home/cpansand/.cpan/build/2021060623/Beekeeper-0.04-kiy8iR/t/lib/Tests/Service/Base.pm line 151.
#   (in Tests::SharedCache->start_test_workers)

#   Failed test 'Could not start supervisor'
#   at /home/cpansand/.cpan/build/2021060623/Beekeeper-0.04-kiy8iR/t/lib/Tests/Service/Base.pm line 151.
#   (in Tests::SharedCache->start_test_workers)

#   Failed test 'Could not start supervisor'
#   at /home/cpansand/.cpan/build/2021060623/Beekeeper-0.04-kiy8iR/t/lib/Tests/Service/Base.pm line 151.
#   (in Tests::SharedCache->start_test_workers)

#   Failed test 'Could not start supervisor'
#   at /home/cpansand/.cpan/build/2021060623/Beekeeper-0.04-kiy8iR/t/lib/Tests/Service/Base.pm line 151.
#   (in Tests::SharedCache->start_test_workers)

#   Failed test 'Could not start supervisor'
#   at /home/cpansand/.cpan/build/2021060623/Beekeeper-0.04-kiy8iR/t/lib/Tests/Service/Base.pm line 151.
#   (in Tests::SharedCache->start_test_workers)

#   Failed test 'Could not start supervisor'
#   at /home/cpansand/.cpan/build/2021060623/Beekeeper-0.04-kiy8iR/t/lib/Tests/Service/Base.pm line 151.
#   (in Tests::SharedCache->start_test_workers)

#   Failed test 'Could not start supervisor'
#   at /home/cpansand/.cpan/build/2021060623/Beekeeper-0.04-kiy8iR/t/lib/Tests/Service/Base.pm line 151.
#   (in Tests::SharedCache->start_test_workers)

#   Failed test 'Could not start supervisor'
#   at /home/cpansand/.cpan/build/2021060623/Beekeeper-0.04-kiy8iR/t/lib/Tests/Service/Base.pm line 151.
#   (in Tests::SharedCache->start_test_workers)

#   Failed test 'Could not start supervisor'
#   at /home/cpansand/.cpan/build/2021060623/Beekeeper-0.04-kiy8iR/t/lib/Tests/Service/Base.pm line 151.
#   (in Tests::SharedCache->start_test_workers)

#   Failed test 'Could not start supervisor'
#   at /home/cpansand/.cpan/build/2021060623/Beekeeper-0.04-kiy8iR/t/lib/Tests/Service/Base.pm line 151.
#   (in Tests::SharedCache->start_test_workers)

#   Failed test 'Could not start supervisor'
#   at /home/cpansand/.cpan/build/2021060623/Beekeeper-0.04-kiy8iR/t/lib/Tests/Service/Base.pm line 151.
#   (in Tests::SharedCache->start_test_workers)

#   Failed test 'Could not start supervisor'
#   at /home/cpansand/.cpan/build/2021060623/Beekeeper-0.04-kiy8iR/t/lib/Tests/Service/Base.pm line 151.
#   (in Tests::SharedCache->start_test_workers)

#   Failed test 'Could not start supervisor'
#   at /home/cpansand/.cpan/build/2021060623/Beekeeper-0.04-kiy8iR/t/lib/Tests/Service/Base.pm line 151.
#   (in Tests::SharedCache->start_test_workers)
# Looks like you failed 32 tests of 34.
# Looks like your test exited with 32 just after 34.
t/06-shared_cache.t .. 
Dubious, test returned 32 (wstat 8192, 0x2000)
Failed 32/34 subtests 
t/07-load_balance.t .. ok
t/08-term_signal.t ... ok
t/09-int_signal.t .... ok
Could not connect to MQTT broker at localhost:53952: Connection refused

#   Failed test 'test_01_topic died ((Beekeeper::MQTT) Could not connect to MQTT broker after 30 seconds)'
#   at t/10-mqtt.t line 15.
#   (in Tests::Mqtt->test_01_topic)
Could not connect to MQTT broker at localhost:53952: Connection refused

#   Failed test 'test_02_topic_wildcard died ((Beekeeper::MQTT) Could not connect to MQTT broker after 30 seconds)'
#   at t/10-mqtt.t line 15.
#   (in Tests::Mqtt->test_02_topic_wildcard)
Could not connect to MQTT broker at localhost:53952: Connection refused

#   Failed test 'test_03_shared_topic died ((Beekeeper::MQTT) Could not connect to MQTT broker after 30 seconds)'
#   at t/10-mqtt.t line 15.
#   (in Tests::Mqtt->test_03_shared_topic)
Could not connect to MQTT broker at localhost:53952: Connection refused

#   Failed test 'test_04_private_topic died ((Beekeeper::MQTT) Could not connect to MQTT broker after 30 seconds)'
#   at t/10-mqtt.t line 15.
#   (in Tests::Mqtt->test_04_private_topic)
Could not connect to MQTT broker at localhost:53952: Connection refused

#   Failed test 'test_05_shared_topic_queuing died ((Beekeeper::MQTT) Could not connect to MQTT broker after 30 seconds)'
#   at t/10-mqtt.t line 15.
#   (in Tests::Mqtt->test_05_shared_topic_queuing)
# Looks like you failed 5 tests of 30.
t/10-mqtt.t .......... 
Dubious, test returned 5 (wstat 1280, 0x500)
Failed 5/30 subtests 
	(less 22 skipped subtests: 3 okay)

Test Summary Report
-------------------
t/01-test_base.t   (Wstat: 1280 Tests: 7 Failed: 5)
  Failed tests:  3-7
  Non-zero exit status: 5
t/02-basic.t       (Wstat: 12800 Tests: 52 Failed: 50)
  Failed tests:  3-52
  Non-zero exit status: 50
t/03-supervisor.t  (Wstat: 2304 Tests: 11 Failed: 9)
  Failed tests:  3-11
  Non-zero exit status: 9
t/04-log_tail.t    (Wstat: 3328 Tests: 15 Failed: 13)
  Failed tests:  3-15
  Non-zero exit status: 13
t/05-recursion.t   (Wstat: 5120 Tests: 22 Failed: 20)
  Failed tests:  3-22
  Non-zero exit status: 20
t/06-shared_cache.t (Wstat: 8192 Tests: 34 Failed: 32)
  Failed tests:  3-34
  Non-zero exit status: 32
t/10-mqtt.t        (Wstat: 1280 Tests: 30 Failed: 5)
  Failed tests:  4, 7, 14, 18, 24
  Non-zero exit status: 5
Files=11, Tests=257, 443 wallclock secs ( 0.05 usr  0.07 sys +  0.69 cusr  0.39 csys =  1.20 CPU)
Result: FAIL
Failed 7/11 test programs. 134/257 subtests failed.
Makefile:1031: recipe for target 'test_dynamic' failed
make: *** [test_dynamic] Error 5

------------------------------
PREREQUISITES
------------------------------

Prerequisite modules loaded:

requires:

    Module                  Need     Have    
    ----------------------- -------- --------
    AnyEvent                0        7.17    
    JSON::XS                0        4.03    
    perl                    5.008009 5.024004
    Term::ReadKey           0        2.38    

build_requires:

    Module                  Need     Have    
    ----------------------- -------- --------
    ExtUtils::MakeMaker     0        7.10_02 
    Test::Class             0        0.52    
    Test::More              0        1.001014

configure_requires:

    Module                  Need     Have    
    ----------------------- -------- --------
    ExtUtils::MakeMaker     0        7.10_02 
    File::ShareDir::Install 0.06     0.13    


------------------------------
ENVIRONMENT AND OTHER CONTEXT
------------------------------

Environment variables:

    LANG = C
    PATH = /usr/local/bin:/usr/bin:/bin:/usr/local/sbin:/usr/sbin:/sbin:/home/cpansand/bin/linux-gnu:/home/cpansand/bin/sh:/home/cpansand/bin:/usr/games:/home/cpansand/devel:/home/eserte/src/srezic-misc/scripts
    PERL5LIB = /home/cpansand/.local/share/.cpan/build/2021060623/JSON-XS-4.03-OVCTqa/blib/arch:/home/cpansand/.local/share/.cpan/build/2021060623/JSON-XS-4.03-OVCTqa/blib/lib:/home/cpansand/.local/share/.cpan/build/2021060623/Types-Serialiser-1.01-i6X1Uz/blib/arch:/home/cpansand/.local/share/.cpan/build/2021060623/Types-Serialiser-1.01-i6X1Uz/blib/lib:/home/cpansand/.local/share/.cpan/build/2021060623/common-sense-3.75-htPjZE/blib/arch:/home/cpansand/.local/share/.cpan/build/2021060623/common-sense-3.75-htPjZE/blib/lib:/home/cpansand/.local/share/.cpan/build/2021060623/Test-Class-0.52-qUvtvu/blib/arch:/home/cpansand/.local/share/.cpan/build/2021060623/Test-Class-0.52-qUvtvu/blib/lib:/home/cpansand/.local/share/.cpan/build/2021060623/Module-Runtime-0.016-H_Ary1/blib/arch:/home/cpansand/.local/share/.cpan/build/2021060623/Module-Runtime-0.016-H_Ary1/blib/lib:/home/cpansand/.local/share/.cpan/build/2021060623/Module-Build-0.4231-RiuMu3/blib/arch:/home/cpansand/.local/share/.cpan/build/2021060623/Module-Build-0.4231-RiuMu3/blib/lib:/home/cpansand/.local/share/.cpan/build/2021060623/MRO-Compat-0.13-YGVBRg/blib/arch:/home/cpansand/.local/share/.cpan/build/2021060623/MRO-Compat-0.13-YGVBRg/blib/lib:/home/cpansand/.local/share/.cpan/build/2021060623/Test-Exception-0.43-gC3F_S/blib/arch:/home/cpansand/.local/share/.cpan/build/2021060623/Test-Exception-0.43-gC3F_S/blib/lib:/home/cpansand/.local/share/.cpan/build/2021060623/Sub-Uplevel-0.2800-W4TJu9/blib/arch:/home/cpansand/.local/share/.cpan/build/2021060623/Sub-Uplevel-0.2800-W4TJu9/blib/lib:/home/cpansand/.local/share/.cpan/build/2021060623/AnyEvent-7.17-fcyx7S/blib/arch:/home/cpansand/.local/share/.cpan/build/2021060623/AnyEvent-7.17-fcyx7S/blib/lib:/home/cpansand/.local/share/.cpan/build/2021060623/Canary-Stability-2013-rTqS_i/blib/arch:/home/cpansand/.local/share/.cpan/build/2021060623/Canary-Stability-2013-rTqS_i/blib/lib:/home/cpansand/.local/share/.cpan/build/2021060623/File-ShareDir-Install-0.13-PpYxfd/blib/arch:/home/cpansand/.local/share/.cpan/build/2021060623/File-ShareDir-Install-0.13-PpYxfd/blib/lib
    PERL5OPT = 
    PERL5_CPANPLUS_IS_RUNNING = 320
    PERL5_CPAN_IS_RUNNING = 320
    PERL5_CPAN_IS_RUNNING_IN_RECURSION = 8639,320
    PERLDOC = -MPod::Perldoc::ToTextOverstrike
    PERL_BATCH = yes
    PERL_CANARY_STABILITY_NOPROMPT = 1
    PERL_CPAN_REPORTER_CONFIG = /var/tmp/cpansmoker-1023/2021060620/cpanreporter_000_config.ini
    PERL_EXTUTILS_AUTOINSTALL = --defaultdeps
    PERL_USE_UNSAFE_INC = 1
    SHELL = /usr/bin/zsh
    TERM = screen
    TMPDIR = /var/tmp/cpansmoker-1023/2021060620

Perl special variables (and OS-specific diagnostics, for MSWin32):

    $^X = /opt/perl-5.24.4D/bin/perl
    $UID/$EUID = 1023 / 1023
    $GID = 1023 1023
    $EGID = 1023 1023

Perl module toolchain versions installed:

    Module              Have      
    ------------------- ----------
    CPAN                2.11_01   
    CPAN::Meta          2.150005  
    Cwd                 3.63_01   
    ExtUtils::CBuilder  0.280225  
    ExtUtils::Command   7.10_02   
    ExtUtils::Install   2.04      
    ExtUtils::MakeMaker 7.10_02   
    ExtUtils::Manifest  1.70      
    ExtUtils::ParseXS   3.31      
    File::Spec          3.63_01   
    JSON                n/a       
    JSON::PP            2.27300_01
    Module::Build       0.4231    
    Module::Signature   n/a       
    Parse::CPAN::Meta   1.4417_001
    Test::Harness       3.36_01   
    Test::More          1.001014  
    YAML                1.29      
    YAML::Syck          1.31      
    version             0.9916    


--

Summary of my perl5 (revision 5 version 24 subversion 4) configuration:
   
  Platform:
    osname=linux, osvers=4.9.0-9-amd64, archname=x86_64-linux-ld
    uname='linux debian9 4.9.0-9-amd64 #1 smp debian 4.9.168-1+deb9u4 (2019-07-19) x86_64 gnulinux '
    config_args='-ds -e -Dprefix=/opt/perl-5.24.4D -Duselongdouble -Dcf_email=srezic@cpan.org'
    hint=recommended, useposix=true, d_sigaction=define
    useithreads=undef, usemultiplicity=undef
    use64bitint=define, use64bitall=define, uselongdouble=define
    usemymalloc=n, bincompat5005=undef
  Compiler:
    cc='cc', ccflags ='-fwrapv -fno-strict-aliasing -pipe -fstack-protector-strong -I/usr/local/include -D_LARGEFILE_SOURCE -D_FILE_OFFSET_BITS=64 -D_FORTIFY_SOURCE=2',
    optimize='-O2',
    cppflags='-fwrapv -fno-strict-aliasing -pipe -fstack-protector-strong -I/usr/local/include'
    ccversion='', gccversion='6.3.0 20170516', gccosandvers=''
    intsize=4, longsize=8, ptrsize=8, doublesize=8, byteorder=12345678, doublekind=3
    d_longlong=define, longlongsize=8, d_longdbl=define, longdblsize=16, longdblkind=3
    ivtype='long', ivsize=8, nvtype='long double', nvsize=16, Off_t='off_t', lseeksize=8
    alignbytes=16, prototype=define
  Linker and Libraries:
    ld='cc', ldflags =' -fstack-protector-strong -L/usr/local/lib'
    libpth=/usr/local/lib /usr/lib/gcc/x86_64-linux-gnu/6/include-fixed /usr/include/x86_64-linux-gnu /usr/lib /lib/x86_64-linux-gnu /lib/../lib /usr/lib/x86_64-linux-gnu /usr/lib/../lib /lib
    libs=-lpthread -lnsl -ldb -ldl -lm -lcrypt -lutil -lc
    perllibs=-lpthread -lnsl -ldl -lm -lcrypt -lutil -lc
    libc=libc-2.24.so, so=so, useshrplib=false, libperl=libperl.a
    gnulibc_version='2.24'
  Dynamic Linking:
    dlsrc=dl_dlopen.xs, dlext=so, d_dlsymun=undef, ccdlflags='-Wl,-E'
    cccdlflags='-fPIC', lddlflags='-shared -O2 -L/usr/local/lib -fstack-protector-strong'


Characteristics of this binary (from libperl): 
  Compile-time options: HAS_TIMES PERLIO_LAYERS PERL_COPY_ON_WRITE
                        PERL_DONT_CREATE_GVSV
                        PERL_HASH_FUNC_ONE_AT_A_TIME_HARD PERL_MALLOC_WRAP
                        PERL_PRESERVE_IVUV USE_64_BIT_ALL USE_64_BIT_INT
                        USE_LARGE_FILES USE_LOCALE USE_LOCALE_COLLATE
                        USE_LOCALE_CTYPE USE_LOCALE_NUMERIC USE_LOCALE_TIME
                        USE_LONG_DOUBLE USE_PERLIO USE_PERL_ATOF
  Built under linux
  Compiled at Aug  6 2019 17:58:28
  %ENV:
    PERL5LIB="/home/cpansand/.local/share/.cpan/build/2021060623/JSON-XS-4.03-OVCTqa/blib/arch:/home/cpansand/.local/share/.cpan/build/2021060623/JSON-XS-4.03-OVCTqa/blib/lib:/home/cpansand/.local/share/.cpan/build/2021060623/Types-Serialiser-1.01-i6X1Uz/blib/arch:/home/cpansand/.local/share/.cpan/build/2021060623/Types-Serialiser-1.01-i6X1Uz/blib/lib:/home/cpansand/.local/share/.cpan/build/2021060623/common-sense-3.75-htPjZE/blib/arch:/home/cpansand/.local/share/.cpan/build/2021060623/common-sense-3.75-htPjZE/blib/lib:/home/cpansand/.local/share/.cpan/build/2021060623/Test-Class-0.52-qUvtvu/blib/arch:/home/cpansand/.local/share/.cpan/build/2021060623/Test-Class-0.52-qUvtvu/blib/lib:/home/cpansand/.local/share/.cpan/build/2021060623/Module-Runtime-0.016-H_Ary1/blib/arch:/home/cpansand/.local/share/.cpan/build/2021060623/Module-Runtime-0.016-H_Ary1/blib/lib:/home/cpansand/.local/share/.cpan/build/2021060623/Module-Build-0.4231-RiuMu3/blib/arch:/home/cpansand/.local/share/.cpan/build/2021060623/Module-Build-0.4231-RiuMu3/blib/lib:/home/cpansand/.local/share/.cpan/build/2021060623/MRO-Compat-0.13-YGVBRg/blib/arch:/home/cpansand/.local/share/.cpan/build/2021060623/MRO-Compat-0.13-YGVBRg/blib/lib:/home/cpansand/.local/share/.cpan/build/2021060623/Test-Exception-0.43-gC3F_S/blib/arch:/home/cpansand/.local/share/.cpan/build/2021060623/Test-Exception-0.43-gC3F_S/blib/lib:/home/cpansand/.local/share/.cpan/build/2021060623/Sub-Uplevel-0.2800-W4TJu9/blib/arch:/home/cpansand/.local/share/.cpan/build/2021060623/Sub-Uplevel-0.2800-W4TJu9/blib/lib:/home/cpansand/.local/share/.cpan/build/2021060623/AnyEvent-7.17-fcyx7S/blib/arch:/home/cpansand/.local/share/.cpan/build/2021060623/AnyEvent-7.17-fcyx7S/blib/lib:/home/cpansand/.local/share/.cpan/build/2021060623/Canary-Stability-2013-rTqS_i/blib/arch:/home/cpansand/.local/share/.cpan/build/2021060623/Canary-Stability-2013-rTqS_i/blib/lib:/home/cpansand/.local/share/.cpan/build/2021060623/File-ShareDir-Install-0.13-PpYxfd/blib/arch:/home/cpansand/.local/share/.cpan/build/2021060623/File-ShareDir-Install-0.13-PpYxfd/blib/lib"
    PERL5OPT=""
    PERL5_CPANPLUS_IS_RUNNING="320"
    PERL5_CPAN_IS_RUNNING="320"
    PERL5_CPAN_IS_RUNNING_IN_RECURSION="8639,320"
    PERLDOC="-MPod::Perldoc::ToTextOverstrike"
    PERL_BATCH="yes"
    PERL_CANARY_STABILITY_NOPROMPT="1"
    PERL_CPAN_REPORTER_CONFIG="/var/tmp/cpansmoker-1023/2021060620/cpanreporter_000_config.ini"
    PERL_EXTUTILS_AUTOINSTALL="--defaultdeps"
    PERL_USE_UNSAFE_INC="1"
  @INC:
    /home/cpansand/.local/share/.cpan/build/2021060623/JSON-XS-4.03-OVCTqa/blib/arch
    /home/cpansand/.local/share/.cpan/build/2021060623/JSON-XS-4.03-OVCTqa/blib/lib
    /home/cpansand/.local/share/.cpan/build/2021060623/Types-Serialiser-1.01-i6X1Uz/blib/arch
    /home/cpansand/.local/share/.cpan/build/2021060623/Types-Serialiser-1.01-i6X1Uz/blib/lib
    /home/cpansand/.local/share/.cpan/build/2021060623/common-sense-3.75-htPjZE/blib/arch
    /home/cpansand/.local/share/.cpan/build/2021060623/common-sense-3.75-htPjZE/blib/lib
    /home/cpansand/.local/share/.cpan/build/2021060623/Test-Class-0.52-qUvtvu/blib/arch
    /home/cpansand/.local/share/.cpan/build/2021060623/Test-Class-0.52-qUvtvu/blib/lib
    /home/cpansand/.local/share/.cpan/build/2021060623/Module-Runtime-0.016-H_Ary1/blib/arch
    /home/cpansand/.local/share/.cpan/build/2021060623/Module-Runtime-0.016-H_Ary1/blib/lib
    /home/cpansand/.local/share/.cpan/build/2021060623/Module-Build-0.4231-RiuMu3/blib/arch
    /home/cpansand/.local/share/.cpan/build/2021060623/Module-Build-0.4231-RiuMu3/blib/lib
    /home/cpansand/.local/share/.cpan/build/2021060623/MRO-Compat-0.13-YGVBRg/blib/arch
    /home/cpansand/.local/share/.cpan/build/2021060623/MRO-Compat-0.13-YGVBRg/blib/lib
    /home/cpansand/.local/share/.cpan/build/2021060623/Test-Exception-0.43-gC3F_S/blib/arch
    /home/cpansand/.local/share/.cpan/build/2021060623/Test-Exception-0.43-gC3F_S/blib/lib
    /home/cpansand/.local/share/.cpan/build/2021060623/Sub-Uplevel-0.2800-W4TJu9/blib/arch
    /home/cpansand/.local/share/.cpan/build/2021060623/Sub-Uplevel-0.2800-W4TJu9/blib/lib
    /home/cpansand/.local/share/.cpan/build/2021060623/AnyEvent-7.17-fcyx7S/blib/arch
    /home/cpansand/.local/share/.cpan/build/2021060623/AnyEvent-7.17-fcyx7S/blib/lib
    /home/cpansand/.local/share/.cpan/build/2021060623/Canary-Stability-2013-rTqS_i/blib/arch
    /home/cpansand/.local/share/.cpan/build/2021060623/Canary-Stability-2013-rTqS_i/blib/lib
    /home/cpansand/.local/share/.cpan/build/2021060623/File-ShareDir-Install-0.13-PpYxfd/blib/arch
    /home/cpansand/.local/share/.cpan/build/2021060623/File-ShareDir-Install-0.13-PpYxfd/blib/lib
    /opt/perl-5.24.4D/lib/site_perl/5.24.4/x86_64-linux-ld
    /opt/perl-5.24.4D/lib/site_perl/5.24.4
    /opt/perl-5.24.4D/lib/5.24.4/x86_64-linux-ld
    /opt/perl-5.24.4D/lib/5.24.4
    .