Report for Spreadsheet-WriteExcel-2.40

Back
From: metabase:user:fb19509c-17e3-11e3-a14d-fdb79081a995
Subject: FAIL Spreadsheet-WriteExcel-2.40 v5.8.9 Mac OS X
Date: 2014-10-07T20:48:37Z

This distribution has been tested as part of the CPAN Testers
project, supporting the Perl programming language.  See
http://wiki.cpantesters.org/ for more information or email
questions to cpan-testers-discuss@perl.org


--
Dear JMCNAMARA,

This is a computer-generated report for Spreadsheet-WriteExcel-2.40
on perl 5.8.9, created by App::cpanminus::reporter 0.11 (1.7013).

Thank you for uploading your work to CPAN.  However, there was a problem
testing your distribution.

If you think this report is invalid, please consult the CPAN Testers Wiki
for suggestions on how to avoid getting FAIL reports for missing library
or binary dependencies, unsupported operating systems, and so on:

http://wiki.cpantesters.org/wiki/CPANAuthorNotes

Sections of this report:

    * Tester comments
    * Program output
    * Prerequisites
    * Environment and other context

------------------------------
TESTER COMMENTS
------------------------------

Additional comments from tester:

none provided

------------------------------
PROGRAM OUTPUT
------------------------------

Output from '':

Building and testing Spreadsheet-WriteExcel-2.40
cp bin/chartex blib/script/chartex
/Users/ether/perl5/perlbrew/perls/8.9/bin/perl -MExtUtils::MY -e 'MY->fixin(shift)' -- blib/script/chartex
Manifying blib/man1/chartex.0
Manifying blib/man3/Spreadsheet::WriteExcel.0
Manifying blib/man3/Spreadsheet::WriteExcel::BIFFwriter.0
Manifying blib/man3/Spreadsheet::WriteExcel::Big.0
Manifying blib/man3/Spreadsheet::WriteExcel::Chart.0
Manifying blib/man3/Spreadsheet::WriteExcel::Chart::Area.0
Manifying blib/man3/Spreadsheet::WriteExcel::Chart::Bar.0
Manifying blib/man3/Spreadsheet::WriteExcel::Chart::Column.0
Manifying blib/man3/Spreadsheet::WriteExcel::Chart::External.0
Manifying blib/man3/Spreadsheet::WriteExcel::Chart::Line.0
Manifying blib/man3/Spreadsheet::WriteExcel::Chart::Pie.0
Manifying blib/man3/Spreadsheet::WriteExcel::Chart::Scatter.0
Manifying blib/man3/Spreadsheet::WriteExcel::Chart::Stock.0
Manifying blib/man3/Spreadsheet::WriteExcel::Examples.0
Manifying blib/man3/Spreadsheet::WriteExcel::Format.0
Manifying blib/man3/Spreadsheet::WriteExcel::Formula.0
Manifying blib/man3/Spreadsheet::WriteExcel::OLEwriter.0
Manifying blib/man3/Spreadsheet::WriteExcel::Properties.0
Manifying blib/man3/Spreadsheet::WriteExcel::Utility.0
Manifying blib/man3/Spreadsheet::WriteExcel::Workbook.0
Manifying blib/man3/Spreadsheet::WriteExcel::Worksheet.0
PERL_DL_NONLAZY=1 /Users/ether/perl5/perlbrew/perls/8.9/bin/perl "-MExtUtils::Command::MM" "-MTest::Harness" "-e" "undef *Test::Harness::Switches; test_harness(0, 'blib/lib', 'blib/arch')" t/*.t
t/07_set_propertes.t .......... ok
t/00_IEEE_double.t ............ ok
t/02_merge_formats.t .......... ok
t/03_cleanup.t ................ ok
Couldn't open test file
# Looks like your test exited with 2 before it could output anything.
t/05_rows.t ................... 
Dubious, test returned 2 (wstat 512, 0x200)
Failed 7/7 subtests 
t/06_extsst.t ................. ok
t/11_date_time.t .............. ok
t/01_add_worksheet.t .......... ok
t/13_date_seconds.t ........... ok
t/23_note.t ................... ok
t/24_txo.t .................... ok
t/21_escher.t ................. ok
t/12_date_only.t .............. ok
t/26_autofilter.t ............. ok
t/25_position_object.t ........ ok
t/04_dimensions.t ............. ok
t/27_autofilter.t ............. ok
t/41_properties.t ............. ok
t/29_process_jpg.t ............ ok
t/40_property_types.t ......... ok
t/28_autofilter.t ............. ok
t/30_validation_dval.t ........ ok
t/31_validation_dv_strings.t .. ok
t/60_chart_generic.t .......... ok
t/50_name_stored.t ............ ok
t/42_set_properties.t ......... ok
t/51_name_print_area.t ........ ok
t/52_name_print_titles.t ...... ok
t/61_chart_subclasses.t ....... ok
t/62_chart_formats.t .......... ok
t/32_validation_dv_formula.t .. ok
t/63_chart_area_formats.t ..... ok
t/33_validation_dv.t .......... ok
t/53_name_autofilter.t ........ ok
t/22_mso_drawing_group.t ...... ok

Test Summary Report
-------------------
t/05_rows.t                 (Wstat: 512 Tests: 0 Failed: 0)
  Non-zero exit status: 2
  Parse errors: Bad plan.  You planned 7 tests but ran 0.
Files=35, Tests=1247,  2 wallclock secs ( 0.33 usr  0.12 sys +  7.26 cusr  0.62 csys =  8.33 CPU)
Result: FAIL

------------------------------
PREREQUISITES
------------------------------

Prerequisite modules loaded:

    No requirements found

------------------------------
ENVIRONMENT AND OTHER CONTEXT
------------------------------

Environment variables:

    LANG = en_CA.UTF-8
    PATH = /Users/ether/.perlbrew/libs/8.9@std/bin:/Users/ether/perl5/perlbrew/bin:/Users/ether/perl5/perlbrew/perls/8.9/bin:/Users/ether/bin:/Users/ether/git/misc/install/bourbon/bin:/Users/ether/git/misc/install/generic/bin:/opt/local/bin:/opt/local/sbin:/Users/ether/git/git-hub/lib:/Users/ether/src/CE/devtools:/Users/ether/git/CE/devtools:/Users/ether/src/CE/bin:/Users/ether/git/CE/bin:/usr/bin:/bin:/usr/sbin:/sbin:/usr/local/bin:/opt/local/share/git-core/contrib/workdir
    PERL5LIB = /Users/ether/.perlbrew/libs/8.9@std/lib/perl5
    PERLBREW_BASHRC_VERSION = 0.71
    PERLBREW_HOME = /Users/ether/.perlbrew
    PERLBREW_LIB = std
    PERLBREW_MANPATH = /Users/ether/.perlbrew/libs/8.9@std/man:/Users/ether/perl5/perlbrew/perls/8.9/man
    PERLBREW_PATH = /Users/ether/.perlbrew/libs/8.9@std/bin:/Users/ether/perl5/perlbrew/bin:/Users/ether/perl5/perlbrew/perls/8.9/bin
    PERLBREW_PERL = 8.9
    PERLBREW_ROOT = /Users/ether/perl5/perlbrew
    PERLBREW_VERSION = 0.71
    PERLDOC_PAGER = less -sicMr
    PERL_AUTOINSTALL_PREFER_CPAN = 1
    PERL_INSTALL_QUIET = 1
    PERL_LOCAL_LIB_ROOT = /Users/ether/.perlbrew/libs/8.9@std
    PERL_MB_OPT = --install_base /Users/ether/.perlbrew/libs/8.9@std
    PERL_MM_OPT = INSTALL_BASE=/Users/ether/.perlbrew/libs/8.9@std
    SHELL = /bin/bash
    TERM = xterm-color
    TMPDIR = /var/folders/kx/9dgyhhpn2yb7v2mggnr385fr0000gn/T/

Perl special variables (and OS-specific diagnostics, for MSWin32):

    EGID = 20 20 402 401 12 33 61 79 80 81 98 100 204
    EUID = 501
    EXECUTABLE_NAME = /Users/ether/perl5/perlbrew/perls/8.9/bin/perl
    GID = 20 20 402 401 12 33 61 79 80 81 98 100 204
    UID = 501

Perl module toolchain versions installed:

    Module              Have    
    ------------------- --------
    CPAN                1.9301  
    CPAN::Meta          2.142690
    Cwd                 3.47    
    ExtUtils::CBuilder  0.280220
    ExtUtils::Command   1.18    
    ExtUtils::Install   2.04    
    ExtUtils::MakeMaker 6.98    
    ExtUtils::Manifest  1.68    
    ExtUtils::ParseXS   3.24    
    File::Spec          3.47    
    JSON                2.90    
    JSON::PP            2.27300 
    Module::Build       0.4210  
    Module::Signature   n/a     
    Parse::CPAN::Meta   1.4414  
    Test::Harness       3.33    
    Test::More          1.001006
    YAML                1.12    
    YAML::Syck          1.27    
    version             0.9909  


--

Summary of my perl5 (revision 5 version 8 subversion 9) configuration:
  Platform:
    osname=darwin, osvers=12.5.0, archname=darwin-2level
    uname='darwin bourbon 12.5.0 darwin kernel version 12.5.0: sun sep 29 13:33:47 pdt 2013; root:xnu-2050.48.12~1release_x86_64 x86_64 '
    config_args='-de -Dprefix=/Users/ether/perl5/perlbrew/perls/8.9 -Dman1dir=none -Dman3dir=none -Aeval:scriptdir=/Users/ether/perl5/perlbrew/perls/8.9/bin'
    hint=recommended, useposix=true, d_sigaction=define
    usethreads=undef use5005threads=undef useithreads=undef usemultiplicity=undef
    useperlio=define d_sfio=undef uselargefiles=define usesocks=undef
    use64bitint=define use64bitall=define uselongdouble=undef
    usemymalloc=n, bincompat5005=undef
  Compiler:
    cc='cc', ccflags ='-fno-common -DPERL_DARWIN -fno-strict-aliasing -pipe -I/opt/local/include',
    optimize='-O3',
    cppflags='-fno-common -DPERL_DARWIN -fno-strict-aliasing -pipe -I/opt/local/include'
    ccversion='', gccversion='4.2.1 Compatible Apple LLVM 4.2 (clang-425.0.28)', gccosandvers=''
    intsize=4, longsize=8, ptrsize=8, doublesize=8, byteorder=12345678
    d_longlong=define, longlongsize=8, d_longdbl=define, longdblsize=16
    ivtype='long', ivsize=8, nvtype='double', nvsize=8, Off_t='off_t', lseeksize=8
    alignbytes=8, prototype=define
  Linker and Libraries:
    ld='env MACOSX_DEPLOYMENT_TARGET=10.3 cc', ldflags =' -L/opt/local/lib'
    libpth=/opt/local/lib /usr/lib
    libs=-lgdbm -ldbm -ldl -lm -lutil -lc
    perllibs=-ldl -lm -lutil -lc
    libc=, so=dylib, useshrplib=false, libperl=libperl.a
    gnulibc_version=''
  Dynamic Linking:
    dlsrc=dl_dlopen.xs, dlext=bundle, d_dlsymun=undef, ccdlflags=' '
    cccdlflags=' ', lddlflags=' -bundle -undefined dynamic_lookup -L/opt/local/lib'


Characteristics of this binary (from libperl): 
  Compile-time options: PERL_MALLOC_WRAP USE_64_BIT_ALL USE_64_BIT_INT
                        USE_FAST_STDIO USE_LARGE_FILES USE_PERLIO
  Built under darwin
  Compiled at May  5 2014 14:13:45
  %ENV:
    PERL5LIB="/Users/ether/.perlbrew/libs/8.9@std/lib/perl5"
    PERLBREW_BASHRC_VERSION="0.71"
    PERLBREW_HOME="/Users/ether/.perlbrew"
    PERLBREW_LIB="std"
    PERLBREW_MANPATH="/Users/ether/.perlbrew/libs/8.9@std/man:/Users/ether/perl5/perlbrew/perls/8.9/man"
    PERLBREW_PATH="/Users/ether/.perlbrew/libs/8.9@std/bin:/Users/ether/perl5/perlbrew/bin:/Users/ether/perl5/perlbrew/perls/8.9/bin"
    PERLBREW_PERL="8.9"
    PERLBREW_ROOT="/Users/ether/perl5/perlbrew"
    PERLBREW_VERSION="0.71"
    PERLDOC_PAGER="less -sicMr"
    PERL_AUTOINSTALL_PREFER_CPAN="1"
    PERL_INSTALL_QUIET="1"
    PERL_LOCAL_LIB_ROOT="/Users/ether/.perlbrew/libs/8.9@std"
    PERL_MB_OPT="--install_base /Users/ether/.perlbrew/libs/8.9@std"
    PERL_MM_OPT="INSTALL_BASE=/Users/ether/.perlbrew/libs/8.9@std"
  @INC:
    /Users/ether/.perlbrew/libs/8.9@std/lib/perl5/darwin-2level
    /Users/ether/.perlbrew/libs/8.9@std/lib/perl5
    /Users/ether/perl5/perlbrew/perls/8.9/lib/5.8.9/darwin-2level
    /Users/ether/perl5/perlbrew/perls/8.9/lib/5.8.9
    /Users/ether/perl5/perlbrew/perls/8.9/lib/site_perl/5.8.9/darwin-2level
    /Users/ether/perl5/perlbrew/perls/8.9/lib/site_perl/5.8.9
    .