Back
From: metabase:user:30977d10-2aae-11df-837a-5e0a49663a4f
Subject: FAIL Genezzo-0.72 v5.15.5 GNU/Linux
Date: 2011-12-18T13:22:19Z
This distribution has been tested as part of the CPAN Testers
project, supporting the Perl programming language. See
http://wiki.cpantesters.org/ for more information or email
questions to cpan-testers-discuss@perl.org
--
Dear Jeffrey Cohen,
This is a computer-generated report for Genezzo-0.72
on perl 5.15.5, created by CPAN-Reporter-1.2003.
Thank you for uploading your work to CPAN. However, there was a problem
testing your distribution.
If you think this report is invalid, please consult the CPAN Testers Wiki
for suggestions on how to avoid getting FAIL reports for missing library
or binary dependencies, unsupported operating systems, and so on:
http://wiki.cpantesters.org/wiki/CPANAuthorNotes
Sections of this report:
* Tester comments
* Program output
* Prerequisites
* Environment and other context
------------------------------
TESTER COMMENTS
------------------------------
Additional comments from tester:
this report is from an automated smoke testing program
and was not reviewed by a human for accuracy
------------------------------
PROGRAM OUTPUT
------------------------------
Output from '/usr/bin/make test':
PERL_DL_NONLAZY=1 /home/trushel/perl/perl5155/bin/perl "-MExtUtils::Command::MM" "-e" "test_harness(0, 'blib/lib', 'blib/arch')" t/*.t
Use of qw(...) as parentheses is deprecated at /home/trushel/cpan/build/5.15.5/Genezzo-0.72-zWmX3m/blib/lib/Genezzo/Tablespace.pm line 603.
Use of qw(...) as parentheses is deprecated at /home/trushel/cpan/build/5.15.5/Genezzo-0.72-zWmX3m/blib/lib/Genezzo/Dict.pm line 4521.
Use of uninitialized value $htype in uc at /home/trushel/cpan/build/5.15.5/Genezzo-0.72-zWmX3m/blib/lib/Genezzo/Tablespace.pm line 313.
Use of uninitialized value $htype in uc at /home/trushel/cpan/build/5.15.5/Genezzo-0.72-zWmX3m/blib/lib/Genezzo/Tablespace.pm line 313.
t/AAASetup1.t .. ok
t/Block1.t ..... ok
t/Block2.t ..... ok
t/Block3.t ..... ok
t/Block4.t ..... ok
t/BufCa1.t ..... ok
Use of qw(...) as parentheses is deprecated at /home/trushel/cpan/build/5.15.5/Genezzo-0.72-zWmX3m/blib/lib/Genezzo/Tablespace.pm line 603.
Use of qw(...) as parentheses is deprecated at /home/trushel/cpan/build/5.15.5/Genezzo-0.72-zWmX3m/blib/lib/Genezzo/Dict.pm line 4521.
Use of uninitialized value $htype in uc at /home/trushel/cpan/build/5.15.5/Genezzo-0.72-zWmX3m/blib/lib/Genezzo/Tablespace.pm line 313.
Use of uninitialized value $htype in uc at /home/trushel/cpan/build/5.15.5/Genezzo-0.72-zWmX3m/blib/lib/Genezzo/Tablespace.pm line 313.
Use of uninitialized value $htype in uc at /home/trushel/cpan/build/5.15.5/Genezzo-0.72-zWmX3m/blib/lib/Genezzo/Tablespace.pm line 313.
Use of uninitialized value $htype in uc at /home/trushel/cpan/build/5.15.5/Genezzo-0.72-zWmX3m/blib/lib/Genezzo/Tablespace.pm line 313.
t/Cons1.t ...... ok
Use of qw(...) as parentheses is deprecated at /home/trushel/cpan/build/5.15.5/Genezzo-0.72-zWmX3m/blib/lib/Genezzo/Tablespace.pm line 603.
Use of qw(...) as parentheses is deprecated at /home/trushel/cpan/build/5.15.5/Genezzo-0.72-zWmX3m/blib/lib/Genezzo/Dict.pm line 4521.
Use of uninitialized value $htype in uc at /home/trushel/cpan/build/5.15.5/Genezzo-0.72-zWmX3m/blib/lib/Genezzo/Tablespace.pm line 313.
Use of uninitialized value $htype in uc at /home/trushel/cpan/build/5.15.5/Genezzo-0.72-zWmX3m/blib/lib/Genezzo/Tablespace.pm line 313.
Use of uninitialized value $htype in uc at /home/trushel/cpan/build/5.15.5/Genezzo-0.72-zWmX3m/blib/lib/Genezzo/Tablespace.pm line 313.
Use of uninitialized value $htype in uc at /home/trushel/cpan/build/5.15.5/Genezzo-0.72-zWmX3m/blib/lib/Genezzo/Tablespace.pm line 313.
Use of uninitialized value $htype in uc at /home/trushel/cpan/build/5.15.5/Genezzo-0.72-zWmX3m/blib/lib/Genezzo/Tablespace.pm line 313.
t/DBI1.t ....... ok
Use of qw(...) as parentheses is deprecated at /home/trushel/cpan/build/5.15.5/Genezzo-0.72-zWmX3m/blib/lib/Genezzo/Tablespace.pm line 603.
Use of qw(...) as parentheses is deprecated at /home/trushel/cpan/build/5.15.5/Genezzo-0.72-zWmX3m/blib/lib/Genezzo/Dict.pm line 4521.
Use of uninitialized value $htype in uc at /home/trushel/cpan/build/5.15.5/Genezzo-0.72-zWmX3m/blib/lib/Genezzo/Tablespace.pm line 313.
Use of uninitialized value $htype in uc at /home/trushel/cpan/build/5.15.5/Genezzo-0.72-zWmX3m/blib/lib/Genezzo/Tablespace.pm line 313.
Use of uninitialized value $htype in uc at /home/trushel/cpan/build/5.15.5/Genezzo-0.72-zWmX3m/blib/lib/Genezzo/Tablespace.pm line 313.
t/Feeble1.t .... ok
Use of qw(...) as parentheses is deprecated at /home/trushel/cpan/build/5.15.5/Genezzo-0.72-zWmX3m/blib/lib/Genezzo/Tablespace.pm line 603.
Use of qw(...) as parentheses is deprecated at /home/trushel/cpan/build/5.15.5/Genezzo-0.72-zWmX3m/blib/lib/Genezzo/Dict.pm line 4521.
Use of uninitialized value $htype in uc at /home/trushel/cpan/build/5.15.5/Genezzo-0.72-zWmX3m/blib/lib/Genezzo/Tablespace.pm line 313.
Use of uninitialized value $htype in uc at /home/trushel/cpan/build/5.15.5/Genezzo-0.72-zWmX3m/blib/lib/Genezzo/Tablespace.pm line 313.
Use of uninitialized value $htype in uc at /home/trushel/cpan/build/5.15.5/Genezzo-0.72-zWmX3m/blib/lib/Genezzo/Tablespace.pm line 313.
t/Gnzo1.t ...... ok
Use of qw(...) as parentheses is deprecated at /home/trushel/cpan/build/5.15.5/Genezzo-0.72-zWmX3m/blib/lib/Genezzo/Tablespace.pm line 603.
Use of qw(...) as parentheses is deprecated at /home/trushel/cpan/build/5.15.5/Genezzo-0.72-zWmX3m/blib/lib/Genezzo/Dict.pm line 4521.
Use of uninitialized value $htype in uc at /home/trushel/cpan/build/5.15.5/Genezzo-0.72-zWmX3m/blib/lib/Genezzo/Tablespace.pm line 313.
Use of uninitialized value $htype in uc at /home/trushel/cpan/build/5.15.5/Genezzo-0.72-zWmX3m/blib/lib/Genezzo/Tablespace.pm line 313.
Use of uninitialized value $htype in uc at /home/trushel/cpan/build/5.15.5/Genezzo-0.72-zWmX3m/blib/lib/Genezzo/Tablespace.pm line 313.
t/Gnzo2.t ...... ok
Use of qw(...) as parentheses is deprecated at /home/trushel/cpan/build/5.15.5/Genezzo-0.72-zWmX3m/blib/lib/Genezzo/Tablespace.pm line 603.
Use of qw(...) as parentheses is deprecated at /home/trushel/cpan/build/5.15.5/Genezzo-0.72-zWmX3m/blib/lib/Genezzo/Dict.pm line 4521.
Use of uninitialized value $htype in uc at /home/trushel/cpan/build/5.15.5/Genezzo-0.72-zWmX3m/blib/lib/Genezzo/Tablespace.pm line 313.
Use of uninitialized value $htype in uc at /home/trushel/cpan/build/5.15.5/Genezzo-0.72-zWmX3m/blib/lib/Genezzo/Tablespace.pm line 313.
Use of uninitialized value $htype in uc at /home/trushel/cpan/build/5.15.5/Genezzo-0.72-zWmX3m/blib/lib/Genezzo/Tablespace.pm line 313.
Use of uninitialized value $htype in uc at /home/trushel/cpan/build/5.15.5/Genezzo-0.72-zWmX3m/blib/lib/Genezzo/Tablespace.pm line 313.
Use of uninitialized value $htype in uc at /home/trushel/cpan/build/5.15.5/Genezzo-0.72-zWmX3m/blib/lib/Genezzo/Tablespace.pm line 313.
t/Gnzo3.t ...... ok
Use of qw(...) as parentheses is deprecated at /home/trushel/cpan/build/5.15.5/Genezzo-0.72-zWmX3m/blib/lib/Genezzo/Tablespace.pm line 603.
Use of qw(...) as parentheses is deprecated at /home/trushel/cpan/build/5.15.5/Genezzo-0.72-zWmX3m/blib/lib/Genezzo/Dict.pm line 4521.
Use of uninitialized value $htype in uc at /home/trushel/cpan/build/5.15.5/Genezzo-0.72-zWmX3m/blib/lib/Genezzo/Tablespace.pm line 313.
Use of uninitialized value $htype in uc at /home/trushel/cpan/build/5.15.5/Genezzo-0.72-zWmX3m/blib/lib/Genezzo/Tablespace.pm line 313.
Use of uninitialized value $htype in uc at /home/trushel/cpan/build/5.15.5/Genezzo-0.72-zWmX3m/blib/lib/Genezzo/Tablespace.pm line 313.
Use of uninitialized value $htype in uc at /home/trushel/cpan/build/5.15.5/Genezzo-0.72-zWmX3m/blib/lib/Genezzo/Tablespace.pm line 313.
Use of uninitialized value $htype in uc at /home/trushel/cpan/build/5.15.5/Genezzo-0.72-zWmX3m/blib/lib/Genezzo/Tablespace.pm line 313.
Use of uninitialized value $htype in uc at /home/trushel/cpan/build/5.15.5/Genezzo-0.72-zWmX3m/blib/lib/Genezzo/Tablespace.pm line 313.
t/GSysHook1.t .. ok
Use of qw(...) as parentheses is deprecated at /home/trushel/cpan/build/5.15.5/Genezzo-0.72-zWmX3m/blib/lib/Genezzo/Tablespace.pm line 603.
Use of qw(...) as parentheses is deprecated at /home/trushel/cpan/build/5.15.5/Genezzo-0.72-zWmX3m/blib/lib/Genezzo/Dict.pm line 4521.
Use of uninitialized value $htype in uc at /home/trushel/cpan/build/5.15.5/Genezzo-0.72-zWmX3m/blib/lib/Genezzo/Tablespace.pm line 313.
t/GSysHook2.t .. ok
Use of qw(...) as parentheses is deprecated at /home/trushel/cpan/build/5.15.5/Genezzo-0.72-zWmX3m/blib/lib/Genezzo/Tablespace.pm line 603.
Use of qw(...) as parentheses is deprecated at /home/trushel/cpan/build/5.15.5/Genezzo-0.72-zWmX3m/blib/lib/Genezzo/Dict.pm line 4521.
Use of uninitialized value $htype in uc at /home/trushel/cpan/build/5.15.5/Genezzo-0.72-zWmX3m/blib/lib/Genezzo/Tablespace.pm line 313.
Use of uninitialized value $htype in uc at /home/trushel/cpan/build/5.15.5/Genezzo-0.72-zWmX3m/blib/lib/Genezzo/Tablespace.pm line 313.
Use of uninitialized value $htype in uc at /home/trushel/cpan/build/5.15.5/Genezzo-0.72-zWmX3m/blib/lib/Genezzo/Tablespace.pm line 313.
Use of uninitialized value $htype in uc at /home/trushel/cpan/build/5.15.5/Genezzo-0.72-zWmX3m/blib/lib/Genezzo/Tablespace.pm line 313.
Use of uninitialized value $htype in uc at /home/trushel/cpan/build/5.15.5/Genezzo-0.72-zWmX3m/blib/lib/Genezzo/Tablespace.pm line 313.
t/Havok1.t ..... ok
Use of qw(...) as parentheses is deprecated at /home/trushel/cpan/build/5.15.5/Genezzo-0.72-zWmX3m/blib/lib/Genezzo/Tablespace.pm line 603.
Use of qw(...) as parentheses is deprecated at /home/trushel/cpan/build/5.15.5/Genezzo-0.72-zWmX3m/blib/lib/Genezzo/Dict.pm line 4521.
t/Index1.t ..... ok
Use of qw(...) as parentheses is deprecated at /home/trushel/cpan/build/5.15.5/Genezzo-0.72-zWmX3m/blib/lib/Genezzo/Tablespace.pm line 603.
Use of qw(...) as parentheses is deprecated at /home/trushel/cpan/build/5.15.5/Genezzo-0.72-zWmX3m/blib/lib/Genezzo/Dict.pm line 4521.
Use of uninitialized value $htype in uc at /home/trushel/cpan/build/5.15.5/Genezzo-0.72-zWmX3m/blib/lib/Genezzo/Tablespace.pm line 313.
Use of uninitialized value $htype in uc at /home/trushel/cpan/build/5.15.5/Genezzo-0.72-zWmX3m/blib/lib/Genezzo/Tablespace.pm line 313.
t/Index2.t ..... ok
Use of qw(...) as parentheses is deprecated at /home/trushel/cpan/build/5.15.5/Genezzo-0.72-zWmX3m/blib/lib/Genezzo/Tablespace.pm line 603.
Use of qw(...) as parentheses is deprecated at /home/trushel/cpan/build/5.15.5/Genezzo-0.72-zWmX3m/blib/lib/Genezzo/Dict.pm line 4521.
Use of uninitialized value $htype in uc at /home/trushel/cpan/build/5.15.5/Genezzo-0.72-zWmX3m/blib/lib/Genezzo/Tablespace.pm line 313.
Use of uninitialized value $htype in uc at /home/trushel/cpan/build/5.15.5/Genezzo-0.72-zWmX3m/blib/lib/Genezzo/Tablespace.pm line 313.
t/Index3.t ..... ok
Use of qw(...) as parentheses is deprecated at /home/trushel/cpan/build/5.15.5/Genezzo-0.72-zWmX3m/blib/lib/Genezzo/Tablespace.pm line 603.
Use of qw(...) as parentheses is deprecated at /home/trushel/cpan/build/5.15.5/Genezzo-0.72-zWmX3m/blib/lib/Genezzo/Dict.pm line 4521.
Use of uninitialized value $htype in uc at /home/trushel/cpan/build/5.15.5/Genezzo-0.72-zWmX3m/blib/lib/Genezzo/Tablespace.pm line 313.
Use of uninitialized value $htype in uc at /home/trushel/cpan/build/5.15.5/Genezzo-0.72-zWmX3m/blib/lib/Genezzo/Tablespace.pm line 313.
Use of uninitialized value $htype in uc at /home/trushel/cpan/build/5.15.5/Genezzo-0.72-zWmX3m/blib/lib/Genezzo/Tablespace.pm line 313.
t/Join1.t ...... ok
Use of qw(...) as parentheses is deprecated at /home/trushel/cpan/build/5.15.5/Genezzo-0.72-zWmX3m/blib/lib/Genezzo/Tablespace.pm line 603.
Use of qw(...) as parentheses is deprecated at /home/trushel/cpan/build/5.15.5/Genezzo-0.72-zWmX3m/blib/lib/Genezzo/Dict.pm line 4521.
Use of uninitialized value $htype in uc at /home/trushel/cpan/build/5.15.5/Genezzo-0.72-zWmX3m/blib/lib/Genezzo/Tablespace.pm line 313.
Use of uninitialized value $htype in uc at /home/trushel/cpan/build/5.15.5/Genezzo-0.72-zWmX3m/blib/lib/Genezzo/Tablespace.pm line 313.
Use of uninitialized value $htype in uc at /home/trushel/cpan/build/5.15.5/Genezzo-0.72-zWmX3m/blib/lib/Genezzo/Tablespace.pm line 313.
Use of uninitialized value $htype in uc at /home/trushel/cpan/build/5.15.5/Genezzo-0.72-zWmX3m/blib/lib/Genezzo/Tablespace.pm line 313.
Use of uninitialized value $htype in uc at /home/trushel/cpan/build/5.15.5/Genezzo-0.72-zWmX3m/blib/lib/Genezzo/Tablespace.pm line 313.
Use of uninitialized value $htype in uc at /home/trushel/cpan/build/5.15.5/Genezzo-0.72-zWmX3m/blib/lib/Genezzo/Tablespace.pm line 313.
Use of uninitialized value $htype in uc at /home/trushel/cpan/build/5.15.5/Genezzo-0.72-zWmX3m/blib/lib/Genezzo/Tablespace.pm line 313.
Use of uninitialized value $htype in uc at /home/trushel/cpan/build/5.15.5/Genezzo-0.72-zWmX3m/blib/lib/Genezzo/Tablespace.pm line 313.
Use of uninitialized value $htype in uc at /home/trushel/cpan/build/5.15.5/Genezzo-0.72-zWmX3m/blib/lib/Genezzo/Tablespace.pm line 313.
Use of uninitialized value $htype in uc at /home/trushel/cpan/build/5.15.5/Genezzo-0.72-zWmX3m/blib/lib/Genezzo/Tablespace.pm line 313.
t/Prefs1.t ..... ok
Use of qw(...) as parentheses is deprecated at /home/trushel/cpan/build/5.15.5/Genezzo-0.72-zWmX3m/blib/lib/Genezzo/Tablespace.pm line 603.
Use of qw(...) as parentheses is deprecated at /home/trushel/cpan/build/5.15.5/Genezzo-0.72-zWmX3m/blib/lib/Genezzo/Dict.pm line 4521.
Use of uninitialized value $htype in uc at /home/trushel/cpan/build/5.15.5/Genezzo-0.72-zWmX3m/blib/lib/Genezzo/Tablespace.pm line 313.
Use of uninitialized value $htype in uc at /home/trushel/cpan/build/5.15.5/Genezzo-0.72-zWmX3m/blib/lib/Genezzo/Tablespace.pm line 313.
Use of uninitialized value $htype in uc at /home/trushel/cpan/build/5.15.5/Genezzo-0.72-zWmX3m/blib/lib/Genezzo/Tablespace.pm line 313.
t/PTPrep1.t .... ok
Use of qw(...) as parentheses is deprecated at t/PushHash1.t line 39.
Use of qw(...) as parentheses is deprecated at t/PushHash1.t line 182.
Use of qw(...) as parentheses is deprecated at t/PushHash1.t line 240.
Use of qw(...) as parentheses is deprecated at t/PushHash1.t line 308.
Use of qw(...) as parentheses is deprecated at t/PushHash1.t line 456.
Use of qw(...) as parentheses is deprecated at t/PushHash1.t line 509.
t/PushHash1.t .. ok
Use of qw(...) as parentheses is deprecated at t/Row1.t line 36.
Use of qw(...) as parentheses is deprecated at t/Row1.t line 179.
Use of qw(...) as parentheses is deprecated at t/Row1.t line 235.
Use of qw(...) as parentheses is deprecated at t/Row1.t line 302.
Use of qw(...) as parentheses is deprecated at t/Row1.t line 448.
Use of qw(...) as parentheses is deprecated at t/Row1.t line 499.
t/Row1.t ....... ok
Use of qw(...) as parentheses is deprecated at /home/trushel/cpan/build/5.15.5/Genezzo-0.72-zWmX3m/blib/lib/Genezzo/Tablespace.pm line 603.
Use of qw(...) as parentheses is deprecated at /home/trushel/cpan/build/5.15.5/Genezzo-0.72-zWmX3m/blib/lib/Genezzo/Dict.pm line 4521.
Use of uninitialized value $htype in uc at /home/trushel/cpan/build/5.15.5/Genezzo-0.72-zWmX3m/blib/lib/Genezzo/Tablespace.pm line 313.
Use of uninitialized value $htype in uc at /home/trushel/cpan/build/5.15.5/Genezzo-0.72-zWmX3m/blib/lib/Genezzo/Tablespace.pm line 313.
Replacement list is longer than search list at (eval 511) line 1, <$fh> line 111.
Replacement list is longer than search list at (eval 513) line 1, <$fh> line 111.
Replacement list is longer than search list at (eval 515) line 1, <$fh> line 111.
Use of uninitialized value $htype in uc at /home/trushel/cpan/build/5.15.5/Genezzo-0.72-zWmX3m/blib/lib/Genezzo/Tablespace.pm line 313.
t/SQLTest1.t ...
Failed 1/4 subtests
t/Util1.t ...... ok
Test Summary Report
-------------------
t/SQLTest1.t (Wstat: 0 Tests: 5 Failed: 2)
Failed tests: 4-5
Parse errors: Bad plan. You planned 4 tests but ran 5.
Files=25, Tests=1472, 115 wallclock secs ( 0.38 usr 0.02 sys + 84.73 cusr 1.98 csys = 87.11 CPU)
Result: FAIL
Failed 1/25 test programs. 2/1472 subtests failed.
make: *** [test_dynamic] Error 255
------------------------------
PREREQUISITES
------------------------------
Prerequisite modules loaded:
requires:
Module Need Have
------------------- ---- --------
File::Compare 0 1.1006
File::Copy 0 2.21
File::Path 0 2.08_01
File::Spec 0 3.34
IO::Handle 0 1.33
Parse::RecDescent 1.94 1.965001
Term::ReadLine 0 1.07
Text::ParseWords 0 3.27
Text::Soundex 0 3.03
build_requires:
Module Need Have
------------------- ---- --------
ExtUtils::MakeMaker 0 6.63_02
------------------------------
ENVIRONMENT AND OTHER CONTEXT
------------------------------
Environment variables:
AUTOMATED_TESTING = 1
LANG = en_US.UTF-8
PATH = /usr/local/sbin:/usr/local/bin:/usr/sbin:/usr/bin:/sbin:/bin
PERL5LIB =
PERL5OPT =
PERL5_CPANPLUS_IS_RUNNING = 10572
PERL5_CPAN_IS_RUNNING = 10572
PERL5_CPAN_IS_RUNNING_IN_RECURSION = 29692,10572
PERL_CR_SMOKER_CURRENT = Genezzo-Contrib-Clustered-0.34
PERL_EXTUTILS_AUTOINSTALL = --defaultdeps
PERL_MM_USE_DEFAULT = 1
SHELL = /bin/bash
TERM = xterm
Perl special variables (and OS-specific diagnostics, for MSWin32):
$^X = /home/trushel/perl/perl5155/bin/perl
$UID/$EUID = 138375 / 138375
$GID = 5762 4 20 21 24 25 26 30 44 46 104 105 119 122 431 5762
$EGID = 5762 4 20 21 24 25 26 30 44 46 104 105 119 122 431 5762
Perl module toolchain versions installed:
Module Have
------------------- --------
CPAN 1.9800
CPAN::Meta 2.112621
Cwd 3.37
ExtUtils::CBuilder 0.280204
ExtUtils::Command 1.17
ExtUtils::Install 1.57
ExtUtils::MakeMaker 6.63_02
ExtUtils::Manifest 1.60
ExtUtils::ParseXS 3.05
File::Spec 3.34
JSON 2.53
JSON::PP 2.27200
Module::Build 0.39_01
Module::Signature n/a
Parse::CPAN::Meta 1.4401
Test::Harness 3.23
Test::More 0.98
YAML 0.77
YAML::Syck 1.19
version 0.93
--
Summary of my perl5 (revision 5 version 15 subversion 5) configuration:
Platform:
osname=linux, osvers=2.6.32-35-generic, archname=x86_64-linux
uname='linux trushel-glaptop 2.6.32-35-generic #78-ubuntu smp tue oct 11 16:11:24 utc 2011 x86_64 gnulinux '
config_args=''
hint=recommended, useposix=true, d_sigaction=define
useithreads=undef, usemultiplicity=undef
useperlio=define, d_sfio=undef, uselargefiles=define, usesocks=undef
use64bitint=define, use64bitall=define, uselongdouble=undef
usemymalloc=n, bincompat5005=undef
Compiler:
cc='cc', ccflags ='-fno-strict-aliasing -pipe -fstack-protector -I/usr/local/include -D_LARGEFILE_SOURCE -D_FILE_OFFSET_BITS=64',
optimize='-O2',
cppflags='-fno-strict-aliasing -pipe -fstack-protector -I/usr/local/include'
ccversion='', gccversion='4.4.3', gccosandvers=''
intsize=4, longsize=8, ptrsize=8, doublesize=8, byteorder=12345678
d_longlong=define, longlongsize=8, d_longdbl=define, longdblsize=16
ivtype='long', ivsize=8, nvtype='double', nvsize=8, Off_t='off_t', lseeksize=8
alignbytes=8, prototype=define
Linker and Libraries:
ld='cc', ldflags =' -fstack-protector -L/usr/local/lib'
libpth=/usr/local/lib /lib/../lib /usr/lib/../lib /lib /usr/lib /usr/lib/x86_64-linux-gnu /lib64 /usr/lib64
libs=-lnsl -ldb -ldl -lm -lcrypt -lutil -lc
perllibs=-lnsl -ldl -lm -lcrypt -lutil -lc
libc=/lib/libc-2.11.1.so, so=so, useshrplib=false, libperl=libperl.a
gnulibc_version='2.11.1'
Dynamic Linking:
dlsrc=dl_dlopen.xs, dlext=so, d_dlsymun=undef, ccdlflags='-Wl,-E'
cccdlflags='-fPIC', lddlflags='-shared -O2 -L/usr/local/lib -fstack-protector'
Characteristics of this binary (from libperl):
Compile-time options: HAS_TIMES PERLIO_LAYERS PERL_DONT_CREATE_GVSV
PERL_MALLOC_WRAP PERL_PRESERVE_IVUV USE_64_BIT_ALL
USE_64_BIT_INT USE_LARGE_FILES USE_LOCALE
USE_LOCALE_COLLATE USE_LOCALE_CTYPE
USE_LOCALE_NUMERIC USE_PERLIO USE_PERL_ATOF
Built under linux
Compiled at Dec 12 2011 22:29:38
%ENV:
PERL5LIB=""
PERL5OPT=""
PERL5_CPANPLUS_IS_RUNNING="10572"
PERL5_CPAN_IS_RUNNING="10572"
PERL5_CPAN_IS_RUNNING_IN_RECURSION="29692,10572"
PERL_CR_SMOKER_CURRENT="Genezzo-Contrib-Clustered-0.34"
PERL_EXTUTILS_AUTOINSTALL="--defaultdeps"
PERL_MM_USE_DEFAULT="1"
@INC:
/home/trushel/perl/perl5155/lib/site_perl/5.15.5/x86_64-linux
/home/trushel/perl/perl5155/lib/site_perl/5.15.5
/home/trushel/perl/perl5155/lib/5.15.5/x86_64-linux
/home/trushel/perl/perl5155/lib/5.15.5
.