Bio_AssemblyImprovement v1.160490 Perl 5 v5.18.4 x86_64-linux
- Status
- Fail
- From
- Slaven Rezić (SREZIC)
- Dist
-
Bio_AssemblyImprovement v1.160490
- Platform
- Perl 5 v5.18.4 x86_64-linux
- Date
- 2019-04-29 21:25:28
- ID
- 4f3427e4-6ac5-11e9-8e80-47811f24ea8f
This distribution has been tested as part of the CPAN Testers
project, supporting the Perl programming language. See
http://wiki.cpantesters.org/ for more information or email
questions to cpan-testers-discuss@perl.org
--
Dear Andrew Page,
This is a computer-generated report for Bio_AssemblyImprovement-1.160490
on perl 5.18.4, created by CPAN-Reporter-1.2018.
Thank you for uploading your work to CPAN. However, there was a problem
testing your distribution.
If you think this report is invalid, please consult the CPAN Testers Wiki
for suggestions on how to avoid getting FAIL reports for missing library
or binary dependencies, unsupported operating systems, and so on:
http://wiki.cpantesters.org/wiki/CPANAuthorNotes
Sections of this report:
* Tester comments
* Program output
* Prerequisites
* Environment and other context
------------------------------
TESTER COMMENTS
------------------------------
Additional comments from tester:
none provided
------------------------------
PROGRAM OUTPUT
------------------------------
Output from 'make test':
PERL_DL_NONLAZY=1 "/opt/perl-5.18.4/bin/perl" "-MExtUtils::Command::MM" "-MTest::Harness" "-e" "undef *Test::Harness::Switches; test_harness(0, 'blib/lib', 'blib/arch')" t/*.t t/Abacas/*.t t/AdapterRemoval/Trimmomatic/*.t t/Assemble/SGA/*.t t/Circlator/*.t t/DigitalNormalisation/Khmer/*.t t/FillGaps/*.t t/IvaQC/*.t t/Overall/*.t t/PrepareForSubmission/*.t t/PrimerRemoval/*.t t/Quiver/*.t t/Scaffold/*.t t/Util/*.t t/Validate/*.t
t/Abacas/Iterative.t .................... ok
t/Abacas/Main.t ......................... ok
t/AdapterRemoval/Trimmomatic/Main.t ..... ok
t/Assemble/SGA/IndexAndCorrectReads.t ... ok
t/Assemble/SGA/Main.t ................... ok
t/Assemble/SGA/PreprocessReads.t ........ ok
t/Circlator/Main.t ...................... ok
t/DigitalNormalisation/Khmer/Main.t ..... ok
t/FillGaps/GapFillerConfig.t ............ ok
t/FillGaps/Iterative.t .................. ok
Traceback (most recent call last):
File "/home/cpansand/.cpan/build/2019042821/Bio_AssemblyImprovement-1.160490-2/t/dummy_iva_qc_script_raise_error.py", line 7, in <module>
raise Error ('Could not run iva_qc check - ignore error message')
__main__.Error: Could not run iva_qc check - ignore error message
Error running iva_qc with: /home/cpansand/.cpan/build/2019042821/Bio_AssemblyImprovement-1.160490-2/t/dummy_iva_qc_script_raise_error.py -f /home/cpansand/.cpan/build/2019042821/Bio_AssemblyImprovement-1.160490-2/t/data/forward.fastq -r /home/cpansand/.cpan/build/2019042821/Bio_AssemblyImprovement-1.160490-2/t/data/reverse.fastq --ref_db /home/cpansand/.cpan/build/2019042821/Bio_AssemblyImprovement-1.160490-2/t/data/database /home/cpansand/.cpan/build/2019042821/Bio_AssemblyImprovement-1.160490-2/t/data/contigs.fa test_iva_qc
t/IvaQC/Main.t .......................... ok
t/Overall/CheckAllModulesCompile.t ...... ok
t/PrepareForSubmission/RenameContigs.t .. ok
# Failed test 'Results file exists in expected location'
# at t/PrimerRemoval/Main.t line 39.
# Failed test 'Results file exists in expected location'
# at t/PrimerRemoval/Main.t line 39.
# Looks like you failed 2 tests of 6.
t/PrimerRemoval/Main.t ..................
Dubious, test returned 2 (wstat 512, 0x200)
Failed 2/6 subtests
t/Quiver/Main.t ......................... ok
t/requires_external.t ................... ok
t/Scaffold/Descaffold.t ................. ok
t/Scaffold/Iterative.t .................. ok
t/Scaffold/PreprocessInputFiles.t ....... ok
t/Scaffold/SSpaceConfig.t ............... ok
t/Util/FastaTools.t ..................... ok
t/Util/FastqTools.t ..................... ok
t/Util/OrderContigsByLength.t ........... ok
/home/cpansand/.cpan/build/2019042821/Bio_AssemblyImprovement-1.160490-2/t/does_not_exist.pl does not exist. Using default: /home/cpansand/.cpan/build/2019042821/Bio_AssemblyImprovement-1.160490-2/t/dummy_gap_filler_script.pl at lib/Bio/AssemblyImprovement/Validate/Executable.pm line 29.
t/Validate/Executable.t ................. ok
Test Summary Report
-------------------
t/PrimerRemoval/Main.t (Wstat: 512 Tests: 6 Failed: 2)
Failed tests: 5-6
Non-zero exit status: 2
Files=24, Tests=246, 11 wallclock secs ( 0.07 usr 0.10 sys + 7.73 cusr 2.53 csys = 10.43 CPU)
Result: FAIL
Failed 1/24 test programs. 2/246 subtests failed.
make: *** [test_dynamic] Fehler 255
------------------------------
PREREQUISITES
------------------------------
Prerequisite modules loaded:
requires:
Module Need Have
---------------------- ---- --------
Bio::SeqIO 0 1.007001
Cwd 0 3.75
File::Basename 0 2.84
File::Copy 0 2.26
File::Path 2.07 2.15
File::Spec 0 3.75
File::Temp 0 0.2308
File::Which 0 1.23
Getopt::Long 0 2.5
Getopt::Std 0 1.07
IO::Compress::Gzip 0 2.086
IO::Uncompress::Gunzip 0 2.086
lib 0 0.63
Moose 0 2.2011
Moose::Role 0 2.2011
POSIX 0 1.32
Statistics::Lite 0 3.62
strict 0 1.07
Switch 0 2.17
warnings 0 1.18
build_requires:
Module Need Have
---------------------- ---- --------
Env::Path 0 0.19
ExtUtils::MakeMaker 0 7.34
File::Slurp 0 9999.24
Test::File::Contents 0 0.23
Test::Most 0 0.35
configure_requires:
Module Need Have
---------------------- ---- --------
ExtUtils::MakeMaker 0 7.34
------------------------------
ENVIRONMENT AND OTHER CONTEXT
------------------------------
Environment variables:
LANG = de_DE.UTF-8
PATH = /usr/local/bin:/usr/bin:/bin:/usr/local/sbin:/usr/sbin:/sbin:/home/cpansand/bin/linux-gnu:/home/cpansand/bin/sh:/home/cpansand/bin:/usr/games:/home/cpansand/devel:/home/eserte/src/srezic-misc/scripts
PERL5LIB =
PERL5OPT =
PERL5_CPANPLUS_IS_RUNNING = 3694
PERL5_CPAN_IS_RUNNING = 3694
PERL5_CPAN_IS_RUNNING_IN_RECURSION = 2243,3694
PERLDOC = -MPod::Perldoc::ToTextOverstrike
PERL_BATCH = yes
PERL_CANARY_STABILITY_NOPROMPT = 1
PERL_CPAN_REPORTER_CONFIG = /var/tmp/cpansmoker-1023/2019042821/cpanreporter_000_config.ini
PERL_EXTUTILS_AUTOINSTALL = --defaultdeps
PERL_USE_UNSAFE_INC = 1
SHELL = /bin/zsh
TERM = screen
TMPDIR = /var/tmp/cpansmoker-1023/2019042821
Perl special variables (and OS-specific diagnostics, for MSWin32):
$^X = /opt/perl-5.18.4/bin/perl
$UID/$EUID = 1023 / 1023
$GID = 1023 1023
$EGID = 1023 1023
Perl module toolchain versions installed:
Module Have
------------------- --------
CPAN 2.26
CPAN::Meta 2.150010
Cwd 3.75
ExtUtils::CBuilder 0.280231
ExtUtils::Command 7.34
ExtUtils::Install 2.14
ExtUtils::MakeMaker 7.34
ExtUtils::Manifest 1.72
ExtUtils::ParseXS 3.35
File::Spec 3.75
JSON 4.01
JSON::PP 2.97001
Module::Build 0.4224
Module::Signature 0.83
Parse::CPAN::Meta 2.150010
Test::Harness 3.42
Test::More 1.302164
YAML 1.26
YAML::Syck 1.31
version 0.9924
--
Summary of my perl5 (revision 5 version 18 subversion 4) configuration:
Platform:
osname=linux, osvers=2.6.32-696.3.1.el6.x86_64, archname=x86_64-linux
uname='linux centos6 2.6.32-696.3.1.el6.x86_64 #1 smp tue may 30 19:52:55 utc 2017 x86_64 x86_64 x86_64 gnulinux '
config_args='-ds -e -Dprefix=/opt/perl-5.18.4 -Dcf_email=srezic@cpan.org'
hint=recommended, useposix=true, d_sigaction=define
useithreads=undef, usemultiplicity=undef
useperlio=define, d_sfio=undef, uselargefiles=define, usesocks=undef
use64bitint=define, use64bitall=define, uselongdouble=undef
usemymalloc=n, bincompat5005=undef
Compiler:
cc='cc', ccflags ='-fno-strict-aliasing -pipe -fstack-protector -I/usr/local/include -D_LARGEFILE_SOURCE -D_FILE_OFFSET_BITS=64',
optimize='-O2',
cppflags='-fno-strict-aliasing -pipe -fstack-protector -I/usr/local/include'
ccversion='', gccversion='4.4.7 20120313 (Red Hat 4.4.7-18)', gccosandvers=''
intsize=4, longsize=8, ptrsize=8, doublesize=8, byteorder=12345678
d_longlong=define, longlongsize=8, d_longdbl=define, longdblsize=16
ivtype='long', ivsize=8, nvtype='double', nvsize=8, Off_t='off_t', lseeksize=8
alignbytes=8, prototype=define
Linker and Libraries:
ld='cc', ldflags =' -fstack-protector -L/usr/local/lib'
libpth=/usr/local/lib /lib/../lib64 /usr/lib/../lib64 /lib /usr/lib /lib64 /usr/lib64 /usr/local/lib64
libs=-lnsl -lgdbm -ldb -ldl -lm -lcrypt -lutil -lc
perllibs=-lnsl -ldl -lm -lcrypt -lutil -lc
libc=, so=so, useshrplib=false, libperl=libperl.a
gnulibc_version='2.12'
Dynamic Linking:
dlsrc=dl_dlopen.xs, dlext=so, d_dlsymun=undef, ccdlflags='-Wl,-E'
cccdlflags='-fPIC', lddlflags='-shared -O2 -L/usr/local/lib -fstack-protector'
Characteristics of this binary (from libperl):
Compile-time options: HAS_TIMES PERLIO_LAYERS PERL_DONT_CREATE_GVSV
PERL_HASH_FUNC_ONE_AT_A_TIME_HARD PERL_MALLOC_WRAP
PERL_PRESERVE_IVUV PERL_SAWAMPERSAND USE_64_BIT_ALL
USE_64_BIT_INT USE_LARGE_FILES USE_LOCALE
USE_LOCALE_COLLATE USE_LOCALE_CTYPE
USE_LOCALE_NUMERIC USE_PERLIO USE_PERL_ATOF
Built under linux
Compiled at Jun 24 2017 09:25:31
%ENV:
PERL5LIB=""
PERL5OPT=""
PERL5_CPANPLUS_IS_RUNNING="3694"
PERL5_CPAN_IS_RUNNING="3694"
PERL5_CPAN_IS_RUNNING_IN_RECURSION="2243,3694"
PERLDOC="-MPod::Perldoc::ToTextOverstrike"
PERL_BATCH="yes"
PERL_CANARY_STABILITY_NOPROMPT="1"
PERL_CPAN_REPORTER_CONFIG="/var/tmp/cpansmoker-1023/2019042821/cpanreporter_000_config.ini"
PERL_EXTUTILS_AUTOINSTALL="--defaultdeps"
PERL_USE_UNSAFE_INC="1"
@INC:
/opt/perl-5.18.4/lib/site_perl/5.18.4/x86_64-linux
/opt/perl-5.18.4/lib/site_perl/5.18.4
/opt/perl-5.18.4/lib/5.18.4/x86_64-linux
/opt/perl-5.18.4/lib/5.18.4
.