Back
From: metabase:user:0d96120c-29e2-11e5-b049-ede3035d37de
Subject: FAIL MogileFS-Client-Async-0.030 v5.23.0 GNU/Linux
Date: 2015-07-20T14:55:02Z
This distribution has been tested as part of the CPAN Testers
project, supporting the Perl programming language. See
http://wiki.cpantesters.org/ for more information or email
questions to cpan-testers-discuss@perl.org
--
Dear Dave Lambley,
This is a computer-generated report for MogileFS-Client-Async-0.030
on perl 5.23.0, created by CPAN-Reporter-1.2014.
Thank you for uploading your work to CPAN. However, there was a problem
testing your distribution.
If you think this report is invalid, please consult the CPAN Testers Wiki
for suggestions on how to avoid getting FAIL reports for missing library
or binary dependencies, unsupported operating systems, and so on:
http://wiki.cpantesters.org/wiki/CPANAuthorNotes
Sections of this report:
* Tester comments
* Program output
* Prerequisites
* Environment and other context
------------------------------
TESTER COMMENTS
------------------------------
Additional comments from tester:
this report is from an automated smoke testing program
and was not reviewed by a human for accuracy
------------------------------
PROGRAM OUTPUT
------------------------------
Output from '/usr/bin/make test':
PERL_DL_NONLAZY=1 "/data/perl5/perlbrew/perls/perl-5.23.0/bin/perl5.23.0" "-MExtUtils::Command::MM" "-MTest::Harness" "-e" "undef *Test::Harness::Switches; test_harness(0, 'inc', 'blib/lib', 'blib/arch')" t/*.t
# Failed test 'use MogileFS::Client::Callback;'
# at t/00_compile.t line 6.
# Tried to use 'MogileFS::Client::Callback'.
# Error: Can't locate MogileFS/Client/Callback.pm in @INC (you may need to install the MogileFS::Client::Callback module) (@INC contains: /data/.cpan/build/MogileFS-Client-Async-0.030-i1g11x/inc /data/.cpan/build/MogileFS-Client-Async-0.030-i1g11x/blib/lib /data/.cpan/build/MogileFS-Client-Async-0.030-i1g11x/blib/arch /home/perltest/.cpan/build/MogileFS-Client-1.17-fbpDEB/blib/arch /home/perltest/.cpan/build/MogileFS-Client-1.17-fbpDEB/blib/lib /home/perltest/.cpan/build/AnyEvent-HTTP-2.22-Ee1o3A/blib/arch /home/perltest/.cpan/build/AnyEvent-HTTP-2.22-Ee1o3A/blib/lib /home/perltest/.cpan/build/IO-AIO-4.32-wW5g4k/blib/arch /home/perltest/.cpan/build/IO-AIO-4.32-wW5g4k/blib/lib /home/perltest/.cpan/build/Linux-PipeMagic-0.03-rVRjPF/blib/arch /home/perltest/.cpan/build/Linux-PipeMagic-0.03-rVRjPF/blib/lib /home/perltest/sysperl/lib/perl5 /home/perltest/.cpan/build/MogileFS-Client-1.17-fbpDEB/blib/arch /home/perltest/.cpan/build/MogileFS-Client-1.17-fbpDEB/blib/lib /home/perltest/.cpan/build/AnyEvent-HTTP-2.22-Ee1o3A/blib/arch /home/perltest/.cpan/build/AnyEvent-HTTP-2.22-Ee1o3A/blib/lib /home/perltest/.cpan/build/IO-AIO-4.32-wW5g4k/blib/arch /home/perltest/.cpan/build/IO-AIO-4.32-wW5g4k/blib/lib /home/perltest/.cpan/build/Linux-PipeMagic-0.03-rVRjPF/blib/arch /home/perltest/.cpan/build/Linux-PipeMagic-0.03-rVRjPF/blib/lib /home/perltest/sysperl/lib/perl5 /home/perltest/perl5/perlbrew/perls/perl-5.23.0/lib/site_perl/5.23.0/x86_64-linux /home/perltest/perl5/perlbrew/perls/perl-5.23.0/lib/site_perl/5.23.0 /home/perltest/perl5/perlbrew/perls/perl-5.23.0/lib/5.23.0/x86_64-linux /home/perltest/perl5/perlbrew/perls/perl-5.23.0/lib/5.23.0 .) at t/00_compile.t line 6.
# BEGIN failed--compilation aborted at t/00_compile.t line 6.
# Looks like you failed 1 test of 2.
t/00_compile.t ..........
Dubious, test returned 1 (wstat 256, 0x100)
Failed 1/2 subtests
Mogile backend failed: MogileFS::Backend: couldn't connect to mogilefsd backend at /data/.cpan/build/MogileFS-Client-Async-0.030-i1g11x/blib/lib/MogileFS/Client/CallbackFile.pm line 101.
Mogile backend failed: MogileFS::Backend: couldn't connect to mogilefsd backend at /data/.cpan/build/MogileFS-Client-Async-0.030-i1g11x/blib/lib/MogileFS/Client/CallbackFile.pm line 101.
Mogile backend failed: MogileFS::Backend: couldn't connect to mogilefsd backend at /data/.cpan/build/MogileFS-Client-Async-0.030-i1g11x/blib/lib/MogileFS/Client/CallbackFile.pm line 101.
Mogile backend failed: MogileFS::Backend: couldn't connect to mogilefsd backend at /data/.cpan/build/MogileFS-Client-Async-0.030-i1g11x/blib/lib/MogileFS/Client/CallbackFile.pm line 101.
Mogile backend failed: MogileFS::Backend: couldn't connect to mogilefsd backend at /data/.cpan/build/MogileFS-Client-Async-0.030-i1g11x/blib/lib/MogileFS/Client/CallbackFile.pm line 101.
Fail to get a destination to write to. at /data/.cpan/build/MogileFS-Client-Async-0.030-i1g11x/blib/lib/MogileFS/Client/CallbackFile.pm line 132.
Mogile backend failed: MogileFS::Backend: couldn't connect to mogilefsd backend at /data/.cpan/build/MogileFS-Client-Async-0.030-i1g11x/blib/lib/MogileFS/Client/CallbackFile.pm line 101.
Mogile backend failed: MogileFS::Backend: couldn't connect to mogilefsd backend at /data/.cpan/build/MogileFS-Client-Async-0.030-i1g11x/blib/lib/MogileFS/Client/CallbackFile.pm line 101.
Mogile backend failed: MogileFS::Backend: couldn't connect to mogilefsd backend at /data/.cpan/build/MogileFS-Client-Async-0.030-i1g11x/blib/lib/MogileFS/Client/CallbackFile.pm line 101.
Mogile backend failed: MogileFS::Backend: couldn't connect to mogilefsd backend at /data/.cpan/build/MogileFS-Client-Async-0.030-i1g11x/blib/lib/MogileFS/Client/CallbackFile.pm line 101.
Mogile backend failed: MogileFS::Backend: couldn't connect to mogilefsd backend at /data/.cpan/build/MogileFS-Client-Async-0.030-i1g11x/blib/lib/MogileFS/Client/CallbackFile.pm line 101.
Fail to get a destination to write to. at /data/.cpan/build/MogileFS-Client-Async-0.030-i1g11x/blib/lib/MogileFS/Client/CallbackFile.pm line 132.
Mogile backend failed: MogileFS::Backend: couldn't connect to mogilefsd backend at /data/.cpan/build/MogileFS-Client-Async-0.030-i1g11x/blib/lib/MogileFS/Client/CallbackFile.pm line 101.
Mogile backend failed: MogileFS::Backend: couldn't connect to mogilefsd backend at /data/.cpan/build/MogileFS-Client-Async-0.030-i1g11x/blib/lib/MogileFS/Client/CallbackFile.pm line 101.
Mogile backend failed: MogileFS::Backend: couldn't connect to mogilefsd backend at /data/.cpan/build/MogileFS-Client-Async-0.030-i1g11x/blib/lib/MogileFS/Client/CallbackFile.pm line 101.
Mogile backend failed: MogileFS::Backend: couldn't connect to mogilefsd backend at /data/.cpan/build/MogileFS-Client-Async-0.030-i1g11x/blib/lib/MogileFS/Client/CallbackFile.pm line 101.
Mogile backend failed: MogileFS::Backend: couldn't connect to mogilefsd backend at /data/.cpan/build/MogileFS-Client-Async-0.030-i1g11x/blib/lib/MogileFS/Client/CallbackFile.pm line 101.
Fail to get a destination to write to. at /data/.cpan/build/MogileFS-Client-Async-0.030-i1g11x/blib/lib/MogileFS/Client/CallbackFile.pm line 132.
Mogile backend failed: MogileFS::Backend: couldn't connect to mogilefsd backend at /data/.cpan/build/MogileFS-Client-Async-0.030-i1g11x/blib/lib/MogileFS/Client/CallbackFile.pm line 101.
Mogile backend failed: MogileFS::Backend: couldn't connect to mogilefsd backend at /data/.cpan/build/MogileFS-Client-Async-0.030-i1g11x/blib/lib/MogileFS/Client/CallbackFile.pm line 101.
Mogile backend failed: MogileFS::Backend: couldn't connect to mogilefsd backend at /data/.cpan/build/MogileFS-Client-Async-0.030-i1g11x/blib/lib/MogileFS/Client/CallbackFile.pm line 101.
Mogile backend failed: MogileFS::Backend: couldn't connect to mogilefsd backend at /data/.cpan/build/MogileFS-Client-Async-0.030-i1g11x/blib/lib/MogileFS/Client/CallbackFile.pm line 101.
Mogile backend failed: MogileFS::Backend: couldn't connect to mogilefsd backend at /data/.cpan/build/MogileFS-Client-Async-0.030-i1g11x/blib/lib/MogileFS/Client/CallbackFile.pm line 101.
Fail to get a destination to write to. at /data/.cpan/build/MogileFS-Client-Async-0.030-i1g11x/blib/lib/MogileFS/Client/CallbackFile.pm line 132.
Mogile backend failed: MogileFS::Backend: couldn't connect to mogilefsd backend at /data/.cpan/build/MogileFS-Client-Async-0.030-i1g11x/blib/lib/MogileFS/Client/CallbackFile.pm line 101.
Mogile backend failed: MogileFS::Backend: couldn't connect to mogilefsd backend at /data/.cpan/build/MogileFS-Client-Async-0.030-i1g11x/blib/lib/MogileFS/Client/CallbackFile.pm line 101.
Mogile backend failed: MogileFS::Backend: couldn't connect to mogilefsd backend at /data/.cpan/build/MogileFS-Client-Async-0.030-i1g11x/blib/lib/MogileFS/Client/CallbackFile.pm line 101.
Mogile backend failed: MogileFS::Backend: couldn't connect to mogilefsd backend at /data/.cpan/build/MogileFS-Client-Async-0.030-i1g11x/blib/lib/MogileFS/Client/CallbackFile.pm line 101.
Mogile backend failed: MogileFS::Backend: couldn't connect to mogilefsd backend at /data/.cpan/build/MogileFS-Client-Async-0.030-i1g11x/blib/lib/MogileFS/Client/CallbackFile.pm line 101.
Fail to get a destination to write to. at /data/.cpan/build/MogileFS-Client-Async-0.030-i1g11x/blib/lib/MogileFS/Client/CallbackFile.pm line 132.
Mogile backend failed: MogileFS::Backend: couldn't connect to mogilefsd backend at /data/.cpan/build/MogileFS-Client-Async-0.030-i1g11x/blib/lib/MogileFS/Client/CallbackFile.pm line 101.
Mogile backend failed: MogileFS::Backend: couldn't connect to mogilefsd backend at /data/.cpan/build/MogileFS-Client-Async-0.030-i1g11x/blib/lib/MogileFS/Client/CallbackFile.pm line 101.
Mogile backend failed: MogileFS::Backend: couldn't connect to mogilefsd backend at /data/.cpan/build/MogileFS-Client-Async-0.030-i1g11x/blib/lib/MogileFS/Client/CallbackFile.pm line 101.
Mogile backend failed: MogileFS::Backend: couldn't connect to mogilefsd backend at /data/.cpan/build/MogileFS-Client-Async-0.030-i1g11x/blib/lib/MogileFS/Client/CallbackFile.pm line 101.
Mogile backend failed: MogileFS::Backend: couldn't connect to mogilefsd backend at /data/.cpan/build/MogileFS-Client-Async-0.030-i1g11x/blib/lib/MogileFS/Client/CallbackFile.pm line 101.
Fail to get a destination to write to. at /data/.cpan/build/MogileFS-Client-Async-0.030-i1g11x/blib/lib/MogileFS/Client/CallbackFile.pm line 132.
Mogile write failed: Fail to get a destination to write to. at /data/.cpan/build/MogileFS-Client-Async-0.030-i1g11x/blib/lib/MogileFS/Client/CallbackFile.pm line 132.
# Tests were run but no plan was declared and done_testing() was not seen.
# Looks like your test exited with 115 just after 3.
t/callbackfile_works.t ..
Dubious, test returned 115 (wstat 29440, 0x7300)
All 3 subtests passed
# Failed test at t/works.t line 35.
# died: MogileFS::Backend: couldn't connect to mogilefsd backend at /data/.cpan/build/MogileFS-Client-Async-0.030-i1g11x/blib/lib/MogileFS/Client/Async.pm line 137.
# Failed test at t/works.t line 44.
# died: MogileFS::Backend: couldn't connect to mogilefsd backend at /home/perltest/.cpan/build/MogileFS-Client-1.17-fbpDEB/blib/lib/MogileFS/Client.pm line 584.
# Looks like you failed 2 tests of 3.
t/works.t ...............
Dubious, test returned 2 (wstat 512, 0x200)
Failed 2/3 subtests
Test Summary Report
-------------------
t/00_compile.t (Wstat: 256 Tests: 2 Failed: 1)
Failed test: 2
Non-zero exit status: 1
t/callbackfile_works.t (Wstat: 29440 Tests: 3 Failed: 0)
Non-zero exit status: 115
Parse errors: No plan found in TAP output
t/works.t (Wstat: 512 Tests: 3 Failed: 2)
Failed tests: 2-3
Non-zero exit status: 2
Files=3, Tests=8, 37 wallclock secs ( 0.02 usr 0.00 sys + 0.33 cusr 0.05 csys = 0.40 CPU)
Result: FAIL
Failed 3/3 test programs. 3/8 subtests failed.
Makefile:776: recipe for target 'test_dynamic' failed
make: *** [test_dynamic] Error 2
------------------------------
PREREQUISITES
------------------------------
Prerequisite modules loaded:
requires:
Module Need Have
------------------- ---- --------
AnyEvent 0 7.09
AnyEvent::HTTP 0 2.22
File::Slurp 0 9999.19
IO::AIO 3.25 4.32
IO::Socket::INET 0 1.35
Linux::PipeMagic 0.03 0.03
LWP::Simple 0 6.13
MogileFS::Client 0 1.17
namespace::clean 0 0.25
Try::Tiny 0 0.22
build_requires:
Module Need Have
------------------- ---- --------
Data::Dumper 0 2.158
Digest::MD5 0 2.54
Digest::SHA1 0 2.13
ExtUtils::MakeMaker 6.42 7.04_01
File::Temp 0 0.2304
Test::Exception 0.31 0.40
Test::More 0.88 1.001014
configure_requires:
Module Need Have
------------------- ---- --------
ExtUtils::MakeMaker 6.42 7.04_01
------------------------------
ENVIRONMENT AND OTHER CONTEXT
------------------------------
Environment variables:
AUTOMATED_TESTING = 1
LANG = en_US.UTF-8
NONINTERACTIVE_TESTING = 1
PATH = /home/perltest/sysperl/bin:/home/perltest/perl5/perlbrew/bin:/home/perltest/perl5/perlbrew/perls/perl-5.23.0/bin:/home/perltest/perltest/bin:/home/perltest/perltest/bin:/home/perltest/perltest/bin:/home/perltest/perl5/perlbrew/bin:/home/perltest/perl5/perlbrew/perls/perl-5.23.0/bin:/usr/local/sbin:/usr/local/bin:/usr/sbin:/usr/bin:/sbin:/bin:/usr/games:/usr/local/games:/home/perltest/perltest/bin
PERL5LIB = /home/perltest/.cpan/build/MogileFS-Client-1.17-fbpDEB/blib/arch:/home/perltest/.cpan/build/MogileFS-Client-1.17-fbpDEB/blib/lib:/home/perltest/.cpan/build/AnyEvent-HTTP-2.22-Ee1o3A/blib/arch:/home/perltest/.cpan/build/AnyEvent-HTTP-2.22-Ee1o3A/blib/lib:/home/perltest/.cpan/build/IO-AIO-4.32-wW5g4k/blib/arch:/home/perltest/.cpan/build/IO-AIO-4.32-wW5g4k/blib/lib:/home/perltest/.cpan/build/Linux-PipeMagic-0.03-rVRjPF/blib/arch:/home/perltest/.cpan/build/Linux-PipeMagic-0.03-rVRjPF/blib/lib:/home/perltest/sysperl/lib/perl5
PERL5OPT =
PERL5_CPANPLUS_IS_RUNNING = 24024
PERL5_CPAN_IS_RUNNING = 24024
PERL5_CPAN_IS_RUNNING_IN_RECURSION = 19567,24024
PERLBREW_BASHRC_VERSION = 0.73
PERLBREW_HOME = /home/perltest/.perlbrew
PERLBREW_LIB =
PERLBREW_MANPATH = /home/perltest/perl5/perlbrew/perls/perl-5.23.0/man
PERLBREW_PATH = /home/perltest/perl5/perlbrew/bin:/home/perltest/perl5/perlbrew/perls/perl-5.23.0/bin
PERLBREW_PERL = perl-5.23.0
PERLBREW_ROOT = /home/perltest/perl5/perlbrew
PERLBREW_VERSION = 0.73
PERL_CR_SMOKER_CURRENT = MogileFS-Client-Async-0.030
PERL_EXTUTILS_AUTOINSTALL = --defaultdeps
PERL_LOCAL_LIB_ROOT = /home/perltest/sysperl:
PERL_MB_OPT = --install_base "//home/perltest/sysperl"
PERL_MM_OPT = INSTALL_BASE=/home/perltest/sysperl
PERL_MM_USE_DEFAULT = 1
SHELL = /bin/bash
TERM = screen
Perl special variables (and OS-specific diagnostics, for MSWin32):
$^X = /data/perl5/perlbrew/perls/perl-5.23.0/bin/perl5.23.0
$UID/$EUID = 2000 / 2000
$GID = 2000 2000
$EGID = 2000 2000
Perl module toolchain versions installed:
Module Have
------------------- --------
CPAN 2.11
CPAN::Meta 2.150005
Cwd 3.56
ExtUtils::CBuilder 0.280223
ExtUtils::Command 1.20
ExtUtils::Install 2.04
ExtUtils::MakeMaker 7.04_01
ExtUtils::Manifest 1.70
ExtUtils::ParseXS 3.28
File::Spec 3.56
JSON 2.90
JSON::PP 2.27300
Module::Build 0.4214
Module::Signature 0.79
Parse::CPAN::Meta 1.4417
Test::Harness 3.35
Test::More 1.001014
YAML 1.15
YAML::Syck 1.29
version 0.9909
--
Summary of my perl5 (revision 5 version 23 subversion 0) configuration:
Platform:
osname=linux, osvers=3.19.0-18-generic, archname=x86_64-linux
uname='linux perltest 3.19.0-18-generic #18-ubuntu smp tue may 19 18:31:35 utc 2015 x86_64 x86_64 x86_64 gnulinux '
config_args='-de -Dprefix=/home/perltest/perl5/perlbrew/perls/perl-5.23.0 -Dusedevel -Aeval:scriptdir=/home/perltest/perl5/perlbrew/perls/perl-5.23.0/bin'
hint=recommended, useposix=true, d_sigaction=define
useithreads=undef, usemultiplicity=undef
use64bitint=define, use64bitall=define, uselongdouble=undef
usemymalloc=n, bincompat5005=undef
Compiler:
cc='cc', ccflags ='-fwrapv -fno-strict-aliasing -pipe -fstack-protector-strong -I/usr/local/include -D_LARGEFILE_SOURCE -D_FILE_OFFSET_BITS=64',
optimize='-O2',
cppflags='-fwrapv -fno-strict-aliasing -pipe -fstack-protector-strong -I/usr/local/include'
ccversion='', gccversion='4.9.2', gccosandvers=''
intsize=4, longsize=8, ptrsize=8, doublesize=8, byteorder=12345678, doublekind=3
d_longlong=define, longlongsize=8, d_longdbl=define, longdblsize=16, longdblkind=3
ivtype='long', ivsize=8, nvtype='double', nvsize=8, Off_t='off_t', lseeksize=8
alignbytes=8, prototype=define
Linker and Libraries:
ld='cc', ldflags =' -fstack-protector-strong -L/usr/local/lib'
libpth=/usr/local/lib /usr/lib/gcc/x86_64-linux-gnu/4.9/include-fixed /usr/include/x86_64-linux-gnu /usr/lib /lib/x86_64-linux-gnu /lib/../lib /usr/lib/x86_64-linux-gnu /usr/lib/../lib /lib
libs=-lpthread -lnsl -ldl -lm -lcrypt -lutil -lc
perllibs=-lpthread -lnsl -ldl -lm -lcrypt -lutil -lc
libc=libc-2.21.so, so=so, useshrplib=false, libperl=libperl.a
gnulibc_version='2.21'
Dynamic Linking:
dlsrc=dl_dlopen.xs, dlext=so, d_dlsymun=undef, ccdlflags='-Wl,-E'
cccdlflags='-fPIC', lddlflags='-shared -O2 -L/usr/local/lib -fstack-protector-strong'
Characteristics of this binary (from libperl):
Compile-time options: HAS_TIMES PERLIO_LAYERS PERL_DONT_CREATE_GVSV
PERL_HASH_FUNC_ONE_AT_A_TIME_HARD PERL_MALLOC_WRAP
PERL_NEW_COPY_ON_WRITE PERL_PRESERVE_IVUV
PERL_USE_DEVEL USE_64_BIT_ALL USE_64_BIT_INT
USE_LARGE_FILES USE_LOCALE USE_LOCALE_COLLATE
USE_LOCALE_CTYPE USE_LOCALE_NUMERIC USE_LOCALE_TIME
USE_PERLIO USE_PERL_ATOF
Locally applied patches:
Devel::PatchPerl 1.38
Built under linux
Compiled at Jul 14 2015 18:20:06
%ENV:
PERL5LIB="/home/perltest/.cpan/build/MogileFS-Client-1.17-fbpDEB/blib/arch:/home/perltest/.cpan/build/MogileFS-Client-1.17-fbpDEB/blib/lib:/home/perltest/.cpan/build/AnyEvent-HTTP-2.22-Ee1o3A/blib/arch:/home/perltest/.cpan/build/AnyEvent-HTTP-2.22-Ee1o3A/blib/lib:/home/perltest/.cpan/build/IO-AIO-4.32-wW5g4k/blib/arch:/home/perltest/.cpan/build/IO-AIO-4.32-wW5g4k/blib/lib:/home/perltest/.cpan/build/Linux-PipeMagic-0.03-rVRjPF/blib/arch:/home/perltest/.cpan/build/Linux-PipeMagic-0.03-rVRjPF/blib/lib:/home/perltest/sysperl/lib/perl5"
PERL5OPT=""
PERL5_CPANPLUS_IS_RUNNING="24024"
PERL5_CPAN_IS_RUNNING="24024"
PERL5_CPAN_IS_RUNNING_IN_RECURSION="19567,24024"
PERLBREW_BASHRC_VERSION="0.73"
PERLBREW_HOME="/home/perltest/.perlbrew"
PERLBREW_LIB=""
PERLBREW_MANPATH="/home/perltest/perl5/perlbrew/perls/perl-5.23.0/man"
PERLBREW_PATH="/home/perltest/perl5/perlbrew/bin:/home/perltest/perl5/perlbrew/perls/perl-5.23.0/bin"
PERLBREW_PERL="perl-5.23.0"
PERLBREW_ROOT="/home/perltest/perl5/perlbrew"
PERLBREW_VERSION="0.73"
PERL_CR_SMOKER_CURRENT="MogileFS-Client-Async-0.030"
PERL_EXTUTILS_AUTOINSTALL="--defaultdeps"
PERL_LOCAL_LIB_ROOT="/home/perltest/sysperl:"
PERL_MB_OPT="--install_base "//home/perltest/sysperl""
PERL_MM_OPT="INSTALL_BASE=/home/perltest/sysperl"
PERL_MM_USE_DEFAULT="1"
@INC:
/home/perltest/.cpan/build/MogileFS-Client-1.17-fbpDEB/blib/arch
/home/perltest/.cpan/build/MogileFS-Client-1.17-fbpDEB/blib/lib
/home/perltest/.cpan/build/AnyEvent-HTTP-2.22-Ee1o3A/blib/arch
/home/perltest/.cpan/build/AnyEvent-HTTP-2.22-Ee1o3A/blib/lib
/home/perltest/.cpan/build/IO-AIO-4.32-wW5g4k/blib/arch
/home/perltest/.cpan/build/IO-AIO-4.32-wW5g4k/blib/lib
/home/perltest/.cpan/build/Linux-PipeMagic-0.03-rVRjPF/blib/arch
/home/perltest/.cpan/build/Linux-PipeMagic-0.03-rVRjPF/blib/lib
/home/perltest/sysperl/lib/perl5
/home/perltest/perl5/perlbrew/perls/perl-5.23.0/lib/site_perl/5.23.0/x86_64-linux
/home/perltest/perl5/perlbrew/perls/perl-5.23.0/lib/site_perl/5.23.0
/home/perltest/perl5/perlbrew/perls/perl-5.23.0/lib/5.23.0/x86_64-linux
/home/perltest/perl5/perlbrew/perls/perl-5.23.0/lib/5.23.0
.