Bio-Roary v3.11.0 Perl 5 v5.26.0 i86pc-solaris-thread-multi
- Status
- Fail
- From
- Serguei Trouchelle (STRO)
- Dist
-
Bio-Roary v3.11.0
- Platform
- Perl 5 v5.26.0 i86pc-solaris-thread-multi
- Date
- 2017-10-23 15:03:16
- ID
- 4c432222-b803-11e7-9afc-edd812b9258d
This distribution has been tested as part of the CPAN Testers
project, supporting the Perl programming language. See
http://wiki.cpantesters.org/ for more information or email
questions to cpan-testers-discuss@perl.org
--
Dear Andrew Page,
This is a computer-generated report for Bio-Roary-3.11.0
on perl 5.26.0, created by CPAN-Reporter-1.2018.
Thank you for uploading your work to CPAN. However, there was a problem
testing your distribution.
If you think this report is invalid, please consult the CPAN Testers Wiki
for suggestions on how to avoid getting FAIL reports for missing library
or binary dependencies, unsupported operating systems, and so on:
http://wiki.cpantesters.org/wiki/CPANAuthorNotes
Sections of this report:
* Tester comments
* Program output
* Prerequisites
* Environment and other context
------------------------------
TESTER COMMENTS
------------------------------
Additional comments from tester:
this report is from an automated smoke testing program
and was not reviewed by a human for accuracy
------------------------------
PROGRAM OUTPUT
------------------------------
Output from '/usr/bin/make test':
PERL_DL_NONLAZY=1 "/home/stro/perl/5.26.0t/bin/perl" "-MExtUtils::Command::MM" "-MTest::Harness" "-e" "undef *Test::Harness::Switches; test_harness(0, 'blib/lib', 'blib/arch')" t/*.t t/Bio/Roary/*.t t/Bio/Roary/CommandLine/*.t t/Bio/Roary/External/*.t t/Bio/Roary/Output/*.t t/Bio/Roary/QC/*.t
#
# Versions for all modules listed in MYMETA.json (including optional ones):
#
# === Configure Requires ===
#
# Module Want Have
# ------------------- ---- ----
# ExtUtils::MakeMaker any 7.24
#
# === Build Requires ===
#
# Module Want Have
# ------------------- ---- ----
# ExtUtils::MakeMaker any 7.24
#
# === Test Requires ===
#
# Module Want Have
# ------------------- ---- --------
# Data::Dumper any 2.167
# Env::Path any 0.19
# ExtUtils::MakeMaker any 7.24
# File::Spec any 3.67
# Test::Files any 0.14
# Test::More any 1.302103
# Test::Most any 0.35
# Test::Output any 1.031
#
# === Test Recommends ===
#
# Module Want Have
# ---------- -------- --------
# CPAN::Meta 2.120900 2.150010
#
# === Runtime Requires ===
#
# Module Want Have
# ------------------- ---- -------
# Array::Utils any 0.5
# Bio::Perl any undef
# Bio::SeqIO any undef
# Bio::Tools::GFF any undef
# Bio::TreeIO any undef
# Cwd any 3.67
# Digest::MD5::File any 0.08
# Exception::Class any 1.43
# File::Basename any 2.85
# File::Copy any 2.32
# File::Find::Rule any 0.34
# File::Grep any 0.02
# File::Path any 2.12_01
# File::Slurper any 0.010
# File::Spec any 3.67
# File::Temp any 0.2304
# File::Which any 1.22
# FindBin any 1.51
# Getopt::Long any 2.49
# Graph any 0.9704
# Graph::Writer::Dot any 2.09
# List::Util any 1.46_02
# Log::Log4perl any 1.49
# Moose any 2.2006
# Moose::Role any 2.2006
# POSIX any 1.76
# PerlIO::utf8_strict any 0.007
# Text::CSV any 1.95
# strict any 1.11
# warnings any 1.37
#
t/00-report-prereqs.t ................................... ok
# Failed test 'blastp in PATH'
# at t/00_requires_external.t line 19.
# Failed test 'makeblastdb in PATH'
# at t/00_requires_external.t line 19.
# Failed test 'mcl in PATH'
# at t/00_requires_external.t line 19.
# Failed test 'mcxdeblast in PATH'
# at t/00_requires_external.t line 19.
# Failed test 'bedtools in PATH'
# at t/00_requires_external.t line 19.
# Failed test 'prank in PATH'
# at t/00_requires_external.t line 19.
# Failed test 'parallel in PATH'
# at t/00_requires_external.t line 19.
# Failed test 'mafft in PATH'
# at t/00_requires_external.t line 19.
# Looks like you failed 8 tests of 8.
t/00_requires_external.t ................................
Dubious, test returned 8 (wstat 2048, 0x800)
Failed 8/8 subtests
t/author-00-compile.t ................................... skipped: these tests are for testing by the author
t/author-pod-syntax.t ................................... skipped: these tests are for testing by the author
t/Bio/Roary/AccessoryBinaryFasta.t ...................... ok
Cant open file: _accessory_clusters.clstr# Tests were run but no plan was declared and done_testing() was not seen.
# Looks like your test exited with 2 just after 2.
t/Bio/Roary/AccessoryClustering.t .......................
Dubious, test returned 2 (wstat 512, 0x200)
All 2 subtests passed
t/Bio/Roary/AnalyseGroups.t ............................. ok
t/Bio/Roary/AnnotateGroups.t ............................ ok
t/Bio/Roary/AssemblyStatistics.t ........................ ok
t/Bio/Roary/ChunkFastaFile.t ............................ ok
t/Bio/Roary/CombinedProteome.t .......................... ok
# Failed test 'Actual output file exists example_annotation.gff.proteome.faa -t 1 t/data/example_annotation.gff'
# at t/lib/TestHelper.pm line 139.
# Failed test 'Actual and expected output match for '-t 1 t/data/example_annotation.gff''
# at t/lib/TestHelper.pm line 148.
# example_annotation.gff.proteome.faa absent
# Failed test 'Actual output file exists example_annotation.gff.proteome.faa t/data/example_annotation.gff'
# at t/lib/TestHelper.pm line 139.
# Failed test 'Actual and expected output match for 't/data/example_annotation.gff''
# at t/lib/TestHelper.pm line 148.
# example_annotation.gff.proteome.faa absent
# Looks like you failed 4 tests of 7.
t/Bio/Roary/CommandLine/ExtractProteomeFromGff.t ........
Dubious, test returned 4 (wstat 1024, 0x400)
Failed 4/7 subtests
t/Bio/Roary/CommandLine/GeneAlignmentFromNucleotides.t .. ok
Can't locate Moose.pm in @INC (you may need to install the Moose module) (@INC contains: /home/stro/cpan/build/5.26.0t/build/Bio-Roary-3.11.0-0/blib/lib /home/stro/cpan/build/5.26.0t/build/Bio-Roary-3.11.0-0/blib/arch /usr/perl5/site_perl/5.22/i86pc-solaris-64int /usr/perl5/site_perl/5.22 /usr/perl5/vendor_perl/5.22/i86pc-solaris-64int /usr/perl5/vendor_perl/5.22 /usr/perl5/5.22/lib/i86pc-solaris-64int /usr/perl5/5.22/lib .) at /home/stro/cpan/build/5.26.0t/build/Bio-Roary-3.11.0-0/t/bin/dummy_makeblastdb line 2.
BEGIN failed--compilation aborted at /home/stro/cpan/build/5.26.0t/build/Bio-Roary-3.11.0-0/t/bin/dummy_makeblastdb line 2.
Can't locate Moose.pm in @INC (you may need to install the Moose module) (@INC contains: /home/stro/cpan/build/5.26.0t/build/Bio-Roary-3.11.0-0/blib/lib /home/stro/cpan/build/5.26.0t/build/Bio-Roary-3.11.0-0/blib/arch /usr/perl5/site_perl/5.22/i86pc-solaris-64int /usr/perl5/site_perl/5.22 /usr/perl5/vendor_perl/5.22/i86pc-solaris-64int /usr/perl5/vendor_perl/5.22 /usr/perl5/5.22/lib/i86pc-solaris-64int /usr/perl5/5.22/lib .) at /home/stro/cpan/build/5.26.0t/build/Bio-Roary-3.11.0-0/t/bin/dummy_blastp line 2.
BEGIN failed--compilation aborted at /home/stro/cpan/build/5.26.0t/build/Bio-Roary-3.11.0-0/t/bin/dummy_blastp line 2.
Can't locate Moose.pm in @INC (you may need to install the Moose module) (@INC contains: /home/stro/cpan/build/5.26.0t/build/Bio-Roary-3.11.0-0/blib/lib /home/stro/cpan/build/5.26.0t/build/Bio-Roary-3.11.0-0/blib/arch /usr/perl5/site_perl/5.22/i86pc-solaris-64int /usr/perl5/site_perl/5.22 /usr/perl5/vendor_perl/5.22/i86pc-solaris-64int /usr/perl5/vendor_perl/5.22 /usr/perl5/5.22/lib/i86pc-solaris-64int /usr/perl5/5.22/lib .) at /home/stro/cpan/build/5.26.0t/build/Bio-Roary-3.11.0-0/t/bin/dummy_makeblastdb line 2.
BEGIN failed--compilation aborted at /home/stro/cpan/build/5.26.0t/build/Bio-Roary-3.11.0-0/t/bin/dummy_makeblastdb line 2.
Can't locate Moose.pm in @INC (you may need to install the Moose module) (@INC contains: /home/stro/cpan/build/5.26.0t/build/Bio-Roary-3.11.0-0/blib/lib /home/stro/cpan/build/5.26.0t/build/Bio-Roary-3.11.0-0/blib/arch /usr/perl5/site_perl/5.22/i86pc-solaris-64int /usr/perl5/site_perl/5.22 /usr/perl5/vendor_perl/5.22/i86pc-solaris-64int /usr/perl5/vendor_perl/5.22 /usr/perl5/5.22/lib/i86pc-solaris-64int /usr/perl5/5.22/lib .) at /home/stro/cpan/build/5.26.0t/build/Bio-Roary-3.11.0-0/t/bin/dummy_blastp line 2.
BEGIN failed--compilation aborted at /home/stro/cpan/build/5.26.0t/build/Bio-Roary-3.11.0-0/t/bin/dummy_blastp line 2.
t/Bio/Roary/CommandLine/ParallelAllAgainstAllBlastp.t ... ok
Can't locate Moose.pm in @INC (you may need to install the Moose module) (@INC contains: /home/stro/cpan/build/5.26.0t/build/Bio-Roary-3.11.0-0/t/lib /home/stro/cpan/build/5.26.0t/build/Bio-Roary-3.11.0-0/lib /home/stro/cpan/build/5.26.0t/build/Bio-Roary-3.11.0-0/blib/lib /home/stro/cpan/build/5.26.0t/build/Bio-Roary-3.11.0-0/blib/arch /usr/perl5/site_perl/5.22/i86pc-solaris-64int /usr/perl5/site_perl/5.22 /usr/perl5/vendor_perl/5.22/i86pc-solaris-64int /usr/perl5/vendor_perl/5.22 /usr/perl5/5.22/lib/i86pc-solaris-64int /usr/perl5/5.22/lib .) at /home/stro/cpan/build/5.26.0t/build/Bio-Roary-3.11.0-0/lib/Bio/Roary/CommandLine/ExtractProteomeFromGff.pm line 7.
BEGIN failed--compilation aborted at /home/stro/cpan/build/5.26.0t/build/Bio-Roary-3.11.0-0/lib/Bio/Roary/CommandLine/ExtractProteomeFromGff.pm line 7.
Compilation failed in require at ./bin/extract_proteome_from_gff line 12.
BEGIN failed--compilation aborted at ./bin/extract_proteome_from_gff line 12.
Can't locate Moose.pm in @INC (you may need to install the Moose module) (@INC contains: /home/stro/cpan/build/5.26.0t/build/Bio-Roary-3.11.0-0/t/lib /home/stro/cpan/build/5.26.0t/build/Bio-Roary-3.11.0-0/lib /home/stro/cpan/build/5.26.0t/build/Bio-Roary-3.11.0-0/blib/lib /home/stro/cpan/build/5.26.0t/build/Bio-Roary-3.11.0-0/blib/arch /usr/perl5/site_perl/5.22/i86pc-solaris-64int /usr/perl5/site_perl/5.22 /usr/perl5/vendor_perl/5.22/i86pc-solaris-64int /usr/perl5/vendor_perl/5.22 /usr/perl5/5.22/lib/i86pc-solaris-64int /usr/perl5/5.22/lib .) at /home/stro/cpan/build/5.26.0t/build/Bio-Roary-3.11.0-0/lib/Bio/Roary/CommandLine/ExtractProteomeFromGff.pm line 7.
BEGIN failed--compilation aborted at /home/stro/cpan/build/5.26.0t/build/Bio-Roary-3.11.0-0/lib/Bio/Roary/CommandLine/ExtractProteomeFromGff.pm line 7.
Compilation failed in require at ./bin/extract_proteome_from_gff line 12.
BEGIN failed--compilation aborted at ./bin/extract_proteome_from_gff line 12.
Can't locate Moose.pm in @INC (you may need to install the Moose module) (@INC contains: /home/stro/cpan/build/5.26.0t/build/Bio-Roary-3.11.0-0/t/lib /home/stro/cpan/build/5.26.0t/build/Bio-Roary-3.11.0-0/lib /home/stro/cpan/build/5.26.0t/build/Bio-Roary-3.11.0-0/blib/lib /home/stro/cpan/build/5.26.0t/build/Bio-Roary-3.11.0-0/blib/arch /usr/perl5/site_perl/5.22/i86pc-solaris-64int /usr/perl5/site_perl/5.22 /usr/perl5/vendor_perl/5.22/i86pc-solaris-64int /usr/perl5/vendor_perl/5.22 /usr/perl5/5.22/lib/i86pc-solaris-64int /usr/perl5/5.22/lib .) at /home/stro/cpan/build/5.26.0t/build/Bio-Roary-3.11.0-0/lib/Bio/Roary/CommandLine/ExtractProteomeFromGff.pm line 7.
BEGIN failed--compilation aborted at /home/stro/cpan/build/5.26.0t/build/Bio-Roary-3.11.0-0/lib/Bio/Roary/CommandLine/ExtractProteomeFromGff.pm line 7.
Compilation failed in require at ./bin/extract_proteome_from_gff line 12.
BEGIN failed--compilation aborted at ./bin/extract_proteome_from_gff line 12.
grep: /home/stro/cpan/build/5.26.0t/build/Bio-Roary-3.11.0-0/hbSYG37qWi/query_1.gff.proteome.faa: No such file or directory
grep: /home/stro/cpan/build/5.26.0t/build/Bio-Roary-3.11.0-0/hbSYG37qWi/query_2.gff.proteome.faa: No such file or directory
grep: /home/stro/cpan/build/5.26.0t/build/Bio-Roary-3.11.0-0/hbSYG37qWi/query_3.gff.proteome.faa: No such file or directory
grep: /home/stro/cpan/build/5.26.0t/build/Bio-Roary-3.11.0-0/hbSYG37qWi/query_1.gff.proteome.faa: No such file or directory
grep: /home/stro/cpan/build/5.26.0t/build/Bio-Roary-3.11.0-0/hbSYG37qWi/query_2.gff.proteome.faa: No such file or directory
grep: /home/stro/cpan/build/5.26.0t/build/Bio-Roary-3.11.0-0/hbSYG37qWi/query_3.gff.proteome.faa: No such file or directory
grep: /home/stro/cpan/build/5.26.0t/build/Bio-Roary-3.11.0-0/hbSYG37qWi/query_1.gff.proteome.faa: No such file or directory
grep: /home/stro/cpan/build/5.26.0t/build/Bio-Roary-3.11.0-0/hbSYG37qWi/query_2.gff.proteome.faa: No such file or directory
grep: /home/stro/cpan/build/5.26.0t/build/Bio-Roary-3.11.0-0/hbSYG37qWi/query_3.gff.proteome.faa: No such file or directory
grep: /home/stro/cpan/build/5.26.0t/build/Bio-Roary-3.11.0-0/hbSYG37qWi/query_1.gff.proteome.faa: No such file or directory
grep: /home/stro/cpan/build/5.26.0t/build/Bio-Roary-3.11.0-0/hbSYG37qWi/query_2.gff.proteome.faa: No such file or directory
grep: /home/stro/cpan/build/5.26.0t/build/Bio-Roary-3.11.0-0/hbSYG37qWi/query_3.gff.proteome.faa: No such file or directory
# Failed test 'Actual and expected sorted output match for '-g t/data/query_groups -a difference -i t/data/query_1.gff -t t/data/query_2.gff,t/data/query_3.gff''
# at t/lib/TestHelper.pm line 38.
# Structures begin differing at:
# $got->[1] = Does not exist
# $expected->[1] = ARRAY(0xa4b1f38)
# Looks like you failed 1 test of 37.
t/Bio/Roary/CommandLine/QueryRoary.t ....................
Dubious, test returned 1 (wstat 256, 0x100)
Failed 1/37 subtests
Can't locate Moose.pm in @INC (you may need to install the Moose module) (@INC contains: /home/stro/cpan/build/5.26.0t/build/Bio-Roary-3.11.0-0/t/lib /home/stro/cpan/build/5.26.0t/build/Bio-Roary-3.11.0-0/lib /home/stro/cpan/build/5.26.0t/build/Bio-Roary-3.11.0-0/blib/lib /home/stro/cpan/build/5.26.0t/build/Bio-Roary-3.11.0-0/blib/arch /home/stro/cpan/build/5.26.0t/build/Bio-Roary-3.11.0-0/lib /home/stro/cpan/build/5.26.0t/build/Bio-Roary-3.11.0-0/t/lib /usr/perl5/site_perl/5.22/i86pc-solaris-64int /usr/perl5/site_perl/5.22 /usr/perl5/vendor_perl/5.22/i86pc-solaris-64int /usr/perl5/vendor_perl/5.22 /usr/perl5/5.22/lib/i86pc-solaris-64int /usr/perl5/5.22/lib .) at /home/stro/cpan/build/5.26.0t/build/Bio-Roary-3.11.0-0/lib/Bio/Roary/CommandLine/ExtractProteomeFromGff.pm line 7.
BEGIN failed--compilation aborted at /home/stro/cpan/build/5.26.0t/build/Bio-Roary-3.11.0-0/lib/Bio/Roary/CommandLine/ExtractProteomeFromGff.pm line 7.
Compilation failed in require at /home/stro/cpan/build/5.26.0t/build/Bio-Roary-3.11.0-0/bin/extract_proteome_from_gff line 12.
BEGIN failed--compilation aborted at /home/stro/cpan/build/5.26.0t/build/Bio-Roary-3.11.0-0/bin/extract_proteome_from_gff line 12.
Can't locate Moose.pm in @INC (you may need to install the Moose module) (@INC contains: /home/stro/cpan/build/5.26.0t/build/Bio-Roary-3.11.0-0/t/lib /home/stro/cpan/build/5.26.0t/build/Bio-Roary-3.11.0-0/lib /home/stro/cpan/build/5.26.0t/build/Bio-Roary-3.11.0-0/blib/lib /home/stro/cpan/build/5.26.0t/build/Bio-Roary-3.11.0-0/blib/arch /home/stro/cpan/build/5.26.0t/build/Bio-Roary-3.11.0-0/lib /home/stro/cpan/build/5.26.0t/build/Bio-Roary-3.11.0-0/t/lib /usr/perl5/site_perl/5.22/i86pc-solaris-64int /usr/perl5/site_perl/5.22 /usr/perl5/vendor_perl/5.22/i86pc-solaris-64int /usr/perl5/vendor_perl/5.22 /usr/perl5/5.22/lib/i86pc-solaris-64int /usr/perl5/5.22/lib .) at /home/stro/cpan/build/5.26.0t/build/Bio-Roary-3.11.0-0/lib/Bio/Roary/CommandLine/ExtractProteomeFromGff.pm line 7.
BEGIN failed--compilation aborted at /home/stro/cpan/build/5.26.0t/build/Bio-Roary-3.11.0-0/lib/Bio/Roary/CommandLine/ExtractProteomeFromGff.pm line 7.
Compilation failed in require at /home/stro/cpan/build/5.26.0t/build/Bio-Roary-3.11.0-0/bin/extract_proteome_from_gff line 12.
BEGIN failed--compilation aborted at /home/stro/cpan/build/5.26.0t/build/Bio-Roary-3.11.0-0/bin/extract_proteome_from_gff line 12.
Can't locate Moose.pm in @INC (you may need to install the Moose module) (@INC contains: /home/stro/cpan/build/5.26.0t/build/Bio-Roary-3.11.0-0/t/lib /home/stro/cpan/build/5.26.0t/build/Bio-Roary-3.11.0-0/lib /home/stro/cpan/build/5.26.0t/build/Bio-Roary-3.11.0-0/blib/lib /home/stro/cpan/build/5.26.0t/build/Bio-Roary-3.11.0-0/blib/arch /home/stro/cpan/build/5.26.0t/build/Bio-Roary-3.11.0-0/lib /home/stro/cpan/build/5.26.0t/build/Bio-Roary-3.11.0-0/t/lib /usr/perl5/site_perl/5.22/i86pc-solaris-64int /usr/perl5/site_perl/5.22 /usr/perl5/vendor_perl/5.22/i86pc-solaris-64int /usr/perl5/vendor_perl/5.22 /usr/perl5/5.22/lib/i86pc-solaris-64int /usr/perl5/5.22/lib .) at /home/stro/cpan/build/5.26.0t/build/Bio-Roary-3.11.0-0/lib/Bio/Roary/CommandLine/ExtractProteomeFromGff.pm line 7.
BEGIN failed--compilation aborted at /home/stro/cpan/build/5.26.0t/build/Bio-Roary-3.11.0-0/lib/Bio/Roary/CommandLine/ExtractProteomeFromGff.pm line 7.
Compilation failed in require at /home/stro/cpan/build/5.26.0t/build/Bio-Roary-3.11.0-0/bin/extract_proteome_from_gff line 12.
BEGIN failed--compilation aborted at /home/stro/cpan/build/5.26.0t/build/Bio-Roary-3.11.0-0/bin/extract_proteome_from_gff line 12.
# Failed test 'Actual output file exists gene_presence_absence.csv -j Local -t 1 --dont_split_groups t/data/genbank_gbff/genbank1.gff t/data/genbank_gbff/genbank2.gff t/data/genbank_gbff/genbank3.gff'
# at /home/stro/cpan/build/5.26.0t/build/Bio-Roary-3.11.0-0/t/lib/TestHelper.pm line 249.
# Tests were run but no plan was declared and done_testing() was not seen.
# Looks like your test exited with 2 just after 3.
t/Bio/Roary/CommandLine/Roary.t .........................
Dubious, test returned 2 (wstat 512, 0x200)
Failed 1/3 subtests
t/Bio/Roary/CommandLine/RoaryCoreAlignment.t ............ ok
t/Bio/Roary/CommandLine/RoaryPostAnalysis.t ............. ok
t/Bio/Roary/CommandLine/RoaryReorderSpreadsheet.t ....... ok
t/Bio/Roary/CommandLine/TransferAnnotationToGroups.t .... ok
t/Bio/Roary/ContigsToGeneIDsFromGFF.t ................... ok
t/Bio/Roary/EmblGroups.t ................................ ok
Can't locate Moose.pm in @INC (you may need to install the Moose module) (@INC contains: /home/stro/cpan/build/5.26.0t/build/Bio-Roary-3.11.0-0/blib/lib /home/stro/cpan/build/5.26.0t/build/Bio-Roary-3.11.0-0/blib/arch /usr/perl5/site_perl/5.22/i86pc-solaris-64int /usr/perl5/site_perl/5.22 /usr/perl5/vendor_perl/5.22/i86pc-solaris-64int /usr/perl5/vendor_perl/5.22 /usr/perl5/5.22/lib/i86pc-solaris-64int /usr/perl5/5.22/lib .) at /home/stro/cpan/build/5.26.0t/build/Bio-Roary-3.11.0-0/t/bin/dummy_blastp line 2.
BEGIN failed--compilation aborted at /home/stro/cpan/build/5.26.0t/build/Bio-Roary-3.11.0-0/t/bin/dummy_blastp line 2.
t/Bio/Roary/External/Blastp.t ........................... ok
t/Bio/Roary/External/Cdhit.t ............................ ok
# Failed test 'Check for parallel'
# at t/Bio/Roary/External/CheckTools.t line 17.
# STDERR:
# 2017/10/23 07:24:59 ERROR: Can't find required 'parallel' in your $PATH
#
# doesn't match:
# (?^:Looking for 'parallel' - found )
# as expected
# Failed test 'Check for blastp'
# at t/Bio/Roary/External/CheckTools.t line 17.
# STDERR:
# 2017/10/23 07:24:59 ERROR: Can't find required 'blastp' in your $PATH
#
# doesn't match:
# (?^:Looking for 'blastp' - found )
# as expected
# Failed test 'Check for makeblastdb'
# at t/Bio/Roary/External/CheckTools.t line 17.
# STDERR:
# 2017/10/23 07:24:59 ERROR: Can't find required 'makeblastdb' in your $PATH
#
# doesn't match:
# (?^:Looking for 'makeblastdb' - found )
# as expected
# Failed test 'Check for mcl'
# at t/Bio/Roary/External/CheckTools.t line 17.
# STDERR:
# 2017/10/23 07:24:59 ERROR: Can't find required 'mcl' in your $PATH
#
# doesn't match:
# (?^:Looking for 'mcl' - found )
# as expected
# Failed test 'Check for bedtools'
# at t/Bio/Roary/External/CheckTools.t line 17.
# STDERR:
# 2017/10/23 07:24:59 ERROR: Can't find required 'bedtools' in your $PATH
#
# doesn't match:
# (?^:Looking for 'bedtools' - found )
# as expected
# Failed test 'Check for prank'
# at t/Bio/Roary/External/CheckTools.t line 17.
# STDERR:
# 2017/10/23 07:24:59 Optional tool 'prank' not found in your $PATH
#
# doesn't match:
# (?^:Looking for 'prank' - found )
# as expected
# Failed test 'Check for mafft'
# at t/Bio/Roary/External/CheckTools.t line 17.
# STDERR:
# 2017/10/23 07:24:59 ERROR: Can't find required 'mafft' in your $PATH
#
# doesn't match:
# (?^:Looking for 'mafft' - found )
# as expected
# Looks like you failed 7 tests of 13.
t/Bio/Roary/External/CheckTools.t .......................
Dubious, test returned 7 (wstat 1792, 0x700)
Failed 7/13 subtests
sh: line 1: mafft: not found
# Failed test 'output for mafft matches'
# at t/Bio/Roary/External/Mafft.t line 39.
# +---+-----+---+-----------------------------------------------------------------------------+
# | |Got | |Expected |
# | Ln| | Ln| |
# +---+-----+---+-----------------------------------------------------------------------------+
# | | * 1|>1111#5_04506 *
# | | * 2|------------------------------------------------------------ *
# | | * 3|------------------------------------------------------------ *
# | | * 4|------------------------------------------------------------ *
# | | * 5|------------------------------------------------------------ *
# | | * 6|------------------------------------------------------------ *
# | | * 7|------------------------------------------------------------ *
# | | * 8|------------------------------------------------------------ *
# | | * 9|---------atggcaatcaccttacgggagctggatggcctgagctatgaagagatagcg *
# | | * 10|gctatcatggattgtccggtggggacggtgcgttcacgtatcttccgggcgcgggaagct *
# | | * 11|attgataataaagttcaaccgcttatcaggcgttga *
# | | * 12|>1234_8#75_04759 *
# | | * 13|atgagcgagcagttaacggaccaggtcctggttgaacgggtccagaagggagatcagaaa *
# | | * 14|gcctttaacttactggtagtgcgctaccagcataaagtggcgagtctggtttcccgctat *
# | | * 15|gtgccatcgggcgacgttcccgatgtcgtacaggaatcatttattaaggcctatcgcgcg *
# | | * 16|ctggattctttccggcgggatagtgctttttatacctggttgtatcgtattgcggtcaat *
# | | * 17|accgcgaagaactacctggttgcgcaggggcgtcgtccgccttccagtgatgtagacgcg *
# | | * 18|attgaagcagaaaactttgaaagcggcggcgcgctgaaagaaatttcgaaccctgagaac *
# | | * 19|ttaatgttgtcagaagaactgagacagatagttttccgaactattgagtccctcccggaa *
# | | * 20|gatttacgtatggcaatcaccttacgggagctggatggcctgagctatgaagagatagcg *
# | | * 21|gctatcatggattgtccggtggggacggtgcgttcacgtatcttccgggcgcgggaagct *
# | | * 22|attgataataaagttcaaccgcttatcaggcgttga *
# | | * 23|>Salmonella_enterica_subsp_enterica_serovar_Typhimurium_DT104_v1_02853 *
# | | * 24|atgagcgagcagttaacggaccaggtcctggttgaacgggtccagaagggagatcagaaa *
# | | * 25|gcctttaacttactggtagtgcgctaccagcataaagtggcgagtctggtttcccgctat *
# | | * 26|gtgccatcgggcgacgttcccgatgtcgtacaggaatcatttattaaggcctatcgcgcg *
# | | * 27|ctggattctttccggggggatagtgctttttatacctggttgtatcgtattgcggtcaat *
# | | * 28|accgcgaagaactacctggttgcgcaggggcgtcgtccgccttccagtgatgtagacgcg *
# | | * 29|attgaagcagaaaactttgaaagcggcggcgcgctgaaagaaatttcgaaccctgagaac *
# | | * 30|ttaatgttttcagaagaactgagacagatagttttccgaactattgagtccctcccggaa *
# | | * 31|gatttacgtatggcaatcaccttacgggagctggatggcctgagctatgaagagatagcg *
# | | * 32|gctatcatggattgtccggtggggacggtgcgttcacgtatcttccgggcgcgggaagct *
# | | * 33|attgataataaagttcaaccgcttatcaggcgttga *
# | | * 34|>Salmonella_enterica_subsp_enterica_serovar_Typhimurium_SL1344_v2_02736 *
# | | * 35|atgagcgagcagttaacggaccaggtcctggttgaacgggtccagaagggagatcagaaa *
# | | * 36|gcctttaacttactggtagtgcgctaccagcataaagtggcgagtctggtttcccgctat *
# | | * 37|gtgccatcgggcgacgttcccgatgtcgtacaggaatcatttattaaggcctatcgcgcg *
# | | * 38|ctggattctttccggggggatagtgctttttatacctggttgtatcgtattgcggtcaat *
# | | * 39|accgcgaagaactacctggttgcgcaggggcgtcgtccgccttccagtgatgtagacgcg *
# | | * 40|attgaagcagaaaactttgaaagcggcggcgcgctgaaagaaatttcgaaccctgagaac *
# | | * 41|ttaatgttgtcagaagaactgagacagatagttttccgaactattgagtccctcccggaa *
# | | * 42|gatttacgtatggcaatcaccttacgggagctggatggcctgagctgtgaagagatagcg *
# | | * 43|gctatcatggattgtccggtggggacggtgcgttcacgtatcttccgggcgcgggaagct *
# | | * 44|attgataataaagttcaaccgcttatcaggcgttga *
# | | * 45|>Salmonella_enterica_subsp_enterica_serovar_Typhimurium_str_D23580_v1_02783 *
# | | * 46|atgagcgagcagttaacggaccaggtcctggttgaacgggtccagaagggagatcagaaa *
# | | * 47|gcctttaacttactggtagtgcgctaccagcataaagtggcgagtctggtttcccgctat *
# | | * 48|gtgccatcgggcgacgttcccgatgtcgtacaggaatcatttattaaggcctatcgcgcg *
# | | * 49|ctggattctttccggggggatagtgctttttatacctggttgtatcgtattgcggtcaat *
# | | * 50|accgcgaagaactacctggttgcgcaggggcgtcgtccgccttccagtgatgtagacgcg *
# | | * 51|attgaagcagaaaactttgaaagcggcggcgcgctgaaagaaatttcgaaccctgagaac *
# | | * 52|ttaatgttgtcagaagaactgagacagatagttttccgaactattgagtccctcccggaa *
# | | * 53|gatttacgtatggcaatcaccttacgggagctggatggcctgagctatgaagagatagcg *
# | | * 54|gctatcatggattgtccggtggggacggtgcgttcacgtatcttccgggcgcgggaagct *
# | | * 55|attgataataaagttcaaccgcttatcaggcgttga *
# | | * 56|>Salmonella_enterica_subsp_enterica_serovar_Typhimurium_str_DT2_v1_02741 *
# | | * 57|atgagcgagcagttaacggac---gtcctggttgaacgggtccagaagggagatcagaaa *
# | | * 58|gcctttaacttactggtagtgcgctaccagcataaagtggcgagtctggtttcccgctat *
# | | * 59|gtgccatcgggcgacgttcccgatgtcgtacaggaatcatttattaaggcctatcgcgcg *
# | | * 60|ctggattctttccggggggatagtgctttttatacctggttgtatcgtattgcggtcaat *
# | | * 61|accgcgaagaactacctggttgcgcaggggcgtcgtccgccttccagtgatgtagacgcg *
# | | * 62|attgaagcagaaaactttgaaagcggcggcgcgctgaaagaaatttcgaaccctgagaac *
# | | * 63|ttaatgttgtcagaagaactgagacagatagttttccgaactattgagtccctcccggaa *
# | | * 64|gatttacgtatggcaatcaccttacgggagctggatggcctgagctatgaagagatagcg *
# | | * 65|gctatcatggattgtccggtggggacggtgcgttcacgtatcttccgggcgcgggaagct *
# | | * 66|attgataataaagttcaaccgcttatcaggcgttga *
# +---+-----+---+-----------------------------------------------------------------------------+
# Looks like you failed 1 test of 6.
t/Bio/Roary/External/Mafft.t ............................
Dubious, test returned 1 (wstat 256, 0x100)
Failed 1/6 subtests
Can't locate Moose.pm in @INC (you may need to install the Moose module) (@INC contains: /home/stro/cpan/build/5.26.0t/build/Bio-Roary-3.11.0-0/blib/lib /home/stro/cpan/build/5.26.0t/build/Bio-Roary-3.11.0-0/blib/arch /usr/perl5/site_perl/5.22/i86pc-solaris-64int /usr/perl5/site_perl/5.22 /usr/perl5/vendor_perl/5.22/i86pc-solaris-64int /usr/perl5/vendor_perl/5.22 /usr/perl5/5.22/lib/i86pc-solaris-64int /usr/perl5/5.22/lib .) at /home/stro/cpan/build/5.26.0t/build/Bio-Roary-3.11.0-0/t/bin/dummy_makeblastdb line 2.
BEGIN failed--compilation aborted at /home/stro/cpan/build/5.26.0t/build/Bio-Roary-3.11.0-0/t/bin/dummy_makeblastdb line 2.
t/Bio/Roary/External/Makeblastdb.t ...................... ok
2017/10/23 07:25:00 Cannot find the mcxdeblast executable, please ensure its in your PATH
# Tests were run but no plan was declared and done_testing() was not seen.
t/Bio/Roary/External/Mcl.t ..............................
Dubious, test returned 254 (wstat 65024, 0xfe00)
All 5 subtests passed
# Failed test 'output file exists'
# at t/Bio/Roary/External/Prank.t line 33.
------------- EXCEPTION: Bio::Root::Exception -------------
MSG: Could not read file 't/data/prank_input.fa.aln': No such file or directory
STACK: Error::throw
STACK: Bio::Root::Root::throw /home/stro/perl/5.26.0t/lib/site_perl/5.26.0/Bio/Root/Root.pm:447
STACK: Bio::Root::IO::_initialize_io /home/stro/perl/5.26.0t/lib/site_perl/5.26.0/Bio/Root/IO.pm:268
STACK: Bio::SeqIO::_initialize /home/stro/perl/5.26.0t/lib/site_perl/5.26.0/Bio/SeqIO.pm:513
STACK: Bio::SeqIO::fasta::_initialize /home/stro/perl/5.26.0t/lib/site_perl/5.26.0/Bio/SeqIO/fasta.pm:87
STACK: Bio::SeqIO::new /home/stro/perl/5.26.0t/lib/site_perl/5.26.0/Bio/SeqIO.pm:389
STACK: Bio::SeqIO::new /home/stro/perl/5.26.0t/lib/site_perl/5.26.0/Bio/SeqIO.pm:435
STACK: Bio::Roary::SortFasta::_input_seqio /home/stro/cpan/build/5.26.0t/build/Bio-Roary-3.11.0-0/blib/lib/Bio/Roary/SortFasta.pm:27
STACK: Bio::Roary::SortFasta::sort_fasta /home/stro/cpan/build/5.26.0t/build/Bio-Roary-3.11.0-0/blib/lib/Bio/Roary/SortFasta.pm:68
STACK: t/Bio/Roary/External/Prank.t:38
-----------------------------------------------------------
# Tests were run but no plan was declared and done_testing() was not seen.
# Looks like your test exited with 2 just after 5.
t/Bio/Roary/External/Prank.t ............................
Dubious, test returned 2 (wstat 512, 0x200)
Failed 1/5 subtests
t/Bio/Roary/ExtractCoreGenesFromSpreadsheet.t ........... ok
Can't locate Moose.pm in @INC (you may need to install the Moose module) (@INC contains: /home/stro/cpan/build/5.26.0t/build/Bio-Roary-3.11.0-0/t/lib /home/stro/cpan/build/5.26.0t/build/Bio-Roary-3.11.0-0/lib /home/stro/cpan/build/5.26.0t/build/Bio-Roary-3.11.0-0/blib/lib /home/stro/cpan/build/5.26.0t/build/Bio-Roary-3.11.0-0/blib/arch /usr/perl5/site_perl/5.22/i86pc-solaris-64int /usr/perl5/site_perl/5.22 /usr/perl5/vendor_perl/5.22/i86pc-solaris-64int /usr/perl5/vendor_perl/5.22 /usr/perl5/5.22/lib/i86pc-solaris-64int /usr/perl5/5.22/lib .) at /home/stro/cpan/build/5.26.0t/build/Bio-Roary-3.11.0-0/lib/Bio/Roary/CommandLine/ExtractProteomeFromGff.pm line 7.
BEGIN failed--compilation aborted at /home/stro/cpan/build/5.26.0t/build/Bio-Roary-3.11.0-0/lib/Bio/Roary/CommandLine/ExtractProteomeFromGff.pm line 7.
Compilation failed in require at ./bin/extract_proteome_from_gff line 12.
BEGIN failed--compilation aborted at ./bin/extract_proteome_from_gff line 12.
Can't locate Moose.pm in @INC (you may need to install the Moose module) (@INC contains: /home/stro/cpan/build/5.26.0t/build/Bio-Roary-3.11.0-0/t/lib /home/stro/cpan/build/5.26.0t/build/Bio-Roary-3.11.0-0/lib /home/stro/cpan/build/5.26.0t/build/Bio-Roary-3.11.0-0/blib/lib /home/stro/cpan/build/5.26.0t/build/Bio-Roary-3.11.0-0/blib/arch /usr/perl5/site_perl/5.22/i86pc-solaris-64int /usr/perl5/site_perl/5.22 /usr/perl5/vendor_perl/5.22/i86pc-solaris-64int /usr/perl5/vendor_perl/5.22 /usr/perl5/5.22/lib/i86pc-solaris-64int /usr/perl5/5.22/lib .) at /home/stro/cpan/build/5.26.0t/build/Bio-Roary-3.11.0-0/lib/Bio/Roary/CommandLine/ExtractProteomeFromGff.pm line 7.
BEGIN failed--compilation aborted at /home/stro/cpan/build/5.26.0t/build/Bio-Roary-3.11.0-0/lib/Bio/Roary/CommandLine/ExtractProteomeFromGff.pm line 7.
Compilation failed in require at ./bin/extract_proteome_from_gff line 12.
BEGIN failed--compilation aborted at ./bin/extract_proteome_from_gff line 12.
# Failed test 'content of proteome 1 as expected'
# at t/Bio/Roary/ExtractProteomeFromGFFs.t line 30.
# /home/stro/cpan/build/5.26.0t/build/Bio-Roary-3.11.0-0/mJV5QlzYxI/example_annotation.gff.proteome.faa absent
Can't locate Moose.pm in @INC (you may need to install the Moose module) (@INC contains: /home/stro/cpan/build/5.26.0t/build/Bio-Roary-3.11.0-0/t/lib /home/stro/cpan/build/5.26.0t/build/Bio-Roary-3.11.0-0/lib /home/stro/cpan/build/5.26.0t/build/Bio-Roary-3.11.0-0/blib/lib /home/stro/cpan/build/5.26.0t/build/Bio-Roary-3.11.0-0/blib/arch /usr/perl5/site_perl/5.22/i86pc-solaris-64int /usr/perl5/site_perl/5.22 /usr/perl5/vendor_perl/5.22/i86pc-solaris-64int /usr/perl5/vendor_perl/5.22 /usr/perl5/5.22/lib/i86pc-solaris-64int /usr/perl5/5.22/lib .) at /home/stro/cpan/build/5.26.0t/build/Bio-Roary-3.11.0-0/lib/Bio/Roary/CommandLine/ExtractProteomeFromGff.pm line 7.
BEGIN failed--compilation aborted at /home/stro/cpan/build/5.26.0t/build/Bio-Roary-3.11.0-0/lib/Bio/Roary/CommandLine/ExtractProteomeFromGff.pm line 7.
Compilation failed in require at ./bin/extract_proteome_from_gff line 12.
BEGIN failed--compilation aborted at ./bin/extract_proteome_from_gff line 12.
Can't locate Moose.pm in @INC (you may need to install the Moose module) (@INC contains: /home/stro/cpan/build/5.26.0t/build/Bio-Roary-3.11.0-0/t/lib /home/stro/cpan/build/5.26.0t/build/Bio-Roary-3.11.0-0/lib /home/stro/cpan/build/5.26.0t/build/Bio-Roary-3.11.0-0/blib/lib /home/stro/cpan/build/5.26.0t/build/Bio-Roary-3.11.0-0/blib/arch /usr/perl5/site_perl/5.22/i86pc-solaris-64int /usr/perl5/site_perl/5.22 /usr/perl5/vendor_perl/5.22/i86pc-solaris-64int /usr/perl5/vendor_perl/5.22 /usr/perl5/5.22/lib/i86pc-solaris-64int /usr/perl5/5.22/lib .) at /home/stro/cpan/build/5.26.0t/build/Bio-Roary-3.11.0-0/lib/Bio/Roary/CommandLine/ExtractProteomeFromGff.pm line 7.
BEGIN failed--compilation aborted at /home/stro/cpan/build/5.26.0t/build/Bio-Roary-3.11.0-0/lib/Bio/Roary/CommandLine/ExtractProteomeFromGff.pm line 7.
Compilation failed in require at ./bin/extract_proteome_from_gff line 12.
BEGIN failed--compilation aborted at ./bin/extract_proteome_from_gff line 12.
# Failed test 'content of proteome 1 as expected'
# at t/Bio/Roary/ExtractProteomeFromGFFs.t line 44.
# /home/stro/cpan/build/5.26.0t/build/Bio-Roary-3.11.0-0/u4SBIGWOKA/example_annotation_2.gff.proteome.faa absent
Can't locate Moose.pm in @INC (you may need to install the Moose module) (@INC contains: /home/stro/cpan/build/5.26.0t/build/Bio-Roary-3.11.0-0/t/lib /home/stro/cpan/build/5.26.0t/build/Bio-Roary-3.11.0-0/lib /home/stro/cpan/build/5.26.0t/build/Bio-Roary-3.11.0-0/blib/lib /home/stro/cpan/build/5.26.0t/build/Bio-Roary-3.11.0-0/blib/arch /usr/perl5/site_perl/5.22/i86pc-solaris-64int /usr/perl5/site_perl/5.22 /usr/perl5/vendor_perl/5.22/i86pc-solaris-64int /usr/perl5/vendor_perl/5.22 /usr/perl5/5.22/lib/i86pc-solaris-64int /usr/perl5/5.22/lib .) at /home/stro/cpan/build/5.26.0t/build/Bio-Roary-3.11.0-0/lib/Bio/Roary/CommandLine/ExtractProteomeFromGff.pm line 7.
BEGIN failed--compilation aborted at /home/stro/cpan/build/5.26.0t/build/Bio-Roary-3.11.0-0/lib/Bio/Roary/CommandLine/ExtractProteomeFromGff.pm line 7.
Compilation failed in require at ./bin/extract_proteome_from_gff line 12.
BEGIN failed--compilation aborted at ./bin/extract_proteome_from_gff line 12.
Can't locate Moose.pm in @INC (you may need to install the Moose module) (@INC contains: /home/stro/cpan/build/5.26.0t/build/Bio-Roary-3.11.0-0/t/lib /home/stro/cpan/build/5.26.0t/build/Bio-Roary-3.11.0-0/lib /home/stro/cpan/build/5.26.0t/build/Bio-Roary-3.11.0-0/blib/lib /home/stro/cpan/build/5.26.0t/build/Bio-Roary-3.11.0-0/blib/arch /usr/perl5/site_perl/5.22/i86pc-solaris-64int /usr/perl5/site_perl/5.22 /usr/perl5/vendor_perl/5.22/i86pc-solaris-64int /usr/perl5/vendor_perl/5.22 /usr/perl5/5.22/lib/i86pc-solaris-64int /usr/perl5/5.22/lib .) at /home/stro/cpan/build/5.26.0t/build/Bio-Roary-3.11.0-0/lib/Bio/Roary/CommandLine/ExtractProteomeFromGff.pm line 7.
BEGIN failed--compilation aborted at /home/stro/cpan/build/5.26.0t/build/Bio-Roary-3.11.0-0/lib/Bio/Roary/CommandLine/ExtractProteomeFromGff.pm line 7.
Compilation failed in require at ./bin/extract_proteome_from_gff line 12.
BEGIN failed--compilation aborted at ./bin/extract_proteome_from_gff line 12.
Can't locate Moose.pm in @INC (you may need to install the Moose module) (@INC contains: /home/stro/cpan/build/5.26.0t/build/Bio-Roary-3.11.0-0/t/lib /home/stro/cpan/build/5.26.0t/build/Bio-Roary-3.11.0-0/lib /home/stro/cpan/build/5.26.0t/build/Bio-Roary-3.11.0-0/blib/lib /home/stro/cpan/build/5.26.0t/build/Bio-Roary-3.11.0-0/blib/arch /usr/perl5/site_perl/5.22/i86pc-solaris-64int /usr/perl5/site_perl/5.22 /usr/perl5/vendor_perl/5.22/i86pc-solaris-64int /usr/perl5/vendor_perl/5.22 /usr/perl5/5.22/lib/i86pc-solaris-64int /usr/perl5/5.22/lib .) at /home/stro/cpan/build/5.26.0t/build/Bio-Roary-3.11.0-0/lib/Bio/Roary/CommandLine/ExtractProteomeFromGff.pm line 7.
BEGIN failed--compilation aborted at /home/stro/cpan/build/5.26.0t/build/Bio-Roary-3.11.0-0/lib/Bio/Roary/CommandLine/ExtractProteomeFromGff.pm line 7.
Compilation failed in require at ./bin/extract_proteome_from_gff line 12.
BEGIN failed--compilation aborted at ./bin/extract_proteome_from_gff line 12.
# Failed test 'content of proteome /home/stro/cpan/build/5.26.0t/build/Bio-Roary-3.11.0-0/8kKPtHQyeS/genbank1.gff.proteome.faa as expected'
# at t/Bio/Roary/ExtractProteomeFromGFFs.t line 64.
# /home/stro/cpan/build/5.26.0t/build/Bio-Roary-3.11.0-0/8kKPtHQyeS/genbank1.gff.proteome.faa absent
# Failed test 'content of proteome /home/stro/cpan/build/5.26.0t/build/Bio-Roary-3.11.0-0/8kKPtHQyeS/genbank2.gff.proteome.faa as expected'
# at t/Bio/Roary/ExtractProteomeFromGFFs.t line 64.
# /home/stro/cpan/build/5.26.0t/build/Bio-Roary-3.11.0-0/8kKPtHQyeS/genbank2.gff.proteome.faa absent
# Failed test 'content of proteome /home/stro/cpan/build/5.26.0t/build/Bio-Roary-3.11.0-0/8kKPtHQyeS/genbank3.gff.proteome.faa as expected'
# at t/Bio/Roary/ExtractProteomeFromGFFs.t line 64.
# /home/stro/cpan/build/5.26.0t/build/Bio-Roary-3.11.0-0/8kKPtHQyeS/genbank3.gff.proteome.faa absent
Can't locate Moose.pm in @INC (you may need to install the Moose module) (@INC contains: /home/stro/cpan/build/5.26.0t/build/Bio-Roary-3.11.0-0/t/lib /home/stro/cpan/build/5.26.0t/build/Bio-Roary-3.11.0-0/lib /home/stro/cpan/build/5.26.0t/build/Bio-Roary-3.11.0-0/blib/lib /home/stro/cpan/build/5.26.0t/build/Bio-Roary-3.11.0-0/blib/arch /usr/perl5/site_perl/5.22/i86pc-solaris-64int /usr/perl5/site_perl/5.22 /usr/perl5/vendor_perl/5.22/i86pc-solaris-64int /usr/perl5/vendor_perl/5.22 /usr/perl5/5.22/lib/i86pc-solaris-64int /usr/perl5/5.22/lib .) at /home/stro/cpan/build/5.26.0t/build/Bio-Roary-3.11.0-0/lib/Bio/Roary/CommandLine/ExtractProteomeFromGff.pm line 7.
BEGIN failed--compilation aborted at /home/stro/cpan/build/5.26.0t/build/Bio-Roary-3.11.0-0/lib/Bio/Roary/CommandLine/ExtractProteomeFromGff.pm line 7.
Compilation failed in require at ./bin/extract_proteome_from_gff line 12.
BEGIN failed--compilation aborted at ./bin/extract_proteome_from_gff line 12.
Can't locate Moose.pm in @INC (you may need to install the Moose module) (@INC contains: /home/stro/cpan/build/5.26.0t/build/Bio-Roary-3.11.0-0/t/lib /home/stro/cpan/build/5.26.0t/build/Bio-Roary-3.11.0-0/lib /home/stro/cpan/build/5.26.0t/build/Bio-Roary-3.11.0-0/blib/lib /home/stro/cpan/build/5.26.0t/build/Bio-Roary-3.11.0-0/blib/arch /usr/perl5/site_perl/5.22/i86pc-solaris-64int /usr/perl5/site_perl/5.22 /usr/perl5/vendor_perl/5.22/i86pc-solaris-64int /usr/perl5/vendor_perl/5.22 /usr/perl5/5.22/lib/i86pc-solaris-64int /usr/perl5/5.22/lib .) at /home/stro/cpan/build/5.26.0t/build/Bio-Roary-3.11.0-0/lib/Bio/Roary/CommandLine/ExtractProteomeFromGff.pm line 7.
BEGIN failed--compilation aborted at /home/stro/cpan/build/5.26.0t/build/Bio-Roary-3.11.0-0/lib/Bio/Roary/CommandLine/ExtractProteomeFromGff.pm line 7.
Compilation failed in require at ./bin/extract_proteome_from_gff line 12.
BEGIN failed--compilation aborted at ./bin/extract_proteome_from_gff line 12.
Can't locate Moose.pm in @INC (you may need to install the Moose module) (@INC contains: /home/stro/cpan/build/5.26.0t/build/Bio-Roary-3.11.0-0/t/lib /home/stro/cpan/build/5.26.0t/build/Bio-Roary-3.11.0-0/lib /home/stro/cpan/build/5.26.0t/build/Bio-Roary-3.11.0-0/blib/lib /home/stro/cpan/build/5.26.0t/build/Bio-Roary-3.11.0-0/blib/arch /usr/perl5/site_perl/5.22/i86pc-solaris-64int /usr/perl5/site_perl/5.22 /usr/perl5/vendor_perl/5.22/i86pc-solaris-64int /usr/perl5/vendor_perl/5.22 /usr/perl5/5.22/lib/i86pc-solaris-64int /usr/perl5/5.22/lib .) at /home/stro/cpan/build/5.26.0t/build/Bio-Roary-3.11.0-0/lib/Bio/Roary/CommandLine/ExtractProteomeFromGff.pm line 7.
BEGIN failed--compilation aborted at /home/stro/cpan/build/5.26.0t/build/Bio-Roary-3.11.0-0/lib/Bio/Roary/CommandLine/ExtractProteomeFromGff.pm line 7.
Compilation failed in require at ./bin/extract_proteome_from_gff line 12.
BEGIN failed--compilation aborted at ./bin/extract_proteome_from_gff line 12.
# Failed test 'content of proteome /home/stro/cpan/build/5.26.0t/build/Bio-Roary-3.11.0-0/eCT2wmTan4/query_1.gff.proteome.faa as expected'
# at t/Bio/Roary/ExtractProteomeFromGFFs.t line 87.
# /home/stro/cpan/build/5.26.0t/build/Bio-Roary-3.11.0-0/eCT2wmTan4/query_1.gff.proteome.faa absent
# Failed test 'content of proteome /home/stro/cpan/build/5.26.0t/build/Bio-Roary-3.11.0-0/eCT2wmTan4/query_2.gff.proteome.faa as expected'
# at t/Bio/Roary/ExtractProteomeFromGFFs.t line 87.
# /home/stro/cpan/build/5.26.0t/build/Bio-Roary-3.11.0-0/eCT2wmTan4/query_2.gff.proteome.faa absent
# Failed test 'content of proteome /home/stro/cpan/build/5.26.0t/build/Bio-Roary-3.11.0-0/eCT2wmTan4/query_3.gff.proteome.faa as expected'
# at t/Bio/Roary/ExtractProteomeFromGFFs.t line 87.
# /home/stro/cpan/build/5.26.0t/build/Bio-Roary-3.11.0-0/eCT2wmTan4/query_3.gff.proteome.faa absent
Can't locate Moose.pm in @INC (you may need to install the Moose module) (@INC contains: /home/stro/cpan/build/5.26.0t/build/Bio-Roary-3.11.0-0/t/lib /home/stro/cpan/build/5.26.0t/build/Bio-Roary-3.11.0-0/lib /home/stro/cpan/build/5.26.0t/build/Bio-Roary-3.11.0-0/blib/lib /home/stro/cpan/build/5.26.0t/build/Bio-Roary-3.11.0-0/blib/arch /usr/perl5/site_perl/5.22/i86pc-solaris-64int /usr/perl5/site_perl/5.22 /usr/perl5/vendor_perl/5.22/i86pc-solaris-64int /usr/perl5/vendor_perl/5.22 /usr/perl5/5.22/lib/i86pc-solaris-64int /usr/perl5/5.22/lib .) at /home/stro/cpan/build/5.26.0t/build/Bio-Roary-3.11.0-0/lib/Bio/Roary/CommandLine/ExtractProteomeFromGff.pm line 7.
BEGIN failed--compilation aborted at /home/stro/cpan/build/5.26.0t/build/Bio-Roary-3.11.0-0/lib/Bio/Roary/CommandLine/ExtractProteomeFromGff.pm line 7.
Compilation failed in require at ./bin/extract_proteome_from_gff line 12.
BEGIN failed--compilation aborted at ./bin/extract_proteome_from_gff line 12.
Can't locate Moose.pm in @INC (you may need to install the Moose module) (@INC contains: /home/stro/cpan/build/5.26.0t/build/Bio-Roary-3.11.0-0/t/lib /home/stro/cpan/build/5.26.0t/build/Bio-Roary-3.11.0-0/lib /home/stro/cpan/build/5.26.0t/build/Bio-Roary-3.11.0-0/blib/lib /home/stro/cpan/build/5.26.0t/build/Bio-Roary-3.11.0-0/blib/arch /usr/perl5/site_perl/5.22/i86pc-solaris-64int /usr/perl5/site_perl/5.22 /usr/perl5/vendor_perl/5.22/i86pc-solaris-64int /usr/perl5/vendor_perl/5.22 /usr/perl5/5.22/lib/i86pc-solaris-64int /usr/perl5/5.22/lib .) at /home/stro/cpan/build/5.26.0t/build/Bio-Roary-3.11.0-0/lib/Bio/Roary/CommandLine/ExtractProteomeFromGff.pm line 7.
BEGIN failed--compilation aborted at /home/stro/cpan/build/5.26.0t/build/Bio-Roary-3.11.0-0/lib/Bio/Roary/CommandLine/ExtractProteomeFromGff.pm line 7.
Compilation failed in require at ./bin/extract_proteome_from_gff line 12.
BEGIN failed--compilation aborted at ./bin/extract_proteome_from_gff line 12.
# Failed test 'content of proteome /home/stro/cpan/build/5.26.0t/build/Bio-Roary-3.11.0-0/eFqimmzFF1/annotation_1.gff.proteome.faa as expected'
# at t/Bio/Roary/ExtractProteomeFromGFFs.t line 112.
# /home/stro/cpan/build/5.26.0t/build/Bio-Roary-3.11.0-0/eFqimmzFF1/annotation_1.gff.proteome.faa absent
# Failed test 'content of proteome /home/stro/cpan/build/5.26.0t/build/Bio-Roary-3.11.0-0/eFqimmzFF1/annotation_2.gff.proteome.faa as expected'
# at t/Bio/Roary/ExtractProteomeFromGFFs.t line 112.
# /home/stro/cpan/build/5.26.0t/build/Bio-Roary-3.11.0-0/eFqimmzFF1/annotation_2.gff.proteome.faa absent
# Looks like you failed 10 tests of 20.
t/Bio/Roary/ExtractProteomeFromGFFs.t ...................
Dubious, test returned 10 (wstat 2560, 0xa00)
Failed 10/20 subtests
t/Bio/Roary/FilterFullClusters.t ........................ ok
t/Bio/Roary/GeneNamesFromGFF.t .......................... ok
t/Bio/Roary/GroupLabels.t ............................... ok
t/Bio/Roary/GroupStatistics.t ........................... ok
t/Bio/Roary/InflateClusters.t ........................... ok
t/Bio/Roary/OrderGenes.t ................................ ok
t/Bio/Roary/Output/CoreGeneAlignmentCoorindatesEMBL.t ... ok
t/Bio/Roary/Output/DifferenceBetweenSets.t .............. ok
t/Bio/Roary/Output/GroupsMultifastaProtein.t ............ ok
t/Bio/Roary/Output/GroupsMultifastas.t .................. ok
Attribute (fasta_file) does not pass the type constraint because: Validation failed for 'Str' with value undef at reader Bio::Roary::Output::GroupsMultifastaNucleotide::fasta_file (defined at lib/Bio/Roary/Output/GroupsMultifastaNucleotide.pm line 29) line 15
Bio::Roary::Output::GroupsMultifastaNucleotide::fasta_file('Bio::Roary::Output::GroupsMultifastaNucleotide=HASH(0x9536af8)') called at lib/Bio/Roary/Output/GroupsMultifastaNucleotide.pm line 43
Bio::Roary::Output::GroupsMultifastaNucleotide::_build__input_seqio('Bio::Roary::Output::GroupsMultifastaNucleotide=HASH(0x9536af8)') called at reader Bio::Roary::Output::GroupsMultifastaNucleotide::_input_seqio (defined at lib/Bio/Roary/Output/GroupsMultifastaNucleotide.pm line 30) line 8
Bio::Roary::Output::GroupsMultifastaNucleotide::_input_seqio('Bio::Roary::Output::GroupsMultifastaNucleotide=HASH(0x9536af8)') called at lib/Bio/Roary/Output/GroupsMultifastaNucleotide.pm line 53
Bio::Roary::Output::GroupsMultifastaNucleotide::populate_files('Bio::Roary::Output::GroupsMultifastaNucleotide=HASH(0x9536af8)') called at lib/Bio/Roary/Output/GroupsMultifastasNucleotide.pm line 65
Bio::Roary::Output::GroupsMultifastasNucleotide::create_files('Bio::Roary::Output::GroupsMultifastasNucleotide=HASH(0x9572648)') called at t/Bio/Roary/Output/GroupsMultifastasNucleotide.t line 40
# Tests were run but no plan was declared and done_testing() was not seen.
# Looks like your test exited with 127 just after 3.
t/Bio/Roary/Output/GroupsMultifastasNucleotide.t ........
Dubious, test returned 127 (wstat 32512, 0x7f00)
All 3 subtests passed
t/Bio/Roary/Output/NumberOfGroups.t ..................... ok
t/Bio/Roary/Output/QueryGroups.t ........................ ok
Can't locate Moose.pm in @INC (you may need to install the Moose module) (@INC contains: /home/stro/cpan/build/5.26.0t/build/Bio-Roary-3.11.0-0/blib/lib /home/stro/cpan/build/5.26.0t/build/Bio-Roary-3.11.0-0/blib/arch /usr/perl5/site_perl/5.22/i86pc-solaris-64int /usr/perl5/site_perl/5.22 /usr/perl5/vendor_perl/5.22/i86pc-solaris-64int /usr/perl5/vendor_perl/5.22 /usr/perl5/5.22/lib/i86pc-solaris-64int /usr/perl5/5.22/lib .) at /home/stro/cpan/build/5.26.0t/build/Bio-Roary-3.11.0-0/t/bin/dummy_makeblastdb line 2.
BEGIN failed--compilation aborted at /home/stro/cpan/build/5.26.0t/build/Bio-Roary-3.11.0-0/t/bin/dummy_makeblastdb line 2.
Can't locate Moose.pm in @INC (you may need to install the Moose module) (@INC contains: /home/stro/cpan/build/5.26.0t/build/Bio-Roary-3.11.0-0/blib/lib /home/stro/cpan/build/5.26.0t/build/Bio-Roary-3.11.0-0/blib/arch /usr/perl5/site_perl/5.22/i86pc-solaris-64int /usr/perl5/site_perl/5.22 /usr/perl5/vendor_perl/5.22/i86pc-solaris-64int /usr/perl5/vendor_perl/5.22 /usr/perl5/5.22/lib/i86pc-solaris-64int /usr/perl5/5.22/lib .) at /home/stro/cpan/build/5.26.0t/build/Bio-Roary-3.11.0-0/t/bin/dummy_blastp line 2.
BEGIN failed--compilation aborted at /home/stro/cpan/build/5.26.0t/build/Bio-Roary-3.11.0-0/t/bin/dummy_blastp line 2.
t/Bio/Roary/ParallelAllAgainstAllBlast.t ................ ok
Can't locate Moose.pm in @INC (you may need to install the Moose module) (@INC contains: /home/stro/cpan/build/5.26.0t/build/Bio-Roary-3.11.0-0/t/lib /home/stro/cpan/build/5.26.0t/build/Bio-Roary-3.11.0-0/lib /home/stro/cpan/build/5.26.0t/build/Bio-Roary-3.11.0-0/blib/lib /home/stro/cpan/build/5.26.0t/build/Bio-Roary-3.11.0-0/blib/arch /usr/perl5/site_perl/5.22/i86pc-solaris-64int /usr/perl5/site_perl/5.22 /usr/perl5/vendor_perl/5.22/i86pc-solaris-64int /usr/perl5/vendor_perl/5.22 /usr/perl5/5.22/lib/i86pc-solaris-64int /usr/perl5/5.22/lib .) at /home/stro/cpan/build/5.26.0t/build/Bio-Roary-3.11.0-0/lib/Bio/Roary/CommandLine/ExtractProteomeFromGff.pm line 7.
BEGIN failed--compilation aborted at /home/stro/cpan/build/5.26.0t/build/Bio-Roary-3.11.0-0/lib/Bio/Roary/CommandLine/ExtractProteomeFromGff.pm line 7.
Compilation failed in require at ./bin/extract_proteome_from_gff line 12.
BEGIN failed--compilation aborted at ./bin/extract_proteome_from_gff line 12.
Can't locate Moose.pm in @INC (you may need to install the Moose module) (@INC contains: /home/stro/cpan/build/5.26.0t/build/Bio-Roary-3.11.0-0/t/lib /home/stro/cpan/build/5.26.0t/build/Bio-Roary-3.11.0-0/lib /home/stro/cpan/build/5.26.0t/build/Bio-Roary-3.11.0-0/blib/lib /home/stro/cpan/build/5.26.0t/build/Bio-Roary-3.11.0-0/blib/arch /usr/perl5/site_perl/5.22/i86pc-solaris-64int /usr/perl5/site_perl/5.22 /usr/perl5/vendor_perl/5.22/i86pc-solaris-64int /usr/perl5/vendor_perl/5.22 /usr/perl5/5.22/lib/i86pc-solaris-64int /usr/perl5/5.22/lib .) at /home/stro/cpan/build/5.26.0t/build/Bio-Roary-3.11.0-0/lib/Bio/Roary/CommandLine/ExtractProteomeFromGff.pm line 7.
BEGIN failed--compilation aborted at /home/stro/cpan/build/5.26.0t/build/Bio-Roary-3.11.0-0/lib/Bio/Roary/CommandLine/ExtractProteomeFromGff.pm line 7.
Compilation failed in require at ./bin/extract_proteome_from_gff line 12.
BEGIN failed--compilation aborted at ./bin/extract_proteome_from_gff line 12.
t/Bio/Roary/PrepareInputFiles.t ......................... ok
t/Bio/Roary/PresenceAbsenceMatrix.t ..................... ok
t/Bio/Roary/QC/Report.t ................................. ok
2017/10/23 07:25:13 Input file contains duplicate gene IDs, attempting to fix by adding a unique suffix, new GFF in the fixed_input_files directory: t/data/reformat_input_gffs/query_2.gff
2017/10/23 07:25:13 Input file contains duplicate gene IDs, attempting to fix by adding a unique suffix, new GFF in the fixed_input_files directory: t/data/reformat_input_gffs/query_2.gff
t/Bio/Roary/ReformatInputGFFs.t ......................... ok
t/Bio/Roary/ReorderSpreadsheet.t ........................ ok
t/Bio/Roary/SampleOrder.t ............................... ok
t/Bio/Roary/SequenceLengths.t ........................... ok
t/Bio/Roary/SortFasta.t ................................. ok
t/Bio/Roary/SplitGroups.t ............................... ok
t/Bio/Roary/UniqueGenesPerSample.t ...................... ok
Test Summary Report
-------------------
t/00_requires_external.t (Wstat: 2048 Tests: 8 Failed: 8)
Failed tests: 1-8
Non-zero exit status: 8
t/Bio/Roary/AccessoryClustering.t (Wstat: 512 Tests: 2 Failed: 0)
Non-zero exit status: 2
Parse errors: No plan found in TAP output
t/Bio/Roary/CommandLine/ExtractProteomeFromGff.t (Wstat: 1024 Tests: 7 Failed: 4)
Failed tests: 4-7
Non-zero exit status: 4
t/Bio/Roary/CommandLine/QueryRoary.t (Wstat: 256 Tests: 37 Failed: 1)
Failed test: 27
Non-zero exit status: 1
t/Bio/Roary/CommandLine/Roary.t (Wstat: 512 Tests: 3 Failed: 1)
Failed test: 3
Non-zero exit status: 2
Parse errors: No plan found in TAP output
t/Bio/Roary/External/CheckTools.t (Wstat: 1792 Tests: 13 Failed: 7)
Failed tests: 3-9
Non-zero exit status: 7
t/Bio/Roary/External/Mafft.t (Wstat: 256 Tests: 6 Failed: 1)
Failed test: 6
Non-zero exit status: 1
t/Bio/Roary/External/Mcl.t (Wstat: 65024 Tests: 5 Failed: 0)
Non-zero exit status: 254
Parse errors: No plan found in TAP output
t/Bio/Roary/External/Prank.t (Wstat: 512 Tests: 5 Failed: 1)
Failed test: 5
Non-zero exit status: 2
Parse errors: No plan found in TAP output
t/Bio/Roary/ExtractProteomeFromGFFs.t (Wstat: 2560 Tests: 20 Failed: 10)
Failed tests: 4, 6, 9-11, 14-16, 19-20
Non-zero exit status: 10
t/Bio/Roary/Output/GroupsMultifastasNucleotide.t (Wstat: 32512 Tests: 3 Failed: 0)
Non-zero exit status: 127
Parse errors: No plan found in TAP output
Files=55, Tests=676, 38 wallclock secs ( 0.22 usr 0.11 sys + 22.79 cusr 4.32 csys = 27.44 CPU)
Result: FAIL
Failed 11/55 test programs. 33/676 subtests failed.
*** Error code 255
make: Fatal error: Command failed for target `test_dynamic'
------------------------------
PREREQUISITES
------------------------------
Prerequisite modules loaded:
requires:
Module Need Have
------------------- -------- --------
Array::Utils 0 0.5
Bio::Perl 0 1.007002
Bio::SeqIO 0 0
Bio::Tools::GFF 0 1.007002
Bio::TreeIO 0 0
Cwd 0 3.67
Digest::MD5::File 0 0.08
Exception::Class 0 1.43
File::Basename 0 2.85
File::Copy 0 2.32
File::Find::Rule 0 0.34
File::Grep 0 0.02
File::Path 0 2.12_01
File::Slurper 0 0.010
File::Spec 0 3.67
File::Temp 0 0.2304
File::Which 0 1.22
FindBin 0 1.51
Getopt::Long 0 2.49
Graph 0 0.9704
Graph::Writer::Dot 0 2.09
List::Util 0 1.46_02
Log::Log4perl 0 1.49
Moose 0 2.2006
Moose::Role 0 2.2006
PerlIO::utf8_strict 0 0.007
POSIX 0 1.76
strict 0 1.11
Text::CSV 0 1.95
warnings 0 1.37
build_requires:
Module Need Have
------------------- -------- --------
Data::Dumper 0 2.167
Env::Path 0 0.19
ExtUtils::MakeMaker 0 7.24
File::Spec 0 3.67
Test::Files 0 0.14
Test::More 0 1.302103
Test::Most 0 0.35
Test::Output 0 1.031
configure_requires:
Module Need Have
------------------- -------- --------
ExtUtils::MakeMaker 0 7.24
opt_build_requires:
Module Need Have
------------------- -------- --------
CPAN::Meta 2.120900 2.150010
------------------------------
ENVIRONMENT AND OTHER CONTEXT
------------------------------
Environment variables:
AUTOMATED_TESTING = 1
LANG = en_US.UTF-8
PATH = /usr/gnu/bin:/usr/bin:/usr/sbin:/sbin:/usr/sfw/bin:
PERL5LIB =
PERL5OPT =
PERL5_CPANPLUS_IS_RUNNING = 15045
PERL5_CPAN_IS_RUNNING = 15045
PERL5_CPAN_IS_RUNNING_IN_RECURSION = 9263,15045
PERL_CR_SMOKER_CURRENT = Bio-Roary-3.11.0
PERL_EXTUTILS_AUTOINSTALL = --defaultdeps
PERL_MM_USE_DEFAULT = 1
PERL_USE_UNSAFE_INC = 1
SHELL = /bin/bash
TERM = xterm-256color
Perl special variables (and OS-specific diagnostics, for MSWin32):
$^X = /home/stro/perl/5.26.0t/bin/perl
$UID/$EUID = 101 / 101
$GID = 10 10
$EGID = 10 10
Perl module toolchain versions installed:
Module Have
------------------- --------
CPAN 2.18
CPAN::Meta 2.150010
Cwd 3.67
ExtUtils::CBuilder 0.280226
ExtUtils::Command 7.24
ExtUtils::Install 2.04
ExtUtils::MakeMaker 7.24
ExtUtils::Manifest 1.70
ExtUtils::ParseXS 3.34
File::Spec 3.67
JSON 2.94
JSON::PP 2.94
Module::Build 0.4224
Module::Signature n/a
Parse::CPAN::Meta 2.150010
Test::Harness 3.38
Test::More 1.302103
YAML 1.23
YAML::Syck 1.30
version 0.9917
--
Summary of my perl5 (revision 5 version 26 subversion 0) configuration:
Platform:
osname=solaris
osvers=2.11
archname=i86pc-solaris-thread-multi
uname='sunos vm-openindiana-001 5.11 illumos-ed992b0aac i86pc i386 i86pc solaris '
config_args=''
hint=recommended
useposix=true
d_sigaction=define
useithreads=define
usemultiplicity=define
use64bitint=undef
use64bitall=undef
uselongdouble=undef
usemymalloc=n
default_inc_excludes_dot=define
bincompat5005=undef
Compiler:
cc='/opt/SUNWspro/bin/cc'
ccflags ='-D_REENTRANT -I/usr/gnu/include -D_LARGEFILE_SOURCE -D_FILE_OFFSET_BITS=64 -DPERL_USE_SAFE_PUTENV'
optimize='-O'
cppflags='-D_REENTRANT -I/usr/gnu/include'
ccversion='Sun C 5.10 SunOS_i386 2009/06/03'
gccversion=''
gccosandvers=''
intsize=4
longsize=4
ptrsize=4
doublesize=8
byteorder=1234
doublekind=3
d_longlong=define
longlongsize=8
d_longdbl=define
longdblsize=12
longdblkind=3
ivtype='long'
ivsize=4
nvtype='double'
nvsize=8
Off_t='off_t'
lseeksize=8
alignbytes=4
prototype=define
Linker and Libraries:
ld='/opt/SUNWspro/bin/cc'
ldflags =' -L/usr/lib -L/usr/ccs/lib -L/opt/sunstudio12.1/prod/lib -L/lib -L/usr/gnu/lib '
libpth=/usr/lib /usr/ccs/lib /opt/sunstudio12.1/prod/lib /lib /usr/gnu/lib
libs=-lpthread -lsocket -lnsl -lgdbm -ldb -ldl -lm -lc
perllibs=-lpthread -lsocket -lnsl -ldl -lm -lc
libc=/lib/libc.so
so=so
useshrplib=true
libperl=libperl.so
gnulibc_version=''
Dynamic Linking:
dlsrc=dl_dlopen.xs
dlext=so
d_dlsymun=undef
ccdlflags=' -R /home/stro/perl/5.26.0t/lib/5.26.0/i86pc-solaris-thread-multi/CORE'
cccdlflags='-KPIC'
lddlflags='-G -L/usr/lib -L/usr/ccs/lib -L/opt/sunstudio12.1/prod/lib -L/lib -L/usr/gnu/lib'
Characteristics of this binary (from libperl):
Compile-time options:
HAS_TIMES
MULTIPLICITY
PERLIO_LAYERS
PERL_COPY_ON_WRITE
PERL_DONT_CREATE_GVSV
PERL_HASH_FUNC_ONE_AT_A_TIME_HARD
PERL_IMPLICIT_CONTEXT
PERL_MALLOC_WRAP
PERL_OP_PARENT
PERL_PRESERVE_IVUV
PERL_USE_SAFE_PUTENV
USE_ITHREADS
USE_LARGE_FILES
USE_LOCALE
USE_LOCALE_COLLATE
USE_LOCALE_CTYPE
USE_LOCALE_NUMERIC
USE_LOCALE_TIME
USE_PERLIO
USE_PERL_ATOF
USE_REENTRANT_API
Built under solaris
Compiled at Sep 18 2017 00:57:02
%ENV:
PERL5LIB=""
PERL5OPT=""
PERL5_CPANPLUS_IS_RUNNING="15045"
PERL5_CPAN_IS_RUNNING="15045"
PERL5_CPAN_IS_RUNNING_IN_RECURSION="9263,15045"
PERL_CR_SMOKER_CURRENT="Bio-Roary-3.11.0"
PERL_EXTUTILS_AUTOINSTALL="--defaultdeps"
PERL_MM_USE_DEFAULT="1"
PERL_USE_UNSAFE_INC="1"
@INC:
/home/stro/perl/5.26.0t/lib/site_perl/5.26.0/i86pc-solaris-thread-multi
/home/stro/perl/5.26.0t/lib/site_perl/5.26.0
/home/stro/perl/5.26.0t/lib/5.26.0/i86pc-solaris-thread-multi
/home/stro/perl/5.26.0t/lib/5.26.0
.