Net-RDAP v0.28 Perl 5 v5.16.3 amd64-freebsd-thread-multi

Status
Fail
From
Slaven Rezić
Dist
Net-RDAP v0.28
Platform
Perl 5 v5.16.3 amd64-freebsd-thread-multi
Date
2024-08-28 05:49:31
ID
4c12f0b8-6501-11ef-a5b2-ed236e8775ea
This distribution has been tested as part of the CPAN Testers
project, supporting the Perl programming language.  See
http://wiki.cpantesters.org/ for more information or email
questions to cpan-testers-discuss@perl.org


--
Dear Gavin Brown,

This is a computer-generated report for Net-RDAP-0.28
on perl 5.16.3, created by CPAN-Reporter-1.2019.

Thank you for uploading your work to CPAN.  However, there was a problem
testing your distribution.

If you think this report is invalid, please consult the CPAN Testers Wiki
for suggestions on how to avoid getting FAIL reports for missing library
or binary dependencies, unsupported operating systems, and so on:

http://wiki.cpantesters.org/wiki/CPANAuthorNotes

Sections of this report:

    * Tester comments
    * Program output
    * Prerequisites
    * Environment and other context

------------------------------
TESTER COMMENTS
------------------------------

Additional comments from tester:

none provided

------------------------------
PROGRAM OUTPUT
------------------------------

Output from '/usr/bin/make test':

PERL_DL_NONLAZY=1 "/usr/perl5.16.3t/bin/perl" "-MExtUtils::Command::MM" "-MTest::Harness" "-e" "undef *Test::Harness::Switches; test_harness(0, 'blib/lib', 'blib/arch')" t/*.t
t/00.use.t ........ ok
t/chain.t ......... ok
t/document_url.t .. ok
t/jcard.t ......... ok
zone file representation not defined for DS at /usr/perl5.16.3t/lib/site_perl/5.16.3/amd64-freebsd-thread-multi/Net/DNS/RR.pm line 662.
in new Net::DNS::RR( icann.org. 1 IN DS 32859 13 2 271445b07985ccfb8eb4 ... ) at /usr/home/cpansand/.cpan/build/2024080814/Net-RDAP-0.28-2/blib/lib/Net/RDAP/Object/Domain.pm line 91.
# Tests were run but no plan was declared and done_testing() was not seen.
# Looks like your test exited with 255 just after 50.
t/objects.t ....... 
Dubious, test returned 255 (wstat 65280, 0xff00)
All 50 subtests passed 
t/redaction.t ..... ok
t/search.t ........ ok

Test Summary Report
-------------------
t/objects.t     (Wstat: 65280 (exited 255) Tests: 50 Failed: 0)
  Non-zero exit status: 255
  Parse errors: No plan found in TAP output
Files=7, Tests=332, 11 wallclock secs ( 0.04 usr  0.02 sys +  3.22 cusr  0.42 csys =  3.70 CPU)
Result: FAIL
Failed 1/7 test programs. 0/332 subtests failed.
*** [test_dynamic] Error code 255

Stop in /usr/home/cpansand/.cpan/build/2024080814/Net-RDAP-0.28-2.

------------------------------
PREREQUISITES
------------------------------

Prerequisite modules loaded:

requires:

    Module                    Need Have    
    ------------------------- ---- --------
    DateTime::Format::ISO8601 0    0.16    
    Digest::SHA               0    6.03    
    File::Basename            0    2.84    
    File::Slurp               0    9999.32 
    File::Spec                0    3.75    
    File::stat                0    1.05    
    File::Temp                0    0.2311  
    HTTP::Date                0    6.05    
    HTTP::Request::Common     0    6.45    
    JSON                      0    4.10    
    List::MoreUtils           0    0.430   
    LWP::Protocol::https      0    6.14    
    LWP::UserAgent            0    6.75    
    MIME::Type                0    2.26    
    Mozilla::CA               0    20230807
    Net::ASN                  0    1.07    
    Net::DNS::Domain          0    1276    
    Net::DNS::RR::DNSKEY      0    1468    
    Net::DNS::RR::DS          0    1456    
    Net::IP                   0    1.26    
    Test::More                0    1.302198
    URI                       0    5.25    
    vCard                     0    3.09    
    XML::LibXML               0    2.0209  

build_requires:

    Module                    Need Have    
    ------------------------- ---- --------
    ExtUtils::MakeMaker       0    7.70    

configure_requires:

    Module                    Need Have    
    ------------------------- ---- --------
    ExtUtils::MakeMaker       0    7.70    


------------------------------
ENVIRONMENT AND OTHER CONTEXT
------------------------------

Environment variables:

    LC_ALL = de_DE.ISO8859-1
    PATH = /usr/local/bin:/usr/bin:/bin:/usr/local/sbin:/usr/sbin:/sbin:/home/cpansand/bin/freebsd9.3:/home/cpansand/bin/sh:/home/cpansand/bin:/usr/games:/home/cpansand/devel:/usr/home/eserte/src/srezic-misc/scripts
    PERL5LIB = 
    PERL5OPT = 
    PERL5_CPANPLUS_IS_RUNNING = 49483
    PERL5_CPAN_IS_RUNNING = 49483
    PERL5_CPAN_IS_RUNNING_IN_RECURSION = 48437,49483
    PERLDOC = -MPod::Perldoc::ToTextOverstrike
    PERL_BATCH = yes
    PERL_CANARY_STABILITY_NOPROMPT = 1
    PERL_CPAN_REPORTER_CONFIG = /var/tmp/cpansmoker-1023/2024080814/cpanreporter_000_config.ini
    PERL_EXTUTILS_AUTOINSTALL = --defaultdeps
    PERL_USE_UNSAFE_INC = 1
    SHELL = /usr/local/bin/zsh
    TERM = screen
    TMPDIR = /var/tmp/cpansmoker-1023/2024080814

Perl special variables (and OS-specific diagnostics, for MSWin32):

    $^X = /usr/perl5.16.3t/bin/perl
    $UID/$EUID = 1023 / 1023
    $GID = 1023 1023
    $EGID = 1023 1023

Perl module toolchain versions installed:

    Module              Have    
    ------------------- --------
    CPAN                2.36    
    CPAN::Meta          2.150010
    Cwd                 3.75    
    ExtUtils::CBuilder  0.280236
    ExtUtils::Command   7.70    
    ExtUtils::Install   2.22    
    ExtUtils::MakeMaker 7.70    
    ExtUtils::Manifest  1.75    
    ExtUtils::ParseXS   3.51    
    File::Spec          3.75    
    JSON                4.10    
    JSON::PP            4.16    
    Module::Build       0.4234  
    Module::Signature   0.88    
    Parse::CPAN::Meta   2.150010
    Test2               1.302198
    Test::Harness       3.47    
    Test::More          1.302198
    YAML                1.30    
    YAML::Syck          1.34    
    version             0.9932  


--

Summary of my perl5 (revision 5 version 16 subversion 3) configuration:
   
  Platform:
    osname=freebsd, osvers=9.2-release-p4, archname=amd64-freebsd-thread-multi
    uname='freebsd cvrsnica-freebsd-92 9.2-release-p4 freebsd 9.2-release-p4 #0: tue apr 8 18:08:22 utc 2014 root@amd64-builder.daemonology.net:usrobjusrsrcsysgeneric amd64 '
    config_args='-ds -e -Dprefix=/usr/perl5.16.3t -Dusethreads'
    hint=recommended, useposix=true, d_sigaction=define
    useithreads=define, usemultiplicity=define
    useperlio=define, d_sfio=undef, uselargefiles=define, usesocks=undef
    use64bitint=define, use64bitall=define, uselongdouble=undef
    usemymalloc=n, bincompat5005=undef
  Compiler:
    cc='cc', ccflags ='-DHAS_FPSETMASK -DHAS_FLOATINGPOINT_H -fno-strict-aliasing -pipe -fstack-protector -I/usr/local/include',
    optimize='-O',
    cppflags='-DHAS_FPSETMASK -DHAS_FLOATINGPOINT_H -fno-strict-aliasing -pipe -fstack-protector -I/usr/local/include'
    ccversion='', gccversion='4.2.1 20070831 patched [FreeBSD]', gccosandvers=''
    intsize=4, longsize=8, ptrsize=8, doublesize=8, byteorder=12345678
    d_longlong=define, longlongsize=8, d_longdbl=define, longdblsize=16
    ivtype='long', ivsize=8, nvtype='double', nvsize=8, Off_t='off_t', lseeksize=8
    alignbytes=8, prototype=define
  Linker and Libraries:
    ld='cc', ldflags ='-pthread -Wl,-E  -fstack-protector -L/usr/local/lib'
    libpth=/usr/lib /usr/local/lib
    libs=-lgdbm -lm -lcrypt
    perllibs=-lm -lcrypt
    libc=, so=so, useshrplib=false, libperl=libperl.a
    gnulibc_version=''
  Dynamic Linking:
    dlsrc=dl_dlopen.xs, dlext=so, d_dlsymun=undef, ccdlflags=' '
    cccdlflags='-DPIC -fPIC', lddlflags='-shared  -L/usr/local/lib -fstack-protector'


Characteristics of this binary (from libperl): 
  Compile-time options: HAS_TIMES MULTIPLICITY PERLIO_LAYERS
                        PERL_DONT_CREATE_GVSV PERL_IMPLICIT_CONTEXT
                        PERL_MALLOC_WRAP PERL_PRESERVE_IVUV USE_64_BIT_ALL
                        USE_64_BIT_INT USE_ITHREADS USE_LARGE_FILES
                        USE_LOCALE USE_LOCALE_COLLATE USE_LOCALE_CTYPE
                        USE_LOCALE_NUMERIC USE_PERLIO USE_PERL_ATOF
                        USE_REENTRANT_API
  Built under freebsd
  Compiled at May 16 2014 07:49:48
  %ENV:
    PERL5LIB=""
    PERL5OPT=""
    PERL5_CPANPLUS_IS_RUNNING="49483"
    PERL5_CPAN_IS_RUNNING="49483"
    PERL5_CPAN_IS_RUNNING_IN_RECURSION="48437,49483"
    PERLDOC="-MPod::Perldoc::ToTextOverstrike"
    PERL_BATCH="yes"
    PERL_CANARY_STABILITY_NOPROMPT="1"
    PERL_CPAN_REPORTER_CONFIG="/var/tmp/cpansmoker-1023/2024080814/cpanreporter_000_config.ini"
    PERL_EXTUTILS_AUTOINSTALL="--defaultdeps"
    PERL_USE_UNSAFE_INC="1"
  @INC:
    /usr/perl5.16.3t/lib/site_perl/5.16.3/amd64-freebsd-thread-multi
    /usr/perl5.16.3t/lib/site_perl/5.16.3
    /usr/perl5.16.3t/lib/5.16.3/amd64-freebsd-thread-multi
    /usr/perl5.16.3t/lib/5.16.3
    .