NG v0.001_05 Perl 5 v5.16.3 x86_64-linux-ld
- Status
- Fail
- From
- Andreas J. König (ANDK)
- Dist
-
NG v0.001_05
- Platform
- Perl 5 v5.16.3 x86_64-linux-ld
- Date
- 2017-12-03 09:13:59
- ID
- 4bed7dbe-d80a-11e7-aa08-d9c2b689ba89
This distribution has been tested as part of the CPAN Testers
project, supporting the Perl programming language. See
http://wiki.cpantesters.org/ for more information or email
questions to cpan-testers-discuss@perl.org
--
Dear Jeff Rao,
This is a computer-generated report for NG-0.001_05
on perl 5.16.3, created by CPAN-Reporter-1.2018.
Thank you for uploading your work to CPAN. However, there was a problem
testing your distribution.
If you think this report is invalid, please consult the CPAN Testers Wiki
for suggestions on how to avoid getting FAIL reports for missing library
or binary dependencies, unsupported operating systems, and so on:
http://wiki.cpantesters.org/wiki/CPANAuthorNotes
Sections of this report:
* Tester comments
* Program output
* Prerequisites
* Environment and other context
------------------------------
TESTER COMMENTS
------------------------------
Additional comments from tester:
this report is from an automated smoke testing program
and was not reviewed by a human for accuracy
------------------------------
PROGRAM OUTPUT
------------------------------
Output from '/usr/bin/make test':
PERL_DL_NONLAZY=1 "/home/sand/src/perl/repoperls/installed-perls/host/k93msid/v5.16.3/2d7c/bin/perl" "-MExtUtils::Command::MM" "-MTest::Harness" "-e" "undef *Test::Harness::Switches; test_harness(0, 'blib/lib', 'blib/arch')" t/*.t
# Testing NG 0.001_05, Perl 5.016003, /home/sand/src/perl/repoperls/installed-perls/host/k93msid/v5.16.3/2d7c/bin/perl
t/00-load.t ......... ok
t/01-array.t ........ ok
t/02-hashtable.t .... ok
t/03-shashtable.t ... ok
t/04-time.t ......... ok
# Failed test at t/05-file-stat.t line 14.
# got: '1005'
# expected: '1000'
# Looks like you failed 1 test of 6.
t/05-file-stat.t ....
Dubious, test returned 1 (wstat 256, 0x100)
Failed 1/6 subtests
t/06-file-read.t .... ok
Use of uninitialized value in subroutine entry at /home/sand/src/perl/repoperls/installed-perls/host/k93msid/v5.16.3/2d7c/lib/site_perl/5.16.3/HTML/TreeBuilder.pm line 151.
t/07-http-dom.t ..... ok
t/08-http-client.t .. ok
t/09-system.t ....... ok
t/10-log.t .......... ok
t/11-email.t ........ ok
t/12-parse-excel.t .. ok
t/13-autobox.t ...... ok
t/14-def_class.t .... ok
t/15-dir-read.t ..... ok
Test Summary Report
-------------------
t/05-file-stat.t (Wstat: 256 Tests: 6 Failed: 1)
Failed test: 4
Non-zero exit status: 1
Files=16, Tests=81, 12 wallclock secs ( 0.04 usr 0.09 sys + 2.49 cusr 0.59 csys = 3.21 CPU)
Result: FAIL
Failed 1/16 test programs. 1/81 subtests failed.
Makefile:933: recipe for target 'test_dynamic' failed
make: *** [test_dynamic] Error 255
------------------------------
PREREQUISITES
------------------------------
Prerequisite modules loaded:
requires:
Module Need Have
------------------------ ---- --------
AnyEvent::HTTP 0 2.23
autobox 0 2.85
autodie 0 2.29
Child 0 0.013
DBI 0 1.637
Digest::MD5 0 2.55
Email::MIME 0 1.946
File::Copy::Recursive 0 0.38
HTML::Element 5.00 5.07
HTML::Selector::XPath 0 0.23
HTML::TreeBuilder::XPath 0 0.14
JSON::XS 0 3.04
Net::SSH::Any 0 0.10
perl 5.01 5.016003
Spreadsheet::ParseExcel 0 0.65
Spreadsheet::WriteExcel 0 2.40
SQL::Abstract 0 1.84
Sys::CpuAffinity 0 1.12
Time::HiRes 0 1.9746
Try::Tiny 0 0.28
XML::Simple 0 2.24
YAML::XS 0 0.67
build_requires:
Module Need Have
------------------------ ---- --------
Test::Deep 0 1.127
Test::More 0 1.302118
configure_requires:
Module Need Have
------------------------ ---- --------
ExtUtils::MakeMaker 0 7.30
------------------------------
ENVIRONMENT AND OTHER CONTEXT
------------------------------
Environment variables:
AUTOMATED_TESTING = 1
LANG = en_US.UTF-8
PATH = /home/sand/bin:/usr/local/bin:/usr/bin:/bin:/usr/games:/usr/local/perl/bin:/usr/X11/bin:/sbin:/usr/sbin
PERL5LIB = /tmp/loop_over_bdir-13008-DeaYdL/Spreadsheet-WriteExcel-2.40-0/blib/arch:/tmp/loop_over_bdir-13008-DeaYdL/Spreadsheet-WriteExcel-2.40-0/blib/lib:/tmp/loop_over_bdir-13008-DeaYdL/Net-SSH-Any-0.10-0/blib/arch:/tmp/loop_over_bdir-13008-DeaYdL/Net-SSH-Any-0.10-0/blib/lib:/tmp/loop_over_bdir-13008-DeaYdL/Child-0.013-0/blib/arch:/tmp/loop_over_bdir-13008-DeaYdL/Child-0.013-0/blib/lib:/tmp/loop_over_bdir-13008-DeaYdL/AnyEvent-HTTP-2.23-0/blib/arch:/tmp/loop_over_bdir-13008-DeaYdL/AnyEvent-HTTP-2.23-0/blib/lib
PERL5OPT =
PERL5_CPANPLUS_IS_RUNNING = 13013
PERL5_CPAN_IS_RUNNING = 13013
PERL5_CPAN_IS_RUNNING_IN_RECURSION = 8141,13013
PERL_CANARY_STABILITY_NOPROMPT = 1
PERL_MM_USE_DEFAULT = 1
PERL_USE_UNSAFE_INC = 1
SHELL = /usr/bin/zsh
TERM = screen
Perl special variables (and OS-specific diagnostics, for MSWin32):
$^X = /home/sand/src/perl/repoperls/installed-perls/host/k93msid/v5.16.3/2d7c/bin/perl
$UID/$EUID = 1005 / 1005
$GID = 1005 1005
$EGID = 1005 1005
Perl module toolchain versions installed:
Module Have
------------------- --------
CPAN 2.19
CPAN::Meta 2.150010
Cwd 3.62
ExtUtils::CBuilder 0.280229
ExtUtils::Command 7.30
ExtUtils::Install 2.06
ExtUtils::MakeMaker 7.30
ExtUtils::Manifest 1.70
ExtUtils::ParseXS 3.35
File::Spec 3.62
JSON 2.97000
JSON::PP 2.96
Module::Build 0.4224
Module::Signature 0.81
Parse::CPAN::Meta 2.150010
Test::Harness 3.39
Test::More 1.302118
YAML 1.24
YAML::Syck 1.30
version 0.9918
--
Summary of my perl5 (revision 5 version 16 subversion 3) configuration:
Derived from: fd04d42d38f4751b981eb6e9213ee1ab8ef11ea6
Platform:
osname=linux, osvers=4.12.0-2-amd64, archname=x86_64-linux-ld
uname='linux k93msid 4.12.0-2-amd64 #1 smp debian 4.12.13-1 (2017-09-19) x86_64 gnulinux '
config_args='-Dprefix=/home/sand/src/perl/repoperls/installed-perls/host/k93msid/v5.16.3/2d7c -Dmyhostname=k93msid -Dinstallusrbinperl=n -Uversiononly -Dusedevel -des -Ui_db -Dlibswanted=cl pthread socket inet nsl gdbm dbm malloc dl ld sun m crypt sec util c cposix posix ucb BSD gdbm_compat -Uuseithreads -Duselongdouble -DDEBUGGING=-g'
hint=recommended, useposix=true, d_sigaction=define
useithreads=undef, usemultiplicity=undef
useperlio=define, d_sfio=undef, uselargefiles=define, usesocks=undef
use64bitint=define, use64bitall=define, uselongdouble=define
usemymalloc=n, bincompat5005=undef
Compiler:
cc='cc', ccflags ='-fno-strict-aliasing -pipe -fstack-protector -I/usr/local/include -D_LARGEFILE_SOURCE -D_FILE_OFFSET_BITS=64',
optimize='-O2 -g',
cppflags='-fno-strict-aliasing -pipe -fstack-protector -I/usr/local/include'
ccversion='', gccversion='7.2.0', gccosandvers=''
intsize=4, longsize=8, ptrsize=8, doublesize=8, byteorder=12345678
d_longlong=define, longlongsize=8, d_longdbl=define, longdblsize=16
ivtype='long', ivsize=8, nvtype='long double', nvsize=16, Off_t='off_t', lseeksize=8
alignbytes=16, prototype=define
Linker and Libraries:
ld='cc', ldflags =' -fstack-protector -L/usr/local/lib'
libpth=/usr/local/lib /lib/x86_64-linux-gnu /lib/../lib /usr/lib/x86_64-linux-gnu /usr/lib/../lib /lib /usr/lib
libs=-lpthread -lnsl -ldl -lm -lcrypt -lutil -lc
perllibs=-lpthread -lnsl -ldl -lm -lcrypt -lutil -lc
libc=libc-2.24.so, so=so, useshrplib=false, libperl=libperl.a
gnulibc_version='2.24'
Dynamic Linking:
dlsrc=dl_dlopen.xs, dlext=so, d_dlsymun=undef, ccdlflags='-Wl,-E'
cccdlflags='-fPIC', lddlflags='-shared -O2 -g -L/usr/local/lib -fstack-protector'
Characteristics of this binary (from libperl):
Compile-time options: HAS_TIMES PERLIO_LAYERS PERL_DONT_CREATE_GVSV
PERL_MALLOC_WRAP PERL_PRESERVE_IVUV PERL_USE_DEVEL
USE_64_BIT_ALL USE_64_BIT_INT USE_LARGE_FILES
USE_LOCALE USE_LOCALE_COLLATE USE_LOCALE_CTYPE
USE_LOCALE_NUMERIC USE_LONG_DOUBLE USE_PERLIO
USE_PERL_ATOF
Locally applied patches:
uncommitted-changes
Built under linux
Compiled at Oct 3 2017 14:05:36
%ENV:
PERL5LIB="/tmp/loop_over_bdir-13008-DeaYdL/Spreadsheet-WriteExcel-2.40-0/blib/arch:/tmp/loop_over_bdir-13008-DeaYdL/Spreadsheet-WriteExcel-2.40-0/blib/lib:/tmp/loop_over_bdir-13008-DeaYdL/Net-SSH-Any-0.10-0/blib/arch:/tmp/loop_over_bdir-13008-DeaYdL/Net-SSH-Any-0.10-0/blib/lib:/tmp/loop_over_bdir-13008-DeaYdL/Child-0.013-0/blib/arch:/tmp/loop_over_bdir-13008-DeaYdL/Child-0.013-0/blib/lib:/tmp/loop_over_bdir-13008-DeaYdL/AnyEvent-HTTP-2.23-0/blib/arch:/tmp/loop_over_bdir-13008-DeaYdL/AnyEvent-HTTP-2.23-0/blib/lib"
PERL5OPT=""
PERL5_CPANPLUS_IS_RUNNING="13013"
PERL5_CPAN_IS_RUNNING="13013"
PERL5_CPAN_IS_RUNNING_IN_RECURSION="8141,13013"
PERL_CANARY_STABILITY_NOPROMPT="1"
PERL_MM_USE_DEFAULT="1"
PERL_USE_UNSAFE_INC="1"
@INC:
/tmp/loop_over_bdir-13008-DeaYdL/Spreadsheet-WriteExcel-2.40-0/blib/arch
/tmp/loop_over_bdir-13008-DeaYdL/Spreadsheet-WriteExcel-2.40-0/blib/lib
/tmp/loop_over_bdir-13008-DeaYdL/Net-SSH-Any-0.10-0/blib/arch
/tmp/loop_over_bdir-13008-DeaYdL/Net-SSH-Any-0.10-0/blib/lib
/tmp/loop_over_bdir-13008-DeaYdL/Child-0.013-0/blib/arch
/tmp/loop_over_bdir-13008-DeaYdL/Child-0.013-0/blib/lib
/tmp/loop_over_bdir-13008-DeaYdL/AnyEvent-HTTP-2.23-0/blib/arch
/tmp/loop_over_bdir-13008-DeaYdL/AnyEvent-HTTP-2.23-0/blib/lib
/home/sand/src/perl/repoperls/installed-perls/host/k93msid/v5.16.3/2d7c/lib/site_perl/5.16.3/x86_64-linux-ld
/home/sand/src/perl/repoperls/installed-perls/host/k93msid/v5.16.3/2d7c/lib/site_perl/5.16.3
/home/sand/src/perl/repoperls/installed-perls/host/k93msid/v5.16.3/2d7c/lib/5.16.3/x86_64-linux-ld
/home/sand/src/perl/repoperls/installed-perls/host/k93msid/v5.16.3/2d7c/lib/5.16.3
.