FASTX-Reader v1.10.0-TRIAL Perl 5 v5.22.0 amd64-freebsd-thread-multi
- Status
- Fail
- From
- Chris Williams (BINGOS)
- Dist
-
FASTX-Reader v1.10.0-TRIAL
- Platform
- Perl 5 v5.22.0 amd64-freebsd-thread-multi
- Date
- 2023-01-19 06:48:35
- ID
- 4b8b5dde-97c5-11ed-aba6-9a79f339625c
This distribution has been tested as part of the CPAN Testers
project, supporting the Perl programming language. See
http://wiki.cpantesters.org/ for more information or email
questions to cpan-testers-discuss@perl.org
--
Dear PROCH,
This is a computer-generated error report created automatically by
CPANPLUS, version 0.9914. Testers personal comments may appear
at the end of this report.
Thank you for uploading your work to CPAN. However, it appears that
there were some problems testing your distribution.
TEST RESULTS:
Below is the error stack from stage 'make test':
PERL_DL_NONLAZY=1 "/usr/home/cpan/pit/thr/perl-5.22.0/bin/perl" "-MExtUtils::Command::MM" "-MTest::Harness" "-e" "undef *Test::Harness::Switches; test_harness(0, 'blib/lib', 'blib/arch')" t/*.t
t/01_basic_test.t ................. ok
"my" variable $c masks earlier declaration in same scope at t/02_parse_crlf.t line 33.
t/02_parse_crlf.t ................. ok
t/02_parse_fasta.t ................ ok
t/02_preload.t .................... ok
Array found where operator expected at t/02_preload_obj.t line 24, at end of line
(Missing operator before ?)
Array found where operator expected at t/02_preload_obj.t line 24, at end of line
(Missing operator before ?)
Array found where operator expected at t/02_preload_obj.t line 26, at end of line
(Missing operator before ?)
syntax error at t/02_preload_obj.t line 24, near "->@* "
syntax error at t/02_preload_obj.t line 26, near "->@*"
Global symbol "$record" requires explicit package name (did you forget to declare "my $record"?) at t/02_preload_obj.t line 27.
Global symbol "$record" requires explicit package name (did you forget to declare "my $record"?) at t/02_preload_obj.t line 27.
Global symbol "$record" requires explicit package name (did you forget to declare "my $record"?) at t/02_preload_obj.t line 28.
Global symbol "$record" requires explicit package name (did you forget to declare "my $record"?) at t/02_preload_obj.t line 29.
Global symbol "$record" requires explicit package name (did you forget to declare "my $record"?) at t/02_preload_obj.t line 29.
Global symbol "$record" requires explicit package name (did you forget to declare "my $record"?) at t/02_preload_obj.t line 30.
Global symbol "$record" requires explicit package name (did you forget to declare "my $record"?) at t/02_preload_obj.t line 30.
syntax error at t/02_preload_obj.t line 31, near "}"
t/02_preload_obj.t has too many errors.
t/02_preload_obj.t ................
Dubious, test returned 255 (wstat 65280, 0xff00)
No subtests run
t/03_parse_fastq.t ................ ok
Use of uninitialized value in substr at /usr/home/cpan/pit/thr/conf/perl-5.22.0/.cpanplus/5.22.0/build/koxPQWek2b/FASTX-Reader-1.10.0/blib/lib/FASTX/Reader.pm line 27.
t/04_stdin_1.t .................... ok
Use of uninitialized value in substr at /usr/home/cpan/pit/thr/conf/perl-5.22.0/.cpanplus/5.22.0/build/koxPQWek2b/FASTX-Reader-1.10.0/blib/lib/FASTX/Reader.pm line 27.
t/04_stdin_2.t .................... ok
t/05_fasta_comments.t ............. ok
t/06_fastq_comments.t ............. ok
t/07_fastq_parser_1.t ............. ok
t/07_fastq_parser_2.t ............. ok
t/08_gzipped_fastq.t .............. ok
t/08_gzipped_fastq_alternative.t .. ok
t/09_error_nofile.t ............... ok
t/10_error_fastq.t ................ ok
t/11_get_format.t ................. ok
t/12_gzipped_fasta.t .............. ok
t/13_illumina_read.t .............. ok
t/14_illumina_nonillumina.t ....... ok
t/15_parse_pe.t ................... ok
t/16_parse_interleaved.t .......... ok
t/17_parse_pe_autopair.t .......... ok
t/18_parse_pe_bad_names.t ......... ok
t/19_parse_pe_rev.t ............... ok
t/20_parse_pe_bad_interleaved.t ... ok
t/30_helper.t ..................... ok
t/31_helper_fun.t ................. ok
t/40_two_fastas.t ................. ok
t/40_two_files.t .................. ok
t/51_seq_basic_1.t ................ ok
t/51_seq_basic_new.t .............. ok
t/52_methods_seq.t ................ ok
t/53_Seq_asfastx.t ................ ok
t/53_with_fastxseq.t .............. ok
Use of uninitialized value in substr at /usr/home/cpan/pit/thr/conf/perl-5.22.0/.cpanplus/5.22.0/build/koxPQWek2b/FASTX-Reader-1.10.0/blib/lib/FASTX/Seq.pm line 25.
t/54_invalid_seq.t ................ ok
[WARNING] FASTX::Seq->as_fastq(): Provide a _char_ as quality, not a value (WRONG): defaulting to I
[WARNING] FASTX::Seq->as_fastq(): Provide a _char_ as quality, not a value (WRONG): defaulting to I
[WARNING] FASTX::Seq->as_fastq(): Provide a _char_ as quality, not a value (WRONG): defaulting to I
[WARNING] FASTX::Seq->as_fastq(): Provide a _char_ as quality, not a value (WRONG): defaulting to I
[WARNING] FASTX::Seq->as_fastq(): Provide a _char_ as quality, not a value (WRONG): defaulting to I
t/54_Seq_asfastx_bad.t ............ ok
t/54_Seq_isfastx.t ................ ok
t/55_next.t ....................... ok
t/55_nextobj.t .................... ok
t/55_Seq_slice.t .................. ok
t/61_seq_qual.t ................... ok
t/62_seq_qualities.t .............. ok
t/release-00-pod.t ................ skipped: these tests are for release candidate testing
t/release-01-pod-coverage.t ....... skipped: these tests are for release candidate testing
t/release-03-minimum-standards.t .. skipped: these tests are for release candidate testing
t/release-05-changes.t ............ skipped: these tests are for release candidate testing
t/release-check-version.t ......... skipped: these tests are for release candidate testing
Test Summary Report
-------------------
t/02_preload_obj.t (Wstat: 65280 (exited 255) Tests: 0 Failed: 0)
Non-zero exit status: 255
Parse errors: No plan found in TAP output
Files=48, Tests=393, 5 wallclock secs ( 0.13 usr 0.10 sys + 3.10 cusr 1.57 csys = 4.91 CPU)
Result: FAIL
Failed 1/48 test programs. 0/393 subtests failed.
*** Error code 255
Stop.
make: stopped in /usr/home/cpan/pit/thr/conf/perl-5.22.0/.cpanplus/5.22.0/build/koxPQWek2b/FASTX-Reader-1.10.0
PREREQUISITES:
Here is a list of prerequisites you specified and versions we
managed to load:
Module Name Have Want
Capture::Tiny 0.48 0.40
Carp 1.36 1.2
Data::Dumper 2.158 2.1
ExtUtils::MakeMaker 7.64 0
File::Fetch 1.04 0
FindBin 1.51 1.3
JSON::PP 2.27300 0
PerlIO::encoding 0.21 0
Time::HiRes 1.9726 0
Perl module toolchain versions installed:
Module Name Have
CPANPLUS 0.9914
CPANPLUS::Dist::Build 0.90
Cwd 3.75
ExtUtils::CBuilder 0.280236
ExtUtils::Command 7.64
ExtUtils::Install 2.20
ExtUtils::MakeMaker 7.64
ExtUtils::Manifest 1.73
ExtUtils::ParseXS 3.44
File::Spec 3.75
Module::Build 0.4231
Pod::Parser 1.63
Pod::Simple 3.29
Test2 1.302191
Test::Harness 3.44
Test::More 1.302191
version 0.9929
******************************** NOTE ********************************
The comments above are created mechanically, possibly without manual
checking by the sender. As there are many people performing automatic
tests on each upload to CPAN, it is likely that you will receive
identical messages about the same problem.
If you believe that the message is mistaken, please reply to the first
one with correction and/or additional informations, and do not take
it personally. We appreciate your patience. :)
**********************************************************************
Additional comments:
This report was machine-generated by CPANPLUS::Dist::YACSmoke 1.08.
Powered by minismokebox version 0.68
CPANPLUS is prefering Build.PL
------------------------------
ENVIRONMENT AND OTHER CONTEXT
------------------------------
Environment variables:
AUTOMATED_TESTING = 1
LANG = C.UTF-8
NONINTERACTIVE_TESTING = 1
PATH = /usr/home/cpan/pit/thr/conf/perl-5.22.0/.cpanplus/5.22.0/build/koxPQWek2b/FASTX-Reader-1.10.0/blib/script:/sbin:/bin:/usr/sbin:/usr/bin:/usr/local/sbin:/usr/local/bin:/home/cpan/bin
PERL5LIB = /usr/home/cpan/pit/jail/_tkWrySdtO/lib/perl5:/usr/home/cpan/pit/thr/conf/perl-5.22.0/.cpanplus/5.22.0/build/koxPQWek2b/FASTX-Reader-1.10.0/blib/lib:/usr/home/cpan/pit/thr/conf/perl-5.22.0/.cpanplus/5.22.0/build/koxPQWek2b/FASTX-Reader-1.10.0/blib/arch
PERL5_CPANPLUS_IS_RUNNING = 46817
PERL5_CPANPLUS_IS_VERSION = 0.9914
PERL5_MINISMOKEBOX = 0.68
PERL5_YACSMOKE_BASE = /usr/home/cpan/pit/thr/conf/perl-5.22.0
PERL_EXTUTILS_AUTOINSTALL = --defaultdeps
PERL_LOCAL_LIB_ROOT = /usr/home/cpan/pit/jail/_tkWrySdtO
PERL_MB_OPT = --install_base "/usr/home/cpan/pit/jail/_tkWrySdtO"
PERL_MM_OPT = INSTALL_BASE=/usr/home/cpan/pit/jail/_tkWrySdtO
PERL_MM_USE_DEFAULT = 1
SHELL = /usr/local/bin/bash
TERM = screen
Perl special variables (and OS-specific diagnostics, for MSWin32):
Perl: $^X = /usr/home/cpan/pit/thr/perl-5.22.0/bin/perl
UID: $< = 1002
EUID: $> = 1002
GID: $( = 1002 1002
EGID: $) = 1002 1002
-------------------------------
--
Summary of my perl5 (revision 5 version 22 subversion 0) configuration:
Platform:
osname=freebsd, osvers=13.1-release, archname=amd64-freebsd-thread-multi
uname='freebsd frantic 13.1-release freebsd 13.1-release releng13.1-n250148-fc952ac2212 generic amd64 '
config_args='-des -Dprefix=/usr/home/cpan/pit/thr/perl-5.22.0 -Dusethreads'
hint=recommended, useposix=true, d_sigaction=define
useithreads=define, usemultiplicity=define
use64bitint=define, use64bitall=define, uselongdouble=undef
usemymalloc=n, bincompat5005=undef
Compiler:
cc='cc', ccflags ='-DHAS_FPSETMASK -DHAS_FLOATINGPOINT_H -fno-strict-aliasing -pipe -fstack-protector-strong -I/usr/local/include',
optimize='-O2',
cppflags='-DHAS_FPSETMASK -DHAS_FLOATINGPOINT_H -fno-strict-aliasing -pipe -fstack-protector-strong -I/usr/local/include'
ccversion='', gccversion='FreeBSD Clang 13.0.0 (git@github.com:llvm/llvm-project.git llvmorg-13.0.0-0-gd7b669b3a303)', gccosandvers=''
intsize=4, longsize=8, ptrsize=8, doublesize=8, byteorder=12345678, doublekind=3
d_longlong=define, longlongsize=8, d_longdbl=define, longdblsize=16, longdblkind=3
ivtype='long', ivsize=8, nvtype='double', nvsize=8, Off_t='off_t', lseeksize=8
alignbytes=8, prototype=define
Linker and Libraries:
ld='cc', ldflags ='-pthread -Wl,-E -fstack-protector-strong -L/usr/local/lib'
libpth=/usr/lib /usr/local/lib /usr/lib/clang/13.0.0/lib /usr/lib
libs=-lpthread -lgdbm -ldl -lm -lcrypt -lutil
perllibs=-lpthread -ldl -lm -lcrypt -lutil
libc=, so=so, useshrplib=false, libperl=libperl.a
gnulibc_version=''
Dynamic Linking:
dlsrc=dl_dlopen.xs, dlext=so, d_dlsymun=undef, ccdlflags=' '
cccdlflags='-DPIC -fPIC', lddlflags='-shared -L/usr/local/lib -fstack-protector-strong'
Characteristics of this binary (from libperl):
Compile-time options: HAS_TIMES MULTIPLICITY PERLIO_LAYERS
PERL_DONT_CREATE_GVSV
PERL_HASH_FUNC_ONE_AT_A_TIME_HARD
PERL_IMPLICIT_CONTEXT PERL_MALLOC_WRAP
PERL_NEW_COPY_ON_WRITE PERL_PRESERVE_IVUV
USE_64_BIT_ALL USE_64_BIT_INT USE_ITHREADS
USE_LARGE_FILES USE_LOCALE USE_LOCALE_COLLATE
USE_LOCALE_CTYPE USE_LOCALE_NUMERIC USE_LOCALE_TIME
USE_PERLIO USE_PERL_ATOF USE_REENTRANT_API
Locally applied patches:
Devel::PatchPerl 2.08
Built under freebsd
Compiled at Jul 25 2022 08:12:34
%ENV:
PERL5LIB="/usr/home/cpan/pit/jail/_tkWrySdtO/lib/perl5:/usr/home/cpan/pit/thr/conf/perl-5.22.0/.cpanplus/5.22.0/build/koxPQWek2b/FASTX-Reader-1.10.0/blib/lib:/usr/home/cpan/pit/thr/conf/perl-5.22.0/.cpanplus/5.22.0/build/koxPQWek2b/FASTX-Reader-1.10.0/blib/arch"
PERL5_CPANPLUS_IS_RUNNING="46817"
PERL5_CPANPLUS_IS_VERSION="0.9914"
PERL5_MINISMOKEBOX="0.68"
PERL5_YACSMOKE_BASE="/usr/home/cpan/pit/thr/conf/perl-5.22.0"
PERL_EXTUTILS_AUTOINSTALL="--defaultdeps"
PERL_LOCAL_LIB_ROOT="/usr/home/cpan/pit/jail/_tkWrySdtO"
PERL_MB_OPT="--install_base "/usr/home/cpan/pit/jail/_tkWrySdtO""
PERL_MM_OPT="INSTALL_BASE=/usr/home/cpan/pit/jail/_tkWrySdtO"
PERL_MM_USE_DEFAULT="1"
@INC:
/usr/home/cpan/pit/jail/_tkWrySdtO/lib/perl5/5.22.0/amd64-freebsd-thread-multi
/usr/home/cpan/pit/jail/_tkWrySdtO/lib/perl5/5.22.0
/usr/home/cpan/pit/jail/_tkWrySdtO/lib/perl5/amd64-freebsd-thread-multi
/usr/home/cpan/pit/jail/_tkWrySdtO/lib/perl5
/usr/home/cpan/pit/thr/conf/perl-5.22.0/.cpanplus/5.22.0/build/koxPQWek2b/FASTX-Reader-1.10.0/blib/lib
/usr/home/cpan/pit/thr/conf/perl-5.22.0/.cpanplus/5.22.0/build/koxPQWek2b/FASTX-Reader-1.10.0/blib/arch
/usr/home/cpan/pit/thr/perl-5.22.0/lib/site_perl/5.22.0/amd64-freebsd-thread-multi
/usr/home/cpan/pit/thr/perl-5.22.0/lib/site_perl/5.22.0
/usr/home/cpan/pit/thr/perl-5.22.0/lib/5.22.0/amd64-freebsd-thread-multi
/usr/home/cpan/pit/thr/perl-5.22.0/lib/5.22.0
.