Genezzo v0.72 Perl 5 v5.41.1 x86_64-linux
- Status
- Fail
- From
- Andreas J. König (ANDK)
- Dist
-
Genezzo v0.72
- Platform
- Perl 5 v5.41.1 x86_64-linux
- Date
- 2024-07-09 03:35:31
- ID
- 4adf5166-3da4-11ef-859f-24c63a70968f
This distribution has been tested as part of the CPAN Testers
project, supporting the Perl programming language. See
http://wiki.cpantesters.org/ for more information or email
questions to cpan-testers-discuss@perl.org
--
Dear Jeffrey Cohen,
This is a computer-generated report for Genezzo-0.72
on perl 5.41.1, created by CPAN-Reporter-1.2019.
Thank you for uploading your work to CPAN. However, there was a problem
testing your distribution.
If you think this report is invalid, please consult the CPAN Testers Wiki
for suggestions on how to avoid getting FAIL reports for missing library
or binary dependencies, unsupported operating systems, and so on:
http://wiki.cpantesters.org/wiki/CPANAuthorNotes
Sections of this report:
* Tester comments
* Program output
* Prerequisites
* Environment and other context
------------------------------
TESTER COMMENTS
------------------------------
Additional comments from tester:
this report is from an automated smoke testing program
and was not reviewed by a human for accuracy
------------------------------
PROGRAM OUTPUT
------------------------------
Output from '/usr/bin/make test':
PERL_DL_NONLAZY=1 "/tmp/basesmoker-reloperl-aunl/bin/perl" "-MExtUtils::Command::MM" "-MTest::Harness" "-e" "undef *Test::Harness::Switches; test_harness(0, 'blib/lib', 'blib/arch')" t/*.t
syntax error at /tmp/loop_over_bdir-357344-5O013Z/Genezzo-0.72-0/blib/lib/Genezzo/Tablespace.pm line 603, near "$tname qw(_tspace _tsfiles _tab1 _col1 allfileused)"
Execution of /tmp/loop_over_bdir-357344-5O013Z/Genezzo-0.72-0/blib/lib/Genezzo/Tablespace.pm aborted due to compilation errors.
Compilation failed in require at /tmp/loop_over_bdir-357344-5O013Z/Genezzo-0.72-0/blib/lib/Genezzo/Dict.pm line 15.
BEGIN failed--compilation aborted at /tmp/loop_over_bdir-357344-5O013Z/Genezzo-0.72-0/blib/lib/Genezzo/Dict.pm line 15.
Compilation failed in require at /tmp/loop_over_bdir-357344-5O013Z/Genezzo-0.72-0/blib/lib/Genezzo/GenDBI.pm line 21.
BEGIN failed--compilation aborted at /tmp/loop_over_bdir-357344-5O013Z/Genezzo-0.72-0/blib/lib/Genezzo/GenDBI.pm line 21.
Compilation failed in require at t/AAASetup1.t line 13.
BEGIN failed--compilation aborted at t/AAASetup1.t line 13.
t/AAASetup1.t ..
Dubious, test returned 255 (wstat 65280, 0xff00)
Failed 2/2 subtests
t/Block1.t ..... ok
t/Block2.t ..... ok
t/Block3.t ..... ok
t/Block4.t ..... ok
t/BufCa1.t ..... ok
syntax error at /tmp/loop_over_bdir-357344-5O013Z/Genezzo-0.72-0/blib/lib/Genezzo/Tablespace.pm line 603, near "$tname qw(_tspace _tsfiles _tab1 _col1 allfileused)"
Execution of /tmp/loop_over_bdir-357344-5O013Z/Genezzo-0.72-0/blib/lib/Genezzo/Tablespace.pm aborted due to compilation errors.
Compilation failed in require at /tmp/loop_over_bdir-357344-5O013Z/Genezzo-0.72-0/blib/lib/Genezzo/Dict.pm line 15.
BEGIN failed--compilation aborted at /tmp/loop_over_bdir-357344-5O013Z/Genezzo-0.72-0/blib/lib/Genezzo/Dict.pm line 15.
Compilation failed in require at /tmp/loop_over_bdir-357344-5O013Z/Genezzo-0.72-0/blib/lib/Genezzo/GenDBI.pm line 21.
BEGIN failed--compilation aborted at /tmp/loop_over_bdir-357344-5O013Z/Genezzo-0.72-0/blib/lib/Genezzo/GenDBI.pm line 21.
Compilation failed in require at t/Cons1.t line 13.
BEGIN failed--compilation aborted at t/Cons1.t line 13.
t/Cons1.t ......
Dubious, test returned 255 (wstat 65280, 0xff00)
Failed 21/21 subtests
syntax error at /tmp/loop_over_bdir-357344-5O013Z/Genezzo-0.72-0/blib/lib/Genezzo/Tablespace.pm line 603, near "$tname qw(_tspace _tsfiles _tab1 _col1 allfileused)"
Execution of /tmp/loop_over_bdir-357344-5O013Z/Genezzo-0.72-0/blib/lib/Genezzo/Tablespace.pm aborted due to compilation errors.
Compilation failed in require at /tmp/loop_over_bdir-357344-5O013Z/Genezzo-0.72-0/blib/lib/Genezzo/Dict.pm line 15.
BEGIN failed--compilation aborted at /tmp/loop_over_bdir-357344-5O013Z/Genezzo-0.72-0/blib/lib/Genezzo/Dict.pm line 15.
Compilation failed in require at /tmp/loop_over_bdir-357344-5O013Z/Genezzo-0.72-0/blib/lib/Genezzo/GenDBI.pm line 21.
BEGIN failed--compilation aborted at /tmp/loop_over_bdir-357344-5O013Z/Genezzo-0.72-0/blib/lib/Genezzo/GenDBI.pm line 21.
Compilation failed in require at t/DBI1.t line 13.
BEGIN failed--compilation aborted at t/DBI1.t line 13.
t/DBI1.t .......
Dubious, test returned 255 (wstat 65280, 0xff00)
Failed 48/48 subtests
syntax error at /tmp/loop_over_bdir-357344-5O013Z/Genezzo-0.72-0/blib/lib/Genezzo/Tablespace.pm line 603, near "$tname qw(_tspace _tsfiles _tab1 _col1 allfileused)"
Execution of /tmp/loop_over_bdir-357344-5O013Z/Genezzo-0.72-0/blib/lib/Genezzo/Tablespace.pm aborted due to compilation errors.
Compilation failed in require at /tmp/loop_over_bdir-357344-5O013Z/Genezzo-0.72-0/blib/lib/Genezzo/Dict.pm line 15.
BEGIN failed--compilation aborted at /tmp/loop_over_bdir-357344-5O013Z/Genezzo-0.72-0/blib/lib/Genezzo/Dict.pm line 15.
Compilation failed in require at /tmp/loop_over_bdir-357344-5O013Z/Genezzo-0.72-0/blib/lib/Genezzo/GenDBI.pm line 21.
BEGIN failed--compilation aborted at /tmp/loop_over_bdir-357344-5O013Z/Genezzo-0.72-0/blib/lib/Genezzo/GenDBI.pm line 21.
Compilation failed in require at t/Feeble1.t line 13.
BEGIN failed--compilation aborted at t/Feeble1.t line 13.
t/Feeble1.t ....
Dubious, test returned 255 (wstat 65280, 0xff00)
Failed 18/18 subtests
syntax error at /tmp/loop_over_bdir-357344-5O013Z/Genezzo-0.72-0/blib/lib/Genezzo/Tablespace.pm line 603, near "$tname qw(_tspace _tsfiles _tab1 _col1 allfileused)"
Execution of /tmp/loop_over_bdir-357344-5O013Z/Genezzo-0.72-0/blib/lib/Genezzo/Tablespace.pm aborted due to compilation errors.
Compilation failed in require at /tmp/loop_over_bdir-357344-5O013Z/Genezzo-0.72-0/blib/lib/Genezzo/Dict.pm line 15.
BEGIN failed--compilation aborted at /tmp/loop_over_bdir-357344-5O013Z/Genezzo-0.72-0/blib/lib/Genezzo/Dict.pm line 15.
Compilation failed in require at /tmp/loop_over_bdir-357344-5O013Z/Genezzo-0.72-0/blib/lib/Genezzo/GenDBI.pm line 21.
BEGIN failed--compilation aborted at /tmp/loop_over_bdir-357344-5O013Z/Genezzo-0.72-0/blib/lib/Genezzo/GenDBI.pm line 21.
Compilation failed in require at t/Gnzo1.t line 13.
BEGIN failed--compilation aborted at t/Gnzo1.t line 13.
t/Gnzo1.t ......
Dubious, test returned 255 (wstat 65280, 0xff00)
Failed 14/14 subtests
syntax error at /tmp/loop_over_bdir-357344-5O013Z/Genezzo-0.72-0/blib/lib/Genezzo/Tablespace.pm line 603, near "$tname qw(_tspace _tsfiles _tab1 _col1 allfileused)"
Execution of /tmp/loop_over_bdir-357344-5O013Z/Genezzo-0.72-0/blib/lib/Genezzo/Tablespace.pm aborted due to compilation errors.
Compilation failed in require at /tmp/loop_over_bdir-357344-5O013Z/Genezzo-0.72-0/blib/lib/Genezzo/Dict.pm line 15.
BEGIN failed--compilation aborted at /tmp/loop_over_bdir-357344-5O013Z/Genezzo-0.72-0/blib/lib/Genezzo/Dict.pm line 15.
Compilation failed in require at /tmp/loop_over_bdir-357344-5O013Z/Genezzo-0.72-0/blib/lib/Genezzo/GenDBI.pm line 21.
BEGIN failed--compilation aborted at /tmp/loop_over_bdir-357344-5O013Z/Genezzo-0.72-0/blib/lib/Genezzo/GenDBI.pm line 21.
Compilation failed in require at t/Gnzo2.t line 13.
BEGIN failed--compilation aborted at t/Gnzo2.t line 13.
t/Gnzo2.t ......
Dubious, test returned 255 (wstat 65280, 0xff00)
Failed 31/31 subtests
syntax error at /tmp/loop_over_bdir-357344-5O013Z/Genezzo-0.72-0/blib/lib/Genezzo/Tablespace.pm line 603, near "$tname qw(_tspace _tsfiles _tab1 _col1 allfileused)"
Execution of /tmp/loop_over_bdir-357344-5O013Z/Genezzo-0.72-0/blib/lib/Genezzo/Tablespace.pm aborted due to compilation errors.
Compilation failed in require at /tmp/loop_over_bdir-357344-5O013Z/Genezzo-0.72-0/blib/lib/Genezzo/Dict.pm line 15.
BEGIN failed--compilation aborted at /tmp/loop_over_bdir-357344-5O013Z/Genezzo-0.72-0/blib/lib/Genezzo/Dict.pm line 15.
Compilation failed in require at /tmp/loop_over_bdir-357344-5O013Z/Genezzo-0.72-0/blib/lib/Genezzo/GenDBI.pm line 21.
BEGIN failed--compilation aborted at /tmp/loop_over_bdir-357344-5O013Z/Genezzo-0.72-0/blib/lib/Genezzo/GenDBI.pm line 21.
Compilation failed in require at t/Gnzo3.t line 13.
BEGIN failed--compilation aborted at t/Gnzo3.t line 13.
t/Gnzo3.t ......
Dubious, test returned 255 (wstat 65280, 0xff00)
Failed 15/15 subtests
# Failed test 'use Genezzo::GenDBI;'
# at t/GSysHook1.t line 14.
# Tried to use 'Genezzo::GenDBI'.
# Error: syntax error at /tmp/loop_over_bdir-357344-5O013Z/Genezzo-0.72-0/blib/lib/Genezzo/Tablespace.pm line 603, near "$tname qw(_tspace _tsfiles _tab1 _col1 allfileused)"
# Execution of /tmp/loop_over_bdir-357344-5O013Z/Genezzo-0.72-0/blib/lib/Genezzo/Tablespace.pm aborted due to compilation errors.
# Compilation failed in require at /tmp/loop_over_bdir-357344-5O013Z/Genezzo-0.72-0/blib/lib/Genezzo/Dict.pm line 15.
# BEGIN failed--compilation aborted at /tmp/loop_over_bdir-357344-5O013Z/Genezzo-0.72-0/blib/lib/Genezzo/Dict.pm line 15.
# Compilation failed in require at /tmp/loop_over_bdir-357344-5O013Z/Genezzo-0.72-0/blib/lib/Genezzo/GenDBI.pm line 21.
# BEGIN failed--compilation aborted at /tmp/loop_over_bdir-357344-5O013Z/Genezzo-0.72-0/blib/lib/Genezzo/GenDBI.pm line 21.
# Compilation failed in require at t/GSysHook1.t line 14.
# BEGIN failed--compilation aborted at t/GSysHook1.t line 14.
Attempt to reload Genezzo/Dict.pm aborted.
Compilation failed in require at /tmp/loop_over_bdir-357344-5O013Z/Genezzo-0.72-0/blib/lib/Genezzo/Havok.pm line 10.
BEGIN failed--compilation aborted at /tmp/loop_over_bdir-357344-5O013Z/Genezzo-0.72-0/blib/lib/Genezzo/Havok.pm line 10.
Compilation failed in require at t/GSysHook1.t line 74.
BEGIN failed--compilation aborted at t/GSysHook1.t line 74.
# Looks like your test exited with 255 just after 1.
t/GSysHook1.t ..
Dubious, test returned 255 (wstat 65280, 0xff00)
Failed 14/14 subtests
# Failed test 'use Genezzo::GenDBI;'
# at t/GSysHook2.t line 18.
# Tried to use 'Genezzo::GenDBI'.
# Error: syntax error at /tmp/loop_over_bdir-357344-5O013Z/Genezzo-0.72-0/blib/lib/Genezzo/Tablespace.pm line 603, near "$tname qw(_tspace _tsfiles _tab1 _col1 allfileused)"
# Execution of /tmp/loop_over_bdir-357344-5O013Z/Genezzo-0.72-0/blib/lib/Genezzo/Tablespace.pm aborted due to compilation errors.
# Compilation failed in require at /tmp/loop_over_bdir-357344-5O013Z/Genezzo-0.72-0/blib/lib/Genezzo/Dict.pm line 15.
# BEGIN failed--compilation aborted at /tmp/loop_over_bdir-357344-5O013Z/Genezzo-0.72-0/blib/lib/Genezzo/Dict.pm line 15.
# Compilation failed in require at /tmp/loop_over_bdir-357344-5O013Z/Genezzo-0.72-0/blib/lib/Genezzo/GenDBI.pm line 21.
# BEGIN failed--compilation aborted at /tmp/loop_over_bdir-357344-5O013Z/Genezzo-0.72-0/blib/lib/Genezzo/GenDBI.pm line 21.
# Compilation failed in require at t/GSysHook2.t line 18.
# BEGIN failed--compilation aborted at t/GSysHook2.t line 18.
Attempt to reload Genezzo/Dict.pm aborted.
Compilation failed in require at /tmp/loop_over_bdir-357344-5O013Z/Genezzo-0.72-0/blib/lib/Genezzo/Havok.pm line 10.
BEGIN failed--compilation aborted at /tmp/loop_over_bdir-357344-5O013Z/Genezzo-0.72-0/blib/lib/Genezzo/Havok.pm line 10.
Compilation failed in require at t/GSysHook2.t line 51.
BEGIN failed--compilation aborted at t/GSysHook2.t line 51.
# Looks like your test exited with 255 just after 1.
t/GSysHook2.t ..
Dubious, test returned 255 (wstat 65280, 0xff00)
Failed 4/4 subtests
syntax error at /tmp/loop_over_bdir-357344-5O013Z/Genezzo-0.72-0/blib/lib/Genezzo/Tablespace.pm line 603, near "$tname qw(_tspace _tsfiles _tab1 _col1 allfileused)"
Execution of /tmp/loop_over_bdir-357344-5O013Z/Genezzo-0.72-0/blib/lib/Genezzo/Tablespace.pm aborted due to compilation errors.
Compilation failed in require at /tmp/loop_over_bdir-357344-5O013Z/Genezzo-0.72-0/blib/lib/Genezzo/Dict.pm line 15.
BEGIN failed--compilation aborted at /tmp/loop_over_bdir-357344-5O013Z/Genezzo-0.72-0/blib/lib/Genezzo/Dict.pm line 15.
Compilation failed in require at /tmp/loop_over_bdir-357344-5O013Z/Genezzo-0.72-0/blib/lib/Genezzo/GenDBI.pm line 21.
BEGIN failed--compilation aborted at /tmp/loop_over_bdir-357344-5O013Z/Genezzo-0.72-0/blib/lib/Genezzo/GenDBI.pm line 21.
Compilation failed in require at t/Havok1.t line 13.
BEGIN failed--compilation aborted at t/Havok1.t line 13.
t/Havok1.t .....
Dubious, test returned 255 (wstat 65280, 0xff00)
Failed 26/26 subtests
syntax error at /tmp/loop_over_bdir-357344-5O013Z/Genezzo-0.72-0/blib/lib/Genezzo/Tablespace.pm line 603, near "$tname qw(_tspace _tsfiles _tab1 _col1 allfileused)"
Execution of /tmp/loop_over_bdir-357344-5O013Z/Genezzo-0.72-0/blib/lib/Genezzo/Tablespace.pm aborted due to compilation errors.
Compilation failed in require at /tmp/loop_over_bdir-357344-5O013Z/Genezzo-0.72-0/blib/lib/Genezzo/Dict.pm line 15.
BEGIN failed--compilation aborted at /tmp/loop_over_bdir-357344-5O013Z/Genezzo-0.72-0/blib/lib/Genezzo/Dict.pm line 15.
Compilation failed in require at /tmp/loop_over_bdir-357344-5O013Z/Genezzo-0.72-0/blib/lib/Genezzo/GenDBI.pm line 21.
BEGIN failed--compilation aborted at /tmp/loop_over_bdir-357344-5O013Z/Genezzo-0.72-0/blib/lib/Genezzo/GenDBI.pm line 21.
Compilation failed in require at t/Index1.t line 13.
BEGIN failed--compilation aborted at t/Index1.t line 13.
t/Index1.t .....
Dubious, test returned 255 (wstat 65280, 0xff00)
Failed 20/20 subtests
syntax error at /tmp/loop_over_bdir-357344-5O013Z/Genezzo-0.72-0/blib/lib/Genezzo/Tablespace.pm line 603, near "$tname qw(_tspace _tsfiles _tab1 _col1 allfileused)"
Execution of /tmp/loop_over_bdir-357344-5O013Z/Genezzo-0.72-0/blib/lib/Genezzo/Tablespace.pm aborted due to compilation errors.
Compilation failed in require at /tmp/loop_over_bdir-357344-5O013Z/Genezzo-0.72-0/blib/lib/Genezzo/Dict.pm line 15.
BEGIN failed--compilation aborted at /tmp/loop_over_bdir-357344-5O013Z/Genezzo-0.72-0/blib/lib/Genezzo/Dict.pm line 15.
Compilation failed in require at /tmp/loop_over_bdir-357344-5O013Z/Genezzo-0.72-0/blib/lib/Genezzo/GenDBI.pm line 21.
BEGIN failed--compilation aborted at /tmp/loop_over_bdir-357344-5O013Z/Genezzo-0.72-0/blib/lib/Genezzo/GenDBI.pm line 21.
Compilation failed in require at t/Index2.t line 13.
BEGIN failed--compilation aborted at t/Index2.t line 13.
t/Index2.t .....
Dubious, test returned 255 (wstat 65280, 0xff00)
Failed 10/10 subtests
syntax error at /tmp/loop_over_bdir-357344-5O013Z/Genezzo-0.72-0/blib/lib/Genezzo/Tablespace.pm line 603, near "$tname qw(_tspace _tsfiles _tab1 _col1 allfileused)"
Execution of /tmp/loop_over_bdir-357344-5O013Z/Genezzo-0.72-0/blib/lib/Genezzo/Tablespace.pm aborted due to compilation errors.
Compilation failed in require at /tmp/loop_over_bdir-357344-5O013Z/Genezzo-0.72-0/blib/lib/Genezzo/Dict.pm line 15.
BEGIN failed--compilation aborted at /tmp/loop_over_bdir-357344-5O013Z/Genezzo-0.72-0/blib/lib/Genezzo/Dict.pm line 15.
Compilation failed in require at /tmp/loop_over_bdir-357344-5O013Z/Genezzo-0.72-0/blib/lib/Genezzo/GenDBI.pm line 21.
BEGIN failed--compilation aborted at /tmp/loop_over_bdir-357344-5O013Z/Genezzo-0.72-0/blib/lib/Genezzo/GenDBI.pm line 21.
Compilation failed in require at t/Index3.t line 13.
BEGIN failed--compilation aborted at t/Index3.t line 13.
t/Index3.t .....
Dubious, test returned 255 (wstat 65280, 0xff00)
Failed 23/23 subtests
syntax error at /tmp/loop_over_bdir-357344-5O013Z/Genezzo-0.72-0/blib/lib/Genezzo/Tablespace.pm line 603, near "$tname qw(_tspace _tsfiles _tab1 _col1 allfileused)"
Execution of /tmp/loop_over_bdir-357344-5O013Z/Genezzo-0.72-0/blib/lib/Genezzo/Tablespace.pm aborted due to compilation errors.
Compilation failed in require at /tmp/loop_over_bdir-357344-5O013Z/Genezzo-0.72-0/blib/lib/Genezzo/Dict.pm line 15.
BEGIN failed--compilation aborted at /tmp/loop_over_bdir-357344-5O013Z/Genezzo-0.72-0/blib/lib/Genezzo/Dict.pm line 15.
Compilation failed in require at /tmp/loop_over_bdir-357344-5O013Z/Genezzo-0.72-0/blib/lib/Genezzo/GenDBI.pm line 21.
BEGIN failed--compilation aborted at /tmp/loop_over_bdir-357344-5O013Z/Genezzo-0.72-0/blib/lib/Genezzo/GenDBI.pm line 21.
Compilation failed in require at t/Join1.t line 13.
BEGIN failed--compilation aborted at t/Join1.t line 13.
t/Join1.t ......
Dubious, test returned 255 (wstat 65280, 0xff00)
Failed 10/10 subtests
syntax error at /tmp/loop_over_bdir-357344-5O013Z/Genezzo-0.72-0/blib/lib/Genezzo/Tablespace.pm line 603, near "$tname qw(_tspace _tsfiles _tab1 _col1 allfileused)"
Execution of /tmp/loop_over_bdir-357344-5O013Z/Genezzo-0.72-0/blib/lib/Genezzo/Tablespace.pm aborted due to compilation errors.
Compilation failed in require at /tmp/loop_over_bdir-357344-5O013Z/Genezzo-0.72-0/blib/lib/Genezzo/Dict.pm line 15.
BEGIN failed--compilation aborted at /tmp/loop_over_bdir-357344-5O013Z/Genezzo-0.72-0/blib/lib/Genezzo/Dict.pm line 15.
Compilation failed in require at /tmp/loop_over_bdir-357344-5O013Z/Genezzo-0.72-0/blib/lib/Genezzo/GenDBI.pm line 21.
BEGIN failed--compilation aborted at /tmp/loop_over_bdir-357344-5O013Z/Genezzo-0.72-0/blib/lib/Genezzo/GenDBI.pm line 21.
Compilation failed in require at t/Prefs1.t line 13.
BEGIN failed--compilation aborted at t/Prefs1.t line 13.
t/Prefs1.t .....
Dubious, test returned 255 (wstat 65280, 0xff00)
Failed 23/23 subtests
syntax error at /tmp/loop_over_bdir-357344-5O013Z/Genezzo-0.72-0/blib/lib/Genezzo/Tablespace.pm line 603, near "$tname qw(_tspace _tsfiles _tab1 _col1 allfileused)"
Execution of /tmp/loop_over_bdir-357344-5O013Z/Genezzo-0.72-0/blib/lib/Genezzo/Tablespace.pm aborted due to compilation errors.
Compilation failed in require at /tmp/loop_over_bdir-357344-5O013Z/Genezzo-0.72-0/blib/lib/Genezzo/Dict.pm line 15.
BEGIN failed--compilation aborted at /tmp/loop_over_bdir-357344-5O013Z/Genezzo-0.72-0/blib/lib/Genezzo/Dict.pm line 15.
Compilation failed in require at /tmp/loop_over_bdir-357344-5O013Z/Genezzo-0.72-0/blib/lib/Genezzo/GenDBI.pm line 21.
BEGIN failed--compilation aborted at /tmp/loop_over_bdir-357344-5O013Z/Genezzo-0.72-0/blib/lib/Genezzo/GenDBI.pm line 21.
Compilation failed in require at t/PTPrep1.t line 13.
BEGIN failed--compilation aborted at t/PTPrep1.t line 13.
t/PTPrep1.t ....
Dubious, test returned 255 (wstat 65280, 0xff00)
Failed 29/29 subtests
syntax error at t/PushHash1.t line 39, near ")"
(Might be a runaway multi-line () string starting on line 34)
Execution of t/PushHash1.t aborted due to compilation errors.
t/PushHash1.t ..
Dubious, test returned 255 (wstat 65280, 0xff00)
Failed 117/117 subtests
syntax error at t/Row1.t line 36, near ")"
(Might be a runaway multi-line () string starting on line 34)
Execution of t/Row1.t aborted due to compilation errors.
t/Row1.t .......
Dubious, test returned 255 (wstat 65280, 0xff00)
Failed 45/45 subtests
syntax error at /tmp/loop_over_bdir-357344-5O013Z/Genezzo-0.72-0/blib/lib/Genezzo/Tablespace.pm line 603, near "$tname qw(_tspace _tsfiles _tab1 _col1 allfileused)"
Execution of /tmp/loop_over_bdir-357344-5O013Z/Genezzo-0.72-0/blib/lib/Genezzo/Tablespace.pm aborted due to compilation errors.
Compilation failed in require at /tmp/loop_over_bdir-357344-5O013Z/Genezzo-0.72-0/blib/lib/Genezzo/Dict.pm line 15.
BEGIN failed--compilation aborted at /tmp/loop_over_bdir-357344-5O013Z/Genezzo-0.72-0/blib/lib/Genezzo/Dict.pm line 15.
Compilation failed in require at /tmp/loop_over_bdir-357344-5O013Z/Genezzo-0.72-0/blib/lib/Genezzo/GenDBI.pm line 21.
BEGIN failed--compilation aborted at /tmp/loop_over_bdir-357344-5O013Z/Genezzo-0.72-0/blib/lib/Genezzo/GenDBI.pm line 21.
Compilation failed in require at t/SQLTest1.t line 13.
BEGIN failed--compilation aborted at t/SQLTest1.t line 13.
t/SQLTest1.t ...
Dubious, test returned 255 (wstat 65280, 0xff00)
Failed 4/4 subtests
t/Util1.t ...... ok
Test Summary Report
-------------------
t/AAASetup1.t (Wstat: 65280 (exited 255) Tests: 1 Failed: 1)
Failed test: 1
Non-zero exit status: 255
Parse errors: Bad plan. You planned 2 tests but ran 1.
t/Cons1.t (Wstat: 65280 (exited 255) Tests: 1 Failed: 1)
Failed test: 1
Non-zero exit status: 255
Parse errors: Bad plan. You planned 21 tests but ran 1.
t/DBI1.t (Wstat: 65280 (exited 255) Tests: 1 Failed: 1)
Failed test: 1
Non-zero exit status: 255
Parse errors: Bad plan. You planned 48 tests but ran 1.
t/Feeble1.t (Wstat: 65280 (exited 255) Tests: 1 Failed: 1)
Failed test: 1
Non-zero exit status: 255
Parse errors: Bad plan. You planned 18 tests but ran 1.
t/Gnzo1.t (Wstat: 65280 (exited 255) Tests: 1 Failed: 1)
Failed test: 1
Non-zero exit status: 255
Parse errors: Bad plan. You planned 14 tests but ran 1.
t/Gnzo2.t (Wstat: 65280 (exited 255) Tests: 1 Failed: 1)
Failed test: 1
Non-zero exit status: 255
Parse errors: Bad plan. You planned 31 tests but ran 1.
t/Gnzo3.t (Wstat: 65280 (exited 255) Tests: 1 Failed: 1)
Failed test: 1
Non-zero exit status: 255
Parse errors: Bad plan. You planned 15 tests but ran 1.
t/GSysHook1.t (Wstat: 65280 (exited 255) Tests: 1 Failed: 1)
Failed test: 1
Non-zero exit status: 255
Parse errors: Bad plan. You planned 14 tests but ran 1.
t/GSysHook2.t (Wstat: 65280 (exited 255) Tests: 1 Failed: 1)
Failed test: 1
Non-zero exit status: 255
Parse errors: Bad plan. You planned 4 tests but ran 1.
t/Havok1.t (Wstat: 65280 (exited 255) Tests: 1 Failed: 1)
Failed test: 1
Non-zero exit status: 255
Parse errors: Bad plan. You planned 26 tests but ran 1.
t/Index1.t (Wstat: 65280 (exited 255) Tests: 1 Failed: 1)
Failed test: 1
Non-zero exit status: 255
Parse errors: Bad plan. You planned 20 tests but ran 1.
t/Index2.t (Wstat: 65280 (exited 255) Tests: 1 Failed: 1)
Failed test: 1
Non-zero exit status: 255
Parse errors: Bad plan. You planned 10 tests but ran 1.
t/Index3.t (Wstat: 65280 (exited 255) Tests: 1 Failed: 1)
Failed test: 1
Non-zero exit status: 255
Parse errors: Bad plan. You planned 23 tests but ran 1.
t/Join1.t (Wstat: 65280 (exited 255) Tests: 1 Failed: 1)
Failed test: 1
Non-zero exit status: 255
Parse errors: Bad plan. You planned 10 tests but ran 1.
t/Prefs1.t (Wstat: 65280 (exited 255) Tests: 1 Failed: 1)
Failed test: 1
Non-zero exit status: 255
Parse errors: Bad plan. You planned 23 tests but ran 1.
t/PTPrep1.t (Wstat: 65280 (exited 255) Tests: 1 Failed: 1)
Failed test: 1
Non-zero exit status: 255
Parse errors: Bad plan. You planned 29 tests but ran 1.
t/PushHash1.t (Wstat: 65280 (exited 255) Tests: 1 Failed: 1)
Failed test: 1
Non-zero exit status: 255
Parse errors: Bad plan. You planned 117 tests but ran 1.
t/Row1.t (Wstat: 65280 (exited 255) Tests: 1 Failed: 1)
Failed test: 1
Non-zero exit status: 255
Parse errors: Bad plan. You planned 45 tests but ran 1.
t/SQLTest1.t (Wstat: 65280 (exited 255) Tests: 1 Failed: 1)
Failed test: 1
Non-zero exit status: 255
Parse errors: Bad plan. You planned 4 tests but ran 1.
Files=25, Tests=1016, 8 wallclock secs ( 0.13 usr 0.03 sys + 7.45 cusr 0.73 csys = 8.34 CPU)
Result: FAIL
Failed 19/25 test programs. 19/1016 subtests failed.
make: *** [Makefile:1160: test_dynamic] Error 255
------------------------------
PREREQUISITES
------------------------------
Prerequisite modules loaded:
requires:
Module Need Have
------------------- ---- --------
File::Compare 0.0 1.1008
File::Copy 0.0 2.41
File::Path 0.0 2.18
File::Spec 0.0 3.90
IO::Handle 0.0 1.55
Parse::RecDescent 1.94 1.967015
Term::ReadLine 0.0 1.17
Text::ParseWords 0.0 3.31
Text::Soundex 0.0 3.05
build_requires:
Module Need Have
------------------- ---- --------
ExtUtils::MakeMaker 0 7.70
------------------------------
ENVIRONMENT AND OTHER CONTEXT
------------------------------
Environment variables:
AUTOMATED_TESTING = 1
LANG = en_US.UTF-8
PATH = /home/sand/bin:/usr/local/bin:/usr/local/sbin:/usr/sbin:/usr/bin:/sbin:/bin:/usr/games:/usr/local/games:/snap/bin:/usr/local/perl/bin:/usr/X11/bin
PERL = /tmp/basesmoker-reloperl-aunl/bin/perl
PERL5LIB = /tmp/loop_over_bdir-357344-5O013Z/LCFG-Build-Skeleton-0.5.0-0/blib/arch:/tmp/loop_over_bdir-357344-5O013Z/LCFG-Build-Skeleton-0.5.0-0/blib/lib:/tmp/loop_over_bdir-357344-5O013Z/Sysync-0.38-0/blib/arch:/tmp/loop_over_bdir-357344-5O013Z/Sysync-0.38-0/blib/lib:/tmp/loop_over_bdir-357344-5O013Z/NoZone-1.3-0/blib/arch:/tmp/loop_over_bdir-357344-5O013Z/NoZone-1.3-0/blib/lib:/tmp/loop_over_bdir-357344-5O013Z/triceps-2.1.0-0/blib/arch:/tmp/loop_over_bdir-357344-5O013Z/triceps-2.1.0-0/blib/lib:/tmp/loop_over_bdir-357344-5O013Z/CGI-Application-NetNewsIface-0.0204-0/blib/arch:/tmp/loop_over_bdir-357344-5O013Z/CGI-Application-NetNewsIface-0.0204-0/blib/lib:/tmp/loop_over_bdir-357344-5O013Z/Devel-Required-0.16-0/blib/arch:/tmp/loop_over_bdir-357344-5O013Z/Devel-Required-0.16-0/blib/lib:/tmp/loop_over_bdir-357344-5O013Z/dta-tokwrap-0.98-0/blib/arch:/tmp/loop_over_bdir-357344-5O013Z/dta-tokwrap-0.98-0/blib/lib:/tmp/loop_over_bdir-357344-5O013Z/Linux-InitFS-0.2-0/blib/arch:/tmp/loop_over_bdir-357344-5O013Z/Linux-InitFS-0.2-0/blib/lib:/tmp/loop_over_bdir-357344-5O013Z/Dpkg-1.22.6-0/blib/arch:/tmp/loop_over_bdir-357344-5O013Z/Dpkg-1.22.6-0/blib/lib:/tmp/loop_over_bdir-357344-5O013Z/Business-Shipping-DataFiles-1.02-0/blib/arch:/tmp/loop_over_bdir-357344-5O013Z/Business-Shipping-DataFiles-1.02-0/blib/lib:/tmp/loop_over_bdir-357344-5O013Z/App-oo_modulino_zsh_completion_helper-0.04-0/blib/arch:/tmp/loop_over_bdir-357344-5O013Z/App-oo_modulino_zsh_completion_helper-0.04-0/blib/lib:/tmp/loop_over_bdir-357344-5O013Z/Net-ISP-Balance-1.31-0/blib/arch:/tmp/loop_over_bdir-357344-5O013Z/Net-ISP-Balance-1.31-0/blib/lib:/tmp/loop_over_bdir-357344-5O013Z/CORBA-Python-2.66-0/blib/arch:/tmp/loop_over_bdir-357344-5O013Z/CORBA-Python-2.66-0/blib/lib
PERL5OPT =
PERL5_CPANPLUS_IS_RUNNING = 357353
PERL5_CPAN_IS_RUNNING = 357353
PERL_CANARY_STABILITY_NOPROMPT = 1
PERL_MM_USE_DEFAULT = 1
PERL_USE_UNSAFE_INC = 1
SHELL = /usr/bin/zsh
TERM = screen
Perl special variables (and OS-specific diagnostics, for MSWin32):
$^X = /tmp/basesmoker-reloperl-aunl/bin/perl
$UID/$EUID = 1005 / 1005
$GID = 1005 1005
$EGID = 1005 1005
Perl module toolchain versions installed:
Module Have
------------------- --------
CPAN 2.36
CPAN::Meta 2.150010
Cwd 3.90
ExtUtils::CBuilder 0.280240
ExtUtils::Command 7.70
ExtUtils::Install 2.22
ExtUtils::MakeMaker 7.70
ExtUtils::Manifest 1.75
ExtUtils::ParseXS 3.52
File::Spec 3.90
JSON 4.10
JSON::PP 4.16
Module::Build 0.4234
Module::Signature 0.88
Parse::CPAN::Meta 2.150010
Test2 1.302199
Test::Harness 3.48
Test::More 1.302199
YAML 1.31
YAML::Syck 1.34
version 0.9932
--
Summary of my perl5 (revision 5 version 41 subversion 1) configuration:
Commit id: e9f8aee2bc0fcdce0a13746848aad38c23073ef7
Platform:
osname=linux
osvers=5.4.0-187-generic
archname=x86_64-linux
uname='linux k93focal 5.4.0-187-generic #207-ubuntu smp mon jun 10 08:16:10 utc 2024 x86_64 x86_64 x86_64 gnulinux '
config_args='-Dprefix=/home/sand/src/perl/repoperls/installed-perls/host/k93focal/v5.41.1/b254 -Dmyhostname=k93focal -Dinstallusrbinperl=n -Uversiononly -Dusedevel -des -Ui_db -Dlibswanted=cl pthread socket inet nsl gdbm dbm malloc dl ld sun m crypt sec util c cposix posix ucb BSD gdbm_compat -Uuseithreads -Uuselongdouble -DEBUGGING=both'
hint=recommended
useposix=true
d_sigaction=define
useithreads=undef
usemultiplicity=undef
use64bitint=define
use64bitall=define
uselongdouble=undef
usemymalloc=n
default_inc_excludes_dot=define
Compiler:
cc='cc'
ccflags ='-fwrapv -DDEBUGGING -fno-strict-aliasing -pipe -fstack-protector-strong -I/usr/local/include -D_LARGEFILE_SOURCE -D_FILE_OFFSET_BITS=64'
optimize='-O2 -g'
cppflags='-fwrapv -DDEBUGGING -fno-strict-aliasing -pipe -fstack-protector-strong -I/usr/local/include'
ccversion=''
gccversion='9.4.0'
gccosandvers=''
intsize=4
longsize=8
ptrsize=8
doublesize=8
byteorder=12345678
doublekind=3
d_longlong=define
longlongsize=8
d_longdbl=define
longdblsize=16
longdblkind=3
ivtype='long'
ivsize=8
nvtype='double'
nvsize=8
Off_t='off_t'
lseeksize=8
alignbytes=8
prototype=define
Linker and Libraries:
ld='cc'
ldflags =' -fstack-protector-strong -L/usr/local/lib'
libpth=/usr/local/lib /usr/lib/x86_64-linux-gnu /usr/lib /usr/lib64
libs=-lpthread -lnsl -ldl -lm -lcrypt -lutil -lc
perllibs=-lpthread -lnsl -ldl -lm -lcrypt -lutil -lc
libc=libc-2.31.so
so=so
useshrplib=false
libperl=libperl.a
gnulibc_version='2.31'
Dynamic Linking:
dlsrc=dl_dlopen.xs
dlext=so
d_dlsymun=undef
ccdlflags='-Wl,-E'
cccdlflags='-fPIC'
lddlflags='-shared -O2 -g -L/usr/local/lib -fstack-protector-strong'
Characteristics of this binary (from libperl):
Compile-time options:
DEBUGGING
HAS_LONG_DOUBLE
HAS_STRTOLD
HAS_TIMES
PERLIO_LAYERS
PERL_COPY_ON_WRITE
PERL_DONT_CREATE_GVSV
PERL_HASH_FUNC_SIPHASH13
PERL_HASH_USE_SBOX32
PERL_MALLOC_WRAP
PERL_OP_PARENT
PERL_PRESERVE_IVUV
PERL_USE_DEVEL
PERL_USE_SAFE_PUTENV
USE_64_BIT_ALL
USE_64_BIT_INT
USE_LARGE_FILES
USE_LOCALE
USE_LOCALE_COLLATE
USE_LOCALE_CTYPE
USE_LOCALE_NUMERIC
USE_LOCALE_TIME
USE_PERLIO
USE_PERL_ATOF
Built under linux
Compiled at Jul 3 2024 20:45:20
%ENV:
PERL="/tmp/basesmoker-reloperl-aunl/bin/perl"
PERL5LIB="/tmp/loop_over_bdir-357344-5O013Z/LCFG-Build-Skeleton-0.5.0-0/blib/arch:/tmp/loop_over_bdir-357344-5O013Z/LCFG-Build-Skeleton-0.5.0-0/blib/lib:/tmp/loop_over_bdir-357344-5O013Z/Sysync-0.38-0/blib/arch:/tmp/loop_over_bdir-357344-5O013Z/Sysync-0.38-0/blib/lib:/tmp/loop_over_bdir-357344-5O013Z/NoZone-1.3-0/blib/arch:/tmp/loop_over_bdir-357344-5O013Z/NoZone-1.3-0/blib/lib:/tmp/loop_over_bdir-357344-5O013Z/triceps-2.1.0-0/blib/arch:/tmp/loop_over_bdir-357344-5O013Z/triceps-2.1.0-0/blib/lib:/tmp/loop_over_bdir-357344-5O013Z/CGI-Application-NetNewsIface-0.0204-0/blib/arch:/tmp/loop_over_bdir-357344-5O013Z/CGI-Application-NetNewsIface-0.0204-0/blib/lib:/tmp/loop_over_bdir-357344-5O013Z/Devel-Required-0.16-0/blib/arch:/tmp/loop_over_bdir-357344-5O013Z/Devel-Required-0.16-0/blib/lib:/tmp/loop_over_bdir-357344-5O013Z/dta-tokwrap-0.98-0/blib/arch:/tmp/loop_over_bdir-357344-5O013Z/dta-tokwrap-0.98-0/blib/lib:/tmp/loop_over_bdir-357344-5O013Z/Linux-InitFS-0.2-0/blib/arch:/tmp/loop_over_bdir-357344-5O013Z/Linux-InitFS-0.2-0/blib/lib:/tmp/loop_over_bdir-357344-5O013Z/Dpkg-1.22.6-0/blib/arch:/tmp/loop_over_bdir-357344-5O013Z/Dpkg-1.22.6-0/blib/lib:/tmp/loop_over_bdir-357344-5O013Z/Business-Shipping-DataFiles-1.02-0/blib/arch:/tmp/loop_over_bdir-357344-5O013Z/Business-Shipping-DataFiles-1.02-0/blib/lib:/tmp/loop_over_bdir-357344-5O013Z/App-oo_modulino_zsh_completion_helper-0.04-0/blib/arch:/tmp/loop_over_bdir-357344-5O013Z/App-oo_modulino_zsh_completion_helper-0.04-0/blib/lib:/tmp/loop_over_bdir-357344-5O013Z/Net-ISP-Balance-1.31-0/blib/arch:/tmp/loop_over_bdir-357344-5O013Z/Net-ISP-Balance-1.31-0/blib/lib:/tmp/loop_over_bdir-357344-5O013Z/CORBA-Python-2.66-0/blib/arch:/tmp/loop_over_bdir-357344-5O013Z/CORBA-Python-2.66-0/blib/lib"
PERL5OPT=""
PERL5_CPANPLUS_IS_RUNNING="357353"
PERL5_CPAN_IS_RUNNING="357353"
PERL_CANARY_STABILITY_NOPROMPT="1"
PERL_MM_USE_DEFAULT="1"
PERL_USE_UNSAFE_INC="1"
@INC:
/tmp/loop_over_bdir-357344-5O013Z/LCFG-Build-Skeleton-0.5.0-0/blib/arch
/tmp/loop_over_bdir-357344-5O013Z/LCFG-Build-Skeleton-0.5.0-0/blib/lib
/tmp/loop_over_bdir-357344-5O013Z/Sysync-0.38-0/blib/arch
/tmp/loop_over_bdir-357344-5O013Z/Sysync-0.38-0/blib/lib
/tmp/loop_over_bdir-357344-5O013Z/NoZone-1.3-0/blib/arch
/tmp/loop_over_bdir-357344-5O013Z/NoZone-1.3-0/blib/lib
/tmp/loop_over_bdir-357344-5O013Z/triceps-2.1.0-0/blib/arch
/tmp/loop_over_bdir-357344-5O013Z/triceps-2.1.0-0/blib/lib
/tmp/loop_over_bdir-357344-5O013Z/CGI-Application-NetNewsIface-0.0204-0/blib/arch
/tmp/loop_over_bdir-357344-5O013Z/CGI-Application-NetNewsIface-0.0204-0/blib/lib
/tmp/loop_over_bdir-357344-5O013Z/Devel-Required-0.16-0/blib/arch
/tmp/loop_over_bdir-357344-5O013Z/Devel-Required-0.16-0/blib/lib
/tmp/loop_over_bdir-357344-5O013Z/dta-tokwrap-0.98-0/blib/arch
/tmp/loop_over_bdir-357344-5O013Z/dta-tokwrap-0.98-0/blib/lib
/tmp/loop_over_bdir-357344-5O013Z/Linux-InitFS-0.2-0/blib/arch
/tmp/loop_over_bdir-357344-5O013Z/Linux-InitFS-0.2-0/blib/lib
/tmp/loop_over_bdir-357344-5O013Z/Dpkg-1.22.6-0/blib/arch
/tmp/loop_over_bdir-357344-5O013Z/Dpkg-1.22.6-0/blib/lib
/tmp/loop_over_bdir-357344-5O013Z/Business-Shipping-DataFiles-1.02-0/blib/arch
/tmp/loop_over_bdir-357344-5O013Z/Business-Shipping-DataFiles-1.02-0/blib/lib
/tmp/loop_over_bdir-357344-5O013Z/App-oo_modulino_zsh_completion_helper-0.04-0/blib/arch
/tmp/loop_over_bdir-357344-5O013Z/App-oo_modulino_zsh_completion_helper-0.04-0/blib/lib
/tmp/loop_over_bdir-357344-5O013Z/Net-ISP-Balance-1.31-0/blib/arch
/tmp/loop_over_bdir-357344-5O013Z/Net-ISP-Balance-1.31-0/blib/lib
/tmp/loop_over_bdir-357344-5O013Z/CORBA-Python-2.66-0/blib/arch
/tmp/loop_over_bdir-357344-5O013Z/CORBA-Python-2.66-0/blib/lib
/home/sand/src/perl/repoperls/installed-perls/host/k93focal/v5.41.1/b254/lib/site_perl/5.41.1/x86_64-linux
/home/sand/src/perl/repoperls/installed-perls/host/k93focal/v5.41.1/b254/lib/site_perl/5.41.1
/home/sand/src/perl/repoperls/installed-perls/host/k93focal/v5.41.1/b254/lib/5.41.1/x86_64-linux
/home/sand/src/perl/repoperls/installed-perls/host/k93focal/v5.41.1/b254/lib/5.41.1
.