Back
From: metabase:user:320bfe00-2aae-11df-837a-5e0a49663a4f
Subject: FAIL MooseX-WithCache-0.01002 v5.22.0 RC0 GNU/Linux
Date: 2015-05-15T00:35:30Z
This distribution has been tested as part of the CPAN Testers
project, supporting the Perl programming language. See
http://wiki.cpantesters.org/ for more information or email
questions to cpan-testers-discuss@perl.org
--
Dear Daisuke Maki,
This is a computer-generated report for MooseX-WithCache-0.01002
on perl 5.22.0, created by CPAN-Reporter-1.2014.
Thank you for uploading your work to CPAN. However, there was a problem
testing your distribution.
If you think this report is invalid, please consult the CPAN Testers Wiki
for suggestions on how to avoid getting FAIL reports for missing library
or binary dependencies, unsupported operating systems, and so on:
http://wiki.cpantesters.org/wiki/CPANAuthorNotes
Sections of this report:
* Tester comments
* Program output
* Prerequisites
* Environment and other context
------------------------------
TESTER COMMENTS
------------------------------
Additional comments from tester:
this report is from an automated smoke testing program
and was not reviewed by a human for accuracy
------------------------------
PROGRAM OUTPUT
------------------------------
Output from '/usr/bin/make test':
PERL_DL_NONLAZY=1 "/tmp/basesmoker-reloperl-u5BZ/bin/perl" "-MExtUtils::Command::MM" "-MTest::Harness" "-e" "undef *Test::Harness::Switches; test_harness(0, 'inc', 'blib/lib', 'blib/arch')" t/*.t t/*/*.t
t/00_compile.t ............... ok
syntax error at t/02_memcached.t line 25, near "$class qw(Cache::Memcached Cache::Memcached::Fast Cache::memcached::libmemcached)"
Global symbol "$class" requires explicit package name (did you forget to declare "my $class"?) at t/02_memcached.t line 29.
Global symbol "$class" requires explicit package name (did you forget to declare "my $class"?) at t/02_memcached.t line 31.
Global symbol "$tests" requires explicit package name (did you forget to declare "my $tests"?) at t/02_memcached.t line 37.
BEGIN not safe after errors--compilation aborted at t/02_memcached.t line 39.
t/02_memcached.t .............
Dubious, test returned 255 (wstat 65280, 0xff00)
No subtests run
Class::MOP::load_class is deprecated at /home/sand/src/perl/repoperls/installed-perls/perl/v5.21.11-124-g17fcdc4/a2da/lib/site_perl/5.22.0/x86_64-linux-thread-multi-ld/Class/MOP.pm line 69.
Class::MOP::load_class("MooseX::WithCache::Backend::CHI") called at /tmp/loop_over_bdir-21957-H8eh2J/MooseX-WithCache-0.01002-5HdCI_/blib/lib/MooseX/WithCache.pm line 51
MooseX::WithCache::__ANON__(Moose::Meta::Class::__ANON__::SERIAL::2=HASH(0x25d2d58), "operating_on", MooseX::Role::Parameterized::Meta::Role::Parameterized=HASH(0xc1ef50), "consumer", Moose::Meta::Class=HASH(0x25d26e0)) called at /home/sand/src/perl/repoperls/installed-perls/perl/v5.21.11-124-g17fcdc4/a2da/lib/site_perl/5.22.0/MooseX/Role/Parameterized/Meta/Trait/Parameterizable.pm line 88
MooseX::Role::Parameterized::Meta::Trait::Parameterizable::generate_role(Moose::Meta::Class::__ANON__::SERIAL::1=HASH(0x21ba2d8), "consumer", Moose::Meta::Class=HASH(0x25d26e0), "parameters", HASH(0x2053cb8), "orig_apply", CODE(0x1d08570)) called at /home/sand/src/perl/repoperls/installed-perls/perl/v5.21.11-124-g17fcdc4/a2da/lib/site_perl/5.22.0/MooseX/Role/Parameterized/Meta/Trait/Parameterizable.pm line 110
Class::MOP::Class:::around(CODE(0x1d08570), Moose::Meta::Class::__ANON__::SERIAL::1=HASH(0x21ba2d8), Moose::Meta::Class=HASH(0x25d26e0), "backend", "CHI") called at /home/sand/src/perl/repoperls/installed-perls/perl/v5.21.11-124-g17fcdc4/a2da/lib/site_perl/5.22.0/x86_64-linux-thread-multi-ld/Class/MOP/Method/Wrapped.pm line 158
Class::MOP::Method::Wrapped::__ANON__(Moose::Meta::Class::__ANON__::SERIAL::1=HASH(0x21ba2d8), Moose::Meta::Class=HASH(0x25d26e0), "backend", "CHI") called at /home/sand/src/perl/repoperls/installed-perls/perl/v5.21.11-124-g17fcdc4/a2da/lib/site_perl/5.22.0/x86_64-linux-thread-multi-ld/Class/MOP/Method/Wrapped.pm line 87
Moose::Meta::Class::__ANON__::SERIAL::1::apply(Moose::Meta::Class::__ANON__::SERIAL::1=HASH(0x21ba2d8), Moose::Meta::Class=HASH(0x25d26e0), "backend", "CHI") called at /home/sand/src/perl/repoperls/installed-perls/perl/v5.21.11-124-g17fcdc4/a2da/lib/site_perl/5.22.0/x86_64-linux-thread-multi-ld/Moose/Util.pm line 172
Moose::Util::_apply_all_roles(Moose::Meta::Class=HASH(0x25d26e0), undef, "MooseX::WithCache", HASH(0xc12df0)) called at /home/sand/src/perl/repoperls/installed-perls/perl/v5.21.11-124-g17fcdc4/a2da/lib/site_perl/5.22.0/x86_64-linux-thread-multi-ld/Moose/Util.pm line 114
Moose::Util::apply_all_roles(Moose::Meta::Class=HASH(0x25d26e0), "MooseX::WithCache", HASH(0xc12df0)) called at /home/sand/src/perl/repoperls/installed-perls/perl/v5.21.11-124-g17fcdc4/a2da/lib/site_perl/5.22.0/x86_64-linux-thread-multi-ld/Moose/Meta/Class.pm line 89
Moose::Meta::Class::create("Moose::Meta::Class", "Moose::Meta::Class::__ANON__::SERIAL::3", "superclasses", ARRAY(0xbf5e00), "weaken", 1, "roles", ARRAY(0xc12d48)) called at /home/sand/src/perl/repoperls/installed-perls/perl/v5.21.11-124-g17fcdc4/a2da/lib/site_perl/5.22.0/x86_64-linux-thread-multi-ld/Class/MOP/Package.pm line 120
Class::MOP::Package::create_anon("Moose::Meta::Class", "superclasses", ARRAY(0xbf5e00), "roles", ARRAY(0xc12d48)) called at /home/sand/src/perl/repoperls/installed-perls/perl/v5.21.11-124-g17fcdc4/a2da/lib/site_perl/5.22.0/x86_64-linux-thread-multi-ld/Class/MOP/Class.pm line 472
Class::MOP::Class::create_anon_class("Moose::Meta::Class", "superclasses", ARRAY(0xbf5e00), "roles", ARRAY(0xc12d48)) called at t/03_chi.t line 22
must specify either 'datastore' hashref or 'global' flag at /home/sand/src/perl/repoperls/installed-perls/perl/v5.21.11-124-g17fcdc4/a2da/lib/site_perl/5.22.0/CHI/Driver/Memory.pm line 34.
CHI::Driver::Memory::BUILD(CHI::Driver::Memory__WITH__CHI::Driver::Role::Universal=HASH(0x2a714d8), HASH(0x2adde20)) called at (eval 273) line 664
CHI::Driver::Memory__WITH__CHI::Driver::Role::Universal::new("CHI::Driver::Memory__WITH__CHI::Driver::Role::Universal", "chi_root_class", "CHI", "driver_class", "CHI::Driver::Memory") called at (eval 272) line 55
CHI::Driver::Memory::new("CHI::Driver::Memory__WITH__CHI::Driver::Role::Universal", "chi_root_class", "CHI", "driver_class", "CHI::Driver::Memory") called at /home/sand/src/perl/repoperls/installed-perls/perl/v5.21.11-124-g17fcdc4/a2da/lib/site_perl/5.22.0/CHI.pm line 151
CHI::new("CHI", "driver", "Memory") called at t/03_chi.t line 29
t/03_chi.t ................... ok
Class::MOP::load_class is deprecated at /home/sand/src/perl/repoperls/installed-perls/perl/v5.21.11-124-g17fcdc4/a2da/lib/site_perl/5.22.0/x86_64-linux-thread-multi-ld/Class/MOP.pm line 69.
Class::MOP::load_class("MooseX::WithCache::Backend::Cache::FastMmap") called at /tmp/loop_over_bdir-21957-H8eh2J/MooseX-WithCache-0.01002-5HdCI_/blib/lib/MooseX/WithCache.pm line 51
MooseX::WithCache::__ANON__(Moose::Meta::Class::__ANON__::SERIAL::2=HASH(0x2786d08), "operating_on", MooseX::Role::Parameterized::Meta::Role::Parameterized=HASH(0x2787878), "consumer", Moose::Meta::Class=HASH(0x3cba3f0)) called at /home/sand/src/perl/repoperls/installed-perls/perl/v5.21.11-124-g17fcdc4/a2da/lib/site_perl/5.22.0/MooseX/Role/Parameterized/Meta/Trait/Parameterizable.pm line 88
MooseX::Role::Parameterized::Meta::Trait::Parameterizable::generate_role(Moose::Meta::Class::__ANON__::SERIAL::1=HASH(0x3c24ce8), "consumer", Moose::Meta::Class=HASH(0x3cba3f0), "parameters", HASH(0x3bbe348), "orig_apply", CODE(0x3872bb0)) called at /home/sand/src/perl/repoperls/installed-perls/perl/v5.21.11-124-g17fcdc4/a2da/lib/site_perl/5.22.0/MooseX/Role/Parameterized/Meta/Trait/Parameterizable.pm line 110
Class::MOP::Class:::around(CODE(0x3872bb0), Moose::Meta::Class::__ANON__::SERIAL::1=HASH(0x3c24ce8), Moose::Meta::Class=HASH(0x3cba3f0), "backend", "Cache::FastMmap") called at /home/sand/src/perl/repoperls/installed-perls/perl/v5.21.11-124-g17fcdc4/a2da/lib/site_perl/5.22.0/x86_64-linux-thread-multi-ld/Class/MOP/Method/Wrapped.pm line 158
Class::MOP::Method::Wrapped::__ANON__(Moose::Meta::Class::__ANON__::SERIAL::1=HASH(0x3c24ce8), Moose::Meta::Class=HASH(0x3cba3f0), "backend", "Cache::FastMmap") called at /home/sand/src/perl/repoperls/installed-perls/perl/v5.21.11-124-g17fcdc4/a2da/lib/site_perl/5.22.0/x86_64-linux-thread-multi-ld/Class/MOP/Method/Wrapped.pm line 87
Moose::Meta::Class::__ANON__::SERIAL::1::apply(Moose::Meta::Class::__ANON__::SERIAL::1=HASH(0x3c24ce8), Moose::Meta::Class=HASH(0x3cba3f0), "backend", "Cache::FastMmap") called at /home/sand/src/perl/repoperls/installed-perls/perl/v5.21.11-124-g17fcdc4/a2da/lib/site_perl/5.22.0/x86_64-linux-thread-multi-ld/Moose/Util.pm line 172
Moose::Util::_apply_all_roles(Moose::Meta::Class=HASH(0x3cba3f0), undef, "MooseX::WithCache", HASH(0x277cd00)) called at /home/sand/src/perl/repoperls/installed-perls/perl/v5.21.11-124-g17fcdc4/a2da/lib/site_perl/5.22.0/x86_64-linux-thread-multi-ld/Moose/Util.pm line 114
Moose::Util::apply_all_roles(Moose::Meta::Class=HASH(0x3cba3f0), "MooseX::WithCache", HASH(0x277cd00)) called at /home/sand/src/perl/repoperls/installed-perls/perl/v5.21.11-124-g17fcdc4/a2da/lib/site_perl/5.22.0/x86_64-linux-thread-multi-ld/Moose/Meta/Class.pm line 89
Moose::Meta::Class::create("Moose::Meta::Class", "Moose::Meta::Class::__ANON__::SERIAL::3", "superclasses", ARRAY(0x275fe00), "roles", ARRAY(0x277cd30), "weaken", 1) called at /home/sand/src/perl/repoperls/installed-perls/perl/v5.21.11-124-g17fcdc4/a2da/lib/site_perl/5.22.0/x86_64-linux-thread-multi-ld/Class/MOP/Package.pm line 120
Class::MOP::Package::create_anon("Moose::Meta::Class", "superclasses", ARRAY(0x275fe00), "roles", ARRAY(0x277cd30)) called at /home/sand/src/perl/repoperls/installed-perls/perl/v5.21.11-124-g17fcdc4/a2da/lib/site_perl/5.22.0/x86_64-linux-thread-multi-ld/Class/MOP/Class.pm line 472
Class::MOP::Class::create_anon_class("Moose::Meta::Class", "superclasses", ARRAY(0x275fe00), "roles", ARRAY(0x277cd30)) called at t/04_fastmmap.t line 23
t/04_fastmmap.t .............. ok
t/deprecated/00_compile.t .... ok
syntax error at t/deprecated/02_memcached.t line 20, near "$class qw(Cache::Memcached Cache::Memcached::Fast Cache::memcached::libmemcached)"
Global symbol "$class" requires explicit package name (did you forget to declare "my $class"?) at t/deprecated/02_memcached.t line 24.
Global symbol "$class" requires explicit package name (did you forget to declare "my $class"?) at t/deprecated/02_memcached.t line 26.
Global symbol "$tests" requires explicit package name (did you forget to declare "my $tests"?) at t/deprecated/02_memcached.t line 32.
BEGIN not safe after errors--compilation aborted at t/deprecated/02_memcached.t line 34.
t/deprecated/02_memcached.t ..
Dubious, test returned 255 (wstat 65280, 0xff00)
No subtests run
Class::MOP::load_class is deprecated at /home/sand/src/perl/repoperls/installed-perls/perl/v5.21.11-124-g17fcdc4/a2da/lib/site_perl/5.22.0/x86_64-linux-thread-multi-ld/Class/MOP.pm line 69.
Class::MOP::load_class("MooseX::WithCache") called at t/deprecated/03_chi.t line 16
# Failed test 'Correct deprecation warning'
# at t/deprecated/03_chi.t line 24.
# 'Class::MOP::load_class is deprecated at /home/sand/src/perl/repoperls/installed-perls/perl/v5.21.11-124-g17fcdc4/a2da/lib/site_perl/5.22.0/x86_64-linux-thread-multi-ld/Class/MOP.pm line 69.
# Class::MOP::load_class("MooseX::WithCache::Backend::CHI") called at /tmp/loop_over_bdir-21957-H8eh2J/MooseX-WithCache-0.01002-5HdCI_/blib/lib/MooseX/WithCache.pm line 51
# MooseX::WithCache::__ANON__(Moose::Meta::Class::__ANON__::SERIAL::2=HASH(0x2300f70), "operating_on", MooseX::Role::Parameterized::Meta::Role::Parameterized=HASH(0x946c70), "consumer", Moose::Meta::Class=HASH(0x1a175e0)) called at /home/sand/src/perl/repoperls/installed-perls/perl/v5.21.11-124-g17fcdc4/a2da/lib/site_perl/5.22.0/MooseX/Role/Parameterized/Meta/Trait/Parameterizable.pm line 88
# MooseX::Role::Parameterized::Meta::Trait::Parameterizable::generate_role(Moose::Meta::Class::__ANON__::SERIAL::1=HASH(0x22e7930), "consumer", Moose::Meta::Class=HASH(0x1a175e0), "parameters", HASH(0x228fff0), "orig_apply", CODE(0x1f0b0e8)) called at /home/sand/src/perl/repoperls/installed-perls/perl/v5.21.11-124-g17fcdc4/a2da/lib/site_perl/5.22.0/MooseX/Role/Parameterized/Meta/Trait/Parameterizable.pm line 110
# Class::MOP::Class:::around(CODE(0x1f0b0e8), Moose::Meta::Class::__ANON__::SERIAL::1=HASH(0x22e7930), Moose::Meta::Class=HASH(0x1a175e0), "name", "cache", "backend", "CHI") called at /home/sand/src/perl/repoperls/installed-perls/perl/v5.21.11-124-g17fcdc4/a2da/lib/site_perl/5.22.0/x86_64-linux-thread-multi-ld/Class/MOP/Method/Wrapped.pm line 158
# Class::MOP::Method::Wrapped::__ANON__(Moose::Meta::Class::__ANON__::SERIAL::1=HASH(0x22e7930), Moose::Meta::Class=HASH(0x1a175e0), "name", "cache", "backend", "CHI") called at /home/sand/src/perl/repoperls/installed-perls/perl/v5.21.11-124-g17fcdc4/a2da/lib/site_perl/5.22.0/x86_64-linux-thread-multi-ld/Class/MOP/Method/Wrapped.pm line 87
# Moose::Meta::Class::__ANON__::SERIAL::1::apply(Moose::Meta::Class::__ANON__::SERIAL::1=HASH(0x22e7930), Moose::Meta::Class=HASH(0x1a175e0), "name", "cache", "backend", "CHI") called at /home/sand/src/perl/repoperls/installed-perls/perl/v5.21.11-124-g17fcdc4/a2da/lib/site_perl/5.22.0/x86_64-linux-thread-multi-ld/Moose/Util.pm line 172
# Moose::Util::_apply_all_roles("Moose::Meta::Class::__ANON__::SERIAL::3", undef, "MooseX::WithCache", HASH(0x94aba8)) called at /home/sand/src/perl/repoperls/installed-perls/perl/v5.21.11-124-g17fcdc4/a2da/lib/site_perl/5.22.0/x86_64-linux-thread-multi-ld/Moose/Util.pm line 114
# Moose::Util::apply_all_roles("Moose::Meta::Class::__ANON__::SERIAL::3", "MooseX::WithCache", HASH(0x94aba8)) called at /tmp/loop_over_bdir-21957-H8eh2J/MooseX-WithCache-0.01002-5HdCI_/blib/lib/MooseX/WithCache.pm line 21
# MooseX::WithCache::with_cache("Moose::Meta::Class::__ANON__::SERIAL::3", "cache", "backend", "CHI") called at t/deprecated/03_chi.t line 27
# '
# doesn't match '(?^:^use of with_cache for MooseX::WithCache is now deprecated\. Use parameterized roles directly)'
must specify either 'datastore' hashref or 'global' flag at /home/sand/src/perl/repoperls/installed-perls/perl/v5.21.11-124-g17fcdc4/a2da/lib/site_perl/5.22.0/CHI/Driver/Memory.pm line 34.
CHI::Driver::Memory::BUILD(CHI::Driver::Memory__WITH__CHI::Driver::Role::Universal=HASH(0x27a3308), HASH(0x2812740)) called at (eval 275) line 664
CHI::Driver::Memory__WITH__CHI::Driver::Role::Universal::new("CHI::Driver::Memory__WITH__CHI::Driver::Role::Universal", "chi_root_class", "CHI", "driver_class", "CHI::Driver::Memory") called at (eval 274) line 55
CHI::Driver::Memory::new("CHI::Driver::Memory__WITH__CHI::Driver::Role::Universal", "chi_root_class", "CHI", "driver_class", "CHI::Driver::Memory") called at /home/sand/src/perl/repoperls/installed-perls/perl/v5.21.11-124-g17fcdc4/a2da/lib/site_perl/5.22.0/CHI.pm line 151
CHI::new("CHI", "driver", "Memory") called at t/deprecated/03_chi.t line 30
# Looks like you planned 10 tests but ran 11.
# Looks like you failed 1 test of 11 run.
t/deprecated/03_chi.t ........
Dubious, test returned 1 (wstat 256, 0x100)
Failed 1/10 subtests
Class::MOP::load_class is deprecated at /home/sand/src/perl/repoperls/installed-perls/perl/v5.21.11-124-g17fcdc4/a2da/lib/site_perl/5.22.0/x86_64-linux-thread-multi-ld/Class/MOP.pm line 69.
Class::MOP::load_class("MooseX::WithCache") called at t/deprecated/04_fastmmap.t line 17
# Failed test 'Correct deprecation warning'
# at t/deprecated/04_fastmmap.t line 25.
# 'Class::MOP::load_class is deprecated at /home/sand/src/perl/repoperls/installed-perls/perl/v5.21.11-124-g17fcdc4/a2da/lib/site_perl/5.22.0/x86_64-linux-thread-multi-ld/Class/MOP.pm line 69.
# Class::MOP::load_class("MooseX::WithCache::Backend::Cache::FastMmap") called at /tmp/loop_over_bdir-21957-H8eh2J/MooseX-WithCache-0.01002-5HdCI_/blib/lib/MooseX/WithCache.pm line 51
# MooseX::WithCache::__ANON__(Moose::Meta::Class::__ANON__::SERIAL::2=HASH(0x284c4c0), "operating_on", MooseX::Role::Parameterized::Meta::Role::Parameterized=HASH(0x284d228), "consumer", Moose::Meta::Class=HASH(0x1e0ee60)) called at /home/sand/src/perl/repoperls/installed-perls/perl/v5.21.11-124-g17fcdc4/a2da/lib/site_perl/5.22.0/MooseX/Role/Parameterized/Meta/Trait/Parameterizable.pm line 88
# MooseX::Role::Parameterized::Meta::Trait::Parameterizable::generate_role(Moose::Meta::Class::__ANON__::SERIAL::1=HASH(0x2837b20), "consumer", Moose::Meta::Class=HASH(0x1e0ee60), "parameters", HASH(0x26b9c98), "orig_apply", CODE(0x23795e0)) called at /home/sand/src/perl/repoperls/installed-perls/perl/v5.21.11-124-g17fcdc4/a2da/lib/site_perl/5.22.0/MooseX/Role/Parameterized/Meta/Trait/Parameterizable.pm line 110
# Class::MOP::Class:::around(CODE(0x23795e0), Moose::Meta::Class::__ANON__::SERIAL::1=HASH(0x2837b20), Moose::Meta::Class=HASH(0x1e0ee60), "name", "cache", "backend", "Cache::FastMmap") called at /home/sand/src/perl/repoperls/installed-perls/perl/v5.21.11-124-g17fcdc4/a2da/lib/site_perl/5.22.0/x86_64-linux-thread-multi-ld/Class/MOP/Method/Wrapped.pm line 158
# Class::MOP::Method::Wrapped::__ANON__(Moose::Meta::Class::__ANON__::SERIAL::1=HASH(0x2837b20), Moose::Meta::Class=HASH(0x1e0ee60), "name", "cache", "backend", "Cache::FastMmap") called at /home/sand/src/perl/repoperls/installed-perls/perl/v5.21.11-124-g17fcdc4/a2da/lib/site_perl/5.22.0/x86_64-linux-thread-multi-ld/Class/MOP/Method/Wrapped.pm line 87
# Moose::Meta::Class::__ANON__::SERIAL::1::apply(Moose::Meta::Class::__ANON__::SERIAL::1=HASH(0x2837b20), Moose::Meta::Class=HASH(0x1e0ee60), "name", "cache", "backend", "Cache::FastMmap") called at /home/sand/src/perl/repoperls/installed-perls/perl/v5.21.11-124-g17fcdc4/a2da/lib/site_perl/5.22.0/x86_64-linux-thread-multi-ld/Moose/Util.pm line 172
# Moose::Util::_apply_all_roles("Moose::Meta::Class::__ANON__::SERIAL::3", undef, "MooseX::WithCache", HASH(0x11f1f68)) called at /home/sand/src/perl/repoperls/installed-perls/perl/v5.21.11-124-g17fcdc4/a2da/lib/site_perl/5.22.0/x86_64-linux-thread-multi-ld/Moose/Util.pm line 114
# Moose::Util::apply_all_roles("Moose::Meta::Class::__ANON__::SERIAL::3", "MooseX::WithCache", HASH(0x11f1f68)) called at /tmp/loop_over_bdir-21957-H8eh2J/MooseX-WithCache-0.01002-5HdCI_/blib/lib/MooseX/WithCache.pm line 21
# MooseX::WithCache::with_cache("Moose::Meta::Class::__ANON__::SERIAL::3", "cache", "backend", "Cache::FastMmap") called at t/deprecated/04_fastmmap.t line 28
# '
# doesn't match '(?^:^use of with_cache for MooseX::WithCache is now deprecated\. Use parameterized roles directly)'
# Looks like you planned 21 tests but ran 22.
# Looks like you failed 1 test of 22 run.
t/deprecated/04_fastmmap.t ...
Dubious, test returned 1 (wstat 256, 0x100)
Failed 1/21 subtests
Test Summary Report
-------------------
t/02_memcached.t (Wstat: 65280 Tests: 0 Failed: 0)
Non-zero exit status: 255
Parse errors: No plan found in TAP output
t/deprecated/02_memcached.t (Wstat: 65280 Tests: 0 Failed: 0)
Non-zero exit status: 255
Parse errors: No plan found in TAP output
t/deprecated/03_chi.t (Wstat: 256 Tests: 11 Failed: 2)
Failed tests: 2, 11
Non-zero exit status: 1
Parse errors: Bad plan. You planned 10 tests but ran 11.
t/deprecated/04_fastmmap.t (Wstat: 256 Tests: 22 Failed: 2)
Failed tests: 2, 22
Non-zero exit status: 1
Parse errors: Bad plan. You planned 21 tests but ran 22.
Files=8, Tests=64, 4 wallclock secs ( 0.03 usr 0.06 sys + 2.77 cusr 0.41 csys = 3.27 CPU)
Result: FAIL
Failed 4/8 test programs. 4/64 subtests failed.
Makefile:811: recipe for target 'test_dynamic' failed
make: *** [test_dynamic] Error 1
------------------------------
PREREQUISITES
------------------------------
Prerequisite modules loaded:
requires:
Module Need Have
--------------------------- ----- --------
Cache::Memcached 0 1.30
Data::Dumper 0 2.158
Digest::MD5 0 2.54
Moose 0.59 2.1404
MooseX::Role::Parameterized 0 1.08
perl 5.008 5.022000
build_requires:
Module Need Have
--------------------------- ----- --------
ExtUtils::MakeMaker 6.42 7.04
IO::Socket::INET 0 1.35
Test::Exception 0 0.38
Test::More 0 1.001014
configure_requires:
Module Need Have
--------------------------- ----- --------
ExtUtils::MakeMaker 6.42 7.04
------------------------------
ENVIRONMENT AND OTHER CONTEXT
------------------------------
Environment variables:
AUTOMATED_TESTING = 1
LANG = en_US.UTF-8
LANGUAGE = en_US:en
PATH = /home/sand/bin:/usr/local/bin:/usr/bin:/bin:/usr/games:/usr/local/perl/bin:/usr/X11/bin:/sbin:/usr/sbin
PERL5LIB = /tmp/loop_over_bdir-21957-H8eh2J/Alien-ActiveMQ-0.00005-bkmC5u/blib/arch:/tmp/loop_over_bdir-21957-H8eh2J/Alien-ActiveMQ-0.00005-bkmC5u/blib/lib
PERL5OPT =
PERL5_CPANPLUS_IS_RUNNING = 10897
PERL5_CPAN_IS_RUNNING = 10897
PERL_MM_USE_DEFAULT = 1
SHELL = /usr/bin/zsh
TERM = screen
Perl special variables (and OS-specific diagnostics, for MSWin32):
$^X = /tmp/basesmoker-reloperl-u5BZ/bin/perl
$UID/$EUID = 1005 / 1005
$GID = 1005 1005
$EGID = 1005 1005
Perl module toolchain versions installed:
Module Have
------------------- --------
CPAN 2.10
CPAN::Meta 2.150001
Cwd 3.56
ExtUtils::CBuilder 0.280221
ExtUtils::Command 1.20
ExtUtils::Install 2.04
ExtUtils::MakeMaker 7.04
ExtUtils::Manifest 1.70
ExtUtils::ParseXS 3.28
File::Spec 3.56
JSON 2.90
JSON::PP 2.27300
Module::Build 0.4211
Module::Signature 0.78
Parse::CPAN::Meta 1.4414
Test::Harness 3.35
Test::More 1.001014
YAML 1.15
YAML::Syck 1.29
version 0.9909
--
Summary of my perl5 (revision 5 version 22 subversion 0) configuration:
Commit id: 17fcdc49a77dea71bcd3cc46ee73aa0984532a0b
Platform:
osname=linux, osvers=4.0.0-1-amd64, archname=x86_64-linux-thread-multi-ld
uname='linux k83 4.0.0-1-amd64 #1 smp debian 4.0.2-1 (2015-05-11) x86_64 gnulinux '
config_args='-Dprefix=/home/sand/src/perl/repoperls/installed-perls/perl/v5.21.11-124-g17fcdc4/a2da -Dmyhostname=k83 -Dinstallusrbinperl=n -Uversiononly -Dusedevel -des -Ui_db -Duseithreads -Duselongdouble -DDEBUGGING=-g'
hint=recommended, useposix=true, d_sigaction=define
useithreads=define, usemultiplicity=define
use64bitint=define, use64bitall=define, uselongdouble=define
usemymalloc=n, bincompat5005=undef
Compiler:
cc='cc', ccflags ='-D_REENTRANT -D_GNU_SOURCE -fwrapv -fno-strict-aliasing -pipe -fstack-protector-strong -I/usr/local/include -D_LARGEFILE_SOURCE -D_FILE_OFFSET_BITS=64 -D_FORTIFY_SOURCE=2',
optimize='-O2 -g',
cppflags='-D_REENTRANT -D_GNU_SOURCE -fwrapv -fno-strict-aliasing -pipe -fstack-protector-strong -I/usr/local/include'
ccversion='', gccversion='4.9.2', gccosandvers=''
intsize=4, longsize=8, ptrsize=8, doublesize=8, byteorder=12345678, doublekind=3
d_longlong=define, longlongsize=8, d_longdbl=define, longdblsize=16, longdblkind=3
ivtype='long', ivsize=8, nvtype='long double', nvsize=16, Off_t='off_t', lseeksize=8
alignbytes=16, prototype=define
Linker and Libraries:
ld='cc', ldflags =' -fstack-protector-strong -L/usr/local/lib'
libpth=/usr/local/lib /usr/lib/gcc/x86_64-linux-gnu/4.9/include-fixed /usr/include/x86_64-linux-gnu /usr/lib /lib/x86_64-linux-gnu /lib/../lib /usr/lib/x86_64-linux-gnu /usr/lib/../lib /lib
libs=-lpthread -lnsl -lgdbm -ldb -ldl -lm -lcrypt -lutil -lc -lgdbm_compat
perllibs=-lpthread -lnsl -ldl -lm -lcrypt -lutil -lc
libc=libc-2.19.so, so=so, useshrplib=false, libperl=libperl.a
gnulibc_version='2.19'
Dynamic Linking:
dlsrc=dl_dlopen.xs, dlext=so, d_dlsymun=undef, ccdlflags='-Wl,-E'
cccdlflags='-fPIC', lddlflags='-shared -O2 -g -L/usr/local/lib -fstack-protector-strong'
Characteristics of this binary (from libperl):
Compile-time options: HAS_TIMES MULTIPLICITY PERLIO_LAYERS
PERL_DONT_CREATE_GVSV
PERL_HASH_FUNC_ONE_AT_A_TIME_HARD
PERL_IMPLICIT_CONTEXT PERL_MALLOC_WRAP
PERL_NEW_COPY_ON_WRITE PERL_PRESERVE_IVUV
PERL_USE_DEVEL USE_64_BIT_ALL USE_64_BIT_INT
USE_ITHREADS USE_LARGE_FILES USE_LOCALE
USE_LOCALE_COLLATE USE_LOCALE_CTYPE
USE_LOCALE_NUMERIC USE_LOCALE_TIME USE_LONG_DOUBLE
USE_PERLIO USE_PERL_ATOF USE_REENTRANT_API
Locally applied patches:
RC0
Built under linux
Compiled at May 14 2015 04:36:26
%ENV:
PERL5LIB="/tmp/loop_over_bdir-21957-H8eh2J/Alien-ActiveMQ-0.00005-bkmC5u/blib/arch:/tmp/loop_over_bdir-21957-H8eh2J/Alien-ActiveMQ-0.00005-bkmC5u/blib/lib"
PERL5OPT=""
PERL5_CPANPLUS_IS_RUNNING="10897"
PERL5_CPAN_IS_RUNNING="10897"
PERL_MM_USE_DEFAULT="1"
@INC:
/tmp/loop_over_bdir-21957-H8eh2J/Alien-ActiveMQ-0.00005-bkmC5u/blib/arch
/tmp/loop_over_bdir-21957-H8eh2J/Alien-ActiveMQ-0.00005-bkmC5u/blib/lib
/home/sand/src/perl/repoperls/installed-perls/perl/v5.21.11-124-g17fcdc4/a2da/lib/site_perl/5.22.0/x86_64-linux-thread-multi-ld
/home/sand/src/perl/repoperls/installed-perls/perl/v5.21.11-124-g17fcdc4/a2da/lib/site_perl/5.22.0
/home/sand/src/perl/repoperls/installed-perls/perl/v5.21.11-124-g17fcdc4/a2da/lib/5.22.0/x86_64-linux-thread-multi-ld
/home/sand/src/perl/repoperls/installed-perls/perl/v5.21.11-124-g17fcdc4/a2da/lib/5.22.0
.