Report for Text-Hatena-0.20

Back
From: metabase:user:322078bc-2aae-11df-837a-5e0a49663a4f
Subject: FAIL Text-Hatena-0.20 v5.12.1 GNU/Linux
Date: 2010-12-12T16:38:45Z

This distribution has been tested as part of the CPAN Testers
project, supporting the Perl programming language.  See
http://wiki.cpantesters.org/ for more information or email
questions to cpan-testers-discuss@perl.org


--

Dear JKONDO,
    
This is a computer-generated error report created automatically by
CPANPLUS, version 0.9010. Testers personal comments may appear 
at the end of this report.


Thank you for uploading your work to CPAN.  However, it appears that
there were some problems testing your distribution.

TEST RESULTS:

Below is the error stack from stage 'make test':

[MSG] [Sun Dec 12 16:39:08 2010] cp lib/Text/Hatena.pm blib/lib/Text/Hatena.pm
cp lib/Text/Hatena/AutoLink.pm blib/lib/Text/Hatena/AutoLink.pm
Manifying blib/man3/Text::Hatena::AutoLink.3
Manifying blib/man3/Text::Hatena.3

[ERROR] [Sun Dec 12 16:39:10 2010] MAKE TEST failed: No such file or directory PERL_DL_NONLAZY=1 /home/cpan/pit/bare/perl-5.12.1/bin/perl "-MExtUtils::Command::MM" "-e" "test_harness(0, 'blib/lib', 'blib/arch')" t/*.t

#   Failed test 'use Text::Hatena;'
#   at t/00_compile.t line 7.
#     Tried to use 'Text::Hatena'.
#     Error:  Base class package "Class::Data::Inheritable" is empty.
#     (Perhaps you need to 'use' the module which defines that package first,
#     or make that module available in @INC (@INC contains: lib /home/cpan/pit/bare/conf/perl-5.12.1/.cpanplus/5.12.1/build/Text-Hatena-0.20/blib/lib /home/cpan/pit/bare/conf/perl-5.12.1/.cpanplus/5.12.1/build/Text-Hatena-0.20/blib/arch /home/cpan/pit/bare/conf/perl-5.12.1/.cpanplus/5.12.1/build/Parse-RecDescent-1.965001/blib/lib /home/cpan/pit/bare/conf/perl-5.12.1/.cpanplus/5.12.1/build/Parse-RecDescent-1.965001/blib/arch /home/cpan/pit/bare/conf/perl-5.12.1/.cpanplus/5.12.1/build/Spiffy-0.30/blib/lib /home/cpan/pit/bare/conf/perl-5.12.1/.cpanplus/5.12.1/build/Spiffy-0.30/blib/arch /home/cpan/pit/bare/conf/perl-5.12.1/.cpanplus/5.12.1/build/Test-Base-0.59/blib/lib /home/cpan/pit/bare/conf/perl-5.12.1/.cpanplus/5.12.1/build/Test-Base-0.59/blib/arch /home/cpan/pit/bare/perl-5.12.1/lib/site_perl/5.12.1/x86_64-linux /home/cpan/pit/bare/perl-5.12.1/lib/site_perl/5.12.1 /home/cpan/pit/bare/perl-5.12.1/lib/5.12.1/x86_64-linux /home/cpan/pit/bare/perl-5.12.1/lib/5.12.1 .).
#  at lib/Text/Hatena.pm line 5
# BEGIN failed--compilation aborted at lib/Text/Hatena.pm line 5.
# Compilation failed in require at (eval 6) line 2.
# BEGIN failed--compilation aborted at (eval 6) line 2.
# Looks like you failed 1 test of 1.
t/00_compile.t .......... 
Dubious, test returned 1 (wstat 256, 0x100)
Failed 1/1 subtests 
Can't locate object method "mk_classdata" via package "Text::Hatena::AutoLink" at /home/cpan/pit/bare/conf/perl-5.12.1/.cpanplus/5.12.1/build/Text-Hatena-0.20/blib/lib/Text/Hatena/AutoLink.pm line 9.
Compilation failed in require at /home/cpan/pit/bare/conf/perl-5.12.1/.cpanplus/5.12.1/build/Text-Hatena-0.20/blib/lib/Text/Hatena.pm line 8.
BEGIN failed--compilation aborted at /home/cpan/pit/bare/conf/perl-5.12.1/.cpanplus/5.12.1/build/Text-Hatena-0.20/blib/lib/Text/Hatena.pm line 8.
Compilation failed in require at t/01_module.t line 5.
BEGIN failed--compilation aborted at t/01_module.t line 5.
t/01_module.t ........... 
Dubious, test returned 2 (wstat 512, 0x200)
No subtests run 
Can't locate object method "syntax" via package "MyParser" at t/lib/MyParser.pm line 6.
Compilation failed in require at t/02_module_extend.t line 6.
BEGIN failed--compilation aborted at t/02_module_extend.t line 6.
t/02_module_extend.t .... 
Dubious, test returned 255 (wstat 65280, 0xff00)
No subtests run 
Can't locate object method "mk_classdata" via package "Text::Hatena::AutoLink" at /home/cpan/pit/bare/conf/perl-5.12.1/.cpanplus/5.12.1/build/Text-Hatena-0.20/blib/lib/Text/Hatena/AutoLink.pm line 9.
Compilation failed in require at t/10_autolink.t line 4.
BEGIN failed--compilation aborted at t/10_autolink.t line 4.
t/10_autolink.t ......... 
Dubious, test returned 2 (wstat 512, 0x200)
No subtests run 
Can't locate object method "mk_classdata" via package "Text::Hatena::AutoLink" at /home/cpan/pit/bare/conf/perl-5.12.1/.cpanplus/5.12.1/build/Text-Hatena-0.20/blib/lib/Text/Hatena/AutoLink.pm line 9.
Compilation failed in require at t/11_autolink_extend.t line 4.
BEGIN failed--compilation aborted at t/11_autolink_extend.t line 4.
t/11_autolink_extend.t .. 
Dubious, test returned 2 (wstat 512, 0x200)
No subtests run 

Test Summary Report
-------------------
t/00_compile.t        (Wstat: 256 Tests: 1 Failed: 1)
  Failed test:  1
  Non-zero exit status: 1
t/01_module.t         (Wstat: 512 Tests: 0 Failed: 0)
  Non-zero exit status: 2
  Parse errors: No plan found in TAP output
t/02_module_extend.t  (Wstat: 65280 Tests: 0 Failed: 0)
  Non-zero exit status: 255
  Parse errors: No plan found in TAP output
t/10_autolink.t       (Wstat: 512 Tests: 0 Failed: 0)
  Non-zero exit status: 2
  Parse errors: No plan found in TAP output
t/11_autolink_extend.t (Wstat: 512 Tests: 0 Failed: 0)
  Non-zero exit status: 2
  Parse errors: No plan found in TAP output
Files=5, Tests=1,  1 wallclock secs ( 0.04 usr  0.02 sys +  0.57 cusr  0.07 csys =  0.70 CPU)
Result: FAIL
Failed 5/5 test programs. 1/1 subtests failed.
make: *** [test_dynamic] Error 2

[MSG] [Sun Dec 12 16:39:10 2010] DEFAULT 'proceed_on_test_failure' HANDLER RETURNING 'sub return value'

PREREQUISITES:

Here is a list of prerequisites you specified and versions we 
managed to load:
                                
	  Module Name                        Have     Want
	  Parse::RecDescent              1.965001     1.94
	  Regexp::Assemble                   0.34     0.28
	  Test::Base                         0.59     0.53
	  Test::More                         0.96     0.32

Perl module toolchain versions installed:
	Module Name                        Have
	CPANPLUS                         0.9010
	CPANPLUS::Dist::Build              0.50
	Cwd                                3.33
	ExtUtils::CBuilder               0.2801
	ExtUtils::Command                  1.16
	ExtUtils::Install                  1.55
	ExtUtils::MakeMaker                6.56
	ExtUtils::Manifest                 1.58
	ExtUtils::ParseXS                2.2206
	File::Spec                         3.33
	Module::Build                    0.3607
	Test::Harness                      3.22
	Test::More                         0.96
	version                            0.86

******************************** NOTE ********************************
The comments above are created mechanically, possibly without manual
checking by the sender.  As there are many people performing automatic
tests on each upload to CPAN, it is likely that you will receive 
identical messages about the same problem.

If you believe that the message is mistaken, please reply to the first
one with correction and/or additional informations, and do not take
it personally.  We appreciate your patience. :)
**********************************************************************

Additional comments:
 

This report was machine-generated by CPANPLUS::Dist::YACSmoke 0.58.
Powered by minismokebox version 0.40

------------------------------
ENVIRONMENT AND OTHER CONTEXT
------------------------------

Environment variables:

    AUTOMATED_TESTING = 1
    LANG = en_GB.UTF-8
    PATH = /usr/local/sbin:/usr/local/bin:/usr/sbin:/usr/bin:/sbin:/bin:/usr/games
    PERL5LIB = :/home/cpan/pit/bare/conf/perl-5.12.1/.cpanplus/5.12.1/build/Parse-RecDescent-1.965001/blib/lib:/home/cpan/pit/bare/conf/perl-5.12.1/.cpanplus/5.12.1/build/Parse-RecDescent-1.965001/blib/arch:/home/cpan/pit/bare/conf/perl-5.12.1/.cpanplus/5.12.1/build/Spiffy-0.30/blib/lib:/home/cpan/pit/bare/conf/perl-5.12.1/.cpanplus/5.12.1/build/Spiffy-0.30/blib/arch:/home/cpan/pit/bare/conf/perl-5.12.1/.cpanplus/5.12.1/build/Test-Base-0.59/blib/lib:/home/cpan/pit/bare/conf/perl-5.12.1/.cpanplus/5.12.1/build/Test-Base-0.59/blib/arch:/home/cpan/pit/bare/conf/perl-5.12.1/.cpanplus/5.12.1/build/Text-Hatena-0.20/blib/lib:/home/cpan/pit/bare/conf/perl-5.12.1/.cpanplus/5.12.1/build/Text-Hatena-0.20/blib/arch
    PERL5_CPANPLUS_IS_RUNNING = 24757
    PERL5_CPANPLUS_IS_VERSION = 0.9010
    PERL5_MINISMOKEBOX = 0.40
    PERL5_YACSMOKE_BASE = /home/cpan/pit/bare/conf/perl-5.12.1
    PERL_EXTUTILS_AUTOINSTALL = --defaultdeps
    PERL_MM_USE_DEFAULT = 1
    SHELL = /bin/bash
    TERM = screen

Perl special variables (and OS-specific diagnostics, for MSWin32):

    Perl: $^X = /home/cpan/pit/bare/perl-5.12.1/bin/perl
    UID:  $<  = 1001
    EUID: $>  = 1001
    GID:  $(  = 1001 1001
    EGID: $)  = 1001 1001


-------------------------------


--

Summary of my perl5 (revision 5 version 12 subversion 1) configuration:
   
  Platform:
    osname=linux, osvers=2.6.32-23-generic, archname=x86_64-linux
    uname='linux velvet 2.6.32-23-generic #37-ubuntu smp fri jun 11 08:03:28 utc 2010 x86_64 gnulinux '
    config_args='-des -Dprefix=/home/cpan/pit/bare/perl-5.12.1'
    hint=recommended, useposix=true, d_sigaction=define
    useithreads=undef, usemultiplicity=undef
    useperlio=define, d_sfio=undef, uselargefiles=define, usesocks=undef
    use64bitint=define, use64bitall=define, uselongdouble=undef
    usemymalloc=n, bincompat5005=undef
  Compiler:
    cc='cc', ccflags ='-fno-strict-aliasing -pipe -fstack-protector -I/usr/local/include -D_LARGEFILE_SOURCE -D_FILE_OFFSET_BITS=64',
    optimize='-O2',
    cppflags='-fno-strict-aliasing -pipe -fstack-protector -I/usr/local/include'
    ccversion='', gccversion='4.4.3', gccosandvers=''
    intsize=4, longsize=8, ptrsize=8, doublesize=8, byteorder=12345678
    d_longlong=define, longlongsize=8, d_longdbl=define, longdblsize=16
    ivtype='long', ivsize=8, nvtype='double', nvsize=8, Off_t='off_t', lseeksize=8
    alignbytes=8, prototype=define
  Linker and Libraries:
    ld='cc', ldflags =' -fstack-protector -L/usr/local/lib'
    libpth=/usr/local/lib /lib /usr/lib /lib64 /usr/lib64
    libs=-lnsl -ldl -lm -lcrypt -lutil -lc
    perllibs=-lnsl -ldl -lm -lcrypt -lutil -lc
    libc=/lib/libc-2.11.1.so, so=so, useshrplib=false, libperl=libperl.a
    gnulibc_version='2.11.1'
  Dynamic Linking:
    dlsrc=dl_dlopen.xs, dlext=so, d_dlsymun=undef, ccdlflags='-Wl,-E'
    cccdlflags='-fPIC', lddlflags='-shared -O2 -L/usr/local/lib -fstack-protector'


Characteristics of this binary (from libperl): 
  Compile-time options: PERL_DONT_CREATE_GVSV PERL_MALLOC_WRAP USE_64_BIT_ALL
                        USE_64_BIT_INT USE_LARGE_FILES USE_PERLIO
                        USE_PERL_ATOF
  Built under linux
  Compiled at Jul 22 2010 01:20:58
  %ENV:
    PERL5LIB=":/home/cpan/pit/bare/conf/perl-5.12.1/.cpanplus/5.12.1/build/Parse-RecDescent-1.965001/blib/lib:/home/cpan/pit/bare/conf/perl-5.12.1/.cpanplus/5.12.1/build/Parse-RecDescent-1.965001/blib/arch:/home/cpan/pit/bare/conf/perl-5.12.1/.cpanplus/5.12.1/build/Spiffy-0.30/blib/lib:/home/cpan/pit/bare/conf/perl-5.12.1/.cpanplus/5.12.1/build/Spiffy-0.30/blib/arch:/home/cpan/pit/bare/conf/perl-5.12.1/.cpanplus/5.12.1/build/Test-Base-0.59/blib/lib:/home/cpan/pit/bare/conf/perl-5.12.1/.cpanplus/5.12.1/build/Test-Base-0.59/blib/arch:/home/cpan/pit/bare/conf/perl-5.12.1/.cpanplus/5.12.1/build/Text-Hatena-0.20/blib/lib:/home/cpan/pit/bare/conf/perl-5.12.1/.cpanplus/5.12.1/build/Text-Hatena-0.20/blib/arch"
    PERL5_CPANPLUS_IS_RUNNING="24757"
    PERL5_CPANPLUS_IS_VERSION="0.9010"
    PERL5_MINISMOKEBOX="0.40"
    PERL5_YACSMOKE_BASE="/home/cpan/pit/bare/conf/perl-5.12.1"
    PERL_EXTUTILS_AUTOINSTALL="--defaultdeps"
    PERL_MM_USE_DEFAULT="1"
  @INC:
    /home/cpan/pit/bare/conf/perl-5.12.1/.cpanplus/5.12.1/build/Parse-RecDescent-1.965001/blib/lib
    /home/cpan/pit/bare/conf/perl-5.12.1/.cpanplus/5.12.1/build/Parse-RecDescent-1.965001/blib/arch
    /home/cpan/pit/bare/conf/perl-5.12.1/.cpanplus/5.12.1/build/Spiffy-0.30/blib/lib
    /home/cpan/pit/bare/conf/perl-5.12.1/.cpanplus/5.12.1/build/Spiffy-0.30/blib/arch
    /home/cpan/pit/bare/conf/perl-5.12.1/.cpanplus/5.12.1/build/Test-Base-0.59/blib/lib
    /home/cpan/pit/bare/conf/perl-5.12.1/.cpanplus/5.12.1/build/Test-Base-0.59/blib/arch
    /home/cpan/pit/bare/conf/perl-5.12.1/.cpanplus/5.12.1/build/Text-Hatena-0.20/blib/lib
    /home/cpan/pit/bare/conf/perl-5.12.1/.cpanplus/5.12.1/build/Text-Hatena-0.20/blib/arch
    /home/cpan/pit/bare/perl-5.12.1/lib/site_perl/5.12.1/x86_64-linux
    /home/cpan/pit/bare/perl-5.12.1/lib/site_perl/5.12.1
    /home/cpan/pit/bare/perl-5.12.1/lib/5.12.1/x86_64-linux
    /home/cpan/pit/bare/perl-5.12.1/lib/5.12.1
    .