Report for Date-Piece-v0.0.3

Back
From: metabase:user:3215efbe-2aae-11df-837a-5e0a49663a4f
Subject: FAIL Date-Piece-v0.0.3 v5.16.1 GNU/Linux
Date: 2012-10-09T20:02:42Z

This distribution has been tested as part of the CPAN Testers
project, supporting the Perl programming language.  See
http://wiki.cpantesters.org/ for more information or email
questions to cpan-testers-discuss@perl.org


--
Dear Eric Wilhelm,

This is a computer-generated report for Date-Piece-v0.0.3
on perl 5.16.1, created by CPAN-Reporter-1.2006.

Thank you for uploading your work to CPAN.  However, there was a problem
testing your distribution.

If you think this report is invalid, please consult the CPAN Testers Wiki
for suggestions on how to avoid getting FAIL reports for missing library
or binary dependencies, unsupported operating systems, and so on:

http://wiki.cpantesters.org/wiki/CPANAuthorNotes

Sections of this report:

    * Tester comments
    * Program output
    * Prerequisites
    * Environment and other context

------------------------------
TESTER COMMENTS
------------------------------

Additional comments from tester:

this report is from an automated smoke testing program
and was not reviewed by a human for accuracy

------------------------------
PROGRAM OUTPUT
------------------------------

Output from './Build test':

# Testing Date::Piece v0.0.3
t/00-load.t ... ok
t/basic.t ..... ok

#   Failed test at t/overload.t line 11.
# An error occurred while using eq:
# ------------------------------------
# Operation "eq": no method found,
# 	left argument in overloaded package Date::Piece::week_unit,
# 	right argument has no overloaded magic at (eval in cmp_ok) t/overload.t line 11.
# 
# ------------------------------------
#          got: '7weeks'
#     expected: '7weeks'

#   Failed test at t/overload.t line 14.
# An error occurred while using eq:
# ------------------------------------
# Operation "eq": no method found,
# 	left argument in overloaded package Date::Piece::week_unit,
# 	right argument has no overloaded magic at (eval in cmp_ok) t/overload.t line 14.
# 
# ------------------------------------
#          got: '8weeks'
#     expected: '8weeks'

#   Failed test at t/overload.t line 16.
# An error occurred while using eq:
# ------------------------------------
# Operation "eq": no method found,
# 	left argument in overloaded package Date::Piece::week_unit,
# 	right argument has no overloaded magic at (eval in cmp_ok) t/overload.t line 16.
# 
# ------------------------------------
#          got: '16weeks'
#     expected: '16weeks'

#   Failed test at t/overload.t line 17.
# An error occurred while using eq:
# ------------------------------------
# Operation "eq": no method found,
# 	left argument in overloaded package Date::Piece::week_unit,
# 	right argument has no overloaded magic at (eval in cmp_ok) t/overload.t line 17.
# 
# ------------------------------------
#          got: '7weeks'
#     expected: '7weeks'

#   Failed test at t/overload.t line 30.
# An error occurred while using eq:
# ------------------------------------
# Operation "eq": no method found,
# 	left argument in overloaded package Date::Piece::month_unit,
# 	right argument has no overloaded magic at (eval in cmp_ok) t/overload.t line 30.
# 
# ------------------------------------
#          got: '7months'
#     expected: '7months'

#   Failed test at t/overload.t line 33.
# An error occurred while using eq:
# ------------------------------------
# Operation "eq": no method found,
# 	left argument in overloaded package Date::Piece::month_unit,
# 	right argument has no overloaded magic at (eval in cmp_ok) t/overload.t line 33.
# 
# ------------------------------------
#          got: '8months'
#     expected: '8months'

#   Failed test at t/overload.t line 35.
# An error occurred while using eq:
# ------------------------------------
# Operation "eq": no method found,
# 	left argument in overloaded package Date::Piece::month_unit,
# 	right argument has no overloaded magic at (eval in cmp_ok) t/overload.t line 35.
# 
# ------------------------------------
#          got: '16months'
#     expected: '16months'

#   Failed test at t/overload.t line 37.
# An error occurred while using eq:
# ------------------------------------
# Operation "eq": no method found,
# 	left argument in overloaded package Date::Piece::month_unit,
# 	right argument has no overloaded magic at (eval in cmp_ok) t/overload.t line 37.
# 
# ------------------------------------
#          got: '8months'
#     expected: '8months'

#   Failed test 'untouched'
#   at t/overload.t line 38.
# An error occurred while using eq:
# ------------------------------------
# Operation "eq": no method found,
# 	left argument in overloaded package Date::Piece::month_unit,
# 	right argument has no overloaded magic at (eval in cmp_ok) t/overload.t line 38.
# 
# ------------------------------------
#          got: '7months'
#     expected: '7months'

#   Failed test at t/overload.t line 46.
# An error occurred while using eq:
# ------------------------------------
# Operation "eq": no method found,
# 	left argument in overloaded package Date::Piece::year_unit,
# 	right argument has no overloaded magic at (eval in cmp_ok) t/overload.t line 46.
# 
# ------------------------------------
#          got: '7years'
#     expected: '7years'

#   Failed test at t/overload.t line 49.
# An error occurred while using eq:
# ------------------------------------
# Operation "eq": no method found,
# 	left argument in overloaded package Date::Piece::year_unit,
# 	right argument has no overloaded magic at (eval in cmp_ok) t/overload.t line 49.
# 
# ------------------------------------
#          got: '8years'
#     expected: '8years'

#   Failed test at t/overload.t line 51.
# An error occurred while using eq:
# ------------------------------------
# Operation "eq": no method found,
# 	left argument in overloaded package Date::Piece::year_unit,
# 	right argument has no overloaded magic at (eval in cmp_ok) t/overload.t line 51.
# 
# ------------------------------------
#          got: '16years'
#     expected: '16years'

#   Failed test at t/overload.t line 53.
# An error occurred while using eq:
# ------------------------------------
# Operation "eq": no method found,
# 	left argument in overloaded package Date::Piece::year_unit,
# 	right argument has no overloaded magic at (eval in cmp_ok) t/overload.t line 53.
# 
# ------------------------------------
#          got: '8years'
#     expected: '8years'

#   Failed test 'untouched'
#   at t/overload.t line 54.
# An error occurred while using eq:
# ------------------------------------
# Operation "eq": no method found,
# 	left argument in overloaded package Date::Piece::year_unit,
# 	right argument has no overloaded magic at (eval in cmp_ok) t/overload.t line 54.
# 
# ------------------------------------
#          got: '7years'
#     expected: '7years'

#   Failed test at t/overload.t line 59.
# An error occurred while using eq:
# ------------------------------------
# Operation "eq": no method found,
# 	left argument in overloaded package Date::Piece::year_unit,
# 	right argument has no overloaded magic at (eval in cmp_ok) t/overload.t line 59.
# 
# ------------------------------------
#          got: '8years'
#     expected: '8years'
# Looks like you failed 15 tests of 34.
t/overload.t .. 
Dubious, test returned 15 (wstat 3840, 0xf00)
Failed 15/34 subtests 

Test Summary Report
-------------------
t/overload.t (Wstat: 3840 Tests: 34 Failed: 15)
  Failed tests:  1-4, 7-11, 13-17, 19
  Non-zero exit status: 15
Files=3, Tests=112,  1 wallclock secs ( 0.03 usr  0.00 sys +  0.12 cusr  0.01 csys =  0.16 CPU)
Result: FAIL
Failed 1/3 test programs. 15/112 subtests failed.

------------------------------
PREREQUISITES
------------------------------

Prerequisite modules loaded:

requires:

    Module        Need   Have    
    ------------- ------ --------
    Date::Simple  0      3.03    
    perl          v5.8.2 5.016001
    Time::Local   0      1.2300  
    Time::Piece   0      1.20_01 

build_requires:

    Module        Need   Have    
    ------------- ------ --------
    Module::Build 0.26   0.4003  
    Test::More    0      0.98    

configure_requires:

    Module        Need   Have    
    ------------- ------ --------
    Module::Build 0.3303 0.4003  


------------------------------
ENVIRONMENT AND OTHER CONTEXT
------------------------------

Environment variables:

    AUTOMATED_TESTING = 1
    LANG = C
    PATH = /opt/perl/nothreads/5.16.1/bin:/usr/local/sbin:/usr/local/bin:/usr/sbin:/usr/bin:/sbin:/bin:/usr/games
    PERL5LIB = 
    PERL5OPT = 
    PERL5_CPANPLUS_IS_RUNNING = 13611
    PERL5_CPAN_IS_RUNNING = 13611
    PERL5_CPAN_IS_RUNNING_IN_RECURSION = 1572,13611
    PERL_CR_SMOKER_CURRENT = MooseX-Types-Date-Piece-0.03
    PERL_EXTUTILS_AUTOINSTALL = --defaultdeps
    PERL_MM_USE_DEFAULT = 1
    SHELL = /bin/bash
    TERM = screen

Perl special variables (and OS-specific diagnostics, for MSWin32):

    $^X = /opt/perl/nothreads/5.16.1/bin/perl
    $UID/$EUID = 1000 / 1000
    $GID = 1000 4 24 27 30 46 112 113 1000
    $EGID = 1000 4 24 27 30 46 112 113 1000

Perl module toolchain versions installed:

    Module              Have    
    ------------------- --------
    CPAN                1.9800  
    CPAN::Meta          2.120921
    Cwd                 3.39_02 
    ExtUtils::CBuilder  0.280206
    ExtUtils::Command   1.17    
    ExtUtils::Install   1.58    
    ExtUtils::MakeMaker 6.63_02 
    ExtUtils::Manifest  1.61    
    ExtUtils::ParseXS   3.16    
    File::Spec          3.39_02 
    JSON                2.53    
    JSON::PP            2.27200 
    Module::Build       0.4003  
    Module::Signature   0.68    
    Parse::CPAN::Meta   1.4404  
    Test::Harness       3.25    
    Test::More          0.98    
    YAML                0.84    
    YAML::Syck          1.21    
    version             0.9901  


--

Summary of my perl5 (revision 5 version 16 subversion 1) configuration:
   
  Platform:
    osname=linux, osvers=3.2.0-31-virtual, archname=x86_64-linux
    uname='linux cpansmoker 3.2.0-31-virtual #50-ubuntu smp fri sep 7 16:36:36 utc 2012 x86_64 x86_64 x86_64 gnulinux '
    config_args='-des -Dprefix=/opt/perl/nothreads/5.16.1'
    hint=recommended, useposix=true, d_sigaction=define
    useithreads=undef, usemultiplicity=undef
    useperlio=define, d_sfio=undef, uselargefiles=define, usesocks=undef
    use64bitint=define, use64bitall=define, uselongdouble=undef
    usemymalloc=n, bincompat5005=undef
  Compiler:
    cc='cc', ccflags ='-fno-strict-aliasing -pipe -fstack-protector -I/usr/local/include -D_LARGEFILE_SOURCE -D_FILE_OFFSET_BITS=64',
    optimize='-O2',
    cppflags='-fno-strict-aliasing -pipe -fstack-protector -I/usr/local/include'
    ccversion='', gccversion='4.6.3', gccosandvers=''
    intsize=4, longsize=8, ptrsize=8, doublesize=8, byteorder=12345678
    d_longlong=define, longlongsize=8, d_longdbl=define, longdblsize=16
    ivtype='long', ivsize=8, nvtype='double', nvsize=8, Off_t='off_t', lseeksize=8
    alignbytes=8, prototype=define
  Linker and Libraries:
    ld='cc', ldflags =' -fstack-protector -L/usr/local/lib'
    libpth=/usr/local/lib /lib/x86_64-linux-gnu /lib/../lib /usr/lib/x86_64-linux-gnu /usr/lib/../lib /lib /usr/lib
    libs=-lnsl -lgdbm -ldb -ldl -lm -lcrypt -lutil -lc -lgdbm_compat
    perllibs=-lnsl -ldl -lm -lcrypt -lutil -lc
    libc=, so=so, useshrplib=false, libperl=libperl.a
    gnulibc_version='2.15'
  Dynamic Linking:
    dlsrc=dl_dlopen.xs, dlext=so, d_dlsymun=undef, ccdlflags='-Wl,-E'
    cccdlflags='-fPIC', lddlflags='-shared -O2 -L/usr/local/lib -fstack-protector'


Characteristics of this binary (from libperl): 
  Compile-time options: HAS_TIMES PERLIO_LAYERS PERL_DONT_CREATE_GVSV
                        PERL_MALLOC_WRAP PERL_PRESERVE_IVUV USE_64_BIT_ALL
                        USE_64_BIT_INT USE_LARGE_FILES USE_LOCALE
                        USE_LOCALE_COLLATE USE_LOCALE_CTYPE
                        USE_LOCALE_NUMERIC USE_PERLIO USE_PERL_ATOF
  Built under linux
  Compiled at Oct  7 2012 11:40:56
  %ENV:
    PERL5LIB=""
    PERL5OPT=""
    PERL5_CPANPLUS_IS_RUNNING="13611"
    PERL5_CPAN_IS_RUNNING="13611"
    PERL5_CPAN_IS_RUNNING_IN_RECURSION="1572,13611"
    PERL_CR_SMOKER_CURRENT="MooseX-Types-Date-Piece-0.03"
    PERL_EXTUTILS_AUTOINSTALL="--defaultdeps"
    PERL_MM_USE_DEFAULT="1"
  @INC:
    /opt/perl/nothreads/5.16.1/lib/site_perl/5.16.1/x86_64-linux
    /opt/perl/nothreads/5.16.1/lib/site_perl/5.16.1
    /opt/perl/nothreads/5.16.1/lib/5.16.1/x86_64-linux
    /opt/perl/nothreads/5.16.1/lib/5.16.1
    .