Back
From: metabase:user:30f0bd62-2aae-11df-837a-5e0a49663a4f
Subject: FAIL Test-Unit-0.25 v5.15.8 OpenBSD
Date: 2012-02-25T18:33:59Z
This distribution has been tested as part of the CPAN Testers
project, supporting the Perl programming language. See
http://wiki.cpantesters.org/ for more information or email
questions to cpan-testers-discuss@perl.org
--
Dear Matthew Astley,
This is a computer-generated report for Test-Unit-0.25
on perl 5.15.8, created by CPAN-Reporter-1.2004.
Thank you for uploading your work to CPAN. However, there was a problem
testing your distribution.
If you think this report is invalid, please consult the CPAN Testers Wiki
for suggestions on how to avoid getting FAIL reports for missing library
or binary dependencies, unsupported operating systems, and so on:
http://wiki.cpantesters.org/wiki/CPANAuthorNotes
Sections of this report:
* Tester comments
* Program output
* Prerequisites
* Environment and other context
------------------------------
TESTER COMMENTS
------------------------------
Additional comments from tester:
this report is from an automated smoke testing program
and was not reviewed by a human for accuracy
------------------------------
PROGRAM OUTPUT
------------------------------
Output from '/usr/bin/make test':
PERL_DL_NONLAZY=1 /home/sts/cpansmoke/perl-5.15.8/bin/perl5.15.8 "-MExtUtils::Command::MM" "-e" "test_harness(0, 'blib/lib', 'blib/arch')" t/*.t
defined(@array) is deprecated at /home/sts/cpansmoke/perl-5.15.8/cpan/build/Test-Unit-0.25-h3ISyT/blib/lib/Test/Unit/TestCase.pm line 106.
(Maybe you should just omit the defined()?)
t/all_tests.t ..... ok
defined(@array) is deprecated at /home/sts/cpansmoke/perl-5.15.8/cpan/build/Test-Unit-0.25-h3ISyT/blib/lib/Test/Unit/TestCase.pm line 106.
(Maybe you should just omit the defined()?)
t/assert.t ........
Failed 2/40 subtests
# Test 1 got: "defined(@array) is deprecated at /home/sts/cpansmoke/perl-5.15.8/cpan/build/Test-Unit-0.25-h3ISyT/blib/lib/Test/Unit/TestCase.pm line 106.\n# \t(Maybe you should just omit the defined()?)\n# Suite setup\n# TEST-RUN-SUMMARY\n# \n# TIME-SUMMARY\n# \n# !!!FAILURES!!!\n# Test Results:\n# Run: 2, Failures: 1, Errors: 0\n# \n# There was 1 failure:\n# 1) examples/fail_example.pm:19 - test_fail(fail_example)\n# Born to lose ...\n# \n# Test was not successful.\n# " (t/try_examples.t at line 106)
# Expected: "Suite setup\n# TEST-RUN-SUMMARY\n# \n# TIME-SUMMARY\n# \n# !!!FAILURES!!!\n# Test Results:\n# Run: 2, Failures: 1, Errors: 0\n# \n# There was 1 failure:\n# 1) examples/fail_example.pm:19 - test_fail(fail_example)\n# Born to lose ...\n# \n# Test was not successful.\n# "
# (Install the Algorithm::Diff module to have differences in multiline
# output explained. You might also set the PERL_TEST_DIFF environment
# variable to run a diff program on the output.)
# t/try_examples.t line 106 is: ok($out, $guru_checked{$e});
# Test 2 got: "defined(@array) is deprecated at /home/sts/cpansmoke/perl-5.15.8/cpan/build/Test-Unit-0.25-h3ISyT/blib/lib/Test/Unit/TestCase.pm line 106.\n# \t(Maybe you should just omit the defined()?)\n# ...\n# TIME-SUMMARY\n# \n# OK (3 tests)\n# " (t/try_examples.t at line 106 fail #2)
# Expected: "...\n# TIME-SUMMARY\n# \n# OK (3 tests)\n# "
# Test 3 got: "defined(@array) is deprecated at /home/sts/cpansmoke/perl-5.15.8/cpan/build/Test-Unit-0.25-h3ISyT/blib/lib/Test/Unit/TestCase.pm line 106.\n# \t(Maybe you should just omit the defined()?)\n# ...\n# TIME-SUMMARY\n# \n# OK (3 tests)\n# " (t/try_examples.t at line 106 fail #3)
# Expected: "...\n# TIME-SUMMARY\n# \n# OK (3 tests)\n# "
# Test 4 got: "defined(@array) is deprecated at /home/sts/cpansmoke/perl-5.15.8/cpan/build/Test-Unit-0.25-h3ISyT/blib/lib/Test/Unit/TestCase.pm line 106.\n# \t(Maybe you should just omit the defined()?)\n# ...\n# TIME-SUMMARY\n# \n# OK (3 tests)\n# " (t/try_examples.t at line 106 fail #4)
# Expected: "...\n# TIME-SUMMARY\n# \n# OK (3 tests)\n# "
t/try_examples.t ..
Failed 4/4 subtests
Test Summary Report
-------------------
t/assert.t (Wstat: 0 Tests: 40 Failed: 2)
Failed tests: 26, 39
t/try_examples.t (Wstat: 0 Tests: 4 Failed: 4)
Failed tests: 1-4
Files=3, Tests=89, 3 wallclock secs ( 0.15 usr 0.03 sys + 2.87 cusr 0.34 csys = 3.39 CPU)
Result: FAIL
Failed 2/3 test programs. 6/89 subtests failed.
*** Error code 255
Stop in /home/sts/cpansmoke/perl-5.15.8/cpan/build/Test-Unit-0.25-h3ISyT (line 914 of Makefile).
------------------------------
PREREQUISITES
------------------------------
Prerequisite modules loaded:
requires:
Module Need Have
------------------- ---- --------
base 1 2.18
Class::Inner 0 0.200001
Devel::Symdump 0 2.08
Error 0 0.17017
build_requires:
Module Need Have
------------------- ---- --------
ExtUtils::MakeMaker 0 6.63_02
------------------------------
ENVIRONMENT AND OTHER CONTEXT
------------------------------
Environment variables:
AUTOMATED_TESTING = 1
PATH = /home/sts/bin:/bin:/sbin:/usr/bin:/usr/sbin:/usr/X11R6/bin:/usr/local/bin:/usr/local/sbin:/usr/games:.
PERL5LIB = /home/sts/cpansmoke/perl-5.15.8/cpan/build/Devel-Symdump-2.08-nlUR2K/blib/arch:/home/sts/cpansmoke/perl-5.15.8/cpan/build/Devel-Symdump-2.08-nlUR2K/blib/lib:/home/sts/cpansmoke/perl-5.15.8/cpan/build/Class-Inner-0.200001-nnjmLF/blib/arch:/home/sts/cpansmoke/perl-5.15.8/cpan/build/Class-Inner-0.200001-nnjmLF/blib/lib:/home/sts/cpansmoke/perl-5.15.8/cpan/build/Error-0.17017-kED5b0/blib/arch:/home/sts/cpansmoke/perl-5.15.8/cpan/build/Error-0.17017-kED5b0/blib/lib
PERL5OPT =
PERL5_CPANPLUS_IS_RUNNING = 19127
PERL5_CPAN_IS_RUNNING = 19127
PERL5_CPAN_IS_RUNNING_IN_RECURSION = 17123,19127
PERL_CR_SMOKER_CURRENT = Test-Unit-ITestRunner-0.04
PERL_EXTUTILS_AUTOINSTALL = --defaultdeps
PERL_MM_USE_DEFAULT = 1
SHELL = /usr/local/bin/bash
TERM = screen
TMPDIR = /home/sts/cpansmoke/tmp
Perl special variables (and OS-specific diagnostics, for MSWin32):
$^X = /home/sts/cpansmoke/perl-5.15.8/bin/perl5.15.8
$UID/$EUID = 1000 / 1000
$GID = 10 10 0
$EGID = 10 10 0
Perl module toolchain versions installed:
Module Have
------------------- --------
CPAN 1.9800
CPAN::Meta 2.120351
Cwd 3.39_02
ExtUtils::CBuilder 0.280205
ExtUtils::Command 1.17
ExtUtils::Install 1.58
ExtUtils::MakeMaker 6.63_02
ExtUtils::Manifest 1.61
ExtUtils::ParseXS 3.16
File::Spec 3.39_02
JSON n/a
JSON::PP 2.27200
Module::Build 0.39_01
Module::Signature n/a
Parse::CPAN::Meta 1.4402
Test::Harness 3.23
Test::More 0.98
YAML n/a
YAML::Syck n/a
version 0.96
--
Summary of my perl5 (revision 5 version 15 subversion 8) configuration:
Platform:
osname=openbsd, osvers=5.0, archname=OpenBSD.i386-openbsd-thread-multi
uname='openbsd cpansmoke5 5.0 generic.mp#59 i386 '
config_args='-des -Dusedevel -Dusethreads -Dprefix=/home/sts/cpansmoke/perl-5.15.8'
hint=recommended, useposix=true, d_sigaction=define
useithreads=define, usemultiplicity=define
useperlio=define, d_sfio=undef, uselargefiles=define, usesocks=undef
use64bitint=undef, use64bitall=undef, uselongdouble=undef
usemymalloc=y, bincompat5005=undef
Compiler:
cc='cc', ccflags ='-pthread -fno-strict-aliasing -pipe -fstack-protector -I/usr/local/include',
optimize='-O2',
cppflags='-pthread -fno-strict-aliasing -pipe -fstack-protector -I/usr/local/include'
ccversion='', gccversion='4.2.1 20070719 ', gccosandvers='openbsd5.0'
intsize=4, longsize=4, ptrsize=4, doublesize=8, byteorder=1234
d_longlong=define, longlongsize=8, d_longdbl=define, longdblsize=12
ivtype='long', ivsize=4, nvtype='double', nvsize=8, Off_t='off_t', lseeksize=8
alignbytes=4, prototype=define
Linker and Libraries:
ld='cc', ldflags ='-pthread -Wl,-E -fstack-protector -L/usr/local/lib'
libpth=/usr/local/lib /usr/lib
libs=-lgdbm -lm -lutil -lc
perllibs=-lm -lutil -lc
libc=/usr/lib/libc.so.60.1, so=so, useshrplib=false, libperl=libperl.a
gnulibc_version=''
Dynamic Linking:
dlsrc=dl_dlopen.xs, dlext=so, d_dlsymun=undef, ccdlflags=' '
cccdlflags='-DPIC -fPIC ', lddlflags='-shared -fPIC -L/usr/local/lib -fstack-protector'
Characteristics of this binary (from libperl):
Compile-time options: HAS_TIMES MULTIPLICITY MYMALLOC PERLIO_LAYERS
PERL_DONT_CREATE_GVSV PERL_IMPLICIT_CONTEXT
PERL_MALLOC_WRAP PERL_PRESERVE_IVUV PERL_USE_DEVEL
USE_ITHREADS USE_LARGE_FILES USE_LOCALE
USE_LOCALE_COLLATE USE_LOCALE_CTYPE
USE_LOCALE_NUMERIC USE_PERLIO USE_PERL_ATOF
USE_REENTRANT_API
Built under openbsd
Compiled at Feb 24 2012 12:05:44
%ENV:
PERL5LIB="/home/sts/cpansmoke/perl-5.15.8/cpan/build/Devel-Symdump-2.08-nlUR2K/blib/arch:/home/sts/cpansmoke/perl-5.15.8/cpan/build/Devel-Symdump-2.08-nlUR2K/blib/lib:/home/sts/cpansmoke/perl-5.15.8/cpan/build/Class-Inner-0.200001-nnjmLF/blib/arch:/home/sts/cpansmoke/perl-5.15.8/cpan/build/Class-Inner-0.200001-nnjmLF/blib/lib:/home/sts/cpansmoke/perl-5.15.8/cpan/build/Error-0.17017-kED5b0/blib/arch:/home/sts/cpansmoke/perl-5.15.8/cpan/build/Error-0.17017-kED5b0/blib/lib"
PERL5OPT=""
PERL5_CPANPLUS_IS_RUNNING="19127"
PERL5_CPAN_IS_RUNNING="19127"
PERL5_CPAN_IS_RUNNING_IN_RECURSION="17123,19127"
PERL_CR_SMOKER_CURRENT="Test-Unit-ITestRunner-0.04"
PERL_EXTUTILS_AUTOINSTALL="--defaultdeps"
PERL_MM_USE_DEFAULT="1"
@INC:
/home/sts/cpansmoke/perl-5.15.8/cpan/build/Devel-Symdump-2.08-nlUR2K/blib/arch
/home/sts/cpansmoke/perl-5.15.8/cpan/build/Devel-Symdump-2.08-nlUR2K/blib/lib
/home/sts/cpansmoke/perl-5.15.8/cpan/build/Class-Inner-0.200001-nnjmLF/blib/arch
/home/sts/cpansmoke/perl-5.15.8/cpan/build/Class-Inner-0.200001-nnjmLF/blib/lib
/home/sts/cpansmoke/perl-5.15.8/cpan/build/Error-0.17017-kED5b0/blib/arch
/home/sts/cpansmoke/perl-5.15.8/cpan/build/Error-0.17017-kED5b0/blib/lib
/home/sts/cpansmoke/perl-5.15.8/lib/site_perl/5.15.8/OpenBSD.i386-openbsd-thread-multi
/home/sts/cpansmoke/perl-5.15.8/lib/site_perl/5.15.8
/home/sts/cpansmoke/perl-5.15.8/lib/5.15.8/OpenBSD.i386-openbsd-thread-multi
/home/sts/cpansmoke/perl-5.15.8/lib/5.15.8
.