Report for Encode-JP-Mobile-0.30

Back
From: metabase:user:7298ebcc-b357-11e4-8d18-8eca7e4756b9
Subject: FAIL Encode-JP-Mobile-0.30 v5.23.7 GNU/Linux
Date: 2016-01-28T04:04:51Z

This distribution has been tested as part of the CPAN Testers
project, supporting the Perl programming language.  See
http://wiki.cpantesters.org/ for more information or email
questions to cpan-testers-discuss@perl.org


--
Dear MIYAGAWA,

This is a computer-generated report for Encode-JP-Mobile-0.30
on perl 5.23.7, created by App::cpanminus::reporter 0.13 (1.7027).

Thank you for uploading your work to CPAN.  However, there was a problem
testing your distribution.

If you think this report is invalid, please consult the CPAN Testers Wiki
for suggestions on how to avoid getting FAIL reports for missing library
or binary dependencies, unsupported operating systems, and so on:

http://wiki.cpantesters.org/wiki/CPANAuthorNotes

Sections of this report:

    * Tester comments
    * Program output
    * Prerequisites
    * Environment and other context

------------------------------
TESTER COMMENTS
------------------------------

Additional comments from tester:

none provided

------------------------------
PROGRAM OUTPUT
------------------------------

Output from '':

Building and testing Encode-JP-Mobile-0.30
Installing blib/lib/auto/Encode/JP/Mobile/softbank-table.pl
Installing blib/lib/auto/Encode/JP/Mobile/convert-map-utf8.yaml
Installing blib/lib/auto/Encode/JP/Mobile/softbank-table.yaml
Installing blib/lib/auto/Encode/JP/Mobile/docomo-table.pl
Installing blib/lib/auto/Encode/JP/Mobile/softbank-unicode2sjis_auto.yaml
Installing blib/lib/auto/Encode/JP/Mobile/kddi-table.yaml
Installing blib/lib/auto/Encode/JP/Mobile/kddi-table.pl
Installing blib/lib/auto/Encode/JP/Mobile/convert-map-utf8.pl
Installing blib/lib/auto/Encode/JP/Mobile/docomo-table.yaml
cp lib/Encode/JP/Mobile/MIME/DoCoMo.pm blib/lib/Encode/JP/Mobile/MIME/DoCoMo.pm
cp lib/Encode/JP/Mobile/AirHJIS.pm blib/lib/Encode/JP/Mobile/AirHJIS.pm
cp lib/Encode/JP/Mobile/MIME/SoftBank.pm blib/lib/Encode/JP/Mobile/MIME/SoftBank.pm
cp lib/Encode/JP/Mobile/KDDIJIS.pm blib/lib/Encode/JP/Mobile/KDDIJIS.pm
cp lib/Encode/JP/Mobile/Character.pm blib/lib/Encode/JP/Mobile/Character.pm
cp lib/Encode/JP/Mobile/Charnames.pm blib/lib/Encode/JP/Mobile/Charnames.pm
cp lib/Encode/JP/Mobile/Cookbook.pod blib/lib/Encode/JP/Mobile/Cookbook.pod
cp lib/Encode/JP/Mobile/MIME.pm blib/lib/Encode/JP/Mobile/MIME.pm
cp lib/Encode/JP/Mobile/MIME/AirH.pm blib/lib/Encode/JP/Mobile/MIME/AirH.pm
cp lib/Encode/JP/Mobile/MIME/KDDI.pm blib/lib/Encode/JP/Mobile/MIME/KDDI.pm
cp lib/Encode/JP/Mobile/ConvertPictogramSJIS.pm blib/lib/Encode/JP/Mobile/ConvertPictogramSJIS.pm
cp lib/Encode/JP/Mobile/Vodafone.pm blib/lib/Encode/JP/Mobile/Vodafone.pm
cp lib/Encode/JP/Mobile/Fallback.pm blib/lib/Encode/JP/Mobile/Fallback.pm
cp lib/Encode/JP/Mobile.pm blib/lib/Encode/JP/Mobile.pm
Running Mkbootstrap for Encode::JP::Mobile ()
chmod 644 "Mobile.bs"
"/home/mojolicious/perl5/perlbrew/perls/perl-5.23.7/bin/perl5.23.7"  /home/mojolicious/perl5/perlbrew/perls/perl-5.23.7/bin/enc2xs -"Q" -o Mobile_t.c -f Mobile_t.fnm
Reading x-sjis-airh-raw (x-sjis-airh-raw)
Reading x-sjis-docomo-raw (x-sjis-docomo-raw)
Reading x-sjis-kddi-auto-raw (x-sjis-kddi-auto-raw)
Reading x-sjis-kddi-cp932-raw (x-sjis-kddi-cp932-raw)
Reading x-sjis-softbank-auto-raw (x-sjis-softbank-auto-raw)
Reading x-utf8-docomo (x-utf8-docomo)
Reading x-utf8-kddi (x-utf8-kddi)
Reading x-utf8-softbank (x-utf8-softbank)
"/home/mojolicious/perl5/perlbrew/perls/perl-5.23.7/bin/perl5.23.7" "/home/mojolicious/perl5/perlbrew/perls/perl-5.23.7/lib/5.23.7/ExtUtils/xsubpp"  -nolinenumbers -typemap "/home/mojolicious/perl5/perlbrew/perls/perl-5.23.7/lib/5.23.7/ExtUtils/typemap"  Mobile.xs > Mobile.xsc && mv Mobile.xsc Mobile.c
cc -c  -I/home/mojolicious/perl5/perlbrew/perls/perl-5.23.7/lib/5.23.7/Encode -fwrapv -fno-strict-aliasing -pipe -fstack-protector -I/usr/local/include -D_LARGEFILE_SOURCE -D_FILE_OFFSET_BITS=64 -O2   -DVERSION=\"0.30\" -DXS_VERSION=\"0.30\" -fPIC "-I/home/mojolicious/perl5/perlbrew/perls/perl-5.23.7/lib/5.23.7/x86_64-linux/CORE"   Mobile.c
cc -c  -I/home/mojolicious/perl5/perlbrew/perls/perl-5.23.7/lib/5.23.7/Encode -fwrapv -fno-strict-aliasing -pipe -fstack-protector -I/usr/local/include -D_LARGEFILE_SOURCE -D_FILE_OFFSET_BITS=64 -O2   -DVERSION=\"0.30\" -DXS_VERSION=\"0.30\" -fPIC "-I/home/mojolicious/perl5/perlbrew/perls/perl-5.23.7/lib/5.23.7/x86_64-linux/CORE"   Mobile_t.c
rm -f blib/arch/auto/Encode/JP/Mobile/Mobile.so
cc  -shared -O2 -L/usr/local/lib -fstack-protector Mobile.o Mobile_t.o  -o blib/arch/auto/Encode/JP/Mobile/Mobile.so 	\
	     	\
	  
chmod 755 blib/arch/auto/Encode/JP/Mobile/Mobile.so
"/home/mojolicious/perl5/perlbrew/perls/perl-5.23.7/bin/perl5.23.7" -MExtUtils::Command::MM -e 'cp_nonempty' -- Mobile.bs blib/arch/auto/Encode/JP/Mobile/Mobile.bs 644
Running Mkbootstrap for Encode::JP::Mobile ()
chmod 644 "Mobile.bs"
PERL_DL_NONLAZY=1 "/home/mojolicious/perl5/perlbrew/perls/perl-5.23.7/bin/perl5.23.7" "-MExtUtils::Command::MM" "-MTest::Harness" "-e" "undef *Test::Harness::Switches; test_harness(0, 'blib/lib', 'blib/arch')" t/*.t
Use of uninitialized value in subroutine entry at /home/mojolicious/catalystlib/5.23.7/5.90100/lib/perl5/File/ShareDir.pm line 329.
t/airh-jis.t ......................... ok
Use of uninitialized value in subroutine entry at /home/mojolicious/catalystlib/5.23.7/5.90100/lib/perl5/File/ShareDir.pm line 329.
Use of uninitialized value in subroutine entry at /home/mojolicious/catalystlib/5.23.7/5.90100/lib/perl5/File/ShareDir.pm line 329.
Use of uninitialized value in subroutine entry at /home/mojolicious/catalystlib/5.23.7/5.90100/lib/perl5/File/ShareDir.pm line 329.
Use of uninitialized value in subroutine entry at /home/mojolicious/catalystlib/5.23.7/5.90100/lib/perl5/File/ShareDir.pm line 329.
t/character.t ........................ ok
Use of uninitialized value in subroutine entry at /home/mojolicious/catalystlib/5.23.7/5.90100/lib/perl5/File/ShareDir.pm line 329.
t/charnames-clobber-it.t ............. ok

#   Failed test at t/charnames.t line 45.
#          got: '1'
#     expected: ''

#   Failed test 'check warn num'
#   at t/charnames.t line 60.
#          got: '4'
#     expected: '1'

#   Failed test 'warning when unkown character'
#   at t/charnames.t line 61.
#                   'unknown charnames: ファーストフード at t/charnames.t line 45.
# '
#     doesn't match '(?^:unknown charnames: Foo)'
# Looks like you failed 3 tests of 34.
t/charnames.t ........................ 
Dubious, test returned 3 (wstat 768, 0x300)
Failed 3/34 subtests 
Use of uninitialized value in subroutine entry at /home/mojolicious/catalystlib/5.23.7/5.90100/lib/perl5/File/ShareDir.pm line 329.
t/convert-bruteforce.t ............... ok
Use of uninitialized value in subroutine entry at /home/mojolicious/catalystlib/5.23.7/5.90100/lib/perl5/File/ShareDir.pm line 329.
t/convert-sjis-fallback-leave_src.t .. ok
Use of uninitialized value in subroutine entry at /home/mojolicious/catalystlib/5.23.7/5.90100/lib/perl5/File/ShareDir.pm line 329.
t/docomo-bruteforce.t ................ ok
Use of uninitialized value in subroutine entry at /home/mojolicious/catalystlib/5.23.7/5.90100/lib/perl5/File/ShareDir.pm line 329.
t/emoji_convert_sjis.t ............... ok
Use of uninitialized value in subroutine entry at /home/mojolicious/catalystlib/5.23.7/5.90100/lib/perl5/File/ShareDir.pm line 329.
t/emoji_convert_utf8.t ............... ok
Use of uninitialized value in subroutine entry at /home/mojolicious/catalystlib/5.23.7/5.90100/lib/perl5/File/ShareDir.pm line 329.
t/emoji_convert_utf8_fb.t ............ ok
Use of uninitialized value in subroutine entry at /home/mojolicious/catalystlib/5.23.7/5.90100/lib/perl5/File/ShareDir.pm line 329.
t/fallback.t ......................... ok
Use of uninitialized value in subroutine entry at /home/mojolicious/catalystlib/5.23.7/5.90100/lib/perl5/File/ShareDir.pm line 329.
t/fullwidth_tilde.t .................. ok
Use of uninitialized value in subroutine entry at /home/mojolicious/catalystlib/5.23.7/5.90100/lib/perl5/File/ShareDir.pm line 329.
t/kddi-bruteforce.t .................. ok
Use of uninitialized value in subroutine entry at /home/mojolicious/catalystlib/5.23.7/5.90100/lib/perl5/File/ShareDir.pm line 329.
t/kddi-jis.t ......................... ok
Use of uninitialized value in subroutine entry at /home/mojolicious/catalystlib/5.23.7/5.90100/lib/perl5/File/ShareDir.pm line 329.
t/kddi-trans.t ....................... ok
Use of uninitialized value in subroutine entry at /home/mojolicious/catalystlib/5.23.7/5.90100/lib/perl5/File/ShareDir.pm line 329.
t/mime_encoding.t .................... ok
Use of uninitialized value in subroutine entry at /home/mojolicious/catalystlib/5.23.7/5.90100/lib/perl5/File/ShareDir.pm line 329.
t/mime_name.t ........................ ok
Use of uninitialized value in subroutine entry at /home/mojolicious/catalystlib/5.23.7/5.90100/lib/perl5/File/ShareDir.pm line 329.
t/Mobile.t ........................... ok
Use of uninitialized value in subroutine entry at /home/mojolicious/catalystlib/5.23.7/5.90100/lib/perl5/File/ShareDir.pm line 329.
t/props-bruteforce-yaml.t ............ ok
Use of uninitialized value in subroutine entry at /home/mojolicious/catalystlib/5.23.7/5.90100/lib/perl5/File/ShareDir.pm line 329.
t/props-bruteforce.t ................. ok
Use of uninitialized value in subroutine entry at /home/mojolicious/catalystlib/5.23.7/5.90100/lib/perl5/File/ShareDir.pm line 329.
t/props.t ............................ ok
Use of uninitialized value in subroutine entry at /home/mojolicious/catalystlib/5.23.7/5.90100/lib/perl5/File/ShareDir.pm line 329.
t/softbank-bruteforce.t .............. ok
Use of uninitialized value in subroutine entry at /home/mojolicious/catalystlib/5.23.7/5.90100/lib/perl5/File/ShareDir.pm line 329.
t/softbank-manychars.t ............... ok
Use of uninitialized value in subroutine entry at /home/mojolicious/catalystlib/5.23.7/5.90100/lib/perl5/File/ShareDir.pm line 329.
t/vodafone-fallback.t ................ ok

Test Summary Report
-------------------
t/charnames.t                      (Wstat: 768 Tests: 34 Failed: 3)
  Failed tests:  18, 22-23
  Non-zero exit status: 3
Files=24, Tests=27835, 14 wallclock secs ( 2.76 usr  0.21 sys +  9.82 cusr  0.66 csys = 13.45 CPU)
Result: FAIL

------------------------------
PREREQUISITES
------------------------------

Prerequisite modules loaded:

runtime:

    Module              Need  Have
    ------------------- ----- ----
    Encode              2.23  2.78
  ! File::ShareDir      0.05  n/a 
  ! MIME::Words         5.428 n/a 

build:

    Module              Need  Have
    ------------------- ----- ----
    ExtUtils::MakeMaker 0     7.10

configure:

    Module              Need  Have
    ------------------- ----- ----
    ExtUtils::MakeMaker 0     7.10


------------------------------
ENVIRONMENT AND OTHER CONTEXT
------------------------------

Environment variables:

    PATH = /home/mojolicious/perl5/perlbrew/bin:/home/mojolicious/perl5/perlbrew/perls/perl-5.20.1/bin:/usr/local/bin:/usr/bin:/bin:/usr/local/games:/usr/games:/home/mojolicious/catalystlib/5.23.7/5.90100/bin
    PERLBREW_BASHRC_VERSION = 0.73
    PERLBREW_HOME = /home/mojolicious/.perlbrew
    PERLBREW_MANPATH = /home/mojolicious/perl5/perlbrew/perls/perl-5.20.1/man
    PERLBREW_PATH = /home/mojolicious/perl5/perlbrew/bin:/home/mojolicious/perl5/perlbrew/perls/perl-5.20.1/bin
    PERLBREW_PERL = perl-5.20.1
    PERLBREW_ROOT = /home/mojolicious/perl5/perlbrew
    PERLBREW_VERSION = 0.73
    SHELL = /bin/bash
    TERM = xterm

Perl special variables (and OS-specific diagnostics, for MSWin32):

    EGID = 1003 1003
    EUID = 1003
    EXECUTABLE_NAME = /home/mojolicious/perl5/perlbrew/perls/perl-5.23.7/bin/perl5.23.7
    GID = 1003 1003
    UID = 1003

Perl module toolchain versions installed:

    Module              Have    
    ------------------- --------
    CPAN                2.11    
    CPAN::Meta          2.150005
    Cwd                 3.62    
    ExtUtils::CBuilder  0.280224
    ExtUtils::Command   7.10    
    ExtUtils::Install   2.04    
    ExtUtils::MakeMaker 7.10    
    ExtUtils::Manifest  1.70    
    ExtUtils::ParseXS   3.31    
    File::Spec          3.62    
    JSON                2.90    
    JSON::PP            2.27300 
    Module::Build       n/a     
    Module::Signature   n/a     
    Parse::CPAN::Meta   1.4417  
    Test::Harness       3.36    
    Test::More          1.001014
    YAML                n/a     
    YAML::Syck          n/a     
    version             0.9909  


--

Summary of my perl5 (revision 5 version 23 subversion 7) configuration:
   
  Platform:
    osname=linux, osvers=3.13.0-042stab108.7, archname=x86_64-linux
    uname='linux lvps92-51-161-142.dedicated.hosteurope.de 3.13.0-042stab108.7 #1 smp wed jul 15 15:49:08 msk 2015 x86_64 x86_64 x86_64 gnulinux '
    config_args='-de -Dprefix=/home/mojolicious/perl5/perlbrew/perls/perl-5.23.7 -Dusedevel -Aeval:scriptdir=/home/mojolicious/perl5/perlbrew/perls/perl-5.23.7/bin'
    hint=recommended, useposix=true, d_sigaction=define
    useithreads=undef, usemultiplicity=undef
    use64bitint=define, use64bitall=define, uselongdouble=undef
    usemymalloc=n, bincompat5005=undef
  Compiler:
    cc='cc', ccflags ='-fwrapv -fno-strict-aliasing -pipe -fstack-protector -I/usr/local/include -D_LARGEFILE_SOURCE -D_FILE_OFFSET_BITS=64',
    optimize='-O2',
    cppflags='-fwrapv -fno-strict-aliasing -pipe -fstack-protector -I/usr/local/include'
    ccversion='', gccversion='4.8.4', gccosandvers=''
    intsize=4, longsize=8, ptrsize=8, doublesize=8, byteorder=12345678, doublekind=3
    d_longlong=define, longlongsize=8, d_longdbl=define, longdblsize=16, longdblkind=3
    ivtype='long', ivsize=8, nvtype='double', nvsize=8, Off_t='off_t', lseeksize=8
    alignbytes=8, prototype=define
  Linker and Libraries:
    ld='cc', ldflags =' -fstack-protector -L/usr/local/lib'
    libpth=/usr/local/lib /usr/lib/gcc/x86_64-linux-gnu/4.8/include-fixed /usr/include/x86_64-linux-gnu /usr/lib /lib/x86_64-linux-gnu /lib/../lib /usr/lib/x86_64-linux-gnu /usr/lib/../lib /lib
    libs=-lpthread -lnsl -ldl -lm -lcrypt -lutil -lc
    perllibs=-lpthread -lnsl -ldl -lm -lcrypt -lutil -lc
    libc=libc-2.19.so, so=so, useshrplib=false, libperl=libperl.a
    gnulibc_version='2.19'
  Dynamic Linking:
    dlsrc=dl_dlopen.xs, dlext=so, d_dlsymun=undef, ccdlflags='-Wl,-E'
    cccdlflags='-fPIC', lddlflags='-shared -O2 -L/usr/local/lib -fstack-protector'


Characteristics of this binary (from libperl): 
  Compile-time options: HAS_TIMES PERLIO_LAYERS PERL_COPY_ON_WRITE
                        PERL_DONT_CREATE_GVSV
                        PERL_HASH_FUNC_ONE_AT_A_TIME_HARD PERL_MALLOC_WRAP
                        PERL_PRESERVE_IVUV PERL_USE_DEVEL USE_64_BIT_ALL
                        USE_64_BIT_INT USE_LARGE_FILES USE_LOCALE
                        USE_LOCALE_COLLATE USE_LOCALE_CTYPE
                        USE_LOCALE_NUMERIC USE_LOCALE_TIME USE_PERLIO
                        USE_PERL_ATOF
  Locally applied patches:
	Devel::PatchPerl 1.30
  Built under linux
  Compiled at Jan 21 2016 11:35:51
  %ENV:
    PERLBREW_BASHRC_VERSION="0.73"
    PERLBREW_HOME="/home/mojolicious/.perlbrew"
    PERLBREW_MANPATH="/home/mojolicious/perl5/perlbrew/perls/perl-5.20.1/man"
    PERLBREW_PATH="/home/mojolicious/perl5/perlbrew/bin:/home/mojolicious/perl5/perlbrew/perls/perl-5.20.1/bin"
    PERLBREW_PERL="perl-5.20.1"
    PERLBREW_ROOT="/home/mojolicious/perl5/perlbrew"
    PERLBREW_VERSION="0.73"
  @INC:
    /home/mojolicious/perl5/perlbrew/perls/perl-5.23.7/lib/site_perl/5.23.7/x86_64-linux
    /home/mojolicious/perl5/perlbrew/perls/perl-5.23.7/lib/site_perl/5.23.7
    /home/mojolicious/perl5/perlbrew/perls/perl-5.23.7/lib/5.23.7/x86_64-linux
    /home/mojolicious/perl5/perlbrew/perls/perl-5.23.7/lib/5.23.7
    .