Back
From: metabase:user:313dc9fe-2aae-11df-837a-5e0a49663a4f
Subject: FAIL SDL_Perl-v2.2.6 v5.13.10 GNU/Linux
Date: 2011-05-17T15:56:50Z
This distribution has been tested as part of the CPAN Testers
project, supporting the Perl programming language. See
http://wiki.cpantesters.org/ for more information or email
questions to cpan-testers-discuss@perl.org
--
Dear Kartik Thakore,
This is a computer-generated report for SDL_Perl-v2.2.6
on perl 5.13.10, created by CPAN-Reporter-1.1902.
Thank you for uploading your work to CPAN. However, there was a problem
testing your distribution.
If you think this report is invalid, please consult the CPAN Testers Wiki
for suggestions on how to avoid getting FAIL reports for missing library
or binary dependencies, unsupported operating systems, and so on:
http://wiki.cpantesters.org/wiki/CPANAuthorNotes
Sections of this report:
* Tester comments
* Program output
* Prerequisites
* Environment and other context
------------------------------
TESTER COMMENTS
------------------------------
Additional comments from tester:
this report is from an automated smoke testing program
and was not reviewed by a human for accuracy
------------------------------
PROGRAM OUTPUT
------------------------------
Output from './Build test':
t/apppm.t .......... ok
t/cdrompm.t ........ ok
t/colorpm.t ........ ok
t/cursorpm.t ....... ok
t/eventpm.t ........ ok
t/fontpm.t ......... skipped: SDL_image support not compiled
Can't locate Tie/Hash/NamedCapture.pm in @INC (@INC contains: /home/perl51310/.cpan/build/SDL_Perl-v2.2.6-OZ7k_a/blib/lib /home/perl51310/.cpan/build/SDL_Perl-v2.2.6-OZ7k_a/blib/arch .. make/lib /home/perl51310/.cpan/build/Alien-SDL-1.426-CQgL68/blib/arch /home/perl51310/.cpan/build/Alien-SDL-1.426-CQgL68/blib/lib /home/perl51310/.cpan/build/Archive-Zip-1.30-o_OL8M/blib/arch /home/perl51310/.cpan/build/Archive-Zip-1.30-o_OL8M/blib/lib /home/perl51310/.cpan/build/File-ShareDir-1.03-YUZozt/blib/arch /home/perl51310/.cpan/build/File-ShareDir-1.03-YUZozt/blib/lib /home/perl51310/.cpan/build/Class-Inspector-1.25-Ut69DG/blib/arch /home/perl51310/.cpan/build/Class-Inspector-1.25-Ut69DG/blib/lib /home/perl51310/.cpan/build/Text-Patch-1.8-xLWFF8/blib/arch /home/perl51310/.cpan/build/Text-Patch-1.8-xLWFF8/blib/lib /home/perl51310/.cpan/build/Text-Diff-1.41-1l1n6a/blib/arch /home/perl51310/.cpan/build/Text-Diff-1.41-1l1n6a/blib/lib /home/perl51310/.cpan/build/Algorithm-Diff-1.1902-F_9OqU/blib/arch /home/perl51310/.cpan/build/Algorithm-Diff-1.1902-F_9OqU/blib/lib ../ /home/perl51310/.cpan/build/Alien-SDL-1.426-CQgL68/blib/arch /home/perl51310/.cpan/build/Alien-SDL-1.426-CQgL68/blib/lib /home/perl51310/.cpan/build/Archive-Zip-1.30-o_OL8M/blib/arch /home/perl51310/.cpan/build/Archive-Zip-1.30-o_OL8M/blib/lib /home/perl51310/.cpan/build/File-ShareDir-1.03-YUZozt/blib/arch /home/perl51310/.cpan/build/File-ShareDir-1.03-YUZozt/blib/lib /home/perl51310/.cpan/build/Class-Inspector-1.25-Ut69DG/blib/arch /home/perl51310/.cpan/build/Class-Inspector-1.25-Ut69DG/blib/lib /home/perl51310/.cpan/build/Text-Patch-1.8-xLWFF8/blib/arch /home/perl51310/.cpan/build/Text-Patch-1.8-xLWFF8/blib/lib /home/perl51310/.cpan/build/Text-Diff-1.41-1l1n6a/blib/arch /home/perl51310/.cpan/build/Text-Diff-1.41-1l1n6a/blib/lib /home/perl51310/.cpan/build/Algorithm-Diff-1.1902-F_9OqU/blib/arch /home/perl51310/.cpan/build/Algorithm-Diff-1.1902-F_9OqU/blib/lib /home/perl51310/perl/lib /home/perl51310/perl/lib .) at /home/perl51310/perl/lib/English.pm line 148.
BEGIN failed--compilation aborted at /home/perl51310/perl/lib/English.pm line 148.
Compilation failed in require at t/manifest.t line 8.
BEGIN failed--compilation aborted at t/manifest.t line 8.
t/manifest.t .......
Dubious, test returned 2 (wstat 512, 0x200)
No subtests run
No protocol specified
xcb_connection_has_error() returned true
t/mixerpm.t ........ skipped: SDL_mixer support not compiled
t/mpegpm.t ......... skipped: smpeg support not compiled SDL_mixer support not compiled
t/musicpm.t ........ ok
t/opengl.t ......... ok
t/palettepm.t ...... ok
t/rectpm.t ......... ok
t/sdlgamerect.t .... ok
t/sdlpm.t .......... ok
t/soundpm.t ........ ok
t/surfaceML.t ...... skipped: Test::Valgrind is required to test your distribution with valgrind
t/surfacepm.t ...... ok
t/timerpm.t ........ ok
t/toolfontpm.t ..... skipped: SDL_image support not compiled SDL_ttf support not compiled
t/toolgraphicpm.t .. skipped: SDL_gfx support not compiled
t/ttfontpm.t ....... skipped: SDL_ttf support not compiled
t/videopm.t ........ skipped: smpeg support not compiled SDL_mixer support not compiled
Test Summary Report
-------------------
t/manifest.t (Wstat: 512 Tests: 0 Failed: 0)
Non-zero exit status: 2
Parse errors: No plan found in TAP output
Files=23, Tests=175, 23 wallclock secs ( 0.09 usr 0.05 sys + 0.72 cusr 0.26 csys = 1.12 CPU)
Result: FAIL
Failed 1/23 test programs. 0/175 subtests failed.
------------------------------
PREREQUISITES
------------------------------
Prerequisite modules loaded:
build_requires:
Module Need Have
------------------ -------- --------
ExtUtils::CBuilder 0 0.280202
Test::Simple 0.47 0.97_01
configure_requires:
Module Need Have
------------------ -------- --------
Alien::SDL v0.7.1 1.426
ExtUtils::CBuilder 0.260301 0.280202
Module::Build 0.35 0.3800
YAML 0.68 0.72
------------------------------
ENVIRONMENT AND OTHER CONTEXT
------------------------------
Environment variables:
AUTOMATED_TESTING = 1
LANG = en_US.UTF-8
PATH = /usr/local/sbin:/usr/local/bin:/usr/sbin:/usr/bin:/sbin:/bin:/usr/games
PERL5LIB = /home/perl51310/.cpan/build/Alien-SDL-1.426-CQgL68/blib/arch:/home/perl51310/.cpan/build/Alien-SDL-1.426-CQgL68/blib/lib:/home/perl51310/.cpan/build/Archive-Zip-1.30-o_OL8M/blib/arch:/home/perl51310/.cpan/build/Archive-Zip-1.30-o_OL8M/blib/lib:/home/perl51310/.cpan/build/File-ShareDir-1.03-YUZozt/blib/arch:/home/perl51310/.cpan/build/File-ShareDir-1.03-YUZozt/blib/lib:/home/perl51310/.cpan/build/Class-Inspector-1.25-Ut69DG/blib/arch:/home/perl51310/.cpan/build/Class-Inspector-1.25-Ut69DG/blib/lib:/home/perl51310/.cpan/build/Text-Patch-1.8-xLWFF8/blib/arch:/home/perl51310/.cpan/build/Text-Patch-1.8-xLWFF8/blib/lib:/home/perl51310/.cpan/build/Text-Diff-1.41-1l1n6a/blib/arch:/home/perl51310/.cpan/build/Text-Diff-1.41-1l1n6a/blib/lib:/home/perl51310/.cpan/build/Algorithm-Diff-1.1902-F_9OqU/blib/arch:/home/perl51310/.cpan/build/Algorithm-Diff-1.1902-F_9OqU/blib/lib
PERL5OPT =
PERL5_CPANPLUS_IS_RUNNING = 12064
PERL5_CPAN_IS_RUNNING = 12064
PERL5_CPAN_IS_RUNNING_IN_RECURSION = 31906,12064
PERL_CR_SMOKER_CURRENT = SDL_Perl-v2.2.6
PERL_EXTUTILS_AUTOINSTALL = --defaultdeps
PERL_MM_USE_DEFAULT = 1
SHELL = /bin/bash
TERM = xterm
Perl special variables (and OS-specific diagnostics, for MSWin32):
$^X = /home/perl51310/perl/perl
$UID/$EUID = 1003 / 1003
$GID = 1003 1003
$EGID = 1003 1003
Perl module toolchain versions installed:
Module Have
------------------- --------
CPAN 1.94_65
Cwd 3.37
ExtUtils::CBuilder 0.280202
ExtUtils::Command 1.16
ExtUtils::Install 1.56
ExtUtils::MakeMaker 6.57_05
ExtUtils::Manifest 1.58
ExtUtils::ParseXS 2.2209
File::Spec 3.33
Module::Build 0.3800
Module::Signature n/a
Test::Harness 3.22
Test::More 0.97_01
YAML 0.72
YAML::Syck 1.17
version 0.88
--
Summary of my perl5 (revision 5 version 13 subversion 10) configuration:
Platform:
osname=linux, osvers=2.6.35-28-generic-pae, archname=i686-linux-thread-multi-64int-ld
uname='linux higgsboson 2.6.35-28-generic-pae #49-ubuntu smp tue mar 1 14:58:06 utc 2011 i686 gnulinux '
config_args=''
hint=previous, useposix=true, d_sigaction=define
useithreads=define, usemultiplicity=define
useperlio=define, d_sfio=undef, uselargefiles=define, usesocks=undef
use64bitint=define, use64bitall=undef, uselongdouble=define
usemymalloc=n, bincompat5005=undef
Compiler:
cc='cc', ccflags ='-D_REENTRANT -D_GNU_SOURCE -fno-strict-aliasing -pipe -fstack-protector -I/usr/local/include -D_LARGEFILE_SOURCE -D_FILE_OFFSET_BITS=64',
optimize='-O2',
cppflags='-D_REENTRANT -D_GNU_SOURCE -fno-strict-aliasing -pipe -fstack-protector -I/usr/local/include -D_REENTRANT -D_GNU_SOURCE -fno-strict-aliasing -pipe -fstack-protector -I/usr/local/include -D_LARGEFILE_SOURCE -D_FILE_OFFSET_BITS=64'
ccversion='', gccversion='4.4.5', gccosandvers=''
intsize=4, longsize=4, ptrsize=4, doublesize=8, byteorder=12345678
d_longlong=define, longlongsize=8, d_longdbl=define, longdblsize=12
ivtype='long long', ivsize=8, nvtype='long double', nvsize=12, Off_t='off_t', lseeksize=8
alignbytes=4, prototype=define
Linker and Libraries:
ld='cc', ldflags =' -fstack-protector -L/usr/local/lib'
libpth=/usr/local/lib /lib /usr/lib /usr/lib64
libs=-lnsl -ldl -lm -lcrypt -lutil -lpthread -lc
perllibs=-lnsl -ldl -lm -lcrypt -lutil -lpthread -lc
libc=/lib/libc-2.12.1.so, so=so, useshrplib=false, libperl=libperl.a
gnulibc_version='2.12.1'
Dynamic Linking:
dlsrc=dl_dlopen.xs, dlext=so, d_dlsymun=undef, ccdlflags='-Wl,-E'
cccdlflags='-fPIC', lddlflags='-shared -O2 -L/usr/local/lib -fstack-protector'
Characteristics of this binary (from libperl):
Compile-time options: MULTIPLICITY PERL_DONT_CREATE_GVSV
PERL_IMPLICIT_CONTEXT PERL_MALLOC_WRAP USE_64_BIT_INT
USE_ITHREADS USE_LARGE_FILES USE_LONG_DOUBLE
USE_PERLIO USE_PERL_ATOF USE_REENTRANT_API
Built under linux
Compiled at Apr 9 2011 18:29:21
%ENV:
PERL5LIB="/home/perl51310/.cpan/build/Alien-SDL-1.426-CQgL68/blib/arch:/home/perl51310/.cpan/build/Alien-SDL-1.426-CQgL68/blib/lib:/home/perl51310/.cpan/build/Archive-Zip-1.30-o_OL8M/blib/arch:/home/perl51310/.cpan/build/Archive-Zip-1.30-o_OL8M/blib/lib:/home/perl51310/.cpan/build/File-ShareDir-1.03-YUZozt/blib/arch:/home/perl51310/.cpan/build/File-ShareDir-1.03-YUZozt/blib/lib:/home/perl51310/.cpan/build/Class-Inspector-1.25-Ut69DG/blib/arch:/home/perl51310/.cpan/build/Class-Inspector-1.25-Ut69DG/blib/lib:/home/perl51310/.cpan/build/Text-Patch-1.8-xLWFF8/blib/arch:/home/perl51310/.cpan/build/Text-Patch-1.8-xLWFF8/blib/lib:/home/perl51310/.cpan/build/Text-Diff-1.41-1l1n6a/blib/arch:/home/perl51310/.cpan/build/Text-Diff-1.41-1l1n6a/blib/lib:/home/perl51310/.cpan/build/Algorithm-Diff-1.1902-F_9OqU/blib/arch:/home/perl51310/.cpan/build/Algorithm-Diff-1.1902-F_9OqU/blib/lib"
PERL5OPT=""
PERL5_CPANPLUS_IS_RUNNING="12064"
PERL5_CPAN_IS_RUNNING="12064"
PERL5_CPAN_IS_RUNNING_IN_RECURSION="31906,12064"
PERL_CR_SMOKER_CURRENT="SDL_Perl-v2.2.6"
PERL_EXTUTILS_AUTOINSTALL="--defaultdeps"
PERL_MM_USE_DEFAULT="1"
@INC:
/home/perl51310/.cpan/build/Alien-SDL-1.426-CQgL68/blib/arch
/home/perl51310/.cpan/build/Alien-SDL-1.426-CQgL68/blib/lib
/home/perl51310/.cpan/build/Archive-Zip-1.30-o_OL8M/blib/arch
/home/perl51310/.cpan/build/Archive-Zip-1.30-o_OL8M/blib/lib
/home/perl51310/.cpan/build/File-ShareDir-1.03-YUZozt/blib/arch
/home/perl51310/.cpan/build/File-ShareDir-1.03-YUZozt/blib/lib
/home/perl51310/.cpan/build/Class-Inspector-1.25-Ut69DG/blib/arch
/home/perl51310/.cpan/build/Class-Inspector-1.25-Ut69DG/blib/lib
/home/perl51310/.cpan/build/Text-Patch-1.8-xLWFF8/blib/arch
/home/perl51310/.cpan/build/Text-Patch-1.8-xLWFF8/blib/lib
/home/perl51310/.cpan/build/Text-Diff-1.41-1l1n6a/blib/arch
/home/perl51310/.cpan/build/Text-Diff-1.41-1l1n6a/blib/lib
/home/perl51310/.cpan/build/Algorithm-Diff-1.1902-F_9OqU/blib/arch
/home/perl51310/.cpan/build/Algorithm-Diff-1.1902-F_9OqU/blib/lib
/home/perl51310/perl/lib
/home/perl51310/perl/lib
.