Pod-Perldoc v3.28 Perl 5 v5.20.0 amd64-freebsd

Status
Fail
From
Chris Williams (BINGOS)
Dist
Pod-Perldoc v3.28
Platform
Perl 5 v5.20.0 amd64-freebsd
Date
2023-03-26 13:01:07
ID
45a4bcf4-cbd6-11ed-aba6-9a79f339625c
This distribution has been tested as part of the CPAN Testers
project, supporting the Perl programming language.  See
http://wiki.cpantesters.org/ for more information or email
questions to cpan-testers-discuss@perl.org


--

Dear Mark Allen,

This is a computer-generated error report created automatically by
CPANPLUS, version 0.9914. Testers personal comments may appear
at the end of this report.


Thank you for uploading your work to CPAN.  However, it appears that
there were some problems testing your distribution.

TEST RESULTS:

Below is the error stack from stage 'make test':

PERL_DL_NONLAZY=1 "/opt/perl-5.20.0/bin/perl" "-MExtUtils::Command::MM" "-MTest::Harness" "-e" "undef *Test::Harness::Switches; test_harness(0, 'blib/lib', 'blib/arch')" t/*.t t/*/*.t
t/00_load.t ............... ok
t/01_about_verbose.t ...... ok

#   Failed test 'got expected output in STDOUT'
#   at t/02_module_pod_output.t line 47.
#                   undef
#     doesn't match '(?^:Look up Perl documentation)'

#   Failed test 'got expected output in STDERR'
#   at t/02_module_pod_output.t line 80.
#                   'Can't find any loadable formatter class in Pod::Perldoc::Toterm Pod::Perldoc::Toterm Pod::Perldoc::ToTerm Pod::Perldoc::ToTERM Pod::Simple::term Pod::Simple::term Pod::Simple::Term Pod::Simple::TERM Pod::term Pod::term Pod::Term Pod::TERM Pod::Perldoc::Totext Pod::Perldoc::Totext Pod::Perldoc::ToText Pod::Perldoc::ToTEXT Pod::Simple::text Pod::Simple::text Pod::Simple::Text Pod::Simple::TEXT Pod::text Pod::text Pod::Text Pod::TEXT Pod::Perldoc::ToPod?!
# Aborting
#  at /opt/perl-5.20.0/.cpanplus/5.20.0/build/7Jiz56t3Iq/Pod-Perldoc-3.28/blib/script/perldoc line 6.
# '
#     doesn't match '(?^:No documentation)'
# Looks like you failed 2 tests of 7.
t/02_module_pod_output.t .. 
Dubious, test returned 2 (wstat 512, 0x200)
Failed 2/7 subtests 
t/man/_get_columns.t ...... ok
t/pod.t ................... skipped: Pod tests not required for installation.

Test Summary Report
-------------------
t/02_module_pod_output.t (Wstat: 512 (exited 2) Tests: 7 Failed: 2)
  Failed tests:  3, 7
  Non-zero exit status: 2
Files=5, Tests=56,  1 wallclock secs ( 0.04 usr  0.02 sys +  0.77 cusr  0.11 csys =  0.94 CPU)
Result: FAIL
Failed 1/5 test programs. 2/56 subtests failed.
*** Error code 255

Stop.
make: stopped in /opt/perl-5.20.0/.cpanplus/5.20.0/build/7Jiz56t3Iq/Pod-Perldoc-3.28


PREREQUISITES:

Here is a list of prerequisites you specified and versions we
managed to load:

	  Module Name                        Have     Want
	  Encode                             3.19        0
	  ExtUtils::MakeMaker                7.68        0
	  Fcntl                              1.11        0
	  File::Spec::Functions              3.75        0
	  File::Temp                       0.2311     0.22
	  IO::Select                         1.51        0
	  Pod::Man                           5.01     2.18
	  Pod::Simple::RTF                   3.43     3.16
	  Pod::Simple::XMLOutStream          3.43     3.16
	  Pod::Text                          5.01        0
	  Symbol                             1.07        0
	  Test::More                     1.302194        0
	  Text::ParseWords                   3.29        0
	  parent                            0.228        0
	  strict                             1.08        0
	  warnings                           1.23        0

Perl module toolchain versions installed:
	Module Name                        Have
	CPANPLUS                         0.9914
	CPANPLUS::Dist::Build              0.90
	Cwd                                3.75
	ExtUtils::CBuilder             0.280236
	ExtUtils::Command                  7.68
	ExtUtils::Install                  2.22
	ExtUtils::MakeMaker                7.68
	ExtUtils::Manifest                 1.73
	ExtUtils::ParseXS                  3.44
	File::Spec                         3.75
	Module::Build                    0.4232
	Pod::Parser                        1.65
	Pod::Simple                        3.43
	Test2                          1.302194
	Test::Harness                      3.44
	Test::More                     1.302194
	version                          0.9908

******************************** NOTE ********************************
The comments above are created mechanically, possibly without manual
checking by the sender.  As there are many people performing automatic
tests on each upload to CPAN, it is likely that you will receive
identical messages about the same problem.

If you believe that the message is mistaken, please reply to the first
one with correction and/or additional informations, and do not take
it personally.  We appreciate your patience. :)
**********************************************************************

Additional comments:


This report was machine-generated by CPANPLUS::Dist::YACSmoke 1.08.

CPANPLUS is prefering Build.PL

------------------------------
ENVIRONMENT AND OTHER CONTEXT
------------------------------

Environment variables:

    AUTOMATED_TESTING = 1
    LANG = C.UTF-8
    PATH = /opt/perl-5.20.0/.cpanplus/5.20.0/build/7Jiz56t3Iq/Pod-Perldoc-3.28/blib/script:/sbin:/bin:/usr/sbin:/usr/bin:/usr/local/sbin:/usr/local/bin:/root/bin
    PERL5LIB = :/opt/perl-5.20.0/.cpanplus/5.20.0/build/7Jiz56t3Iq/Pod-Perldoc-3.28/blib/lib:/opt/perl-5.20.0/.cpanplus/5.20.0/build/7Jiz56t3Iq/Pod-Perldoc-3.28/blib/arch
    PERL5_CPANIDX_URL = http://cpan.mirror.local/cpanidx/
    PERL5_CPANPLUS_IS_RUNNING = 74667
    PERL5_CPANPLUS_IS_VERSION = 0.9914
    PERL_EXTUTILS_AUTOINSTALL = --defaultdeps
    PERL_INSTALL_QUIET = 1
    PERL_MM_USE_DEFAULT = 1
    SHELL = /bin/csh
    TERM = screen

Perl special variables (and OS-specific diagnostics, for MSWin32):

    Perl: $^X = /opt/perl-5.20.0/bin/perl
    UID:  $<  = 0
    EUID: $>  = 0
    GID:  $(  = 0 0 0 5
    EGID: $)  = 0 0 0 5


-------------------------------


--

Summary of my perl5 (revision 5 version 20 subversion 0) configuration:
   
  Platform:
    osname=freebsd, osvers=13.1-release-p2, archname=amd64-freebsd
    uname='freebsd canker 13.1-release-p2 freebsd 13.1-release-p2 generic amd64 '
    config_args='-des -Uinstallusrbinperl -Dprefix=/opt/perl-5.20.0'
    hint=recommended, useposix=true, d_sigaction=define
    useithreads=undef, usemultiplicity=undef
    use64bitint=define, use64bitall=define, uselongdouble=undef
    usemymalloc=n, bincompat5005=undef
  Compiler:
    cc='cc', ccflags ='-DHAS_FPSETMASK -DHAS_FLOATINGPOINT_H -fno-strict-aliasing -pipe -fstack-protector -I/usr/local/include',
    optimize='-O2',
    cppflags='-DHAS_FPSETMASK -DHAS_FLOATINGPOINT_H -fno-strict-aliasing -pipe -fstack-protector -I/usr/local/include'
    ccversion='', gccversion='FreeBSD Clang 13.0.0 (git@github.com:llvm/llvm-project.git llvmorg-13.0.0-0-gd7b669b3a303)', gccosandvers=''
    intsize=4, longsize=8, ptrsize=8, doublesize=8, byteorder=12345678
    d_longlong=define, longlongsize=8, d_longdbl=define, longdblsize=16
    ivtype='long', ivsize=8, nvtype='double', nvsize=8, Off_t='off_t', lseeksize=8
    alignbytes=8, prototype=define
  Linker and Libraries:
    ld='cc', ldflags ='-Wl,-E  -fstack-protector -L/usr/local/lib'
    libpth=/usr/lib /usr/local/lib /usr/lib/clang/13.0.0/lib /usr/lib
    libs=-lgdbm -ldl -lm -lcrypt -lutil -lc
    perllibs=-ldl -lm -lcrypt -lutil -lc
    libc=, so=so, useshrplib=false, libperl=libperl.a
    gnulibc_version=''
  Dynamic Linking:
    dlsrc=dl_dlopen.xs, dlext=so, d_dlsymun=undef, ccdlflags=' '
    cccdlflags='-DPIC -fPIC', lddlflags='-shared  -L/usr/local/lib -fstack-protector'


Characteristics of this binary (from libperl): 
  Compile-time options: HAS_TIMES PERLIO_LAYERS PERL_DONT_CREATE_GVSV
                        PERL_HASH_FUNC_ONE_AT_A_TIME_HARD PERL_MALLOC_WRAP
                        PERL_NEW_COPY_ON_WRITE PERL_PRESERVE_IVUV
                        USE_64_BIT_ALL USE_64_BIT_INT USE_LARGE_FILES
                        USE_LOCALE USE_LOCALE_COLLATE USE_LOCALE_CTYPE
                        USE_LOCALE_NUMERIC USE_PERLIO USE_PERL_ATOF
  Locally applied patches:
	Devel::PatchPerl 2.08
  Built under freebsd
  Compiled at Mar 26 2023 13:30:28
  %ENV:
    PERL5LIB=":/opt/perl-5.20.0/.cpanplus/5.20.0/build/7Jiz56t3Iq/Pod-Perldoc-3.28/blib/lib:/opt/perl-5.20.0/.cpanplus/5.20.0/build/7Jiz56t3Iq/Pod-Perldoc-3.28/blib/arch"
    PERL5_CPANIDX_URL="http://cpan.mirror.local/cpanidx/"
    PERL5_CPANPLUS_IS_RUNNING="74667"
    PERL5_CPANPLUS_IS_VERSION="0.9914"
    PERL_EXTUTILS_AUTOINSTALL="--defaultdeps"
    PERL_INSTALL_QUIET="1"
    PERL_MM_USE_DEFAULT="1"
  @INC:
    /opt/perl-5.20.0/.cpanplus/5.20.0/build/7Jiz56t3Iq/Pod-Perldoc-3.28/blib/lib
    /opt/perl-5.20.0/.cpanplus/5.20.0/build/7Jiz56t3Iq/Pod-Perldoc-3.28/blib/arch
    /opt/perl-5.20.0/lib/site_perl/5.20.0/amd64-freebsd
    /opt/perl-5.20.0/lib/site_perl/5.20.0
    /opt/perl-5.20.0/lib/5.20.0/amd64-freebsd
    /opt/perl-5.20.0/lib/5.20.0
    .