Back
From: metabase:user:320bfe00-2aae-11df-837a-5e0a49663a4f
Subject: FAIL Music-Tag-MP3-0.4101 v5.17.0 GNU/Linux
Date: 2012-05-28T02:24:34Z
This distribution has been tested as part of the CPAN Testers
project, supporting the Perl programming language. See
http://wiki.cpantesters.org/ for more information or email
questions to cpan-testers-discuss@perl.org
--
Dear Edward J. Allen III,
This is a computer-generated report for Music-Tag-MP3-0.4101
on perl 5.17.0, created by CPAN-Reporter-1.2006.
Thank you for uploading your work to CPAN. However, there was a problem
testing your distribution.
If you think this report is invalid, please consult the CPAN Testers Wiki
for suggestions on how to avoid getting FAIL reports for missing library
or binary dependencies, unsupported operating systems, and so on:
http://wiki.cpantesters.org/wiki/CPANAuthorNotes
Sections of this report:
* Tester comments
* Program output
* Prerequisites
* Environment and other context
------------------------------
TESTER COMMENTS
------------------------------
Additional comments from tester:
this report is from an automated smoke testing program
and was not reviewed by a human for accuracy
------------------------------
PROGRAM OUTPUT
------------------------------
Output from '/usr/bin/make test':
PERL_DL_NONLAZY=1 /home/sand/src/perl/repoperls/installed-perls/perl/v5.16.0-237-g81bca5f/a2da/bin/perl "-MExtUtils::Command::MM" "-e" "test_harness(0, 'blib/lib', 'blib/arch')" t/*.t
Unescaped left brace in regex is deprecated, passed through in regex; marked by <-- HERE in m/
(?:
%{ <-- HERE (\w+)} # method name like %{day_name}
|
%([%a-zA-Z]) # single character specifier like %d
|
%(\d+)N # special case for %N
)
/ at /home/src/perl/repoperls/installed-perls/perl/v5.16.0-237-g81bca5f/a2da/lib/site_perl/5.17.0/x86_64-linux-thread-multi-ld/DateTime.pm line 1066.
Unescaped left brace in regex is deprecated, passed through in regex; marked by <-- HERE in m/%{ <-- HERE (\w+)}/ at /home/src/perl/repoperls/installed-perls/perl/v5.16.0-237-g81bca5f/a2da/lib/site_perl/5.17.0/DateTime/Format/Strptime.pm line 1013.
Unescaped left brace in regex is deprecated, passed through in regex; marked by <-- HERE in m/(%{ <-- HERE (\w+)})/ at /home/src/perl/repoperls/installed-perls/perl/v5.16.0-237-g81bca5f/a2da/lib/site_perl/5.17.0/DateTime/Format/Strptime.pm line 1014.
Unescaped left brace in regex is deprecated, passed through in regex; marked by <-- HERE in m/(\\%(?:\\=)?(\w|\\{ <-- HERE (?:\w|\\[^\w\\{}]|\\\\\\[\\{}])*\\}|\\\W))/ at /home/src/perl/repoperls/installed-perls/perl/v5.16.0-237-g81bca5f/a2da/lib/site_perl/5.17.0/MP3/Tag.pm line 2611.
Writing releasedate: 0325 and time: 2001
Reading releasedate of 2005-03-25 20:01
t/1-mp3.t ........... ok
# Failed test 'POD test for blib/lib/Music/Tag/MP3.pm'
# at /home/src/perl/repoperls/installed-perls/perl/v5.16.0-237-g81bca5f/a2da/lib/site_perl/5.17.0/Test/Pod.pm line 182.
# blib/lib/Music/Tag/MP3.pm (640): Non-ASCII character seen before =encoding in '©'. Assuming UTF-8
# Looks like you failed 1 test of 1.
t/2-pod.t ...........
Dubious, test returned 1 (wstat 256, 0x100)
Failed 1/1 subtests
Unescaped left brace in regex is deprecated, passed through in regex; marked by <-- HERE in m/(\\%(?:\\=)?(\w|\\{ <-- HERE (?:\w|\\[^\w\\{}]|\\\\\\[\\{}])*\\}|\\\W))/ at /home/src/perl/repoperls/installed-perls/perl/v5.16.0-237-g81bca5f/a2da/lib/site_perl/5.17.0/MP3/Tag.pm line 2611.
t/3-pod-coverage.t .. ok
Test Summary Report
-------------------
t/2-pod.t (Wstat: 256 Tests: 1 Failed: 1)
Failed test: 1
Non-zero exit status: 1
Files=3, Tests=64, 1 wallclock secs ( 0.02 usr 0.01 sys + 0.60 cusr 0.06 csys = 0.69 CPU)
Result: FAIL
Failed 1/3 test programs. 1/64 subtests failed.
make: *** [test_dynamic] Error 255
------------------------------
PREREQUISITES
------------------------------
Prerequisite modules loaded:
requires:
Module Need Have
------------------- ------ --------
Data::Dumper 2 2.135_06
Encode 2.12 2.44
File::Copy 0 2.23
File::Spec 3.24 3.39_02
IO::File 1.13 1.16
MP3::Info 1.23 1.24
MP3::Tag 1.13 1.13
Music::Tag 0.4101 0.4103
Test::More 0 0.98
build_requires:
Module Need Have
------------------- ------ --------
ExtUtils::MakeMaker 0 6.63_02
configure_requires:
Module Need Have
------------------- ------ --------
ExtUtils::MakeMaker 0 6.63_02
------------------------------
ENVIRONMENT AND OTHER CONTEXT
------------------------------
Environment variables:
AUTOMATED_TESTING = 1
LANG = en_US.UTF-8
LANGUAGE = en_US:en
PATH = /home/sand/bin:/usr/local/bin:/usr/bin:/bin:/usr/bin/X11:/usr/games:/usr/local/perl/bin:/usr/X11/bin:/sbin:/usr/sbin
PERL5LIB =
PERL5OPT =
PERL5_CPANPLUS_IS_RUNNING = 26211
PERL5_CPAN_IS_RUNNING = 26211
PERL_MM_USE_DEFAULT = 1
SHELL = /usr/bin/zsh
TERM = screen
Perl special variables (and OS-specific diagnostics, for MSWin32):
$^X = /home/sand/src/perl/repoperls/installed-perls/perl/v5.16.0-237-g81bca5f/a2da/bin/perl
$UID/$EUID = 1005 / 1005
$GID = 1005 1005
$EGID = 1005 1005
Perl module toolchain versions installed:
Module Have
------------------- --------
CPAN 1.9800
CPAN::Meta 2.120921
Cwd 3.39_02
ExtUtils::CBuilder 0.280206
ExtUtils::Command 1.17
ExtUtils::Install 1.58
ExtUtils::MakeMaker 6.63_02
ExtUtils::Manifest 1.61
ExtUtils::ParseXS 3.17
File::Spec 3.39_02
JSON 2.53
JSON::PP 2.27200
Module::Build 0.40
Module::Signature 0.68
Parse::CPAN::Meta 1.4404
Test::Harness 3.23
Test::More 0.98
YAML 0.81
YAML::Syck 1.20
version 0.99
--
Summary of my perl5 (revision 5 version 17 subversion 0) configuration:
Commit id: 81bca5f981903ee45d906e8cf88118f1d6030d72
Platform:
osname=linux, osvers=3.2.0-2-amd64, archname=x86_64-linux-thread-multi-ld
uname='linux k83 3.2.0-2-amd64 #1 smp mon apr 30 05:20:23 utc 2012 x86_64 gnulinux '
config_args='-Dprefix=/home/src/perl/repoperls/installed-perls/perl/v5.16.0-237-g81bca5f/a2da -Dmyhostname=k83 -Dinstallusrbinperl=n -Uversiononly -Dusedevel -des -Ui_db -Duseithreads -Duselongdouble -DDEBUGGING=-g'
hint=recommended, useposix=true, d_sigaction=define
useithreads=define, usemultiplicity=define
useperlio=define, d_sfio=undef, uselargefiles=define, usesocks=undef
use64bitint=define, use64bitall=define, uselongdouble=define
usemymalloc=n, bincompat5005=undef
Compiler:
cc='cc', ccflags ='-D_REENTRANT -D_GNU_SOURCE -fno-strict-aliasing -pipe -fstack-protector -I/usr/local/include -D_LARGEFILE_SOURCE -D_FILE_OFFSET_BITS=64',
optimize='-O2 -g',
cppflags='-D_REENTRANT -D_GNU_SOURCE -fno-strict-aliasing -pipe -fstack-protector -I/usr/local/include'
ccversion='', gccversion='4.6.3', gccosandvers=''
intsize=4, longsize=8, ptrsize=8, doublesize=8, byteorder=12345678
d_longlong=define, longlongsize=8, d_longdbl=define, longdblsize=16
ivtype='long', ivsize=8, nvtype='long double', nvsize=16, Off_t='off_t', lseeksize=8
alignbytes=16, prototype=define
Linker and Libraries:
ld='cc', ldflags =' -fstack-protector -L/usr/local/lib'
libpth=/usr/local/lib /lib/x86_64-linux-gnu /lib/../lib /usr/lib/x86_64-linux-gnu /usr/lib/../lib /lib /usr/lib
libs=-lnsl -ldb -ldl -lm -lcrypt -lutil -lpthread -lc
perllibs=-lnsl -ldl -lm -lcrypt -lutil -lpthread -lc
libc=, so=so, useshrplib=false, libperl=libperl.a
gnulibc_version='2.13'
Dynamic Linking:
dlsrc=dl_dlopen.xs, dlext=so, d_dlsymun=undef, ccdlflags='-Wl,-E'
cccdlflags='-fPIC', lddlflags='-shared -O2 -g -L/usr/local/lib -fstack-protector'
Characteristics of this binary (from libperl):
Compile-time options: HAS_TIMES MULTIPLICITY PERLIO_LAYERS
PERL_DONT_CREATE_GVSV PERL_IMPLICIT_CONTEXT
PERL_MALLOC_WRAP PERL_PRESERVE_IVUV PERL_USE_DEVEL
USE_64_BIT_ALL USE_64_BIT_INT USE_ITHREADS
USE_LARGE_FILES USE_LOCALE USE_LOCALE_COLLATE
USE_LOCALE_CTYPE USE_LOCALE_NUMERIC USE_LONG_DOUBLE
USE_PERLIO USE_PERL_ATOF USE_REENTRANT_API
Built under linux
Compiled at May 26 2012 04:37:41
%ENV:
PERL5LIB=""
PERL5OPT=""
PERL5_CPANPLUS_IS_RUNNING="26211"
PERL5_CPAN_IS_RUNNING="26211"
PERL_MM_USE_DEFAULT="1"
@INC:
/home/src/perl/repoperls/installed-perls/perl/v5.16.0-237-g81bca5f/a2da/lib/site_perl/5.17.0/x86_64-linux-thread-multi-ld
/home/src/perl/repoperls/installed-perls/perl/v5.16.0-237-g81bca5f/a2da/lib/site_perl/5.17.0
/home/src/perl/repoperls/installed-perls/perl/v5.16.0-237-g81bca5f/a2da/lib/5.17.0/x86_64-linux-thread-multi-ld
/home/src/perl/repoperls/installed-perls/perl/v5.16.0-237-g81bca5f/a2da/lib/5.17.0
.