Music-Tag-MusicBrainz v0.4101 Perl 5 v5.20.1 amd64-freebsd

Status
Fail
From
Slaven Rezić (SREZIC)
Dist
Music-Tag-MusicBrainz v0.4101
Platform
Perl 5 v5.20.1 amd64-freebsd
Date
2017-08-16 14:21:58
ID
437914c6-828e-11e7-a25a-954ed5cb8dc6
This distribution has been tested as part of the CPAN Testers
project, supporting the Perl programming language.  See
http://wiki.cpantesters.org/ for more information or email
questions to cpan-testers-discuss@perl.org


--
Dear Edward J. Allen III,

This is a computer-generated report for Music-Tag-MusicBrainz-0.4101
on perl 5.20.1, created by CPAN-Reporter-1.2017.

Thank you for uploading your work to CPAN.  However, there was a problem
testing your distribution.

If you think this report is invalid, please consult the CPAN Testers Wiki
for suggestions on how to avoid getting FAIL reports for missing library
or binary dependencies, unsupported operating systems, and so on:

http://wiki.cpantesters.org/wiki/CPANAuthorNotes

Sections of this report:

    * Tester comments
    * Program output
    * Prerequisites
    * Environment and other context

------------------------------
TESTER COMMENTS
------------------------------

Additional comments from tester:

none provided

------------------------------
PROGRAM OUTPUT
------------------------------

Output from '/usr/bin/make test':

PERL_DL_NONLAZY=1 "/usr/perl5.20.1p/bin/perl5.20.1" "-MExtUtils::Command::MM" "-MTest::Harness" "-e" "undef *Test::Harness::Switches; test_harness(0, 'blib/lib', 'blib/arch')" t/*.t
t/1-musicbranz.t .... ok

#   Failed test 'POD test for blib/lib/Music/Tag/MusicBrainz.pm'
#   at /usr/perl5.20.1p/lib/site_perl/5.20.1/Test/Pod.pm line 187.
# blib/lib/Music/Tag/MusicBrainz.pm (771): Non-ASCII character seen before =encoding in '©'. Assuming UTF-8
# Looks like you failed 1 test of 1.
t/2-pod.t ........... 
Dubious, test returned 1 (wstat 256, 0x100)
Failed 1/1 subtests 
t/3-pod-coverage.t .. ok

Test Summary Report
-------------------
t/2-pod.t         (Wstat: 256 Tests: 1 Failed: 1)
  Failed test:  1
  Non-zero exit status: 1
Files=3, Tests=8,  2 wallclock secs ( 0.00 usr  0.02 sys +  0.14 cusr  0.59 csys =  0.76 CPU)
Result: FAIL
Failed 1/3 test programs. 1/8 subtests failed.
*** Error code 255

Stop.
make: stopped in /home/cpansand/.cpan/build/2017081615/Music-Tag-MusicBrainz-0.4101-1

------------------------------
PREREQUISITES
------------------------------

Prerequisite modules loaded:

requires:

    Module                  Need   Have  
    ----------------------- ------ ------
    Cache::FileCache        0      0     
    Music::Tag              0.4101 0.4103
    Text::Levenshtein       0      0.13  
    WebService::MusicBrainz 0.07   1.0.1 

build_requires:

    Module                  Need   Have  
    ----------------------- ------ ------
    ExtUtils::MakeMaker     0      7.24  

configure_requires:

    Module                  Need   Have  
    ----------------------- ------ ------
    ExtUtils::MakeMaker     0      7.24  


------------------------------
ENVIRONMENT AND OTHER CONTEXT
------------------------------

Environment variables:

    LC_ALL = de_DE.ISO8859-1
    PATH = /usr/local/bin:/usr/bin:/bin:/usr/local/sbin:/usr/sbin:/sbin:/home/cpansand/bin/freebsd10.3:/home/cpansand/bin/sh:/home/cpansand/bin:/usr/games:/home/cpansand/devel:/home/eserte/src/srezic-misc/scripts
    PERL5LIB = /home/cpansand/.cpan/build/2017081615/Music-Tag-0.4103-1/blib/arch:/home/cpansand/.cpan/build/2017081615/Music-Tag-0.4103-1/blib/lib:/home/cpansand/.cpan/build/2017081615/Config-Options-0.08-1/blib/arch:/home/cpansand/.cpan/build/2017081615/Config-Options-0.08-1/blib/lib
    PERL5OPT = 
    PERL5_CPANPLUS_IS_RUNNING = 88070
    PERL5_CPAN_IS_RUNNING = 88070
    PERL5_CPAN_IS_RUNNING_IN_RECURSION = 85848,88070
    PERLDOC = -MPod::Perldoc::ToTextOverstrike
    PERL_BATCH = yes
    PERL_CANARY_STABILITY_NOPROMPT = 1
    PERL_CPAN_REPORTER_CONFIG = /var/tmp/cpansmoker-1023/2017081615/cpanreporter_000_config.ini
    PERL_EXTUTILS_AUTOINSTALL = --defaultdeps
    SHELL = /usr/local/bin/zsh
    TERM = screen
    TMPDIR = /var/tmp/cpansmoker-1023/2017081615

Perl special variables (and OS-specific diagnostics, for MSWin32):

    $^X = /usr/perl5.20.1p/bin/perl5.20.1
    $UID/$EUID = 1023 / 1023
    $GID = 1023 1023
    $EGID = 1023 1023

Perl module toolchain versions installed:

    Module              Have    
    ------------------- --------
    CPAN                2.16    
    CPAN::Meta          2.150010
    Cwd                 3.62    
    ExtUtils::CBuilder  0.280226
    ExtUtils::Command   7.24    
    ExtUtils::Install   2.14    
    ExtUtils::MakeMaker 7.24    
    ExtUtils::Manifest  1.70    
    ExtUtils::ParseXS   3.35    
    File::Spec          3.62    
    JSON                2.94    
    JSON::PP            2.94    
    Module::Build       0.4222  
    Module::Signature   0.79    
    Parse::CPAN::Meta   2.150010
    Test::Harness       3.38    
    Test::More          1.302086
    YAML                1.23    
    YAML::Syck          1.29    
    version             0.9916  


--

Summary of my perl5 (revision 5 version 20 subversion 1) configuration:
   
  Platform:
    osname=freebsd, osvers=10.1-release, archname=amd64-freebsd
    uname='freebsd cvrsnica-freebsd-101.herceg.de 10.1-release freebsd 10.1-release #0 r274401: tue nov 11 21:02:49 utc 2014 root@releng1.nyi.freebsd.org:usrobjusrsrcsysgeneric amd64 '
    config_args='-ds -e -Dprefix=/usr/perl5.20.1p'
    hint=recommended, useposix=true, d_sigaction=define
    useithreads=undef, usemultiplicity=undef
    use64bitint=define, use64bitall=define, uselongdouble=undef
    usemymalloc=n, bincompat5005=undef
  Compiler:
    cc='cc', ccflags ='-DHAS_FPSETMASK -DHAS_FLOATINGPOINT_H -fno-strict-aliasing -pipe -fstack-protector -I/usr/local/include',
    optimize='-O',
    cppflags='-DHAS_FPSETMASK -DHAS_FLOATINGPOINT_H -fno-strict-aliasing -pipe -fstack-protector -I/usr/local/include'
    ccversion='', gccversion='4.2.1 Compatible FreeBSD Clang 3.4.1 (tags/RELEASE_34/dot1-final 208032)', gccosandvers=''
    intsize=4, longsize=8, ptrsize=8, doublesize=8, byteorder=12345678
    d_longlong=define, longlongsize=8, d_longdbl=define, longdblsize=16
    ivtype='long', ivsize=8, nvtype='double', nvsize=8, Off_t='off_t', lseeksize=8
    alignbytes=8, prototype=define
  Linker and Libraries:
    ld='cc', ldflags ='-pthread -Wl,-E  -fstack-protector -L/usr/local/lib'
    libpth=/usr/lib /usr/local/lib /usr/include/clang/3.4.1 /usr/lib
    libs=-lm -lcrypt -lutil -lc
    perllibs=-lm -lcrypt -lutil -lc
    libc=, so=so, useshrplib=false, libperl=libperl.a
    gnulibc_version=''
  Dynamic Linking:
    dlsrc=dl_dlopen.xs, dlext=so, d_dlsymun=undef, ccdlflags=' '
    cccdlflags='-DPIC -fPIC', lddlflags='-shared  -L/usr/local/lib -fstack-protector'


Characteristics of this binary (from libperl): 
  Compile-time options: HAS_TIMES PERLIO_LAYERS PERL_DONT_CREATE_GVSV
                        PERL_HASH_FUNC_ONE_AT_A_TIME_HARD PERL_MALLOC_WRAP
                        PERL_NEW_COPY_ON_WRITE PERL_PRESERVE_IVUV
                        USE_64_BIT_ALL USE_64_BIT_INT USE_LARGE_FILES
                        USE_LOCALE USE_LOCALE_COLLATE USE_LOCALE_CTYPE
                        USE_LOCALE_NUMERIC USE_PERLIO USE_PERL_ATOF
  Built under freebsd
  Compiled at Jan 29 2015 08:45:50
  %ENV:
    PERL5LIB="/home/cpansand/.cpan/build/2017081615/Music-Tag-0.4103-1/blib/arch:/home/cpansand/.cpan/build/2017081615/Music-Tag-0.4103-1/blib/lib:/home/cpansand/.cpan/build/2017081615/Config-Options-0.08-1/blib/arch:/home/cpansand/.cpan/build/2017081615/Config-Options-0.08-1/blib/lib"
    PERL5OPT=""
    PERL5_CPANPLUS_IS_RUNNING="88070"
    PERL5_CPAN_IS_RUNNING="88070"
    PERL5_CPAN_IS_RUNNING_IN_RECURSION="85848,88070"
    PERLDOC="-MPod::Perldoc::ToTextOverstrike"
    PERL_BATCH="yes"
    PERL_CANARY_STABILITY_NOPROMPT="1"
    PERL_CPAN_REPORTER_CONFIG="/var/tmp/cpansmoker-1023/2017081615/cpanreporter_000_config.ini"
    PERL_EXTUTILS_AUTOINSTALL="--defaultdeps"
  @INC:
    /home/cpansand/.cpan/build/2017081615/Music-Tag-0.4103-1/blib/arch
    /home/cpansand/.cpan/build/2017081615/Music-Tag-0.4103-1/blib/lib
    /home/cpansand/.cpan/build/2017081615/Config-Options-0.08-1/blib/arch
    /home/cpansand/.cpan/build/2017081615/Config-Options-0.08-1/blib/lib
    /usr/perl5.20.1p/lib/site_perl/5.20.1/amd64-freebsd
    /usr/perl5.20.1p/lib/site_perl/5.20.1
    /usr/perl5.20.1p/lib/5.20.1/amd64-freebsd
    /usr/perl5.20.1p/lib/5.20.1
    .