Report for rpm-build-perl-0.82

Back
From: metabase:user:20a45eae-6c1a-1014-abaf-4bc2b30e56df
Subject: FAIL rpm-build-perl-0.82 v5.20.2 Windows (Cygwin)
Date: 2015-06-15T22:56:27Z

This distribution has been tested as part of the CPAN Testers
project, supporting the Perl programming language.  See
http://wiki.cpantesters.org/ for more information or email
questions to cpan-testers-discuss@perl.org


--
Dear Alexey Tourbin,

This is a computer-generated report for rpm-build-perl-0.82
on perl 5.20.2, created by CPAN-Reporter-1.2014.

Thank you for uploading your work to CPAN.  However, there was a problem
testing your distribution.

If you think this report is invalid, please consult the CPAN Testers Wiki
for suggestions on how to avoid getting FAIL reports for missing library
or binary dependencies, unsupported operating systems, and so on:

http://wiki.cpantesters.org/wiki/CPANAuthorNotes

Sections of this report:

    * Tester comments
    * Program output
    * Prerequisites
    * Environment and other context

------------------------------
TESTER COMMENTS
------------------------------

Additional comments from tester:

this report is from an automated smoke testing program
and was not reviewed by a human for accuracy

------------------------------
PROGRAM OUTPUT
------------------------------

Output from '/usr/bin/make test':

make[1]: Entering directory '/cygdrive/e/opt/perl5/cygwin_nt-6.1/2.0.2/x86_64/cpan/5.20.2/cygwin-thread-multi/build/rpm-build-perl-0.82-6MG679/ConstOptree'
Running Mkbootstrap for B::ConstOptree ()
chmod 644 ConstOptree.bs
make[1]: Leaving directory '/cygdrive/e/opt/perl5/cygwin_nt-6.1/2.0.2/x86_64/cpan/5.20.2/cygwin-thread-multi/build/rpm-build-perl-0.82-6MG679/ConstOptree'
PERL_DL_NONLAZY=1 /cygdrive/e/opt/perl5/cygwin_nt-6.1/2.0.2/x86_64/perl/5.20.2/cygwin-thread-multi/bin/perl.exe "-MExtUtils::Command::MM" "-MTest::Harness" "-e" "undef *Test::Harness::Switches; test_harness(0, 'blib/lib', 'blib/arch')" t/*.t

#   Failed test at t/01-B-PerlReq.t line 49.
#          got: 'perl(Data/Dumper.pm)'
#     expected: ''
# Looks like you failed 1 test of 78.
t/01-B-PerlReq.t .. 
Dubious, test returned 1 (wstat 256, 0x100)
Failed 1/78 subtests 
t/02-perlreq.t .... ok
t/03-perlprov.t ... ok

Test Summary Report
-------------------
t/01-B-PerlReq.t (Wstat: 256 Tests: 78 Failed: 1)
  Failed test:  8
  Non-zero exit status: 1
Files=3, Tests=112, 19 wallclock secs ( 0.03 usr  0.11 sys +  5.52 cusr 13.20 csys = 18.86 CPU)
Result: FAIL
Failed 1/3 test programs. 1/112 subtests failed.
Makefile:975: recipe for target 'test_dynamic' failed
make: *** [test_dynamic] Error 255

------------------------------
PREREQUISITES
------------------------------

Prerequisite modules loaded:

requires:

    Module              Need Have    
    ------------------- ---- --------
    B                   0    1.48    
    Encode              0    2.60    
    O                   0    1.01    
    Safe                0    2.37    
    Test::More          0    1.001014

build_requires:

    Module              Need Have    
    ------------------- ---- --------
    ExtUtils::MakeMaker 0    6.98    

configure_requires:

    Module              Need Have    
    ------------------- ---- --------
    ExtUtils::MakeMaker 0    6.98    


------------------------------
ENVIRONMENT AND OTHER CONTEXT
------------------------------

Environment variables:

    AUTOMATED_TESTING = 1
    COMSPEC = C:\Windows\system32\cmd.exe
    LD_LIBRARY_PATH = 
    NUMBER_OF_PROCESSORS = 8
    PATH = /opt/perl5/cygwin_nt-6.1/2.0.2/x86_64/bin/5.20.2/cygwin-thread-multi:/opt/perl5/cygwin_nt-6.1/2.0.2/x86_64/perl/5.20.2/cygwin-thread-multi/local/bin:/opt/perl5/cygwin_nt-6.1/2.0.2/x86_64/perl/5.20.2/cygwin-thread-multi/bin:/usr/local/bin:/usr/bin
    PERL5LIB = /opt/perl5/cygwin_nt-6.1/2.0.2/x86_64/perl/5.20.2/cygwin-thread-multi/local/lib/site_perl/5.20.2:/opt/perl5/cygwin_nt-6.1/2.0.2/x86_64/perl/5.20.2/cygwin-thread-multi/local/lib/5.20.2:/opt/perl5/cygwin_nt-6.1/2.0.2/x86_64/perl/5.20.2/cygwin-thread-multi/local/lib/perl5
    PERL5OPT = 
    PERL5_CPANPLUS_IS_RUNNING = 5972
    PERL5_CPAN_IS_RUNNING = 5972
    PERL_CPAN_REPORTER_CONFIG = /opt/perl5/cygwin_nt-6.1/2.0.2/x86_64/cpan/5.20.2/cygwin-thread-multi/reporter/config.ini
    PERL_CPAN_REPORTER_DIR = /opt/perl5/cygwin_nt-6.1/2.0.2/x86_64/cpan/5.20.2/cygwin-thread-multi/reporter
    PERL_EXTUTILS_AUTOINSTALL = 1
    PERL_MM_USE_DEFAULT = 1
    PERL_MY_PREFIX = /opt/perl5
    PERL_MY_SOURCE_DIR = /cygdrive/e/src/perl
    PERL_TEST_CRITIC = 1
    PERL_TEST_CRITIC = 1
    PERL_TEST_POD = 1
    PERL_TEST_POD = 1
    POD_TESTING = 1
    POD_TESTS = 1
    PROCESSOR_IDENTIFIER = Intel64 Family 6 Model 42 Stepping 7, GenuineIntel
    SHELL = /usr/bin/bash
    TEMP = /tmp
    TERM = xterm

Perl special variables (and OS-specific diagnostics, for MSWin32):

    $^X = /cygdrive/e/opt/perl5/cygwin_nt-6.1/2.0.2/x86_64/perl/5.20.2/cygwin-thread-multi/bin/perl
    $UID/$EUID = 1006 / 1006
    $GID = 513 513 1003 545 4 66049 11 15 113 4095 66048 262154 401408
    $EGID = 513 513 1003 545 4 66049 11 15 113 4095 66048 262154 401408

Perl module toolchain versions installed:

    Module              Have    
    ------------------- --------
    CPAN                2.05    
    CPAN::Meta          2.150001
    Cwd                 3.48_01 
    ExtUtils::CBuilder  0.280217
    ExtUtils::Command   1.18    
    ExtUtils::Install   1.67    
    ExtUtils::MakeMaker 6.98    
    ExtUtils::Manifest  1.63    
    ExtUtils::ParseXS   3.24    
    File::Spec          3.48_01 
    JSON                n/a     
    JSON::PP            2.27203 
    Module::Build       0.4212  
    Module::Signature   n/a     
    Parse::CPAN::Meta   1.4414  
    Test::Harness       3.30    
    Test::More          1.001014
    YAML                1.15    
    YAML::Syck          n/a     
    version             0.9909  


--

Summary of my perl5 (revision 5 version 20 subversion 2) configuration:
   
  Platform:
    osname=cygwin, osvers=2.0.2(0.28753), archname=cygwin-thread-multi
    uname='cygwin_nt-6.1 rigel 2.0.2(0.28753) 2015-05-08 17:00 x86_64 cygwin '
    config_args='-de -Dmksymlinks -Dcc=gcc -Dld=g++ -Uinc_version_list -Uinstallusrbinperl -Dusethreads -Dusemultiplicity -Duse64bitint -Uuselongdouble -Dprefix=/opt/perl5/cygwin_nt-6.1/2.0.2/x86_64/perl/5.20.2/cygwin-thread-multi'
    hint=recommended, useposix=true, d_sigaction=define
    useithreads=define, usemultiplicity=define
    use64bitint=define, use64bitall=define, uselongdouble=undef
    usemymalloc=n, bincompat5005=undef
  Compiler:
    cc='gcc', ccflags ='-DPERL_USE_SAFE_PUTENV -U__STRICT_ANSI__ -fwrapv -fno-strict-aliasing -pipe -fstack-protector',
    optimize='-O3',
    cppflags='-DPERL_USE_SAFE_PUTENV -U__STRICT_ANSI__ -fwrapv -fno-strict-aliasing -pipe -fstack-protector'
    ccversion='', gccversion='4.9.2', gccosandvers=''
    intsize=4, longsize=8, ptrsize=8, doublesize=8, byteorder=12345678
    d_longlong=define, longlongsize=8, d_longdbl=define, longdblsize=16
    ivtype='long', ivsize=8, nvtype='double', nvsize=8, Off_t='off_t', lseeksize=8
    alignbytes=8, prototype=define
  Linker and Libraries:
    ld='g++', ldflags =' -Wl,--enable-auto-import -Wl,--export-all-symbols -Wl,--enable-auto-image-base -fstack-protector -L/usr/local/lib'
    libpth=/usr/lib/gcc/x86_64-pc-cygwin/4.9.2/include-fixed /usr/lib /usr/lib/gcc/x86_64-pc-cygwin/4.9.2/../../../../lib/../include/w32api /usr/local/lib /lib
    libs=-ldb -ldl -lcrypt
    perllibs=-ldl -lcrypt
    libc=/usr/lib/libc.a, so=dll, useshrplib=true, libperl=cygperl5_20_2.dll
    gnulibc_version=''
  Dynamic Linking:
    dlsrc=dl_dlopen.xs, dlext=dll, d_dlsymun=undef, ccdlflags=' '
    cccdlflags=' ', lddlflags=' --shared  -Wl,--enable-auto-import -Wl,--export-all-symbols -Wl,--enable-auto-image-base -L/usr/local/lib -fstack-protector'


Characteristics of this binary (from libperl): 
  Compile-time options: HAS_TIMES MULTIPLICITY PERLIO_LAYERS
                        PERL_DONT_CREATE_GVSV
                        PERL_HASH_FUNC_ONE_AT_A_TIME_HARD
                        PERL_IMPLICIT_CONTEXT PERL_NEW_COPY_ON_WRITE
                        PERL_PRESERVE_IVUV PERL_USE_SAFE_PUTENV
                        USE_64_BIT_ALL USE_64_BIT_INT USE_ITHREADS
                        USE_LARGE_FILES USE_LOCALE USE_LOCALE_COLLATE
                        USE_LOCALE_CTYPE USE_LOCALE_NUMERIC USE_PERLIO
                        USE_PERL_ATOF USE_REENTRANT_API
  Built under cygwin
  Compiled at Jun  9 2015 19:13:25
  %ENV:
    PERL5LIB="/opt/perl5/cygwin_nt-6.1/2.0.2/x86_64/perl/5.20.2/cygwin-thread-multi/local/lib/site_perl/5.20.2:/opt/perl5/cygwin_nt-6.1/2.0.2/x86_64/perl/5.20.2/cygwin-thread-multi/local/lib/5.20.2:/opt/perl5/cygwin_nt-6.1/2.0.2/x86_64/perl/5.20.2/cygwin-thread-multi/local/lib/perl5"
    PERL5OPT=""
    PERL5_CPANPLUS_IS_RUNNING="5972"
    PERL5_CPAN_IS_RUNNING="5972"
    PERL_CPAN_REPORTER_CONFIG="/opt/perl5/cygwin_nt-6.1/2.0.2/x86_64/cpan/5.20.2/cygwin-thread-multi/reporter/config.ini"
    PERL_CPAN_REPORTER_DIR="/opt/perl5/cygwin_nt-6.1/2.0.2/x86_64/cpan/5.20.2/cygwin-thread-multi/reporter"
    PERL_EXTUTILS_AUTOINSTALL="1"
    PERL_MM_USE_DEFAULT="1"
    PERL_MY_PREFIX="/opt/perl5"
    PERL_MY_SOURCE_DIR="/cygdrive/e/src/perl"
    PERL_TEST_CRITIC="1"
    PERL_TEST_POD="1"
    CYGWIN="codepage:utf8 nodosfilewarning"
  @INC:
    /opt/perl5/cygwin_nt-6.1/2.0.2/x86_64/perl/5.20.2/cygwin-thread-multi/local/lib/site_perl/5.20.2/cygwin-thread-multi
    /opt/perl5/cygwin_nt-6.1/2.0.2/x86_64/perl/5.20.2/cygwin-thread-multi/local/lib/site_perl/5.20.2
    /opt/perl5/cygwin_nt-6.1/2.0.2/x86_64/perl/5.20.2/cygwin-thread-multi/local/lib/5.20.2/cygwin-thread-multi
    /opt/perl5/cygwin_nt-6.1/2.0.2/x86_64/perl/5.20.2/cygwin-thread-multi/local/lib/5.20.2
    /opt/perl5/cygwin_nt-6.1/2.0.2/x86_64/perl/5.20.2/cygwin-thread-multi/local/lib/perl5/cygwin-thread-multi
    /opt/perl5/cygwin_nt-6.1/2.0.2/x86_64/perl/5.20.2/cygwin-thread-multi/local/lib/perl5
    /opt/perl5/cygwin_nt-6.1/2.0.2/x86_64/perl/5.20.2/cygwin-thread-multi/lib/site_perl/5.20.2/cygwin-thread-multi
    /opt/perl5/cygwin_nt-6.1/2.0.2/x86_64/perl/5.20.2/cygwin-thread-multi/lib/site_perl/5.20.2
    /opt/perl5/cygwin_nt-6.1/2.0.2/x86_64/perl/5.20.2/cygwin-thread-multi/lib/5.20.2/cygwin-thread-multi
    /opt/perl5/cygwin_nt-6.1/2.0.2/x86_64/perl/5.20.2/cygwin-thread-multi/lib/5.20.2
    .