YAML v1.27 Perl 5 v5.8.6 i86pc-solaris-thread-multi

Status
Fail
From
Nigel Horne
Dist
YAML v1.27
Platform
Perl 5 v5.8.6 i86pc-solaris-thread-multi
Date
2018-12-04 14:38:27
ID
42fcf48a-f7d2-11e8-8fac-067b26775573
This distribution has been tested as part of the CPAN Testers
project, supporting the Perl programming language.  See
http://wiki.cpantesters.org/ for more information or email
questions to cpan-testers-discuss@perl.org


--
Dear Tina Muller,

This is a computer-generated report for YAML-1.27
on perl 5.8.6, created by CPAN-Reporter-1.2018.

Thank you for uploading your work to CPAN.  However, there was a problem
testing your distribution.

If you think this report is invalid, please consult the CPAN Testers Wiki
for suggestions on how to avoid getting FAIL reports for missing library
or binary dependencies, unsupported operating systems, and so on:

http://wiki.cpantesters.org/wiki/CPANAuthorNotes

Sections of this report:

    * Tester comments
    * Program output
    * Prerequisites
    * Environment and other context

------------------------------
TESTER COMMENTS
------------------------------

Additional comments from tester:

none provided

------------------------------
PROGRAM OUTPUT
------------------------------

Output from '/usr/bin/make test':

PERL_DL_NONLAZY=1 "/export/home/njh/perl5/perlbrew/perls/perl-5.8.6-thread/bin/perl5.8.6" "-MExtUtils::Command::MM" "-MTest::Harness" "-e" "undef *Test::Harness::Switches; test_harness(0, 'blib/lib', 'blib/arch')" t/*.t
t/000-compile-modules.t ............ ok
t/2-scalars.t ...................... ok
t/author-pod-syntax.t .............. skipped: these tests are for testing by the author
t/basic-tests.t .................... ok
t/bugs-emailed.t ................... ok
t/bugs-rt.t ........................ ok
t/changes.t ........................ ok
t/dump-basics.t .................... ok
t/dump-blessed-glob.t .............. ok
t/dump-blessed.t ................... ok

#   Failed test 'a code ref (n->y)'
#   at /export/home/njh/perl5/perlbrew/perls/perl-5.8.6-thread/lib/site_perl/5.8.6/Test/YAML.pm line 63.
#          got: '--- !!perl/code |
# {
#     use warnings;
#     use strict 'refs';
#     'Something at least 30 chars';
# }
# '
#     expected: '--- !!perl/code |
# {
#     BEGIN {${^WARNING_BITS} = "UUUUUUUUUUUU\001"}
#     use strict 'refs';
#     'Something at least 30 chars';
# }
# '

#   Failed test 'an array of the same code ref (n->y)'
#   at /export/home/njh/perl5/perlbrew/perls/perl-5.8.6-thread/lib/site_perl/5.8.6/Test/YAML.pm line 63.
#          got: '---
# - &1 !!perl/code |
#   {
#       use warnings;
#       use strict 'refs';
#       'Something at least 30 chars';
#   }
# - *1
# - *1
# '
#     expected: '---
# - &1 !!perl/code |
#   {
#       BEGIN {${^WARNING_BITS} = "UUUUUUUUUUUU\001"}
#       use strict 'refs';
#       'Something at least 30 chars';
#   }
# - *1
# - *1
# '

#   Failed test 'blessed code ref (n->y)'
#   at /export/home/njh/perl5/perlbrew/perls/perl-5.8.6-thread/lib/site_perl/5.8.6/Test/YAML.pm line 63.
#          got: '--- !!perl/code:Foo::Bar |
# {
#     use warnings;
#     use strict 'refs';
#     'Something at least 30 chars';
# }
# '
#     expected: '--- !!perl/code:Foo::Bar |
# {
#     BEGIN {${^WARNING_BITS} = "UUUUUUUUUUUU\001"}
#     use strict 'refs';
#     'Something at least 30 chars';
# }
# '
# Looks like you failed 3 tests of 7.
t/dump-code.t ...................... 
Dubious, test returned 3 (wstat 768, 0x300)
Failed 3/7 subtests 
t/dump-file-utf8.t ................. ok
t/dump-file.t ...................... ok
t/dump-nested.t .................... ok
t/dump-opts.t ...................... ok
t/dump-perl-types-512.t ............ ok
t/dump-perl-types-514.t ............ skipped: test only for perls v5.13.5-11-gfb85c04 or later

#   Failed test 'Code'
#   at t/dump-perl-types.t line 20.
#          got: '--- !!perl/code |
# {
#     use warnings;
#     use strict 'refs';
#     print "Hello, world\n";
# }
# '
#     expected: '--- !!perl/code |
# {
#     BEGIN {${^WARNING_BITS} = "UUUUUUUUUUUU\001"}
#     use strict 'refs';
#     print "Hello, world\n";
# }
# '

#   Failed test 'Code Glob'
#   at t/dump-perl-types.t line 20.
#          got: '--- !!perl/glob:
# PACKAGE: main
# NAME: var3
# CODE: !!perl/code |
#   {
#       use warnings;
#       use strict 'refs';
#       print "Hello, world\n";
#   }
# '
#     expected: '--- !!perl/glob:
# PACKAGE: main
# NAME: var3
# CODE: !!perl/code |
#   {
#       BEGIN {${^WARNING_BITS} = "UUUUUUUUUUUU\001"}
#       use strict 'refs';
#       print "Hello, world\n";
#   }
# '
# Looks like you failed 2 tests of 14.
t/dump-perl-types.t ................ 
Dubious, test returned 2 (wstat 512, 0x200)
Failed 2/14 subtests 
t/dump-stringify.t ................. ok
t/dump-stringy-numbers.t ........... ok
t/dump-synopsis.t .................. ok
t/dump-tests-512.t ................. ok
t/dump-tests-514.t ................. skipped: test only for perls v5.13.5-11-gfb85c04 or later
t/dump-tests.t ..................... ok
t/dump-works.t ..................... ok
t/errors.t ......................... ok
t/export.t ......................... ok
t/freeze-thaw.t .................... ok
t/global-api.t ..................... ok
t/inbox.t .......................... ok
t/io-handle.t ...................... ok
t/issue-149.t ...................... ok
t/issue-69.t ....................... ok
t/load-code.t ...................... ok
t/load-fails.t ..................... ok
t/load-passes.t .................... ok
t/load-slides.t .................... ok
t/load-spec.t ...................... ok
t/load-tests.t ..................... ok
t/load-works.t ..................... ok
t/marshall.t ....................... ok
t/no-load-blessed.t ................ ok
t/node-info.t ...................... ok
t/numify.t ......................... ok
t/preserve.t ....................... ok
t/pugs-objects.t ................... ok
t/references.t ..................... ok
t/regexp.t ......................... ok
t/roundtrip.t ...................... ok
t/rt-90593.t ....................... skipped: Skip old perls
t/svk.t ............................ ok
t/test.t ........................... ok
t/trailing-comments-content.t ...... ok
t/trailing-comments-non-content.t .. ok

Test Summary Report
-------------------
t/dump-code.t                    (Wstat: 768 Tests: 7 Failed: 3)
  Failed tests:  1, 3, 7
  Non-zero exit status: 3
t/dump-perl-types.t              (Wstat: 512 Tests: 14 Failed: 2)
  Failed tests:  4, 8
  Non-zero exit status: 2
Files=54, Tests=538, 10 wallclock secs ( 0.33 usr  0.17 sys +  7.44 cusr  1.22 csys =  9.16 CPU)
Result: FAIL
Failed 2/54 test programs. 5/538 subtests failed.
*** Error code 29
make: Fatal error: Command failed for target `test_dynamic'

------------------------------
PREREQUISITES
------------------------------

Prerequisite modules loaded:

requires:

    Module              Need     Have    
    ------------------- -------- --------
    perl                5.008001 5.008006

build_requires:

    Module              Need     Have    
    ------------------- -------- --------
    Encode              0        2.98    
    ExtUtils::MakeMaker 0        7.34    
    Test::Deep          0        1.128   
    Test::More          0.88     1.302140
    Test::YAML          1.05     1.07    

configure_requires:

    Module              Need     Have    
    ------------------- -------- --------
    ExtUtils::MakeMaker 0        7.34    


------------------------------
ENVIRONMENT AND OTHER CONTEXT
------------------------------

Environment variables:

    LANG = en_US.UTF-8
    NONINTERACTIVE_TESTING = 1
    PATH = /export/home/njh/perl5/perlbrew/bin:/export/home/njh/perl5/perlbrew/perls/perl-5.8.6-thread/bin:/usr/bin:/usr/sbin:/sbin:/usr/gnu/bin
    PERL5LIB = 
    PERL5OPT = 
    PERL5_CPANPLUS_IS_RUNNING = 15951
    PERL5_CPAN_IS_RUNNING = 15951
    PERLBREW_HOME = /export/home/njh/.perlbrew
    PERLBREW_MANPATH = /export/home/njh/perl5/perlbrew/perls/perl-5.8.6-thread/man
    PERLBREW_PATH = /export/home/njh/perl5/perlbrew/bin:/export/home/njh/perl5/perlbrew/perls/perl-5.8.6-thread/bin
    PERLBREW_PERL = perl-5.8.6-thread
    PERLBREW_ROOT = /export/home/njh/perl5/perlbrew
    PERLBREW_SHELLRC_VERSION = 0.84
    PERLBREW_VERSION = 0.84
    PERL_MM_USE_DEFAULT = 1
    SHELL = /bin/bash
    TERM = xterm-256color
    TMPDIR = /tmp

Perl special variables (and OS-specific diagnostics, for MSWin32):

    $^X = /export/home/njh/perl5/perlbrew/perls/perl-5.8.6-thread/bin/perl5.8.6
    $UID/$EUID = 101 / 101
    $GID = 10 10
    $EGID = 10 10

Perl module toolchain versions installed:

    Module              Have    
    ------------------- --------
    CPAN                2.16    
    CPAN::Meta          2.143240
    Cwd                 3.75    
    ExtUtils::CBuilder  0.280230
    ExtUtils::Command   7.34    
    ExtUtils::Install   2.06    
    ExtUtils::MakeMaker 7.34    
    ExtUtils::Manifest  1.70    
    ExtUtils::ParseXS   3.35    
    File::Spec          3.75    
    JSON                2.97001 
    JSON::PP            2.97001 
    Module::Build       0.4224  
    Module::Signature   n/a     
    Parse::CPAN::Meta   1.4414  
    Test::Harness       3.42    
    Test::More          1.302140
    YAML                n/a     
    YAML::Syck          n/a     
    version             0.9924  


--

Summary of my perl5 (revision 5 version 8 subversion 6) configuration:
  Platform:
    osname=solaris, osvers=2.11, archname=i86pc-solaris-thread-multi
    uname='sunos vultr1.bandsman.co.uk 5.11 illumos-b075503f22 i86pc i386 i86pc '
    config_args='-de -Dprefix=/export/home/njh/perl5/perlbrew/perls/perl-5.8.6-thread -Dusedevel -Dusethreads -Accflags= -Aeval:scriptdir=/export/home/njh/perl5/perlbrew/perls/perl-5.8.6-thread/bin'
    hint=recommended, useposix=true, d_sigaction=define
    usethreads=define use5005threads=undef useithreads=define usemultiplicity=define
    useperlio=define d_sfio=undef uselargefiles=define usesocks=undef
    use64bitint=undef use64bitall=undef uselongdouble=undef
    usemymalloc=n, bincompat5005=undef
  Compiler:
    cc='/opt/SUNWspro/bin/cc', ccflags ='-D_REENTRANT -I/usr/gnu/include -D_LARGEFILE_SOURCE -D_FILE_OFFSET_BITS=64',
    optimize='-O',
    cppflags='-D_REENTRANT -I/usr/gnu/include'
    ccversion='Sun C 5.10 SunOS_i386 2009/06/03', gccversion='', gccosandvers=''
    intsize=4, longsize=4, ptrsize=4, doublesize=8, byteorder=1234
    d_longlong=define, longlongsize=8, d_longdbl=define, longdblsize=12
    ivtype='long', ivsize=4, nvtype='double', nvsize=8, Off_t='off_t', lseeksize=8
    alignbytes=4, prototype=define
  Linker and Libraries:
    ld='/opt/SUNWspro/bin/cc', ldflags =' -L/usr/lib -L/usr/ccs/lib -L/opt/sunstudio12.1/prod/lib -L/lib -L/usr/gnu/lib '
    libpth=/usr/lib /usr/ccs/lib /opt/sunstudio12.1/prod/lib /lib /usr/gnu/lib
    libs=-lsocket -lnsl -lgdbm -ldb -ldl -lm -lpthread -lc
    perllibs=-lsocket -lnsl -ldl -lm -lpthread -lc
    libc=/lib/libc.so, so=so, useshrplib=true, libperl=libperl.so
    gnulibc_version=''
  Dynamic Linking:
    dlsrc=dl_dlopen.xs, dlext=so, d_dlsymun=undef, ccdlflags='  -R /export/home/njh/perl5/perlbrew/perls/perl-5.8.6-thread/lib/5.8.6/i86pc-solaris-thread-multi/CORE'
    cccdlflags='-KPIC', lddlflags='-G -L/usr/lib -L/usr/ccs/lib -L/opt/sunstudio12.1/prod/lib -L/lib -L/usr/gnu/lib'


Characteristics of this binary (from libperl): 
  Compile-time options: MULTIPLICITY USE_ITHREADS USE_LARGE_FILES PERL_IMPLICIT_CONTEXT
  Locally applied patches:
	Devel::PatchPerl 1.52
  Built under solaris
  Compiled at Sep 15 2018 18:28:48
  %ENV:
    PERL5LIB=""
    PERL5OPT=""
    PERL5_CPANPLUS_IS_RUNNING="15951"
    PERL5_CPAN_IS_RUNNING="15951"
    PERLBREW_HOME="/export/home/njh/.perlbrew"
    PERLBREW_MANPATH="/export/home/njh/perl5/perlbrew/perls/perl-5.8.6-thread/man"
    PERLBREW_PATH="/export/home/njh/perl5/perlbrew/bin:/export/home/njh/perl5/perlbrew/perls/perl-5.8.6-thread/bin"
    PERLBREW_PERL="perl-5.8.6-thread"
    PERLBREW_ROOT="/export/home/njh/perl5/perlbrew"
    PERLBREW_SHELLRC_VERSION="0.84"
    PERLBREW_VERSION="0.84"
    PERL_MM_USE_DEFAULT="1"
  @INC:
    /export/home/njh/perl5/perlbrew/perls/perl-5.8.6-thread/lib/5.8.6/i86pc-solaris-thread-multi
    /export/home/njh/perl5/perlbrew/perls/perl-5.8.6-thread/lib/5.8.6
    /export/home/njh/perl5/perlbrew/perls/perl-5.8.6-thread/lib/site_perl/5.8.6/i86pc-solaris-thread-multi
    /export/home/njh/perl5/perlbrew/perls/perl-5.8.6-thread/lib/site_perl/5.8.6
    /export/home/njh/perl5/perlbrew/perls/perl-5.8.6-thread/lib/site_perl
    .