Back
From: metabase:user:20a45eae-6c1a-1014-abaf-4bc2b30e56df
Subject: FAIL rpm-build-perl-0.82 v5.21.7 Windows (Cygwin)
Date: 2015-04-28T22:58:26Z
This distribution has been tested as part of the CPAN Testers
project, supporting the Perl programming language. See
http://wiki.cpantesters.org/ for more information or email
questions to cpan-testers-discuss@perl.org
--
Dear Alexey Tourbin,
This is a computer-generated report for rpm-build-perl-0.82
on perl 5.21.7, created by CPAN-Reporter-1.2014.
Thank you for uploading your work to CPAN. However, there was a problem
testing your distribution.
If you think this report is invalid, please consult the CPAN Testers Wiki
for suggestions on how to avoid getting FAIL reports for missing library
or binary dependencies, unsupported operating systems, and so on:
http://wiki.cpantesters.org/wiki/CPANAuthorNotes
Sections of this report:
* Tester comments
* Program output
* Prerequisites
* Environment and other context
------------------------------
TESTER COMMENTS
------------------------------
Additional comments from tester:
this report is from an automated smoke testing program
and was not reviewed by a human for accuracy
------------------------------
PROGRAM OUTPUT
------------------------------
Output from '/usr/bin/make test':
make[1]: Entering directory '/opt/perl5/cygwin_nt-6.1/1.7.35/x86_64/cpan/5.21.7/cygwin-multi/build/rpm-build-perl-0.82-wYTht8/ConstOptree'
Running Mkbootstrap for B::ConstOptree ()
chmod 644 "ConstOptree.bs"
Manifying 1 pod document
make[1]: Leaving directory '/opt/perl5/cygwin_nt-6.1/1.7.35/x86_64/cpan/5.21.7/cygwin-multi/build/rpm-build-perl-0.82-wYTht8/ConstOptree'
PERL_DL_NONLAZY=1 "/opt/perl5/cygwin_nt-6.1/1.7.35/x86_64/perl/5.21.7/cygwin-multi/bin/perl.exe" "-MExtUtils::Command::MM" "-MTest::Harness" "-e" "undef *Test::Harness::Switches; test_harness(0, 'blib/lib', 'blib/arch')" t/*.t
dying at -e line 1
at /opt/perl5/cygwin_nt-6.1/1.7.35/x86_64/cpan/5.21.7/cygwin-multi/build/rpm-build-perl-0.82-wYTht8/blib/lib/B/PerlReq.pm line 388.
B::PerlReq::__ANON__("Can't locate object method \"sv\" via package \"B::METHOP\" at /o"...) called at /opt/perl5/cygwin_nt-6.1/1.7.35/x86_64/cpan/5.21.7/cygwin-multi/build/rpm-build-perl-0.82-wYTht8/blib/lib/B/Walker.pm line 25
B::Walker::const_sv(B::METHOP=SCALAR(0x6003ab098)) called at /opt/perl5/cygwin_nt-6.1/1.7.35/x86_64/cpan/5.21.7/cygwin-multi/build/rpm-build-perl-0.82-wYTht8/blib/lib/B/PerlReq.pm line 307
B::PerlReq::grok_entersub(B::UNOP=SCALAR(0x6003ab068)) called at /opt/perl5/cygwin_nt-6.1/1.7.35/x86_64/cpan/5.21.7/cygwin-multi/build/rpm-build-perl-0.82-wYTht8/blib/lib/B/Walker.pm line 56
B::Walker::walk_root(B::UNOP=SCALAR(0x6003ab068)) called at /opt/perl5/cygwin_nt-6.1/1.7.35/x86_64/cpan/5.21.7/cygwin-multi/build/rpm-build-perl-0.82-wYTht8/blib/lib/B/Walker.pm line 65
B::Walker::walk_root(B::LISTOP=SCALAR(0x6003aafd8)) called at /opt/perl5/cygwin_nt-6.1/1.7.35/x86_64/cpan/5.21.7/cygwin-multi/build/rpm-build-perl-0.82-wYTht8/blib/lib/B/Walker.pm line 65
B::Walker::walk_root(B::LISTOP=SCALAR(0x60027aad8)) called at /opt/perl5/cygwin_nt-6.1/1.7.35/x86_64/cpan/5.21.7/cygwin-multi/build/rpm-build-perl-0.82-wYTht8/blib/lib/B/Walker.pm line 65
B::Walker::walk_root(B::UNOP=SCALAR(0x6002e51a8)) called at /opt/perl5/cygwin_nt-6.1/1.7.35/x86_64/cpan/5.21.7/cygwin-multi/build/rpm-build-perl-0.82-wYTht8/blib/lib/B/Walker.pm line 91
B::Walker::walk_cv(B::CV=SCALAR(0x600327eb0)) called at /opt/perl5/cygwin_nt-6.1/1.7.35/x86_64/cpan/5.21.7/cygwin-multi/build/rpm-build-perl-0.82-wYTht8/blib/lib/B/Walker.pm line 77
B::Walker::walk_av("BEGIN", B::AV=SCALAR(0x60006e0a0)) called at /opt/perl5/cygwin_nt-6.1/1.7.35/x86_64/cpan/5.21.7/cygwin-multi/build/rpm-build-perl-0.82-wYTht8/blib/lib/B/Walker.pm line 97
B::Walker::walk_blocks() called at /opt/perl5/cygwin_nt-6.1/1.7.35/x86_64/cpan/5.21.7/cygwin-multi/build/rpm-build-perl-0.82-wYTht8/blib/lib/B/PerlReq.pm line 390
B::PerlReq::__ANON__() called at (eval 2) line 31
O::CHECK() called at -e line 0
eval {...} called at -e line 0
Can't locate object method "sv" via package "B::METHOP" at /opt/perl5/cygwin_nt-6.1/1.7.35/x86_64/cpan/5.21.7/cygwin-multi/build/rpm-build-perl-0.82-wYTht8/blib/lib/B/Walker.pm line 25.
CHECK failed--call queue aborted.
# Failed test at t/01-B-PerlReq.t line 40.
# got: 'perl(Data/Dumper.pm)'
# expected: ''
dying at -e line 1
at /opt/perl5/cygwin_nt-6.1/1.7.35/x86_64/cpan/5.21.7/cygwin-multi/build/rpm-build-perl-0.82-wYTht8/blib/lib/B/PerlReq.pm line 388.
B::PerlReq::__ANON__("Can't locate object method \"sv\" via package \"B::METHOP\" at /o"...) called at /opt/perl5/cygwin_nt-6.1/1.7.35/x86_64/cpan/5.21.7/cygwin-multi/build/rpm-build-perl-0.82-wYTht8/blib/lib/B/Walker.pm line 25
B::Walker::const_sv(B::METHOP=SCALAR(0x6003ab440)) called at /opt/perl5/cygwin_nt-6.1/1.7.35/x86_64/cpan/5.21.7/cygwin-multi/build/rpm-build-perl-0.82-wYTht8/blib/lib/B/PerlReq.pm line 307
B::PerlReq::grok_entersub(B::UNOP=SCALAR(0x6003ab410)) called at /opt/perl5/cygwin_nt-6.1/1.7.35/x86_64/cpan/5.21.7/cygwin-multi/build/rpm-build-perl-0.82-wYTht8/blib/lib/B/Walker.pm line 56
B::Walker::walk_root(B::UNOP=SCALAR(0x6003ab410)) called at /opt/perl5/cygwin_nt-6.1/1.7.35/x86_64/cpan/5.21.7/cygwin-multi/build/rpm-build-perl-0.82-wYTht8/blib/lib/B/Walker.pm line 65
B::Walker::walk_root(B::LISTOP=SCALAR(0x6003ab380)) called at /opt/perl5/cygwin_nt-6.1/1.7.35/x86_64/cpan/5.21.7/cygwin-multi/build/rpm-build-perl-0.82-wYTht8/blib/lib/B/Walker.pm line 65
B::Walker::walk_root(B::LISTOP=SCALAR(0x6002d05d8)) called at /opt/perl5/cygwin_nt-6.1/1.7.35/x86_64/cpan/5.21.7/cygwin-multi/build/rpm-build-perl-0.82-wYTht8/blib/lib/B/Walker.pm line 65
B::Walker::walk_root(B::UNOP=SCALAR(0x6002e53f8)) called at /opt/perl5/cygwin_nt-6.1/1.7.35/x86_64/cpan/5.21.7/cygwin-multi/build/rpm-build-perl-0.82-wYTht8/blib/lib/B/Walker.pm line 91
B::Walker::walk_cv(B::CV=SCALAR(0x600328080)) called at /opt/perl5/cygwin_nt-6.1/1.7.35/x86_64/cpan/5.21.7/cygwin-multi/build/rpm-build-perl-0.82-wYTht8/blib/lib/B/Walker.pm line 77
B::Walker::walk_av("BEGIN", B::AV=SCALAR(0x60006e0b0)) called at /opt/perl5/cygwin_nt-6.1/1.7.35/x86_64/cpan/5.21.7/cygwin-multi/build/rpm-build-perl-0.82-wYTht8/blib/lib/B/Walker.pm line 97
B::Walker::walk_blocks() called at /opt/perl5/cygwin_nt-6.1/1.7.35/x86_64/cpan/5.21.7/cygwin-multi/build/rpm-build-perl-0.82-wYTht8/blib/lib/B/PerlReq.pm line 390
B::PerlReq::__ANON__() called at (eval 2) line 31
O::CHECK() called at -e line 0
eval {...} called at -e line 0
Can't locate object method "sv" via package "B::METHOP" at /opt/perl5/cygwin_nt-6.1/1.7.35/x86_64/cpan/5.21.7/cygwin-multi/build/rpm-build-perl-0.82-wYTht8/blib/lib/B/Walker.pm line 25.
CHECK failed--call queue aborted.
# Failed test at t/01-B-PerlReq.t line 44.
# got: 'perl(Data/Dumper.pm)'
# expected: ''
dying at -e line 1
at /opt/perl5/cygwin_nt-6.1/1.7.35/x86_64/cpan/5.21.7/cygwin-multi/build/rpm-build-perl-0.82-wYTht8/blib/lib/B/PerlReq.pm line 388.
B::PerlReq::__ANON__("Can't locate object method \"sv\" via package \"B::METHOP\" at /o"...) called at /opt/perl5/cygwin_nt-6.1/1.7.35/x86_64/cpan/5.21.7/cygwin-multi/build/rpm-build-perl-0.82-wYTht8/blib/lib/B/Walker.pm line 25
B::Walker::const_sv(B::METHOP=SCALAR(0x6002fae08)) called at /opt/perl5/cygwin_nt-6.1/1.7.35/x86_64/cpan/5.21.7/cygwin-multi/build/rpm-build-perl-0.82-wYTht8/blib/lib/B/PerlReq.pm line 307
B::PerlReq::grok_entersub(B::UNOP=SCALAR(0x6002e5e88)) called at /opt/perl5/cygwin_nt-6.1/1.7.35/x86_64/cpan/5.21.7/cygwin-multi/build/rpm-build-perl-0.82-wYTht8/blib/lib/B/Walker.pm line 56
B::Walker::walk_root(B::UNOP=SCALAR(0x6002e5e88)) called at /opt/perl5/cygwin_nt-6.1/1.7.35/x86_64/cpan/5.21.7/cygwin-multi/build/rpm-build-perl-0.82-wYTht8/blib/lib/B/Walker.pm line 65
B::Walker::walk_root(B::LISTOP=SCALAR(0x6002e5a38)) called at /opt/perl5/cygwin_nt-6.1/1.7.35/x86_64/cpan/5.21.7/cygwin-multi/build/rpm-build-perl-0.82-wYTht8/blib/lib/B/Walker.pm line 65
B::Walker::walk_root(B::LISTOP=SCALAR(0x60030cc18)) called at /opt/perl5/cygwin_nt-6.1/1.7.35/x86_64/cpan/5.21.7/cygwin-multi/build/rpm-build-perl-0.82-wYTht8/blib/lib/B/Walker.pm line 105
B::Walker::walk_main() called at /opt/perl5/cygwin_nt-6.1/1.7.35/x86_64/cpan/5.21.7/cygwin-multi/build/rpm-build-perl-0.82-wYTht8/blib/lib/B/PerlReq.pm line 391
B::PerlReq::__ANON__() called at (eval 2) line 31
O::CHECK() called at -e line 0
eval {...} called at -e line 0
Can't locate object method "sv" via package "B::METHOP" at /opt/perl5/cygwin_nt-6.1/1.7.35/x86_64/cpan/5.21.7/cygwin-multi/build/rpm-build-perl-0.82-wYTht8/blib/lib/B/Walker.pm line 25.
CHECK failed--call queue aborted.
# Failed test at t/01-B-PerlReq.t line 63.
# got: 'perl(File/Basename.pm)'
# expected: ''
dying at -e line 1
at /opt/perl5/cygwin_nt-6.1/1.7.35/x86_64/cpan/5.21.7/cygwin-multi/build/rpm-build-perl-0.82-wYTht8/blib/lib/B/PerlReq.pm line 388.
B::PerlReq::__ANON__("Can't locate object method \"sv\" via package \"B::METHOP\" at /o"...) called at /opt/perl5/cygwin_nt-6.1/1.7.35/x86_64/cpan/5.21.7/cygwin-multi/build/rpm-build-perl-0.82-wYTht8/blib/lib/B/Walker.pm line 25
B::Walker::const_sv(B::METHOP=SCALAR(0x6003ab0f8)) called at /opt/perl5/cygwin_nt-6.1/1.7.35/x86_64/cpan/5.21.7/cygwin-multi/build/rpm-build-perl-0.82-wYTht8/blib/lib/B/PerlReq.pm line 307
B::PerlReq::grok_entersub(B::UNOP=SCALAR(0x6003ab068)) called at /opt/perl5/cygwin_nt-6.1/1.7.35/x86_64/cpan/5.21.7/cygwin-multi/build/rpm-build-perl-0.82-wYTht8/blib/lib/B/Walker.pm line 56
B::Walker::walk_root(B::UNOP=SCALAR(0x6003ab068)) called at /opt/perl5/cygwin_nt-6.1/1.7.35/x86_64/cpan/5.21.7/cygwin-multi/build/rpm-build-perl-0.82-wYTht8/blib/lib/B/Walker.pm line 65
B::Walker::walk_root(B::LISTOP=SCALAR(0x6003aaff0)) called at /opt/perl5/cygwin_nt-6.1/1.7.35/x86_64/cpan/5.21.7/cygwin-multi/build/rpm-build-perl-0.82-wYTht8/blib/lib/B/Walker.pm line 65
B::Walker::walk_root(B::LISTOP=SCALAR(0x60027ad68)) called at /opt/perl5/cygwin_nt-6.1/1.7.35/x86_64/cpan/5.21.7/cygwin-multi/build/rpm-build-perl-0.82-wYTht8/blib/lib/B/Walker.pm line 65
B::Walker::walk_root(B::UNOP=SCALAR(0x6002e52d8)) called at /opt/perl5/cygwin_nt-6.1/1.7.35/x86_64/cpan/5.21.7/cygwin-multi/build/rpm-build-perl-0.82-wYTht8/blib/lib/B/Walker.pm line 91
B::Walker::walk_cv(B::CV=SCALAR(0x600327fc0)) called at /opt/perl5/cygwin_nt-6.1/1.7.35/x86_64/cpan/5.21.7/cygwin-multi/build/rpm-build-perl-0.82-wYTht8/blib/lib/B/Walker.pm line 77
B::Walker::walk_av("BEGIN", B::AV=SCALAR(0x60006e0a0)) called at /opt/perl5/cygwin_nt-6.1/1.7.35/x86_64/cpan/5.21.7/cygwin-multi/build/rpm-build-perl-0.82-wYTht8/blib/lib/B/Walker.pm line 97
B::Walker::walk_blocks() called at /opt/perl5/cygwin_nt-6.1/1.7.35/x86_64/cpan/5.21.7/cygwin-multi/build/rpm-build-perl-0.82-wYTht8/blib/lib/B/PerlReq.pm line 390
B::PerlReq::__ANON__() called at (eval 2) line 31
O::CHECK() called at -e line 0
eval {...} called at -e line 0
Can't locate object method "sv" via package "B::METHOP" at /opt/perl5/cygwin_nt-6.1/1.7.35/x86_64/cpan/5.21.7/cygwin-multi/build/rpm-build-perl-0.82-wYTht8/blib/lib/B/Walker.pm line 25.
CHECK failed--call queue aborted.
# Failed test at t/01-B-PerlReq.t line 65.
# got: 'perl(Data/Dumper.pm) >= 2.0'
# expected: ''
dying at -e line 1
at /opt/perl5/cygwin_nt-6.1/1.7.35/x86_64/cpan/5.21.7/cygwin-multi/build/rpm-build-perl-0.82-wYTht8/blib/lib/B/PerlReq.pm line 388.
B::PerlReq::__ANON__("Can't locate object method \"sv\" via package \"B::METHOP\" at /o"...) called at /opt/perl5/cygwin_nt-6.1/1.7.35/x86_64/cpan/5.21.7/cygwin-multi/build/rpm-build-perl-0.82-wYTht8/blib/lib/B/Walker.pm line 25
B::Walker::const_sv(B::METHOP=SCALAR(0x6003ab0f8)) called at /opt/perl5/cygwin_nt-6.1/1.7.35/x86_64/cpan/5.21.7/cygwin-multi/build/rpm-build-perl-0.82-wYTht8/blib/lib/B/PerlReq.pm line 307
B::PerlReq::grok_entersub(B::UNOP=SCALAR(0x6003ab068)) called at /opt/perl5/cygwin_nt-6.1/1.7.35/x86_64/cpan/5.21.7/cygwin-multi/build/rpm-build-perl-0.82-wYTht8/blib/lib/B/Walker.pm line 56
B::Walker::walk_root(B::UNOP=SCALAR(0x6003ab068)) called at /opt/perl5/cygwin_nt-6.1/1.7.35/x86_64/cpan/5.21.7/cygwin-multi/build/rpm-build-perl-0.82-wYTht8/blib/lib/B/Walker.pm line 65
B::Walker::walk_root(B::LISTOP=SCALAR(0x6003aaff0)) called at /opt/perl5/cygwin_nt-6.1/1.7.35/x86_64/cpan/5.21.7/cygwin-multi/build/rpm-build-perl-0.82-wYTht8/blib/lib/B/Walker.pm line 65
B::Walker::walk_root(B::LISTOP=SCALAR(0x60027ad50)) called at /opt/perl5/cygwin_nt-6.1/1.7.35/x86_64/cpan/5.21.7/cygwin-multi/build/rpm-build-perl-0.82-wYTht8/blib/lib/B/Walker.pm line 65
B::Walker::walk_root(B::UNOP=SCALAR(0x6002e5350)) called at /opt/perl5/cygwin_nt-6.1/1.7.35/x86_64/cpan/5.21.7/cygwin-multi/build/rpm-build-perl-0.82-wYTht8/blib/lib/B/Walker.pm line 91
B::Walker::walk_cv(B::CV=SCALAR(0x600327fc0)) called at /opt/perl5/cygwin_nt-6.1/1.7.35/x86_64/cpan/5.21.7/cygwin-multi/build/rpm-build-perl-0.82-wYTht8/blib/lib/B/Walker.pm line 77
B::Walker::walk_av("BEGIN", B::AV=SCALAR(0x60006e0a0)) called at /opt/perl5/cygwin_nt-6.1/1.7.35/x86_64/cpan/5.21.7/cygwin-multi/build/rpm-build-perl-0.82-wYTht8/blib/lib/B/Walker.pm line 97
B::Walker::walk_blocks() called at /opt/perl5/cygwin_nt-6.1/1.7.35/x86_64/cpan/5.21.7/cygwin-multi/build/rpm-build-perl-0.82-wYTht8/blib/lib/B/PerlReq.pm line 390
B::PerlReq::__ANON__() called at (eval 2) line 31
O::CHECK() called at -e line 0
eval {...} called at -e line 0
Can't locate object method "sv" via package "B::METHOP" at /opt/perl5/cygwin_nt-6.1/1.7.35/x86_64/cpan/5.21.7/cygwin-multi/build/rpm-build-perl-0.82-wYTht8/blib/lib/B/Walker.pm line 25.
CHECK failed--call queue aborted.
# Failed test at t/01-B-PerlReq.t line 66.
# got: 'perl(Data/Dumper.pm) >= 2.0'
# expected: ''
dying at -e line 1
at /opt/perl5/cygwin_nt-6.1/1.7.35/x86_64/cpan/5.21.7/cygwin-multi/build/rpm-build-perl-0.82-wYTht8/blib/lib/B/PerlReq.pm line 388.
B::PerlReq::__ANON__("Can't locate object method \"sv\" via package \"B::METHOP\" at /o"...) called at /opt/perl5/cygwin_nt-6.1/1.7.35/x86_64/cpan/5.21.7/cygwin-multi/build/rpm-build-perl-0.82-wYTht8/blib/lib/B/Walker.pm line 25
B::Walker::const_sv(B::METHOP=SCALAR(0x6003ab0f8)) called at /opt/perl5/cygwin_nt-6.1/1.7.35/x86_64/cpan/5.21.7/cygwin-multi/build/rpm-build-perl-0.82-wYTht8/blib/lib/B/PerlReq.pm line 307
B::PerlReq::grok_entersub(B::UNOP=SCALAR(0x6003ab068)) called at /opt/perl5/cygwin_nt-6.1/1.7.35/x86_64/cpan/5.21.7/cygwin-multi/build/rpm-build-perl-0.82-wYTht8/blib/lib/B/Walker.pm line 56
B::Walker::walk_root(B::UNOP=SCALAR(0x6003ab068)) called at /opt/perl5/cygwin_nt-6.1/1.7.35/x86_64/cpan/5.21.7/cygwin-multi/build/rpm-build-perl-0.82-wYTht8/blib/lib/B/Walker.pm line 65
B::Walker::walk_root(B::LISTOP=SCALAR(0x6003aaff0)) called at /opt/perl5/cygwin_nt-6.1/1.7.35/x86_64/cpan/5.21.7/cygwin-multi/build/rpm-build-perl-0.82-wYTht8/blib/lib/B/Walker.pm line 65
B::Walker::walk_root(B::LISTOP=SCALAR(0x60027ad68)) called at /opt/perl5/cygwin_nt-6.1/1.7.35/x86_64/cpan/5.21.7/cygwin-multi/build/rpm-build-perl-0.82-wYTht8/blib/lib/B/Walker.pm line 65
B::Walker::walk_root(B::UNOP=SCALAR(0x6002e52d8)) called at /opt/perl5/cygwin_nt-6.1/1.7.35/x86_64/cpan/5.21.7/cygwin-multi/build/rpm-build-perl-0.82-wYTht8/blib/lib/B/Walker.pm line 91
B::Walker::walk_cv(B::CV=SCALAR(0x600327fc0)) called at /opt/perl5/cygwin_nt-6.1/1.7.35/x86_64/cpan/5.21.7/cygwin-multi/build/rpm-build-perl-0.82-wYTht8/blib/lib/B/Walker.pm line 77
B::Walker::walk_av("BEGIN", B::AV=SCALAR(0x60006e0a0)) called at /opt/perl5/cygwin_nt-6.1/1.7.35/x86_64/cpan/5.21.7/cygwin-multi/build/rpm-build-perl-0.82-wYTht8/blib/lib/B/Walker.pm line 97
B::Walker::walk_blocks() called at /opt/perl5/cygwin_nt-6.1/1.7.35/x86_64/cpan/5.21.7/cygwin-multi/build/rpm-build-perl-0.82-wYTht8/blib/lib/B/PerlReq.pm line 390
B::PerlReq::__ANON__() called at (eval 2) line 31
O::CHECK() called at -e line 0
eval {...} called at -e line 0
Can't locate object method "sv" via package "B::METHOP" at /opt/perl5/cygwin_nt-6.1/1.7.35/x86_64/cpan/5.21.7/cygwin-multi/build/rpm-build-perl-0.82-wYTht8/blib/lib/B/Walker.pm line 25.
CHECK failed--call queue aborted.
# Failed test at t/01-B-PerlReq.t line 67.
# got: 'perl(Data/Dumper.pm) >= 2.0'
# expected: ''
dying at -e line 1
at /opt/perl5/cygwin_nt-6.1/1.7.35/x86_64/cpan/5.21.7/cygwin-multi/build/rpm-build-perl-0.82-wYTht8/blib/lib/B/PerlReq.pm line 388.
B::PerlReq::__ANON__("Can't locate object method \"sv\" via package \"B::METHOP\" at /o"...) called at /opt/perl5/cygwin_nt-6.1/1.7.35/x86_64/cpan/5.21.7/cygwin-multi/build/rpm-build-perl-0.82-wYTht8/blib/lib/B/Walker.pm line 25
B::Walker::const_sv(B::METHOP=SCALAR(0x6003ab148)) called at /opt/perl5/cygwin_nt-6.1/1.7.35/x86_64/cpan/5.21.7/cygwin-multi/build/rpm-build-perl-0.82-wYTht8/blib/lib/B/PerlReq.pm line 307
B::PerlReq::grok_entersub(B::UNOP=SCALAR(0x6003ab0b8)) called at /opt/perl5/cygwin_nt-6.1/1.7.35/x86_64/cpan/5.21.7/cygwin-multi/build/rpm-build-perl-0.82-wYTht8/blib/lib/B/Walker.pm line 56
B::Walker::walk_root(B::UNOP=SCALAR(0x6003ab0b8)) called at /opt/perl5/cygwin_nt-6.1/1.7.35/x86_64/cpan/5.21.7/cygwin-multi/build/rpm-build-perl-0.82-wYTht8/blib/lib/B/Walker.pm line 65
B::Walker::walk_root(B::LISTOP=SCALAR(0x6003ab040)) called at /opt/perl5/cygwin_nt-6.1/1.7.35/x86_64/cpan/5.21.7/cygwin-multi/build/rpm-build-perl-0.82-wYTht8/blib/lib/B/Walker.pm line 65
B::Walker::walk_root(B::LISTOP=SCALAR(0x60027ab30)) called at /opt/perl5/cygwin_nt-6.1/1.7.35/x86_64/cpan/5.21.7/cygwin-multi/build/rpm-build-perl-0.82-wYTht8/blib/lib/B/Walker.pm line 65
B::Walker::walk_root(B::UNOP=SCALAR(0x6002e5410)) called at /opt/perl5/cygwin_nt-6.1/1.7.35/x86_64/cpan/5.21.7/cygwin-multi/build/rpm-build-perl-0.82-wYTht8/blib/lib/B/Walker.pm line 91
B::Walker::walk_cv(B::CV=SCALAR(0x600327f20)) called at /opt/perl5/cygwin_nt-6.1/1.7.35/x86_64/cpan/5.21.7/cygwin-multi/build/rpm-build-perl-0.82-wYTht8/blib/lib/B/Walker.pm line 77
B::Walker::walk_av("BEGIN", B::AV=SCALAR(0x60006e0b0)) called at /opt/perl5/cygwin_nt-6.1/1.7.35/x86_64/cpan/5.21.7/cygwin-multi/build/rpm-build-perl-0.82-wYTht8/blib/lib/B/Walker.pm line 97
B::Walker::walk_blocks() called at /opt/perl5/cygwin_nt-6.1/1.7.35/x86_64/cpan/5.21.7/cygwin-multi/build/rpm-build-perl-0.82-wYTht8/blib/lib/B/PerlReq.pm line 390
B::PerlReq::__ANON__() called at (eval 2) line 31
O::CHECK() called at -e line 0
eval {...} called at -e line 0
Can't locate object method "sv" via package "B::METHOP" at /opt/perl5/cygwin_nt-6.1/1.7.35/x86_64/cpan/5.21.7/cygwin-multi/build/rpm-build-perl-0.82-wYTht8/blib/lib/B/Walker.pm line 25.
CHECK failed--call queue aborted.
# Failed test at t/01-B-PerlReq.t line 68.
# got: 'perl(Data/Dumper.pm) >= 2.0.998'
# expected: ''
dying at -e line 1
at /opt/perl5/cygwin_nt-6.1/1.7.35/x86_64/cpan/5.21.7/cygwin-multi/build/rpm-build-perl-0.82-wYTht8/blib/lib/B/PerlReq.pm line 388.
B::PerlReq::__ANON__("Can't locate object method \"sv\" via package \"B::METHOP\" at /o"...) called at /opt/perl5/cygwin_nt-6.1/1.7.35/x86_64/cpan/5.21.7/cygwin-multi/build/rpm-build-perl-0.82-wYTht8/blib/lib/B/Walker.pm line 25
B::Walker::const_sv(B::METHOP=SCALAR(0x6003ab108)) called at /opt/perl5/cygwin_nt-6.1/1.7.35/x86_64/cpan/5.21.7/cygwin-multi/build/rpm-build-perl-0.82-wYTht8/blib/lib/B/PerlReq.pm line 307
B::PerlReq::grok_entersub(B::UNOP=SCALAR(0x6003ab078)) called at /opt/perl5/cygwin_nt-6.1/1.7.35/x86_64/cpan/5.21.7/cygwin-multi/build/rpm-build-perl-0.82-wYTht8/blib/lib/B/Walker.pm line 56
B::Walker::walk_root(B::UNOP=SCALAR(0x6003ab078)) called at /opt/perl5/cygwin_nt-6.1/1.7.35/x86_64/cpan/5.21.7/cygwin-multi/build/rpm-build-perl-0.82-wYTht8/blib/lib/B/Walker.pm line 65
B::Walker::walk_root(B::LISTOP=SCALAR(0x6003ab000)) called at /opt/perl5/cygwin_nt-6.1/1.7.35/x86_64/cpan/5.21.7/cygwin-multi/build/rpm-build-perl-0.82-wYTht8/blib/lib/B/Walker.pm line 65
B::Walker::walk_root(B::LISTOP=SCALAR(0x60027ad60)) called at /opt/perl5/cygwin_nt-6.1/1.7.35/x86_64/cpan/5.21.7/cygwin-multi/build/rpm-build-perl-0.82-wYTht8/blib/lib/B/Walker.pm line 65
B::Walker::walk_root(B::UNOP=SCALAR(0x6002e5360)) called at /opt/perl5/cygwin_nt-6.1/1.7.35/x86_64/cpan/5.21.7/cygwin-multi/build/rpm-build-perl-0.82-wYTht8/blib/lib/B/Walker.pm line 91
B::Walker::walk_cv(B::CV=SCALAR(0x600327fd0)) called at /opt/perl5/cygwin_nt-6.1/1.7.35/x86_64/cpan/5.21.7/cygwin-multi/build/rpm-build-perl-0.82-wYTht8/blib/lib/B/Walker.pm line 77
B::Walker::walk_av("BEGIN", B::AV=SCALAR(0x60006e0b0)) called at /opt/perl5/cygwin_nt-6.1/1.7.35/x86_64/cpan/5.21.7/cygwin-multi/build/rpm-build-perl-0.82-wYTht8/blib/lib/B/Walker.pm line 97
B::Walker::walk_blocks() called at /opt/perl5/cygwin_nt-6.1/1.7.35/x86_64/cpan/5.21.7/cygwin-multi/build/rpm-build-perl-0.82-wYTht8/blib/lib/B/PerlReq.pm line 390
B::PerlReq::__ANON__() called at (eval 2) line 31
O::CHECK() called at -e line 0
eval {...} called at -e line 0
Can't locate object method "sv" via package "B::METHOP" at /opt/perl5/cygwin_nt-6.1/1.7.35/x86_64/cpan/5.21.7/cygwin-multi/build/rpm-build-perl-0.82-wYTht8/blib/lib/B/Walker.pm line 25.
CHECK failed--call queue aborted.
# Failed test at t/01-B-PerlReq.t line 69.
# got: 'perl(Data/Dumper.pm) >= 2.001'
# expected: ''
dying at -e line 1
at /opt/perl5/cygwin_nt-6.1/1.7.35/x86_64/cpan/5.21.7/cygwin-multi/build/rpm-build-perl-0.82-wYTht8/blib/lib/B/PerlReq.pm line 388.
B::PerlReq::__ANON__("Can't locate object method \"sv\" via package \"B::METHOP\" at /o"...) called at /opt/perl5/cygwin_nt-6.1/1.7.35/x86_64/cpan/5.21.7/cygwin-multi/build/rpm-build-perl-0.82-wYTht8/blib/lib/B/Walker.pm line 25
B::Walker::const_sv(B::METHOP=SCALAR(0x6003ab138)) called at /opt/perl5/cygwin_nt-6.1/1.7.35/x86_64/cpan/5.21.7/cygwin-multi/build/rpm-build-perl-0.82-wYTht8/blib/lib/B/PerlReq.pm line 307
B::PerlReq::grok_entersub(B::UNOP=SCALAR(0x6003ab0a8)) called at /opt/perl5/cygwin_nt-6.1/1.7.35/x86_64/cpan/5.21.7/cygwin-multi/build/rpm-build-perl-0.82-wYTht8/blib/lib/B/Walker.pm line 56
B::Walker::walk_root(B::UNOP=SCALAR(0x6003ab0a8)) called at /opt/perl5/cygwin_nt-6.1/1.7.35/x86_64/cpan/5.21.7/cygwin-multi/build/rpm-build-perl-0.82-wYTht8/blib/lib/B/Walker.pm line 65
B::Walker::walk_root(B::LISTOP=SCALAR(0x6003ab030)) called at /opt/perl5/cygwin_nt-6.1/1.7.35/x86_64/cpan/5.21.7/cygwin-multi/build/rpm-build-perl-0.82-wYTht8/blib/lib/B/Walker.pm line 65
B::Walker::walk_root(B::LISTOP=SCALAR(0x60027ab38)) called at /opt/perl5/cygwin_nt-6.1/1.7.35/x86_64/cpan/5.21.7/cygwin-multi/build/rpm-build-perl-0.82-wYTht8/blib/lib/B/Walker.pm line 65
B::Walker::walk_root(B::UNOP=SCALAR(0x6002e5388)) called at /opt/perl5/cygwin_nt-6.1/1.7.35/x86_64/cpan/5.21.7/cygwin-multi/build/rpm-build-perl-0.82-wYTht8/blib/lib/B/Walker.pm line 91
B::Walker::walk_cv(B::CV=SCALAR(0x600327f10)) called at /opt/perl5/cygwin_nt-6.1/1.7.35/x86_64/cpan/5.21.7/cygwin-multi/build/rpm-build-perl-0.82-wYTht8/blib/lib/B/Walker.pm line 77
B::Walker::walk_av("BEGIN", B::AV=SCALAR(0x60006e0a0)) called at /opt/perl5/cygwin_nt-6.1/1.7.35/x86_64/cpan/5.21.7/cygwin-multi/build/rpm-build-perl-0.82-wYTht8/blib/lib/B/Walker.pm line 97
B::Walker::walk_blocks() called at /opt/perl5/cygwin_nt-6.1/1.7.35/x86_64/cpan/5.21.7/cygwin-multi/build/rpm-build-perl-0.82-wYTht8/blib/lib/B/PerlReq.pm line 390
B::PerlReq::__ANON__() called at (eval 2) line 31
O::CHECK() called at -e line 0
eval {...} called at -e line 0
Can't locate object method "sv" via package "B::METHOP" at /opt/perl5/cygwin_nt-6.1/1.7.35/x86_64/cpan/5.21.7/cygwin-multi/build/rpm-build-perl-0.82-wYTht8/blib/lib/B/Walker.pm line 25.
CHECK failed--call queue aborted.
# Failed test at t/01-B-PerlReq.t line 70.
# got: 'perl(Data/Dumper.pm) >= 2.010'
# expected: ''
dying at -e line 1
at /opt/perl5/cygwin_nt-6.1/1.7.35/x86_64/cpan/5.21.7/cygwin-multi/build/rpm-build-perl-0.82-wYTht8/blib/lib/B/PerlReq.pm line 388.
B::PerlReq::__ANON__("Can't locate object method \"sv\" via package \"B::METHOP\" at /o"...) called at /opt/perl5/cygwin_nt-6.1/1.7.35/x86_64/cpan/5.21.7/cygwin-multi/build/rpm-build-perl-0.82-wYTht8/blib/lib/B/Walker.pm line 25
B::Walker::const_sv(B::METHOP=SCALAR(0x6003ab170)) called at /opt/perl5/cygwin_nt-6.1/1.7.35/x86_64/cpan/5.21.7/cygwin-multi/build/rpm-build-perl-0.82-wYTht8/blib/lib/B/PerlReq.pm line 307
B::PerlReq::grok_entersub(B::UNOP=SCALAR(0x6003ab0e0)) called at /opt/perl5/cygwin_nt-6.1/1.7.35/x86_64/cpan/5.21.7/cygwin-multi/build/rpm-build-perl-0.82-wYTht8/blib/lib/B/Walker.pm line 56
B::Walker::walk_root(B::UNOP=SCALAR(0x6003ab0e0)) called at /opt/perl5/cygwin_nt-6.1/1.7.35/x86_64/cpan/5.21.7/cygwin-multi/build/rpm-build-perl-0.82-wYTht8/blib/lib/B/Walker.pm line 65
B::Walker::walk_root(B::LISTOP=SCALAR(0x6003ab068)) called at /opt/perl5/cygwin_nt-6.1/1.7.35/x86_64/cpan/5.21.7/cygwin-multi/build/rpm-build-perl-0.82-wYTht8/blib/lib/B/Walker.pm line 65
B::Walker::walk_root(B::LISTOP=SCALAR(0x6002d0660)) called at /opt/perl5/cygwin_nt-6.1/1.7.35/x86_64/cpan/5.21.7/cygwin-multi/build/rpm-build-perl-0.82-wYTht8/blib/lib/B/Walker.pm line 65
B::Walker::walk_root(B::UNOP=SCALAR(0x6002e5348)) called at /opt/perl5/cygwin_nt-6.1/1.7.35/x86_64/cpan/5.21.7/cygwin-multi/build/rpm-build-perl-0.82-wYTht8/blib/lib/B/Walker.pm line 91
B::Walker::walk_cv(B::CV=SCALAR(0x600328030)) called at /opt/perl5/cygwin_nt-6.1/1.7.35/x86_64/cpan/5.21.7/cygwin-multi/build/rpm-build-perl-0.82-wYTht8/blib/lib/B/Walker.pm line 77
B::Walker::walk_av("BEGIN", B::AV=SCALAR(0x60006e0b0)) called at /opt/perl5/cygwin_nt-6.1/1.7.35/x86_64/cpan/5.21.7/cygwin-multi/build/rpm-build-perl-0.82-wYTht8/blib/lib/B/Walker.pm line 97
B::Walker::walk_blocks() called at /opt/perl5/cygwin_nt-6.1/1.7.35/x86_64/cpan/5.21.7/cygwin-multi/build/rpm-build-perl-0.82-wYTht8/blib/lib/B/PerlReq.pm line 390
B::PerlReq::__ANON__() called at (eval 2) line 31
O::CHECK() called at -e line 0
eval {...} called at -e line 0
Can't locate object method "sv" via package "B::METHOP" at /opt/perl5/cygwin_nt-6.1/1.7.35/x86_64/cpan/5.21.7/cygwin-multi/build/rpm-build-perl-0.82-wYTht8/blib/lib/B/Walker.pm line 25.
CHECK failed--call queue aborted.
# Failed test at t/01-B-PerlReq.t line 71.
# got: 'perl(Data/Dumper.pm) >= 2.010'
# expected: ''
dying at -e line 1
at /opt/perl5/cygwin_nt-6.1/1.7.35/x86_64/cpan/5.21.7/cygwin-multi/build/rpm-build-perl-0.82-wYTht8/blib/lib/B/PerlReq.pm line 388.
B::PerlReq::__ANON__("Can't locate object method \"sv\" via package \"B::METHOP\" at /o"...) called at /opt/perl5/cygwin_nt-6.1/1.7.35/x86_64/cpan/5.21.7/cygwin-multi/build/rpm-build-perl-0.82-wYTht8/blib/lib/B/Walker.pm line 25
B::Walker::const_sv(B::METHOP=SCALAR(0x6003ab1f8)) called at /opt/perl5/cygwin_nt-6.1/1.7.35/x86_64/cpan/5.21.7/cygwin-multi/build/rpm-build-perl-0.82-wYTht8/blib/lib/B/PerlReq.pm line 307
B::PerlReq::grok_entersub(B::UNOP=SCALAR(0x6003ab168)) called at /opt/perl5/cygwin_nt-6.1/1.7.35/x86_64/cpan/5.21.7/cygwin-multi/build/rpm-build-perl-0.82-wYTht8/blib/lib/B/Walker.pm line 56
B::Walker::walk_root(B::UNOP=SCALAR(0x6003ab168)) called at /opt/perl5/cygwin_nt-6.1/1.7.35/x86_64/cpan/5.21.7/cygwin-multi/build/rpm-build-perl-0.82-wYTht8/blib/lib/B/Walker.pm line 65
B::Walker::walk_root(B::LISTOP=SCALAR(0x6003ab0f0)) called at /opt/perl5/cygwin_nt-6.1/1.7.35/x86_64/cpan/5.21.7/cygwin-multi/build/rpm-build-perl-0.82-wYTht8/blib/lib/B/Walker.pm line 65
B::Walker::walk_root(B::LISTOP=SCALAR(0x6002d06e0)) called at /opt/perl5/cygwin_nt-6.1/1.7.35/x86_64/cpan/5.21.7/cygwin-multi/build/rpm-build-perl-0.82-wYTht8/blib/lib/B/Walker.pm line 65
B::Walker::walk_root(B::UNOP=SCALAR(0x6002e5380)) called at /opt/perl5/cygwin_nt-6.1/1.7.35/x86_64/cpan/5.21.7/cygwin-multi/build/rpm-build-perl-0.82-wYTht8/blib/lib/B/Walker.pm line 91
B::Walker::walk_cv(B::CV=SCALAR(0x6003280f8)) called at /opt/perl5/cygwin_nt-6.1/1.7.35/x86_64/cpan/5.21.7/cygwin-multi/build/rpm-build-perl-0.82-wYTht8/blib/lib/B/Walker.pm line 77
B::Walker::walk_av("BEGIN", B::AV=SCALAR(0x60006e0d0)) called at /opt/perl5/cygwin_nt-6.1/1.7.35/x86_64/cpan/5.21.7/cygwin-multi/build/rpm-build-perl-0.82-wYTht8/blib/lib/B/Walker.pm line 97
B::Walker::walk_blocks() called at /opt/perl5/cygwin_nt-6.1/1.7.35/x86_64/cpan/5.21.7/cygwin-multi/build/rpm-build-perl-0.82-wYTht8/blib/lib/B/PerlReq.pm line 390
B::PerlReq::__ANON__() called at (eval 2) line 31
O::CHECK() called at -e line 0
eval {...} called at -e line 0
Can't locate object method "sv" via package "B::METHOP" at /opt/perl5/cygwin_nt-6.1/1.7.35/x86_64/cpan/5.21.7/cygwin-multi/build/rpm-build-perl-0.82-wYTht8/blib/lib/B/Walker.pm line 25.
CHECK failed--call queue aborted.
# Failed test at t/01-B-PerlReq.t line 72.
# got: 'perl(Data/Dumper.pm) >= 2.010'
# expected: ''
dying at -e line 1
at /opt/perl5/cygwin_nt-6.1/1.7.35/x86_64/cpan/5.21.7/cygwin-multi/build/rpm-build-perl-0.82-wYTht8/blib/lib/B/PerlReq.pm line 388.
B::PerlReq::__ANON__("Can't locate object method \"sv\" via package \"B::METHOP\" at /o"...) called at /opt/perl5/cygwin_nt-6.1/1.7.35/x86_64/cpan/5.21.7/cygwin-multi/build/rpm-build-perl-0.82-wYTht8/blib/lib/B/Walker.pm line 25
B::Walker::const_sv(B::METHOP=SCALAR(0x60007c8a0)) called at /opt/perl5/cygwin_nt-6.1/1.7.35/x86_64/cpan/5.21.7/cygwin-multi/build/rpm-build-perl-0.82-wYTht8/blib/lib/B/PerlReq.pm line 307
B::PerlReq::grok_entersub(B::UNOP=SCALAR(0x60007c870)) called at /opt/perl5/cygwin_nt-6.1/1.7.35/x86_64/cpan/5.21.7/cygwin-multi/build/rpm-build-perl-0.82-wYTht8/blib/lib/B/Walker.pm line 56
B::Walker::walk_root(B::UNOP=SCALAR(0x60007c870)) called at /opt/perl5/cygwin_nt-6.1/1.7.35/x86_64/cpan/5.21.7/cygwin-multi/build/rpm-build-perl-0.82-wYTht8/blib/lib/B/Walker.pm line 65
B::Walker::walk_root(B::LISTOP=SCALAR(0x60007c7e0)) called at /opt/perl5/cygwin_nt-6.1/1.7.35/x86_64/cpan/5.21.7/cygwin-multi/build/rpm-build-perl-0.82-wYTht8/blib/lib/B/Walker.pm line 65
B::Walker::walk_root(B::LISTOP=SCALAR(0x60007be08)) called at /opt/perl5/cygwin_nt-6.1/1.7.35/x86_64/cpan/5.21.7/cygwin-multi/build/rpm-build-perl-0.82-wYTht8/blib/lib/B/Walker.pm line 65
B::Walker::walk_root(B::UNOP=SCALAR(0x60007bd48)) called at /opt/perl5/cygwin_nt-6.1/1.7.35/x86_64/cpan/5.21.7/cygwin-multi/build/rpm-build-perl-0.82-wYTht8/blib/lib/B/Walker.pm line 91
B::Walker::walk_cv(B::CV=SCALAR(0x6003ab088)) called at /opt/perl5/cygwin_nt-6.1/1.7.35/x86_64/cpan/5.21.7/cygwin-multi/build/rpm-build-perl-0.82-wYTht8/blib/lib/B/Walker.pm line 77
B::Walker::walk_av("BEGIN", B::AV=SCALAR(0x60006e0b0)) called at /opt/perl5/cygwin_nt-6.1/1.7.35/x86_64/cpan/5.21.7/cygwin-multi/build/rpm-build-perl-0.82-wYTht8/blib/lib/B/Walker.pm line 97
B::Walker::walk_blocks() called at /opt/perl5/cygwin_nt-6.1/1.7.35/x86_64/cpan/5.21.7/cygwin-multi/build/rpm-build-perl-0.82-wYTht8/blib/lib/B/PerlReq.pm line 390
B::PerlReq::__ANON__() called at (eval 2) line 31
O::CHECK() called at -e line 0
eval {...} called at -e line 0
Can't locate object method "sv" via package "B::METHOP" at /opt/perl5/cygwin_nt-6.1/1.7.35/x86_64/cpan/5.21.7/cygwin-multi/build/rpm-build-perl-0.82-wYTht8/blib/lib/B/Walker.pm line 25.
CHECK failed--call queue aborted.
# Failed test at t/01-B-PerlReq.t line 73.
# got: 'perl(Data/Dumper.pm) >= 2.010'
# expected: ''
dying at -e line 1
at /opt/perl5/cygwin_nt-6.1/1.7.35/x86_64/cpan/5.21.7/cygwin-multi/build/rpm-build-perl-0.82-wYTht8/blib/lib/B/PerlReq.pm line 388.
B::PerlReq::__ANON__("Can't locate object method \"sv\" via package \"B::METHOP\" at /o"...) called at /opt/perl5/cygwin_nt-6.1/1.7.35/x86_64/cpan/5.21.7/cygwin-multi/build/rpm-build-perl-0.82-wYTht8/blib/lib/B/Walker.pm line 25
B::Walker::const_sv(B::METHOP=SCALAR(0x60007c8d8)) called at /opt/perl5/cygwin_nt-6.1/1.7.35/x86_64/cpan/5.21.7/cygwin-multi/build/rpm-build-perl-0.82-wYTht8/blib/lib/B/PerlReq.pm line 307
B::PerlReq::grok_entersub(B::UNOP=SCALAR(0x60007c8a8)) called at /opt/perl5/cygwin_nt-6.1/1.7.35/x86_64/cpan/5.21.7/cygwin-multi/build/rpm-build-perl-0.82-wYTht8/blib/lib/B/Walker.pm line 56
B::Walker::walk_root(B::UNOP=SCALAR(0x60007c8a8)) called at /opt/perl5/cygwin_nt-6.1/1.7.35/x86_64/cpan/5.21.7/cygwin-multi/build/rpm-build-perl-0.82-wYTht8/blib/lib/B/Walker.pm line 65
B::Walker::walk_root(B::LISTOP=SCALAR(0x60007c818)) called at /opt/perl5/cygwin_nt-6.1/1.7.35/x86_64/cpan/5.21.7/cygwin-multi/build/rpm-build-perl-0.82-wYTht8/blib/lib/B/Walker.pm line 65
B::Walker::walk_root(B::LISTOP=SCALAR(0x60007be40)) called at /opt/perl5/cygwin_nt-6.1/1.7.35/x86_64/cpan/5.21.7/cygwin-multi/build/rpm-build-perl-0.82-wYTht8/blib/lib/B/Walker.pm line 65
B::Walker::walk_root(B::UNOP=SCALAR(0x60007bd80)) called at /opt/perl5/cygwin_nt-6.1/1.7.35/x86_64/cpan/5.21.7/cygwin-multi/build/rpm-build-perl-0.82-wYTht8/blib/lib/B/Walker.pm line 91
B::Walker::walk_cv(B::CV=SCALAR(0x6003ab0f0)) called at /opt/perl5/cygwin_nt-6.1/1.7.35/x86_64/cpan/5.21.7/cygwin-multi/build/rpm-build-perl-0.82-wYTht8/blib/lib/B/Walker.pm line 77
B::Walker::walk_av("BEGIN", B::AV=SCALAR(0x60006e0d0)) called at /opt/perl5/cygwin_nt-6.1/1.7.35/x86_64/cpan/5.21.7/cygwin-multi/build/rpm-build-perl-0.82-wYTht8/blib/lib/B/Walker.pm line 97
B::Walker::walk_blocks() called at /opt/perl5/cygwin_nt-6.1/1.7.35/x86_64/cpan/5.21.7/cygwin-multi/build/rpm-build-perl-0.82-wYTht8/blib/lib/B/PerlReq.pm line 390
B::PerlReq::__ANON__() called at (eval 2) line 31
O::CHECK() called at -e line 0
eval {...} called at -e line 0
Can't locate object method "sv" via package "B::METHOP" at /opt/perl5/cygwin_nt-6.1/1.7.35/x86_64/cpan/5.21.7/cygwin-multi/build/rpm-build-perl-0.82-wYTht8/blib/lib/B/Walker.pm line 25.
CHECK failed--call queue aborted.
# Failed test at t/01-B-PerlReq.t line 74.
# got: 'perl(Data/Dumper.pm) >= 2.010'
# expected: ''
dying at -e line 1
at /opt/perl5/cygwin_nt-6.1/1.7.35/x86_64/cpan/5.21.7/cygwin-multi/build/rpm-build-perl-0.82-wYTht8/blib/lib/B/PerlReq.pm line 388.
B::PerlReq::__ANON__("Can't locate object method \"sv\" via package \"B::METHOP\" at /o"...) called at /opt/perl5/cygwin_nt-6.1/1.7.35/x86_64/cpan/5.21.7/cygwin-multi/build/rpm-build-perl-0.82-wYTht8/blib/lib/B/Walker.pm line 25
B::Walker::const_sv(B::METHOP=SCALAR(0x6003ab108)) called at /opt/perl5/cygwin_nt-6.1/1.7.35/x86_64/cpan/5.21.7/cygwin-multi/build/rpm-build-perl-0.82-wYTht8/blib/lib/B/PerlReq.pm line 307
B::PerlReq::grok_entersub(B::UNOP=SCALAR(0x6003ab078)) called at /opt/perl5/cygwin_nt-6.1/1.7.35/x86_64/cpan/5.21.7/cygwin-multi/build/rpm-build-perl-0.82-wYTht8/blib/lib/B/Walker.pm line 56
B::Walker::walk_root(B::UNOP=SCALAR(0x6003ab078)) called at /opt/perl5/cygwin_nt-6.1/1.7.35/x86_64/cpan/5.21.7/cygwin-multi/build/rpm-build-perl-0.82-wYTht8/blib/lib/B/Walker.pm line 65
B::Walker::walk_root(B::LISTOP=SCALAR(0x6003ab000)) called at /opt/perl5/cygwin_nt-6.1/1.7.35/x86_64/cpan/5.21.7/cygwin-multi/build/rpm-build-perl-0.82-wYTht8/blib/lib/B/Walker.pm line 65
B::Walker::walk_root(B::LISTOP=SCALAR(0x60027ad60)) called at /opt/perl5/cygwin_nt-6.1/1.7.35/x86_64/cpan/5.21.7/cygwin-multi/build/rpm-build-perl-0.82-wYTht8/blib/lib/B/Walker.pm line 65
B::Walker::walk_root(B::UNOP=SCALAR(0x6002e5360)) called at /opt/perl5/cygwin_nt-6.1/1.7.35/x86_64/cpan/5.21.7/cygwin-multi/build/rpm-build-perl-0.82-wYTht8/blib/lib/B/Walker.pm line 91
B::Walker::walk_cv(B::CV=SCALAR(0x600327fd0)) called at /opt/perl5/cygwin_nt-6.1/1.7.35/x86_64/cpan/5.21.7/cygwin-multi/build/rpm-build-perl-0.82-wYTht8/blib/lib/B/Walker.pm line 77
B::Walker::walk_av("BEGIN", B::AV=SCALAR(0x60006e0b0)) called at /opt/perl5/cygwin_nt-6.1/1.7.35/x86_64/cpan/5.21.7/cygwin-multi/build/rpm-build-perl-0.82-wYTht8/blib/lib/B/Walker.pm line 97
B::Walker::walk_blocks() called at /opt/perl5/cygwin_nt-6.1/1.7.35/x86_64/cpan/5.21.7/cygwin-multi/build/rpm-build-perl-0.82-wYTht8/blib/lib/B/PerlReq.pm line 390
B::PerlReq::__ANON__() called at (eval 2) line 31
O::CHECK() called at -e line 0
eval {...} called at -e line 0
Can't locate object method "sv" via package "B::METHOP" at /opt/perl5/cygwin_nt-6.1/1.7.35/x86_64/cpan/5.21.7/cygwin-multi/build/rpm-build-perl-0.82-wYTht8/blib/lib/B/Walker.pm line 25.
CHECK failed--call queue aborted.
# Failed test at t/01-B-PerlReq.t line 75.
# got: 'perl(Data/Dumper.pm) >= 2.012'
# expected: ''
dying at -e line 1
at /opt/perl5/cygwin_nt-6.1/1.7.35/x86_64/cpan/5.21.7/cygwin-multi/build/rpm-build-perl-0.82-wYTht8/blib/lib/B/PerlReq.pm line 388.
B::PerlReq::__ANON__("Can't locate object method \"sv\" via package \"B::METHOP\" at /o"...) called at /opt/perl5/cygwin_nt-6.1/1.7.35/x86_64/cpan/5.21.7/cygwin-multi/build/rpm-build-perl-0.82-wYTht8/blib/lib/B/Walker.pm line 25
B::Walker::const_sv(B::METHOP=SCALAR(0x6003ab108)) called at /opt/perl5/cygwin_nt-6.1/1.7.35/x86_64/cpan/5.21.7/cygwin-multi/build/rpm-build-perl-0.82-wYTht8/blib/lib/B/PerlReq.pm line 307
B::PerlReq::grok_entersub(B::UNOP=SCALAR(0x6003ab078)) called at /opt/perl5/cygwin_nt-6.1/1.7.35/x86_64/cpan/5.21.7/cygwin-multi/build/rpm-build-perl-0.82-wYTht8/blib/lib/B/Walker.pm line 56
B::Walker::walk_root(B::UNOP=SCALAR(0x6003ab078)) called at /opt/perl5/cygwin_nt-6.1/1.7.35/x86_64/cpan/5.21.7/cygwin-multi/build/rpm-build-perl-0.82-wYTht8/blib/lib/B/Walker.pm line 65
B::Walker::walk_root(B::LISTOP=SCALAR(0x6003ab000)) called at /opt/perl5/cygwin_nt-6.1/1.7.35/x86_64/cpan/5.21.7/cygwin-multi/build/rpm-build-perl-0.82-wYTht8/blib/lib/B/Walker.pm line 65
B::Walker::walk_root(B::LISTOP=SCALAR(0x60027ad78)) called at /opt/perl5/cygwin_nt-6.1/1.7.35/x86_64/cpan/5.21.7/cygwin-multi/build/rpm-build-perl-0.82-wYTht8/blib/lib/B/Walker.pm line 65
B::Walker::walk_root(B::UNOP=SCALAR(0x6002e52e8)) called at /opt/perl5/cygwin_nt-6.1/1.7.35/x86_64/cpan/5.21.7/cygwin-multi/build/rpm-build-perl-0.82-wYTht8/blib/lib/B/Walker.pm line 91
B::Walker::walk_cv(B::CV=SCALAR(0x600327fd0)) called at /opt/perl5/cygwin_nt-6.1/1.7.35/x86_64/cpan/5.21.7/cygwin-multi/build/rpm-build-perl-0.82-wYTht8/blib/lib/B/Walker.pm line 77
B::Walker::walk_av("BEGIN", B::AV=SCALAR(0x60006e0b0)) called at /opt/perl5/cygwin_nt-6.1/1.7.35/x86_64/cpan/5.21.7/cygwin-multi/build/rpm-build-perl-0.82-wYTht8/blib/lib/B/Walker.pm line 97
B::Walker::walk_blocks() called at /opt/perl5/cygwin_nt-6.1/1.7.35/x86_64/cpan/5.21.7/cygwin-multi/build/rpm-build-perl-0.82-wYTht8/blib/lib/B/PerlReq.pm line 390
B::PerlReq::__ANON__() called at (eval 2) line 31
O::CHECK() called at -e line 0
eval {...} called at -e line 0
Can't locate object method "sv" via package "B::METHOP" at /opt/perl5/cygwin_nt-6.1/1.7.35/x86_64/cpan/5.21.7/cygwin-multi/build/rpm-build-perl-0.82-wYTht8/blib/lib/B/Walker.pm line 25.
CHECK failed--call queue aborted.
# Failed test at t/01-B-PerlReq.t line 76.
# got: 'perl(Data/Dumper.pm) >= 2.019.900'
# expected: ''
dying at -e line 1
at /opt/perl5/cygwin_nt-6.1/1.7.35/x86_64/cpan/5.21.7/cygwin-multi/build/rpm-build-perl-0.82-wYTht8/blib/lib/B/PerlReq.pm line 388.
B::PerlReq::__ANON__("Can't locate object method \"sv\" via package \"B::METHOP\" at /o"...) called at /opt/perl5/cygwin_nt-6.1/1.7.35/x86_64/cpan/5.21.7/cygwin-multi/build/rpm-build-perl-0.82-wYTht8/blib/lib/B/Walker.pm line 25
B::Walker::const_sv(B::METHOP=SCALAR(0x6003ab168)) called at /opt/perl5/cygwin_nt-6.1/1.7.35/x86_64/cpan/5.21.7/cygwin-multi/build/rpm-build-perl-0.82-wYTht8/blib/lib/B/PerlReq.pm line 307
B::PerlReq::grok_entersub(B::UNOP=SCALAR(0x6003ab0d8)) called at /opt/perl5/cygwin_nt-6.1/1.7.35/x86_64/cpan/5.21.7/cygwin-multi/build/rpm-build-perl-0.82-wYTht8/blib/lib/B/Walker.pm line 56
B::Walker::walk_root(B::UNOP=SCALAR(0x6003ab0d8)) called at /opt/perl5/cygwin_nt-6.1/1.7.35/x86_64/cpan/5.21.7/cygwin-multi/build/rpm-build-perl-0.82-wYTht8/blib/lib/B/Walker.pm line 65
B::Walker::walk_root(B::LISTOP=SCALAR(0x6003ab060)) called at /opt/perl5/cygwin_nt-6.1/1.7.35/x86_64/cpan/5.21.7/cygwin-multi/build/rpm-build-perl-0.82-wYTht8/blib/lib/B/Walker.pm line 65
B::Walker::walk_root(B::LISTOP=SCALAR(0x60027ad68)) called at /opt/perl5/cygwin_nt-6.1/1.7.35/x86_64/cpan/5.21.7/cygwin-multi/build/rpm-build-perl-0.82-wYTht8/blib/lib/B/Walker.pm line 65
B::Walker::walk_root(B::UNOP=SCALAR(0x6002e52d8)) called at /opt/perl5/cygwin_nt-6.1/1.7.35/x86_64/cpan/5.21.7/cygwin-multi/build/rpm-build-perl-0.82-wYTht8/blib/lib/B/Walker.pm line 91
B::Walker::walk_cv(B::CV=SCALAR(0x600328050)) called at /opt/perl5/cygwin_nt-6.1/1.7.35/x86_64/cpan/5.21.7/cygwin-multi/build/rpm-build-perl-0.82-wYTht8/blib/lib/B/Walker.pm line 77
B::Walker::walk_av("BEGIN", B::AV=SCALAR(0x60006e0a0)) called at /opt/perl5/cygwin_nt-6.1/1.7.35/x86_64/cpan/5.21.7/cygwin-multi/build/rpm-build-perl-0.82-wYTht8/blib/lib/B/Walker.pm line 97
B::Walker::walk_blocks() called at /opt/perl5/cygwin_nt-6.1/1.7.35/x86_64/cpan/5.21.7/cygwin-multi/build/rpm-build-perl-0.82-wYTht8/blib/lib/B/PerlReq.pm line 390
B::PerlReq::__ANON__() called at (eval 2) line 31
O::CHECK() called at -e line 0
eval {...} called at -e line 0
Can't locate object method "sv" via package "B::METHOP" at /opt/perl5/cygwin_nt-6.1/1.7.35/x86_64/cpan/5.21.7/cygwin-multi/build/rpm-build-perl-0.82-wYTht8/blib/lib/B/Walker.pm line 25.
CHECK failed--call queue aborted.
# Failed test at t/01-B-PerlReq.t line 77.
# got: 'perl(Data/Dumper.pm) >= 2.0'
# expected: ''
dying at -e line 1
at /opt/perl5/cygwin_nt-6.1/1.7.35/x86_64/cpan/5.21.7/cygwin-multi/build/rpm-build-perl-0.82-wYTht8/blib/lib/B/PerlReq.pm line 388.
B::PerlReq::__ANON__("Can't locate object method \"sv\" via package \"B::METHOP\" at /o"...) called at /opt/perl5/cygwin_nt-6.1/1.7.35/x86_64/cpan/5.21.7/cygwin-multi/build/rpm-build-perl-0.82-wYTht8/blib/lib/B/Walker.pm line 25
B::Walker::const_sv(B::METHOP=SCALAR(0x6003ab168)) called at /opt/perl5/cygwin_nt-6.1/1.7.35/x86_64/cpan/5.21.7/cygwin-multi/build/rpm-build-perl-0.82-wYTht8/blib/lib/B/PerlReq.pm line 307
B::PerlReq::grok_entersub(B::UNOP=SCALAR(0x6003ab0d8)) called at /opt/perl5/cygwin_nt-6.1/1.7.35/x86_64/cpan/5.21.7/cygwin-multi/build/rpm-build-perl-0.82-wYTht8/blib/lib/B/Walker.pm line 56
B::Walker::walk_root(B::UNOP=SCALAR(0x6003ab0d8)) called at /opt/perl5/cygwin_nt-6.1/1.7.35/x86_64/cpan/5.21.7/cygwin-multi/build/rpm-build-perl-0.82-wYTht8/blib/lib/B/Walker.pm line 65
B::Walker::walk_root(B::LISTOP=SCALAR(0x6003ab060)) called at /opt/perl5/cygwin_nt-6.1/1.7.35/x86_64/cpan/5.21.7/cygwin-multi/build/rpm-build-perl-0.82-wYTht8/blib/lib/B/Walker.pm line 65
B::Walker::walk_root(B::LISTOP=SCALAR(0x60027ad68)) called at /opt/perl5/cygwin_nt-6.1/1.7.35/x86_64/cpan/5.21.7/cygwin-multi/build/rpm-build-perl-0.82-wYTht8/blib/lib/B/Walker.pm line 65
B::Walker::walk_root(B::UNOP=SCALAR(0x6002e52d8)) called at /opt/perl5/cygwin_nt-6.1/1.7.35/x86_64/cpan/5.21.7/cygwin-multi/build/rpm-build-perl-0.82-wYTht8/blib/lib/B/Walker.pm line 91
B::Walker::walk_cv(B::CV=SCALAR(0x600328050)) called at /opt/perl5/cygwin_nt-6.1/1.7.35/x86_64/cpan/5.21.7/cygwin-multi/build/rpm-build-perl-0.82-wYTht8/blib/lib/B/Walker.pm line 77
B::Walker::walk_av("BEGIN", B::AV=SCALAR(0x60006e0a0)) called at /opt/perl5/cygwin_nt-6.1/1.7.35/x86_64/cpan/5.21.7/cygwin-multi/build/rpm-build-perl-0.82-wYTht8/blib/lib/B/Walker.pm line 97
B::Walker::walk_blocks() called at /opt/perl5/cygwin_nt-6.1/1.7.35/x86_64/cpan/5.21.7/cygwin-multi/build/rpm-build-perl-0.82-wYTht8/blib/lib/B/PerlReq.pm line 390
B::PerlReq::__ANON__() called at (eval 2) line 31
O::CHECK() called at -e line 0
eval {...} called at -e line 0
Can't locate object method "sv" via package "B::METHOP" at /opt/perl5/cygwin_nt-6.1/1.7.35/x86_64/cpan/5.21.7/cygwin-multi/build/rpm-build-perl-0.82-wYTht8/blib/lib/B/Walker.pm line 25.
CHECK failed--call queue aborted.
# Failed test at t/01-B-PerlReq.t line 78.
# got: 'perl(Data/Dumper.pm) >= 2.0'
# expected: ''
dying at -e line 1
at /opt/perl5/cygwin_nt-6.1/1.7.35/x86_64/cpan/5.21.7/cygwin-multi/build/rpm-build-perl-0.82-wYTht8/blib/lib/B/PerlReq.pm line 388.
B::PerlReq::__ANON__("Can't locate object method \"sv\" via package \"B::METHOP\" at /o"...) called at /opt/perl5/cygwin_nt-6.1/1.7.35/x86_64/cpan/5.21.7/cygwin-multi/build/rpm-build-perl-0.82-wYTht8/blib/lib/B/Walker.pm line 25
B::Walker::const_sv(B::METHOP=SCALAR(0x6003ab178)) called at /opt/perl5/cygwin_nt-6.1/1.7.35/x86_64/cpan/5.21.7/cygwin-multi/build/rpm-build-perl-0.82-wYTht8/blib/lib/B/PerlReq.pm line 307
B::PerlReq::grok_entersub(B::UNOP=SCALAR(0x6003ab0e8)) called at /opt/perl5/cygwin_nt-6.1/1.7.35/x86_64/cpan/5.21.7/cygwin-multi/build/rpm-build-perl-0.82-wYTht8/blib/lib/B/Walker.pm line 56
B::Walker::walk_root(B::UNOP=SCALAR(0x6003ab0e8)) called at /opt/perl5/cygwin_nt-6.1/1.7.35/x86_64/cpan/5.21.7/cygwin-multi/build/rpm-build-perl-0.82-wYTht8/blib/lib/B/Walker.pm line 65
B::Walker::walk_root(B::LISTOP=SCALAR(0x6003ab070)) called at /opt/perl5/cygwin_nt-6.1/1.7.35/x86_64/cpan/5.21.7/cygwin-multi/build/rpm-build-perl-0.82-wYTht8/blib/lib/B/Walker.pm line 65
B::Walker::walk_root(B::LISTOP=SCALAR(0x60027ad78)) called at /opt/perl5/cygwin_nt-6.1/1.7.35/x86_64/cpan/5.21.7/cygwin-multi/build/rpm-build-perl-0.82-wYTht8/blib/lib/B/Walker.pm line 65
B::Walker::walk_root(B::UNOP=SCALAR(0x6002e52e8)) called at /opt/perl5/cygwin_nt-6.1/1.7.35/x86_64/cpan/5.21.7/cygwin-multi/build/rpm-build-perl-0.82-wYTht8/blib/lib/B/Walker.pm line 91
B::Walker::walk_cv(B::CV=SCALAR(0x600328060)) called at /opt/perl5/cygwin_nt-6.1/1.7.35/x86_64/cpan/5.21.7/cygwin-multi/build/rpm-build-perl-0.82-wYTht8/blib/lib/B/Walker.pm line 77
B::Walker::walk_av("BEGIN", B::AV=SCALAR(0x60006e0b0)) called at /opt/perl5/cygwin_nt-6.1/1.7.35/x86_64/cpan/5.21.7/cygwin-multi/build/rpm-build-perl-0.82-wYTht8/blib/lib/B/Walker.pm line 97
B::Walker::walk_blocks() called at /opt/perl5/cygwin_nt-6.1/1.7.35/x86_64/cpan/5.21.7/cygwin-multi/build/rpm-build-perl-0.82-wYTht8/blib/lib/B/PerlReq.pm line 390
B::PerlReq::__ANON__() called at (eval 2) line 31
O::CHECK() called at -e line 0
eval {...} called at -e line 0
Can't locate object method "sv" via package "B::METHOP" at /opt/perl5/cygwin_nt-6.1/1.7.35/x86_64/cpan/5.21.7/cygwin-multi/build/rpm-build-perl-0.82-wYTht8/blib/lib/B/Walker.pm line 25.
CHECK failed--call queue aborted.
# Failed test at t/01-B-PerlReq.t line 79.
# got: 'perl(Data/Dumper.pm) >= 2.0.998'
# expected: ''
dying at -e line 1
at /opt/perl5/cygwin_nt-6.1/1.7.35/x86_64/cpan/5.21.7/cygwin-multi/build/rpm-build-perl-0.82-wYTht8/blib/lib/B/PerlReq.pm line 388.
B::PerlReq::__ANON__("Can't locate object method \"sv\" via package \"B::METHOP\" at /o"...) called at /opt/perl5/cygwin_nt-6.1/1.7.35/x86_64/cpan/5.21.7/cygwin-multi/build/rpm-build-perl-0.82-wYTht8/blib/lib/B/Walker.pm line 25
B::Walker::const_sv(B::METHOP=SCALAR(0x6003ab178)) called at /opt/perl5/cygwin_nt-6.1/1.7.35/x86_64/cpan/5.21.7/cygwin-multi/build/rpm-build-perl-0.82-wYTht8/blib/lib/B/PerlReq.pm line 307
B::PerlReq::grok_entersub(B::UNOP=SCALAR(0x6003ab0e8)) called at /opt/perl5/cygwin_nt-6.1/1.7.35/x86_64/cpan/5.21.7/cygwin-multi/build/rpm-build-perl-0.82-wYTht8/blib/lib/B/Walker.pm line 56
B::Walker::walk_root(B::UNOP=SCALAR(0x6003ab0e8)) called at /opt/perl5/cygwin_nt-6.1/1.7.35/x86_64/cpan/5.21.7/cygwin-multi/build/rpm-build-perl-0.82-wYTht8/blib/lib/B/Walker.pm line 65
B::Walker::walk_root(B::LISTOP=SCALAR(0x6003ab070)) called at /opt/perl5/cygwin_nt-6.1/1.7.35/x86_64/cpan/5.21.7/cygwin-multi/build/rpm-build-perl-0.82-wYTht8/blib/lib/B/Walker.pm line 65
B::Walker::walk_root(B::LISTOP=SCALAR(0x60027ad78)) called at /opt/perl5/cygwin_nt-6.1/1.7.35/x86_64/cpan/5.21.7/cygwin-multi/build/rpm-build-perl-0.82-wYTht8/blib/lib/B/Walker.pm line 65
B::Walker::walk_root(B::UNOP=SCALAR(0x6002e52e8)) called at /opt/perl5/cygwin_nt-6.1/1.7.35/x86_64/cpan/5.21.7/cygwin-multi/build/rpm-build-perl-0.82-wYTht8/blib/lib/B/Walker.pm line 91
B::Walker::walk_cv(B::CV=SCALAR(0x600328060)) called at /opt/perl5/cygwin_nt-6.1/1.7.35/x86_64/cpan/5.21.7/cygwin-multi/build/rpm-build-perl-0.82-wYTht8/blib/lib/B/Walker.pm line 77
B::Walker::walk_av("BEGIN", B::AV=SCALAR(0x60006e0b0)) called at /opt/perl5/cygwin_nt-6.1/1.7.35/x86_64/cpan/5.21.7/cygwin-multi/build/rpm-build-perl-0.82-wYTht8/blib/lib/B/Walker.pm line 97
B::Walker::walk_blocks() called at /opt/perl5/cygwin_nt-6.1/1.7.35/x86_64/cpan/5.21.7/cygwin-multi/build/rpm-build-perl-0.82-wYTht8/blib/lib/B/PerlReq.pm line 390
B::PerlReq::__ANON__() called at (eval 2) line 31
O::CHECK() called at -e line 0
eval {...} called at -e line 0
Can't locate object method "sv" via package "B::METHOP" at /opt/perl5/cygwin_nt-6.1/1.7.35/x86_64/cpan/5.21.7/cygwin-multi/build/rpm-build-perl-0.82-wYTht8/blib/lib/B/Walker.pm line 25.
CHECK failed--call queue aborted.
# Failed test at t/01-B-PerlReq.t line 80.
# got: 'perl(Data/Dumper.pm) >= 2.0.999'
# expected: ''
dying at -e line 1
at /opt/perl5/cygwin_nt-6.1/1.7.35/x86_64/cpan/5.21.7/cygwin-multi/build/rpm-build-perl-0.82-wYTht8/blib/lib/B/PerlReq.pm line 388.
B::PerlReq::__ANON__("Can't locate object method \"sv\" via package \"B::METHOP\" at /o"...) called at /opt/perl5/cygwin_nt-6.1/1.7.35/x86_64/cpan/5.21.7/cygwin-multi/build/rpm-build-perl-0.82-wYTht8/blib/lib/B/Walker.pm line 25
B::Walker::const_sv(B::METHOP=SCALAR(0x6003ab178)) called at /opt/perl5/cygwin_nt-6.1/1.7.35/x86_64/cpan/5.21.7/cygwin-multi/build/rpm-build-perl-0.82-wYTht8/blib/lib/B/PerlReq.pm line 307
B::PerlReq::grok_entersub(B::UNOP=SCALAR(0x6003ab0e8)) called at /opt/perl5/cygwin_nt-6.1/1.7.35/x86_64/cpan/5.21.7/cygwin-multi/build/rpm-build-perl-0.82-wYTht8/blib/lib/B/Walker.pm line 56
B::Walker::walk_root(B::UNOP=SCALAR(0x6003ab0e8)) called at /opt/perl5/cygwin_nt-6.1/1.7.35/x86_64/cpan/5.21.7/cygwin-multi/build/rpm-build-perl-0.82-wYTht8/blib/lib/B/Walker.pm line 65
B::Walker::walk_root(B::LISTOP=SCALAR(0x6003ab070)) called at /opt/perl5/cygwin_nt-6.1/1.7.35/x86_64/cpan/5.21.7/cygwin-multi/build/rpm-build-perl-0.82-wYTht8/blib/lib/B/Walker.pm line 65
B::Walker::walk_root(B::LISTOP=SCALAR(0x60027ad78)) called at /opt/perl5/cygwin_nt-6.1/1.7.35/x86_64/cpan/5.21.7/cygwin-multi/build/rpm-build-perl-0.82-wYTht8/blib/lib/B/Walker.pm line 65
B::Walker::walk_root(B::UNOP=SCALAR(0x6002e52e8)) called at /opt/perl5/cygwin_nt-6.1/1.7.35/x86_64/cpan/5.21.7/cygwin-multi/build/rpm-build-perl-0.82-wYTht8/blib/lib/B/Walker.pm line 91
B::Walker::walk_cv(B::CV=SCALAR(0x600328060)) called at /opt/perl5/cygwin_nt-6.1/1.7.35/x86_64/cpan/5.21.7/cygwin-multi/build/rpm-build-perl-0.82-wYTht8/blib/lib/B/Walker.pm line 77
B::Walker::walk_av("BEGIN", B::AV=SCALAR(0x60006e0b0)) called at /opt/perl5/cygwin_nt-6.1/1.7.35/x86_64/cpan/5.21.7/cygwin-multi/build/rpm-build-perl-0.82-wYTht8/blib/lib/B/Walker.pm line 97
B::Walker::walk_blocks() called at /opt/perl5/cygwin_nt-6.1/1.7.35/x86_64/cpan/5.21.7/cygwin-multi/build/rpm-build-perl-0.82-wYTht8/blib/lib/B/PerlReq.pm line 390
B::PerlReq::__ANON__() called at (eval 2) line 31
O::CHECK() called at -e line 0
eval {...} called at -e line 0
Can't locate object method "sv" via package "B::METHOP" at /opt/perl5/cygwin_nt-6.1/1.7.35/x86_64/cpan/5.21.7/cygwin-multi/build/rpm-build-perl-0.82-wYTht8/blib/lib/B/Walker.pm line 25.
CHECK failed--call queue aborted.
# Failed test at t/01-B-PerlReq.t line 81.
# got: 'perl(Data/Dumper.pm) >= 2.001.001'
# expected: ''
dying at -e line 1
at /opt/perl5/cygwin_nt-6.1/1.7.35/x86_64/cpan/5.21.7/cygwin-multi/build/rpm-build-perl-0.82-wYTht8/blib/lib/B/PerlReq.pm line 388.
B::PerlReq::__ANON__("Can't locate object method \"sv\" via package \"B::METHOP\" at /o"...) called at /opt/perl5/cygwin_nt-6.1/1.7.35/x86_64/cpan/5.21.7/cygwin-multi/build/rpm-build-perl-0.82-wYTht8/blib/lib/B/Walker.pm line 25
B::Walker::const_sv(B::METHOP=SCALAR(0x6003ab178)) called at /opt/perl5/cygwin_nt-6.1/1.7.35/x86_64/cpan/5.21.7/cygwin-multi/build/rpm-build-perl-0.82-wYTht8/blib/lib/B/PerlReq.pm line 307
B::PerlReq::grok_entersub(B::UNOP=SCALAR(0x6003ab0e8)) called at /opt/perl5/cygwin_nt-6.1/1.7.35/x86_64/cpan/5.21.7/cygwin-multi/build/rpm-build-perl-0.82-wYTht8/blib/lib/B/Walker.pm line 56
B::Walker::walk_root(B::UNOP=SCALAR(0x6003ab0e8)) called at /opt/perl5/cygwin_nt-6.1/1.7.35/x86_64/cpan/5.21.7/cygwin-multi/build/rpm-build-perl-0.82-wYTht8/blib/lib/B/Walker.pm line 65
B::Walker::walk_root(B::LISTOP=SCALAR(0x6003ab070)) called at /opt/perl5/cygwin_nt-6.1/1.7.35/x86_64/cpan/5.21.7/cygwin-multi/build/rpm-build-perl-0.82-wYTht8/blib/lib/B/Walker.pm line 65
B::Walker::walk_root(B::LISTOP=SCALAR(0x60027ad60)) called at /opt/perl5/cygwin_nt-6.1/1.7.35/x86_64/cpan/5.21.7/cygwin-multi/build/rpm-build-perl-0.82-wYTht8/blib/lib/B/Walker.pm line 65
B::Walker::walk_root(B::UNOP=SCALAR(0x6002e5360)) called at /opt/perl5/cygwin_nt-6.1/1.7.35/x86_64/cpan/5.21.7/cygwin-multi/build/rpm-build-perl-0.82-wYTht8/blib/lib/B/Walker.pm line 91
B::Walker::walk_cv(B::CV=SCALAR(0x600328060)) called at /opt/perl5/cygwin_nt-6.1/1.7.35/x86_64/cpan/5.21.7/cygwin-multi/build/rpm-build-perl-0.82-wYTht8/blib/lib/B/Walker.pm line 77
B::Walker::walk_av("BEGIN", B::AV=SCALAR(0x60006e0b0)) called at /opt/perl5/cygwin_nt-6.1/1.7.35/x86_64/cpan/5.21.7/cygwin-multi/build/rpm-build-perl-0.82-wYTht8/blib/lib/B/Walker.pm line 97
B::Walker::walk_blocks() called at /opt/perl5/cygwin_nt-6.1/1.7.35/x86_64/cpan/5.21.7/cygwin-multi/build/rpm-build-perl-0.82-wYTht8/blib/lib/B/PerlReq.pm line 390
B::PerlReq::__ANON__() called at (eval 2) line 31
O::CHECK() called at -e line 0
eval {...} called at -e line 0
Can't locate object method "sv" via package "B::METHOP" at /opt/perl5/cygwin_nt-6.1/1.7.35/x86_64/cpan/5.21.7/cygwin-multi/build/rpm-build-perl-0.82-wYTht8/blib/lib/B/Walker.pm line 25.
CHECK failed--call queue aborted.
# Failed test at t/01-B-PerlReq.t line 82.
# got: 'perl(Data/Dumper.pm) >= 2.001.001'
# expected: ''
dying at -e line 1
at /opt/perl5/cygwin_nt-6.1/1.7.35/x86_64/cpan/5.21.7/cygwin-multi/build/rpm-build-perl-0.82-wYTht8/blib/lib/B/PerlReq.pm line 388.
B::PerlReq::__ANON__("Can't locate object method \"sv\" via package \"B::METHOP\" at /o"...) called at /opt/perl5/cygwin_nt-6.1/1.7.35/x86_64/cpan/5.21.7/cygwin-multi/build/rpm-build-perl-0.82-wYTht8/blib/lib/B/Walker.pm line 25
B::Walker::const_sv(B::METHOP=SCALAR(0x6003ec8e8)) called at /opt/perl5/cygwin_nt-6.1/1.7.35/x86_64/cpan/5.21.7/cygwin-multi/build/rpm-build-perl-0.82-wYTht8/blib/lib/B/PerlReq.pm line 307
B::PerlReq::grok_entersub(B::UNOP=SCALAR(0x6003ec858)) called at /opt/perl5/cygwin_nt-6.1/1.7.35/x86_64/cpan/5.21.7/cygwin-multi/build/rpm-build-perl-0.82-wYTht8/blib/lib/B/Walker.pm line 56
B::Walker::walk_root(B::UNOP=SCALAR(0x6003ec858)) called at /opt/perl5/cygwin_nt-6.1/1.7.35/x86_64/cpan/5.21.7/cygwin-multi/build/rpm-build-perl-0.82-wYTht8/blib/lib/B/Walker.pm line 65
B::Walker::walk_root(B::LISTOP=SCALAR(0x6003ec7c8)) called at /opt/perl5/cygwin_nt-6.1/1.7.35/x86_64/cpan/5.21.7/cygwin-multi/build/rpm-build-perl-0.82-wYTht8/blib/lib/B/Walker.pm line 65
B::Walker::walk_root(B::LISTOP=SCALAR(0x60032c660)) called at /opt/perl5/cygwin_nt-6.1/1.7.35/x86_64/cpan/5.21.7/cygwin-multi/build/rpm-build-perl-0.82-wYTht8/blib/lib/B/Walker.pm line 65
B::Walker::walk_root(B::UNOP=SCALAR(0x60032c768)) called at /opt/perl5/cygwin_nt-6.1/1.7.35/x86_64/cpan/5.21.7/cygwin-multi/build/rpm-build-perl-0.82-wYTht8/blib/lib/B/Walker.pm line 91
B::Walker::walk_cv(B::CV=SCALAR(0x60033f160)) called at /opt/perl5/cygwin_nt-6.1/1.7.35/x86_64/cpan/5.21.7/cygwin-multi/build/rpm-build-perl-0.82-wYTht8/blib/lib/B/Walker.pm line 77
B::Walker::walk_av("BEGIN", B::AV=SCALAR(0x60006e0b0)) called at /opt/perl5/cygwin_nt-6.1/1.7.35/x86_64/cpan/5.21.7/cygwin-multi/build/rpm-build-perl-0.82-wYTht8/blib/lib/B/Walker.pm line 97
B::Walker::walk_blocks() called at /opt/perl5/cygwin_nt-6.1/1.7.35/x86_64/cpan/5.21.7/cygwin-multi/build/rpm-build-perl-0.82-wYTht8/blib/lib/B/PerlReq.pm line 390
B::PerlReq::__ANON__() called at (eval 2) line 31
O::CHECK() called at -e line 0
eval {...} called at -e line 0
Can't locate object method "sv" via package "B::METHOP" at /opt/perl5/cygwin_nt-6.1/1.7.35/x86_64/cpan/5.21.7/cygwin-multi/build/rpm-build-perl-0.82-wYTht8/blib/lib/B/Walker.pm line 25.
CHECK failed--call queue aborted.
# Failed test at t/01-B-PerlReq.t line 84.
# got: 'perl(base.pm)
# perl(Data/Dumper.pm)'
# expected: ''
dying at -e line 1
at /opt/perl5/cygwin_nt-6.1/1.7.35/x86_64/cpan/5.21.7/cygwin-multi/build/rpm-build-perl-0.82-wYTht8/blib/lib/B/PerlReq.pm line 388.
B::PerlReq::__ANON__("Can't locate object method \"sv\" via package \"B::METHOP\" at /o"...) called at /opt/perl5/cygwin_nt-6.1/1.7.35/x86_64/cpan/5.21.7/cygwin-multi/build/rpm-build-perl-0.82-wYTht8/blib/lib/B/Walker.pm line 25
B::Walker::const_sv(B::METHOP=SCALAR(0x6003eca00)) called at /opt/perl5/cygwin_nt-6.1/1.7.35/x86_64/cpan/5.21.7/cygwin-multi/build/rpm-build-perl-0.82-wYTht8/blib/lib/B/PerlReq.pm line 307
B::PerlReq::grok_entersub(B::UNOP=SCALAR(0x6003ec970)) called at /opt/perl5/cygwin_nt-6.1/1.7.35/x86_64/cpan/5.21.7/cygwin-multi/build/rpm-build-perl-0.82-wYTht8/blib/lib/B/Walker.pm line 56
B::Walker::walk_root(B::UNOP=SCALAR(0x6003ec970)) called at /opt/perl5/cygwin_nt-6.1/1.7.35/x86_64/cpan/5.21.7/cygwin-multi/build/rpm-build-perl-0.82-wYTht8/blib/lib/B/Walker.pm line 65
B::Walker::walk_root(B::LISTOP=SCALAR(0x6003ec8f8)) called at /opt/perl5/cygwin_nt-6.1/1.7.35/x86_64/cpan/5.21.7/cygwin-multi/build/rpm-build-perl-0.82-wYTht8/blib/lib/B/Walker.pm line 65
B::Walker::walk_root(B::LISTOP=SCALAR(0x60032c238)) called at /opt/perl5/cygwin_nt-6.1/1.7.35/x86_64/cpan/5.21.7/cygwin-multi/build/rpm-build-perl-0.82-wYTht8/blib/lib/B/Walker.pm line 65
B::Walker::walk_root(B::UNOP=SCALAR(0x60033e8f8)) called at /opt/perl5/cygwin_nt-6.1/1.7.35/x86_64/cpan/5.21.7/cygwin-multi/build/rpm-build-perl-0.82-wYTht8/blib/lib/B/Walker.pm line 91
B::Walker::walk_cv(B::CV=SCALAR(0x60033f1c8)) called at /opt/perl5/cygwin_nt-6.1/1.7.35/x86_64/cpan/5.21.7/cygwin-multi/build/rpm-build-perl-0.82-wYTht8/blib/lib/B/Walker.pm line 77
B::Walker::walk_av("BEGIN", B::AV=SCALAR(0x60006e0b0)) called at /opt/perl5/cygwin_nt-6.1/1.7.35/x86_64/cpan/5.21.7/cygwin-multi/build/rpm-build-perl-0.82-wYTht8/blib/lib/B/Walker.pm line 97
B::Walker::walk_blocks() called at /opt/perl5/cygwin_nt-6.1/1.7.35/x86_64/cpan/5.21.7/cygwin-multi/build/rpm-build-perl-0.82-wYTht8/blib/lib/B/PerlReq.pm line 390
B::PerlReq::__ANON__() called at (eval 2) line 31
O::CHECK() called at -e line 0
eval {...} called at -e line 0
Can't locate object method "sv" via package "B::METHOP" at /opt/perl5/cygwin_nt-6.1/1.7.35/x86_64/cpan/5.21.7/cygwin-multi/build/rpm-build-perl-0.82-wYTht8/blib/lib/B/Walker.pm line 25.
CHECK failed--call queue aborted.
# Failed test at t/01-B-PerlReq.t line 85.
# got: 'perl(base.pm) >= 1.0
# perl(Data/Dumper.pm)'
# expected: ''
dying at -e line 1
at /opt/perl5/cygwin_nt-6.1/1.7.35/x86_64/cpan/5.21.7/cygwin-multi/build/rpm-build-perl-0.82-wYTht8/blib/lib/B/PerlReq.pm line 388.
B::PerlReq::__ANON__("Can't locate object method \"sv\" via package \"B::METHOP\" at /o"...) called at /opt/perl5/cygwin_nt-6.1/1.7.35/x86_64/cpan/5.21.7/cygwin-multi/build/rpm-build-perl-0.82-wYTht8/blib/lib/B/Walker.pm line 25
B::Walker::const_sv(B::METHOP=SCALAR(0x600412308)) called at /opt/perl5/cygwin_nt-6.1/1.7.35/x86_64/cpan/5.21.7/cygwin-multi/build/rpm-build-perl-0.82-wYTht8/blib/lib/B/PerlReq.pm line 307
B::PerlReq::grok_entersub(B::UNOP=SCALAR(0x6004122d8)) called at /opt/perl5/cygwin_nt-6.1/1.7.35/x86_64/cpan/5.21.7/cygwin-multi/build/rpm-build-perl-0.82-wYTht8/blib/lib/B/Walker.pm line 56
B::Walker::walk_root(B::UNOP=SCALAR(0x6004122d8)) called at /opt/perl5/cygwin_nt-6.1/1.7.35/x86_64/cpan/5.21.7/cygwin-multi/build/rpm-build-perl-0.82-wYTht8/blib/lib/B/Walker.pm line 65
B::Walker::walk_root(B::LISTOP=SCALAR(0x600412248)) called at /opt/perl5/cygwin_nt-6.1/1.7.35/x86_64/cpan/5.21.7/cygwin-multi/build/rpm-build-perl-0.82-wYTht8/blib/lib/B/Walker.pm line 65
B::Walker::walk_root(B::LISTOP=SCALAR(0x6003ecc08)) called at /opt/perl5/cygwin_nt-6.1/1.7.35/x86_64/cpan/5.21.7/cygwin-multi/build/rpm-build-perl-0.82-wYTht8/blib/lib/B/Walker.pm line 65
B::Walker::walk_root(B::UNOP=SCALAR(0x6003ecae8)) called at /opt/perl5/cygwin_nt-6.1/1.7.35/x86_64/cpan/5.21.7/cygwin-multi/build/rpm-build-perl-0.82-wYTht8/blib/lib/B/Walker.pm line 91
B::Walker::walk_cv(B::CV=SCALAR(0x60033e9b0)) called at /opt/perl5/cygwin_nt-6.1/1.7.35/x86_64/cpan/5.21.7/cygwin-multi/build/rpm-build-perl-0.82-wYTht8/blib/lib/B/Walker.pm line 77
B::Walker::walk_av("BEGIN", B::AV=SCALAR(0x60006e0d0)) called at /opt/perl5/cygwin_nt-6.1/1.7.35/x86_64/cpan/5.21.7/cygwin-multi/build/rpm-build-perl-0.82-wYTht8/blib/lib/B/Walker.pm line 97
B::Walker::walk_blocks() called at /opt/perl5/cygwin_nt-6.1/1.7.35/x86_64/cpan/5.21.7/cygwin-multi/build/rpm-build-perl-0.82-wYTht8/blib/lib/B/PerlReq.pm line 390
B::PerlReq::__ANON__() called at (eval 2) line 31
O::CHECK() called at -e line 0
eval {...} called at -e line 0
Can't locate object method "sv" via package "B::METHOP" at /opt/perl5/cygwin_nt-6.1/1.7.35/x86_64/cpan/5.21.7/cygwin-multi/build/rpm-build-perl-0.82-wYTht8/blib/lib/B/Walker.pm line 25.
CHECK failed--call queue aborted.
# Failed test at t/01-B-PerlReq.t line 86.
# got: 'perl(base.pm)
# perl(Data/Dumper.pm)
# perl(File/Basename.pm)'
# expected: ''
dying at -e line 1
at /opt/perl5/cygwin_nt-6.1/1.7.35/x86_64/cpan/5.21.7/cygwin-multi/build/rpm-build-perl-0.82-wYTht8/blib/lib/B/PerlReq.pm line 388.
B::PerlReq::__ANON__("Can't locate object method \"sv\" via package \"B::METHOP\" at /o"...) called at /opt/perl5/cygwin_nt-6.1/1.7.35/x86_64/cpan/5.21.7/cygwin-multi/build/rpm-build-perl-0.82-wYTht8/blib/lib/B/Walker.pm line 25
B::Walker::const_sv(B::METHOP=SCALAR(0x600351308)) called at /opt/perl5/cygwin_nt-6.1/1.7.35/x86_64/cpan/5.21.7/cygwin-multi/build/rpm-build-perl-0.82-wYTht8/blib/lib/B/PerlReq.pm line 307
B::PerlReq::grok_entersub(B::UNOP=SCALAR(0x6003512d8)) called at /opt/perl5/cygwin_nt-6.1/1.7.35/x86_64/cpan/5.21.7/cygwin-multi/build/rpm-build-perl-0.82-wYTht8/blib/lib/B/Walker.pm line 56
B::Walker::walk_root(B::UNOP=SCALAR(0x6003512d8)) called at /opt/perl5/cygwin_nt-6.1/1.7.35/x86_64/cpan/5.21.7/cygwin-multi/build/rpm-build-perl-0.82-wYTht8/blib/lib/B/Walker.pm line 65
B::Walker::walk_root(B::LISTOP=SCALAR(0x600351248)) called at /opt/perl5/cygwin_nt-6.1/1.7.35/x86_64/cpan/5.21.7/cygwin-multi/build/rpm-build-perl-0.82-wYTht8/blib/lib/B/Walker.pm line 65
B::Walker::walk_root(B::LISTOP=SCALAR(0x600350870)) called at /opt/perl5/cygwin_nt-6.1/1.7.35/x86_64/cpan/5.21.7/cygwin-multi/build/rpm-build-perl-0.82-wYTht8/blib/lib/B/Walker.pm line 65
B::Walker::walk_root(B::UNOP=SCALAR(0x6003507b0)) called at /opt/perl5/cygwin_nt-6.1/1.7.35/x86_64/cpan/5.21.7/cygwin-multi/build/rpm-build-perl-0.82-wYTht8/blib/lib/B/Walker.pm line 91
B::Walker::walk_cv(B::CV=SCALAR(0x600350600)) called at /opt/perl5/cygwin_nt-6.1/1.7.35/x86_64/cpan/5.21.7/cygwin-multi/build/rpm-build-perl-0.82-wYTht8/blib/lib/B/Walker.pm line 77
B::Walker::walk_av("BEGIN", B::AV=SCALAR(0x60006e0d0)) called at /opt/perl5/cygwin_nt-6.1/1.7.35/x86_64/cpan/5.21.7/cygwin-multi/build/rpm-build-perl-0.82-wYTht8/blib/lib/B/Walker.pm line 97
B::Walker::walk_blocks() called at /opt/perl5/cygwin_nt-6.1/1.7.35/x86_64/cpan/5.21.7/cygwin-multi/build/rpm-build-perl-0.82-wYTht8/blib/lib/B/PerlReq.pm line 390
B::PerlReq::__ANON__() called at (eval 2) line 31
O::CHECK() called at -e line 0
eval {...} called at -e line 0
Can't locate object method "sv" via package "B::METHOP" at /opt/perl5/cygwin_nt-6.1/1.7.35/x86_64/cpan/5.21.7/cygwin-multi/build/rpm-build-perl-0.82-wYTht8/blib/lib/B/Walker.pm line 25.
CHECK failed--call queue aborted.
# Failed test at t/01-B-PerlReq.t line 87.
# got: 'perl(Tie/Hash.pm)
# perl(base.pm)'
# expected: ''
dying at -e line 1
at /opt/perl5/cygwin_nt-6.1/1.7.35/x86_64/cpan/5.21.7/cygwin-multi/build/rpm-build-perl-0.82-wYTht8/blib/lib/B/PerlReq.pm line 388.
B::PerlReq::__ANON__("Can't locate object method \"sv\" via package \"B::METHOP\" at /o"...) called at /opt/perl5/cygwin_nt-6.1/1.7.35/x86_64/cpan/5.21.7/cygwin-multi/build/rpm-build-perl-0.82-wYTht8/blib/lib/B/Walker.pm line 25
B::Walker::const_sv(B::METHOP=SCALAR(0x600328c68)) called at /opt/perl5/cygwin_nt-6.1/1.7.35/x86_64/cpan/5.21.7/cygwin-multi/build/rpm-build-perl-0.82-wYTht8/blib/lib/B/PerlReq.pm line 307
B::PerlReq::grok_entersub(B::UNOP=SCALAR(0x600328bd8)) called at /opt/perl5/cygwin_nt-6.1/1.7.35/x86_64/cpan/5.21.7/cygwin-multi/build/rpm-build-perl-0.82-wYTht8/blib/lib/B/Walker.pm line 56
B::Walker::walk_root(B::UNOP=SCALAR(0x600328bd8)) called at /opt/perl5/cygwin_nt-6.1/1.7.35/x86_64/cpan/5.21.7/cygwin-multi/build/rpm-build-perl-0.82-wYTht8/blib/lib/B/Walker.pm line 65
B::Walker::walk_root(B::LISTOP=SCALAR(0x600328b48)) called at /opt/perl5/cygwin_nt-6.1/1.7.35/x86_64/cpan/5.21.7/cygwin-multi/build/rpm-build-perl-0.82-wYTht8/blib/lib/B/Walker.pm line 65
B::Walker::walk_root(B::LISTOP=SCALAR(0x60027aca0)) called at /opt/perl5/cygwin_nt-6.1/1.7.35/x86_64/cpan/5.21.7/cygwin-multi/build/rpm-build-perl-0.82-wYTht8/blib/lib/B/Walker.pm line 65
B::Walker::walk_root(B::UNOP=SCALAR(0x60027ac28)) called at /opt/perl5/cygwin_nt-6.1/1.7.35/x86_64/cpan/5.21.7/cygwin-multi/build/rpm-build-perl-0.82-wYTht8/blib/lib/B/Walker.pm line 91
B::Walker::walk_cv(B::CV=SCALAR(0x60027ab68)) called at /opt/perl5/cygwin_nt-6.1/1.7.35/x86_64/cpan/5.21.7/cygwin-multi/build/rpm-build-perl-0.82-wYTht8/blib/lib/B/Walker.pm line 77
B::Walker::walk_av("BEGIN", B::AV=SCALAR(0x60006e0b0)) called at /opt/perl5/cygwin_nt-6.1/1.7.35/x86_64/cpan/5.21.7/cygwin-multi/build/rpm-build-perl-0.82-wYTht8/blib/lib/B/Walker.pm line 97
B::Walker::walk_blocks() called at /opt/perl5/cygwin_nt-6.1/1.7.35/x86_64/cpan/5.21.7/cygwin-multi/build/rpm-build-perl-0.82-wYTht8/blib/lib/B/PerlReq.pm line 390
B::PerlReq::__ANON__() called at (eval 2) line 31
O::CHECK() called at -e line 0
eval {...} called at -e line 0
Can't locate object method "sv" via package "B::METHOP" at /opt/perl5/cygwin_nt-6.1/1.7.35/x86_64/cpan/5.21.7/cygwin-multi/build/rpm-build-perl-0.82-wYTht8/blib/lib/B/Walker.pm line 25.
CHECK failed--call queue aborted.
# Failed test at t/01-B-PerlReq.t line 89.
# got: 'perl(autouse.pm)
# perl(Data/Dumper.pm)'
# expected: ''
dying at -e line 1
at /opt/perl5/cygwin_nt-6.1/1.7.35/x86_64/cpan/5.21.7/cygwin-multi/build/rpm-build-perl-0.82-wYTht8/blib/lib/B/PerlReq.pm line 388.
B::PerlReq::__ANON__("Can't locate object method \"sv\" via package \"B::METHOP\" at /o"...) called at /opt/perl5/cygwin_nt-6.1/1.7.35/x86_64/cpan/5.21.7/cygwin-multi/build/rpm-build-perl-0.82-wYTht8/blib/lib/B/Walker.pm line 25
B::Walker::const_sv(B::METHOP=SCALAR(0x60007be40)) called at /opt/perl5/cygwin_nt-6.1/1.7.35/x86_64/cpan/5.21.7/cygwin-multi/build/rpm-build-perl-0.82-wYTht8/blib/lib/B/PerlReq.pm line 307
B::PerlReq::grok_entersub(B::UNOP=SCALAR(0x60007be10)) called at /opt/perl5/cygwin_nt-6.1/1.7.35/x86_64/cpan/5.21.7/cygwin-multi/build/rpm-build-perl-0.82-wYTht8/blib/lib/B/Walker.pm line 56
B::Walker::walk_root(B::UNOP=SCALAR(0x60007be10)) called at /opt/perl5/cygwin_nt-6.1/1.7.35/x86_64/cpan/5.21.7/cygwin-multi/build/rpm-build-perl-0.82-wYTht8/blib/lib/B/Walker.pm line 65
B::Walker::walk_root(B::LISTOP=SCALAR(0x60007bd80)) called at /opt/perl5/cygwin_nt-6.1/1.7.35/x86_64/cpan/5.21.7/cygwin-multi/build/rpm-build-perl-0.82-wYTht8/blib/lib/B/Walker.pm line 65
B::Walker::walk_root(B::LISTOP=SCALAR(0x60027aa20)) called at /opt/perl5/cygwin_nt-6.1/1.7.35/x86_64/cpan/5.21.7/cygwin-multi/build/rpm-build-perl-0.82-wYTht8/blib/lib/B/Walker.pm line 65
B::Walker::walk_root(B::UNOP=SCALAR(0x60031c578)) called at /opt/perl5/cygwin_nt-6.1/1.7.35/x86_64/cpan/5.21.7/cygwin-multi/build/rpm-build-perl-0.82-wYTht8/blib/lib/B/Walker.pm line 91
B::Walker::walk_cv(B::CV=SCALAR(0x60027ad50)) called at /opt/perl5/cygwin_nt-6.1/1.7.35/x86_64/cpan/5.21.7/cygwin-multi/build/rpm-build-perl-0.82-wYTht8/blib/lib/B/Walker.pm line 77
B::Walker::walk_av("BEGIN", B::AV=SCALAR(0x60006e0d0)) called at /opt/perl5/cygwin_nt-6.1/1.7.35/x86_64/cpan/5.21.7/cygwin-multi/build/rpm-build-perl-0.82-wYTht8/blib/lib/B/Walker.pm line 97
B::Walker::walk_blocks() called at /opt/perl5/cygwin_nt-6.1/1.7.35/x86_64/cpan/5.21.7/cygwin-multi/build/rpm-build-perl-0.82-wYTht8/blib/lib/B/PerlReq.pm line 390
B::PerlReq::__ANON__() called at (eval 2) line 31
O::CHECK() called at -e line 0
eval {...} called at -e line 0
Can't locate object method "sv" via package "B::METHOP" at /opt/perl5/cygwin_nt-6.1/1.7.35/x86_64/cpan/5.21.7/cygwin-multi/build/rpm-build-perl-0.82-wYTht8/blib/lib/B/Walker.pm line 25.
CHECK failed--call queue aborted.
# Failed test at t/01-B-PerlReq.t line 90.
# got: 'perl(autouse.pm)
# perl(Data/Dumper.pm)'
# expected: ''
dying at -e line 1
at /opt/perl5/cygwin_nt-6.1/1.7.35/x86_64/cpan/5.21.7/cygwin-multi/build/rpm-build-perl-0.82-wYTht8/blib/lib/B/PerlReq.pm line 388.
B::PerlReq::__ANON__("Can't locate object method \"sv\" via package \"B::METHOP\" at /o"...) called at /opt/perl5/cygwin_nt-6.1/1.7.35/x86_64/cpan/5.21.7/cygwin-multi/build/rpm-build-perl-0.82-wYTht8/blib/lib/B/Walker.pm line 25
B::Walker::const_sv(B::METHOP=SCALAR(0x60007be58)) called at /opt/perl5/cygwin_nt-6.1/1.7.35/x86_64/cpan/5.21.7/cygwin-multi/build/rpm-build-perl-0.82-wYTht8/blib/lib/B/PerlReq.pm line 307
B::PerlReq::grok_entersub(B::UNOP=SCALAR(0x60007be28)) called at /opt/perl5/cygwin_nt-6.1/1.7.35/x86_64/cpan/5.21.7/cygwin-multi/build/rpm-build-perl-0.82-wYTht8/blib/lib/B/Walker.pm line 56
B::Walker::walk_root(B::UNOP=SCALAR(0x60007be28)) called at /opt/perl5/cygwin_nt-6.1/1.7.35/x86_64/cpan/5.21.7/cygwin-multi/build/rpm-build-perl-0.82-wYTht8/blib/lib/B/Walker.pm line 65
B::Walker::walk_root(B::LISTOP=SCALAR(0x60007bd98)) called at /opt/perl5/cygwin_nt-6.1/1.7.35/x86_64/cpan/5.21.7/cygwin-multi/build/rpm-build-perl-0.82-wYTht8/blib/lib/B/Walker.pm line 65
B::Walker::walk_root(B::LISTOP=SCALAR(0x60027aa68)) called at /opt/perl5/cygwin_nt-6.1/1.7.35/x86_64/cpan/5.21.7/cygwin-multi/build/rpm-build-perl-0.82-wYTht8/blib/lib/B/Walker.pm line 65
B::Walker::walk_root(B::UNOP=SCALAR(0x60031c590)) called at /opt/perl5/cygwin_nt-6.1/1.7.35/x86_64/cpan/5.21.7/cygwin-multi/build/rpm-build-perl-0.82-wYTht8/blib/lib/B/Walker.pm line 91
B::Walker::walk_cv(B::CV=SCALAR(0x60027ad68)) called at /opt/perl5/cygwin_nt-6.1/1.7.35/x86_64/cpan/5.21.7/cygwin-multi/build/rpm-build-perl-0.82-wYTht8/blib/lib/B/Walker.pm line 77
B::Walker::walk_av("BEGIN", B::AV=SCALAR(0x60006e0d0)) called at /opt/perl5/cygwin_nt-6.1/1.7.35/x86_64/cpan/5.21.7/cygwin-multi/build/rpm-build-perl-0.82-wYTht8/blib/lib/B/Walker.pm line 97
B::Walker::walk_blocks() called at /opt/perl5/cygwin_nt-6.1/1.7.35/x86_64/cpan/5.21.7/cygwin-multi/build/rpm-build-perl-0.82-wYTht8/blib/lib/B/PerlReq.pm line 390
B::PerlReq::__ANON__() called at (eval 2) line 31
O::CHECK() called at -e line 0
eval {...} called at -e line 0
Can't locate object method "sv" via package "B::METHOP" at /opt/perl5/cygwin_nt-6.1/1.7.35/x86_64/cpan/5.21.7/cygwin-multi/build/rpm-build-perl-0.82-wYTht8/blib/lib/B/Walker.pm line 25.
CHECK failed--call queue aborted.
# Failed test at t/01-B-PerlReq.t line 91.
# got: 'perl(autouse.pm)
# perl(Data/Dumper.pm)'
# expected: ''
dying at -e line 1
at /opt/perl5/cygwin_nt-6.1/1.7.35/x86_64/cpan/5.21.7/cygwin-multi/build/rpm-build-perl-0.82-wYTht8/blib/lib/B/PerlReq.pm line 388.
B::PerlReq::__ANON__("Can't locate object method \"sv\" via package \"B::METHOP\" at /o"...) called at /opt/perl5/cygwin_nt-6.1/1.7.35/x86_64/cpan/5.21.7/cygwin-multi/build/rpm-build-perl-0.82-wYTht8/blib/lib/B/Walker.pm line 25
B::Walker::const_sv(B::METHOP=SCALAR(0x60007c7c8)) called at /opt/perl5/cygwin_nt-6.1/1.7.35/x86_64/cpan/5.21.7/cygwin-multi/build/rpm-build-perl-0.82-wYTht8/blib/lib/B/PerlReq.pm line 307
B::PerlReq::grok_entersub(B::UNOP=SCALAR(0x60007c798)) called at /opt/perl5/cygwin_nt-6.1/1.7.35/x86_64/cpan/5.21.7/cygwin-multi/build/rpm-build-perl-0.82-wYTht8/blib/lib/B/Walker.pm line 56
B::Walker::walk_root(B::UNOP=SCALAR(0x60007c798)) called at /opt/perl5/cygwin_nt-6.1/1.7.35/x86_64/cpan/5.21.7/cygwin-multi/build/rpm-build-perl-0.82-wYTht8/blib/lib/B/Walker.pm line 65
B::Walker::walk_root(B::LISTOP=SCALAR(0x60007c708)) called at /opt/perl5/cygwin_nt-6.1/1.7.35/x86_64/cpan/5.21.7/cygwin-multi/build/rpm-build-perl-0.82-wYTht8/blib/lib/B/Walker.pm line 65
B::Walker::walk_root(B::LISTOP=SCALAR(0x60032a648)) called at /opt/perl5/cygwin_nt-6.1/1.7.35/x86_64/cpan/5.21.7/cygwin-multi/build/rpm-build-perl-0.82-wYTht8/blib/lib/B/Walker.pm line 65
B::Walker::walk_root(B::UNOP=SCALAR(0x60032a588)) called at /opt/perl5/cygwin_nt-6.1/1.7.35/x86_64/cpan/5.21.7/cygwin-multi/build/rpm-build-perl-0.82-wYTht8/blib/lib/B/Walker.pm line 91
B::Walker::walk_cv(B::CV=SCALAR(0x60032a318)) called at /opt/perl5/cygwin_nt-6.1/1.7.35/x86_64/cpan/5.21.7/cygwin-multi/build/rpm-build-perl-0.82-wYTht8/blib/lib/B/Walker.pm line 77
B::Walker::walk_av("BEGIN", B::AV=SCALAR(0x60006e0e0)) called at /opt/perl5/cygwin_nt-6.1/1.7.35/x86_64/cpan/5.21.7/cygwin-multi/build/rpm-build-perl-0.82-wYTht8/blib/lib/B/Walker.pm line 97
B::Walker::walk_blocks() called at /opt/perl5/cygwin_nt-6.1/1.7.35/x86_64/cpan/5.21.7/cygwin-multi/build/rpm-build-perl-0.82-wYTht8/blib/lib/B/PerlReq.pm line 390
B::PerlReq::__ANON__() called at (eval 2) line 31
O::CHECK() called at -e line 0
eval {...} called at -e line 0
Can't locate object method "sv" via package "B::METHOP" at /opt/perl5/cygwin_nt-6.1/1.7.35/x86_64/cpan/5.21.7/cygwin-multi/build/rpm-build-perl-0.82-wYTht8/blib/lib/B/Walker.pm line 25.
CHECK failed--call queue aborted.
# Failed test at t/01-B-PerlReq.t line 93.
# got: 'perl(Try/Tiny.pm)
# perl(Bar.pm)'
# expected: ''
dying at -e line 1
at /opt/perl5/cygwin_nt-6.1/1.7.35/x86_64/cpan/5.21.7/cygwin-multi/build/rpm-build-perl-0.82-wYTht8/blib/lib/B/PerlReq.pm line 388.
B::PerlReq::__ANON__("Can't locate object method \"sv\" via package \"B::METHOP\" at /o"...) called at /opt/perl5/cygwin_nt-6.1/1.7.35/x86_64/cpan/5.21.7/cygwin-multi/build/rpm-build-perl-0.82-wYTht8/blib/lib/B/Walker.pm line 25
B::Walker::const_sv(B::METHOP=SCALAR(0x60007c828)) called at /opt/perl5/cygwin_nt-6.1/1.7.35/x86_64/cpan/5.21.7/cygwin-multi/build/rpm-build-perl-0.82-wYTht8/blib/lib/B/PerlReq.pm line 307
B::PerlReq::grok_entersub(B::UNOP=SCALAR(0x60007c7f8)) called at /opt/perl5/cygwin_nt-6.1/1.7.35/x86_64/cpan/5.21.7/cygwin-multi/build/rpm-build-perl-0.82-wYTht8/blib/lib/B/Walker.pm line 56
B::Walker::walk_root(B::UNOP=SCALAR(0x60007c7f8)) called at /opt/perl5/cygwin_nt-6.1/1.7.35/x86_64/cpan/5.21.7/cygwin-multi/build/rpm-build-perl-0.82-wYTht8/blib/lib/B/Walker.pm line 65
B::Walker::walk_root(B::LISTOP=SCALAR(0x60007c768)) called at /opt/perl5/cygwin_nt-6.1/1.7.35/x86_64/cpan/5.21.7/cygwin-multi/build/rpm-build-perl-0.82-wYTht8/blib/lib/B/Walker.pm line 65
B::Walker::walk_root(B::LISTOP=SCALAR(0x60007bd90)) called at /opt/perl5/cygwin_nt-6.1/1.7.35/x86_64/cpan/5.21.7/cygwin-multi/build/rpm-build-perl-0.82-wYTht8/blib/lib/B/Walker.pm line 65
B::Walker::walk_root(B::UNOP=SCALAR(0x60032a5e8)) called at /opt/perl5/cygwin_nt-6.1/1.7.35/x86_64/cpan/5.21.7/cygwin-multi/build/rpm-build-perl-0.82-wYTht8/blib/lib/B/Walker.pm line 91
B::Walker::walk_cv(B::CV=SCALAR(0x60032a378)) called at /opt/perl5/cygwin_nt-6.1/1.7.35/x86_64/cpan/5.21.7/cygwin-multi/build/rpm-build-perl-0.82-wYTht8/blib/lib/B/Walker.pm line 77
B::Walker::walk_av("BEGIN", B::AV=SCALAR(0x60006e0e0)) called at /opt/perl5/cygwin_nt-6.1/1.7.35/x86_64/cpan/5.21.7/cygwin-multi/build/rpm-build-perl-0.82-wYTht8/blib/lib/B/Walker.pm line 97
B::Walker::walk_blocks() called at /opt/perl5/cygwin_nt-6.1/1.7.35/x86_64/cpan/5.21.7/cygwin-multi/build/rpm-build-perl-0.82-wYTht8/blib/lib/B/PerlReq.pm line 390
B::PerlReq::__ANON__() called at (eval 2) line 31
O::CHECK() called at -e line 0
eval {...} called at -e line 0
Can't locate object method "sv" via package "B::METHOP" at /opt/perl5/cygwin_nt-6.1/1.7.35/x86_64/cpan/5.21.7/cygwin-multi/build/rpm-build-perl-0.82-wYTht8/blib/lib/B/Walker.pm line 25.
CHECK failed--call queue aborted.
# Failed test at t/01-B-PerlReq.t line 94.
# got: 'perl(Try/Tiny.pm)
# perl(Bar.pm)'
# expected: ''
dying at -e line 1
at /opt/perl5/cygwin_nt-6.1/1.7.35/x86_64/cpan/5.21.7/cygwin-multi/build/rpm-build-perl-0.82-wYTht8/blib/lib/B/PerlReq.pm line 388.
B::PerlReq::__ANON__("Can't locate object method \"sv\" via package \"B::METHOP\" at /o"...) called at /opt/perl5/cygwin_nt-6.1/1.7.35/x86_64/cpan/5.21.7/cygwin-multi/build/rpm-build-perl-0.82-wYTht8/blib/lib/B/Walker.pm line 25
B::Walker::const_sv(B::METHOP=SCALAR(0x60007c8f8)) called at /opt/perl5/cygwin_nt-6.1/1.7.35/x86_64/cpan/5.21.7/cygwin-multi/build/rpm-build-perl-0.82-wYTht8/blib/lib/B/PerlReq.pm line 307
B::PerlReq::grok_entersub(B::UNOP=SCALAR(0x60007c8c8)) called at /opt/perl5/cygwin_nt-6.1/1.7.35/x86_64/cpan/5.21.7/cygwin-multi/build/rpm-build-perl-0.82-wYTht8/blib/lib/B/Walker.pm line 56
B::Walker::walk_root(B::UNOP=SCALAR(0x60007c8c8)) called at /opt/perl5/cygwin_nt-6.1/1.7.35/x86_64/cpan/5.21.7/cygwin-multi/build/rpm-build-perl-0.82-wYTht8/blib/lib/B/Walker.pm line 65
B::Walker::walk_root(B::LISTOP=SCALAR(0x60007c838)) called at /opt/perl5/cygwin_nt-6.1/1.7.35/x86_64/cpan/5.21.7/cygwin-multi/build/rpm-build-perl-0.82-wYTht8/blib/lib/B/Walker.pm line 65
B::Walker::walk_root(B::LISTOP=SCALAR(0x60007be60)) called at /opt/perl5/cygwin_nt-6.1/1.7.35/x86_64/cpan/5.21.7/cygwin-multi/build/rpm-build-perl-0.82-wYTht8/blib/lib/B/Walker.pm line 65
B::Walker::walk_root(B::UNOP=SCALAR(0x60007bda0)) called at /opt/perl5/cygwin_nt-6.1/1.7.35/x86_64/cpan/5.21.7/cygwin-multi/build/rpm-build-perl-0.82-wYTht8/blib/lib/B/Walker.pm line 91
B::Walker::walk_cv(B::CV=SCALAR(0x60032a448)) called at /opt/perl5/cygwin_nt-6.1/1.7.35/x86_64/cpan/5.21.7/cygwin-multi/build/rpm-build-perl-0.82-wYTht8/blib/lib/B/Walker.pm line 77
B::Walker::walk_av("BEGIN", B::AV=SCALAR(0x60006e0f0)) called at /opt/perl5/cygwin_nt-6.1/1.7.35/x86_64/cpan/5.21.7/cygwin-multi/build/rpm-build-perl-0.82-wYTht8/blib/lib/B/Walker.pm line 97
B::Walker::walk_blocks() called at /opt/perl5/cygwin_nt-6.1/1.7.35/x86_64/cpan/5.21.7/cygwin-multi/build/rpm-build-perl-0.82-wYTht8/blib/lib/B/PerlReq.pm line 390
B::PerlReq::__ANON__() called at (eval 2) line 31
O::CHECK() called at -e line 0
eval {...} called at -e line 0
Can't locate object method "sv" via package "B::METHOP" at /opt/perl5/cygwin_nt-6.1/1.7.35/x86_64/cpan/5.21.7/cygwin-multi/build/rpm-build-perl-0.82-wYTht8/blib/lib/B/Walker.pm line 25.
CHECK failed--call queue aborted.
# Failed test at t/01-B-PerlReq.t line 95.
# got: 'perl(Try/Tiny.pm)
# perl(Baz.pm)'
# expected: ''
dying at -e line 1
at /opt/perl5/cygwin_nt-6.1/1.7.35/x86_64/cpan/5.21.7/cygwin-multi/build/rpm-build-perl-0.82-wYTht8/blib/lib/B/PerlReq.pm line 388.
B::PerlReq::__ANON__("Can't locate object method \"sv\" via package \"B::METHOP\" at /o"...) called at /opt/perl5/cygwin_nt-6.1/1.7.35/x86_64/cpan/5.21.7/cygwin-multi/build/rpm-build-perl-0.82-wYTht8/blib/lib/B/Walker.pm line 25
B::Walker::const_sv(B::METHOP=SCALAR(0x6002e5db8)) called at /opt/perl5/cygwin_nt-6.1/1.7.35/x86_64/cpan/5.21.7/cygwin-multi/build/rpm-build-perl-0.82-wYTht8/blib/lib/B/PerlReq.pm line 307
B::PerlReq::grok_entersub(B::UNOP=SCALAR(0x6002e5ad0)) called at /opt/perl5/cygwin_nt-6.1/1.7.35/x86_64/cpan/5.21.7/cygwin-multi/build/rpm-build-perl-0.82-wYTht8/blib/lib/B/Walker.pm line 56
B::Walker::walk_root(B::UNOP=SCALAR(0x6002e5ad0)) called at /opt/perl5/cygwin_nt-6.1/1.7.35/x86_64/cpan/5.21.7/cygwin-multi/build/rpm-build-perl-0.82-wYTht8/blib/lib/B/Walker.pm line 65
B::Walker::walk_root(B::LISTOP=SCALAR(0x60030cbf0)) called at /opt/perl5/cygwin_nt-6.1/1.7.35/x86_64/cpan/5.21.7/cygwin-multi/build/rpm-build-perl-0.82-wYTht8/blib/lib/B/Walker.pm line 105
B::Walker::walk_main() called at /opt/perl5/cygwin_nt-6.1/1.7.35/x86_64/cpan/5.21.7/cygwin-multi/build/rpm-build-perl-0.82-wYTht8/blib/lib/B/PerlReq.pm line 391
B::PerlReq::__ANON__() called at (eval 2) line 31
O::CHECK() called at -e line 0
eval {...} called at -e line 0
Can't locate object method "sv" via package "B::METHOP" at /opt/perl5/cygwin_nt-6.1/1.7.35/x86_64/cpan/5.21.7/cygwin-multi/build/rpm-build-perl-0.82-wYTht8/blib/lib/B/Walker.pm line 25.
CHECK failed--call queue aborted.
# Failed test at t/01-B-PerlReq.t line 101.
# got: 'perl(Data/Dumper.pm) >= 2.0'
# expected: ''
dying at -e line 1
at /opt/perl5/cygwin_nt-6.1/1.7.35/x86_64/cpan/5.21.7/cygwin-multi/build/rpm-build-perl-0.82-wYTht8/blib/lib/B/PerlReq.pm line 388.
B::PerlReq::__ANON__("Can't locate object method \"sv\" via package \"B::METHOP\" at /o"...) called at /opt/perl5/cygwin_nt-6.1/1.7.35/x86_64/cpan/5.21.7/cygwin-multi/build/rpm-build-perl-0.82-wYTht8/blib/lib/B/Walker.pm line 25
B::Walker::const_sv(B::METHOP=SCALAR(0x6002e5dc8)) called at /opt/perl5/cygwin_nt-6.1/1.7.35/x86_64/cpan/5.21.7/cygwin-multi/build/rpm-build-perl-0.82-wYTht8/blib/lib/B/PerlReq.pm line 307
B::PerlReq::grok_entersub(B::UNOP=SCALAR(0x6002e5ae0)) called at /opt/perl5/cygwin_nt-6.1/1.7.35/x86_64/cpan/5.21.7/cygwin-multi/build/rpm-build-perl-0.82-wYTht8/blib/lib/B/Walker.pm line 56
B::Walker::walk_root(B::UNOP=SCALAR(0x6002e5ae0)) called at /opt/perl5/cygwin_nt-6.1/1.7.35/x86_64/cpan/5.21.7/cygwin-multi/build/rpm-build-perl-0.82-wYTht8/blib/lib/B/Walker.pm line 65
B::Walker::walk_root(B::LISTOP=SCALAR(0x60030cc00)) called at /opt/perl5/cygwin_nt-6.1/1.7.35/x86_64/cpan/5.21.7/cygwin-multi/build/rpm-build-perl-0.82-wYTht8/blib/lib/B/Walker.pm line 105
B::Walker::walk_main() called at /opt/perl5/cygwin_nt-6.1/1.7.35/x86_64/cpan/5.21.7/cygwin-multi/build/rpm-build-perl-0.82-wYTht8/blib/lib/B/PerlReq.pm line 391
B::PerlReq::__ANON__() called at (eval 2) line 31
O::CHECK() called at -e line 0
eval {...} called at -e line 0
Can't locate object method "sv" via package "B::METHOP" at /opt/perl5/cygwin_nt-6.1/1.7.35/x86_64/cpan/5.21.7/cygwin-multi/build/rpm-build-perl-0.82-wYTht8/blib/lib/B/Walker.pm line 25.
CHECK failed--call queue aborted.
# Failed test at t/01-B-PerlReq.t line 102.
# got: 'perl(Data/Dumper.pm) >= 2.0'
# expected: ''
dying at -e line 1
at /opt/perl5/cygwin_nt-6.1/1.7.35/x86_64/cpan/5.21.7/cygwin-multi/build/rpm-build-perl-0.82-wYTht8/blib/lib/B/PerlReq.pm line 388.
B::PerlReq::__ANON__("Can't locate object method \"sv\" via package \"B::METHOP\" at /o"...) called at /opt/perl5/cygwin_nt-6.1/1.7.35/x86_64/cpan/5.21.7/cygwin-multi/build/rpm-build-perl-0.82-wYTht8/blib/lib/B/Walker.pm line 25
B::Walker::const_sv(B::METHOP=SCALAR(0x6002e5ce0)) called at /opt/perl5/cygwin_nt-6.1/1.7.35/x86_64/cpan/5.21.7/cygwin-multi/build/rpm-build-perl-0.82-wYTht8/blib/lib/B/PerlReq.pm line 307
B::PerlReq::grok_entersub(B::UNOP=SCALAR(0x6002e5980)) called at /opt/perl5/cygwin_nt-6.1/1.7.35/x86_64/cpan/5.21.7/cygwin-multi/build/rpm-build-perl-0.82-wYTht8/blib/lib/B/Walker.pm line 56
B::Walker::walk_root(B::UNOP=SCALAR(0x6002e5980)) called at /opt/perl5/cygwin_nt-6.1/1.7.35/x86_64/cpan/5.21.7/cygwin-multi/build/rpm-build-perl-0.82-wYTht8/blib/lib/B/Walker.pm line 65
B::Walker::walk_root(B::LISTOP=SCALAR(0x60030cc20)) called at /opt/perl5/cygwin_nt-6.1/1.7.35/x86_64/cpan/5.21.7/cygwin-multi/build/rpm-build-perl-0.82-wYTht8/blib/lib/B/Walker.pm line 105
B::Walker::walk_main() called at /opt/perl5/cygwin_nt-6.1/1.7.35/x86_64/cpan/5.21.7/cygwin-multi/build/rpm-build-perl-0.82-wYTht8/blib/lib/B/PerlReq.pm line 391
B::PerlReq::__ANON__() called at (eval 2) line 31
O::CHECK() called at -e line 0
eval {...} called at -e line 0
Can't locate object method "sv" via package "B::METHOP" at /opt/perl5/cygwin_nt-6.1/1.7.35/x86_64/cpan/5.21.7/cygwin-multi/build/rpm-build-perl-0.82-wYTht8/blib/lib/B/Walker.pm line 25.
CHECK failed--call queue aborted.
# Failed test at t/01-B-PerlReq.t line 103.
# got: 'perl(base.pm)
# perl(Data/Dumper.pm)'
# expected: ''
dying at -e line 1
at /opt/perl5/cygwin_nt-6.1/1.7.35/x86_64/cpan/5.21.7/cygwin-multi/build/rpm-build-perl-0.82-wYTht8/blib/lib/B/PerlReq.pm line 388.
B::PerlReq::__ANON__("Can't locate object method \"sv\" via package \"B::METHOP\" at /o"...) called at /opt/perl5/cygwin_nt-6.1/1.7.35/x86_64/cpan/5.21.7/cygwin-multi/build/rpm-build-perl-0.82-wYTht8/blib/lib/B/Walker.pm line 25
B::Walker::const_sv(B::METHOP=SCALAR(0x6002e5e88)) called at /opt/perl5/cygwin_nt-6.1/1.7.35/x86_64/cpan/5.21.7/cygwin-multi/build/rpm-build-perl-0.82-wYTht8/blib/lib/B/PerlReq.pm line 307
B::PerlReq::grok_entersub(B::UNOP=SCALAR(0x6002e5b88)) called at /opt/perl5/cygwin_nt-6.1/1.7.35/x86_64/cpan/5.21.7/cygwin-multi/build/rpm-build-perl-0.82-wYTht8/blib/lib/B/Walker.pm line 56
B::Walker::walk_root(B::UNOP=SCALAR(0x6002e5b88)) called at /opt/perl5/cygwin_nt-6.1/1.7.35/x86_64/cpan/5.21.7/cygwin-multi/build/rpm-build-perl-0.82-wYTht8/blib/lib/B/Walker.pm line 65
B::Walker::walk_root(B::LISTOP=SCALAR(0x60030cbd0)) called at /opt/perl5/cygwin_nt-6.1/1.7.35/x86_64/cpan/5.21.7/cygwin-multi/build/rpm-build-perl-0.82-wYTht8/blib/lib/B/Walker.pm line 105
B::Walker::walk_main() called at /opt/perl5/cygwin_nt-6.1/1.7.35/x86_64/cpan/5.21.7/cygwin-multi/build/rpm-build-perl-0.82-wYTht8/blib/lib/B/PerlReq.pm line 391
B::PerlReq::__ANON__() called at (eval 2) line 31
O::CHECK() called at -e line 0
eval {...} called at -e line 0
Can't locate object method "sv" via package "B::METHOP" at /opt/perl5/cygwin_nt-6.1/1.7.35/x86_64/cpan/5.21.7/cygwin-multi/build/rpm-build-perl-0.82-wYTht8/blib/lib/B/Walker.pm line 25.
CHECK failed--call queue aborted.
# Failed test at t/01-B-PerlReq.t line 104.
# got: 'perl(base.pm) >= 1.0
# perl(Data/Dumper.pm)'
# expected: ''
dying at -e line 1
at /opt/perl5/cygwin_nt-6.1/1.7.35/x86_64/cpan/5.21.7/cygwin-multi/build/rpm-build-perl-0.82-wYTht8/blib/lib/B/PerlReq.pm line 388.
B::PerlReq::__ANON__("Can't locate object method \"sv\" via package \"B::METHOP\" at /o"...) called at /opt/perl5/cygwin_nt-6.1/1.7.35/x86_64/cpan/5.21.7/cygwin-multi/build/rpm-build-perl-0.82-wYTht8/blib/lib/B/Walker.pm line 25
B::Walker::const_sv(B::METHOP=SCALAR(0x6002e5e88)) called at /opt/perl5/cygwin_nt-6.1/1.7.35/x86_64/cpan/5.21.7/cygwin-multi/build/rpm-build-perl-0.82-wYTht8/blib/lib/B/PerlReq.pm line 307
B::PerlReq::grok_entersub(B::UNOP=SCALAR(0x6002e5b88)) called at /opt/perl5/cygwin_nt-6.1/1.7.35/x86_64/cpan/5.21.7/cygwin-multi/build/rpm-build-perl-0.82-wYTht8/blib/lib/B/Walker.pm line 56
B::Walker::walk_root(B::UNOP=SCALAR(0x6002e5b88)) called at /opt/perl5/cygwin_nt-6.1/1.7.35/x86_64/cpan/5.21.7/cygwin-multi/build/rpm-build-perl-0.82-wYTht8/blib/lib/B/Walker.pm line 65
B::Walker::walk_root(B::LISTOP=SCALAR(0x60030cbd0)) called at /opt/perl5/cygwin_nt-6.1/1.7.35/x86_64/cpan/5.21.7/cygwin-multi/build/rpm-build-perl-0.82-wYTht8/blib/lib/B/Walker.pm line 105
B::Walker::walk_main() called at /opt/perl5/cygwin_nt-6.1/1.7.35/x86_64/cpan/5.21.7/cygwin-multi/build/rpm-build-perl-0.82-wYTht8/blib/lib/B/PerlReq.pm line 391
B::PerlReq::__ANON__() called at (eval 2) line 31
O::CHECK() called at -e line 0
eval {...} called at -e line 0
Can't locate object method "sv" via package "B::METHOP" at /opt/perl5/cygwin_nt-6.1/1.7.35/x86_64/cpan/5.21.7/cygwin-multi/build/rpm-build-perl-0.82-wYTht8/blib/lib/B/Walker.pm line 25.
CHECK failed--call queue aborted.
# Failed test at t/01-B-PerlReq.t line 105.
# got: 'perl(base.pm)
# perl(Data/Dumper.pm)
# perl(base.pm) >= 1.0'
# expected: ''
dying at -e line 1
at /opt/perl5/cygwin_nt-6.1/1.7.35/x86_64/cpan/5.21.7/cygwin-multi/build/rpm-build-perl-0.82-wYTht8/blib/lib/B/PerlReq.pm line 388.
B::PerlReq::__ANON__("Can't locate object method \"sv\" via package \"B::METHOP\" at /o"...) called at /opt/perl5/cygwin_nt-6.1/1.7.35/x86_64/cpan/5.21.7/cygwin-multi/build/rpm-build-perl-0.82-wYTht8/blib/lib/B/Walker.pm line 25
B::Walker::const_sv(B::METHOP=SCALAR(0x60030d268)) called at /opt/perl5/cygwin_nt-6.1/1.7.35/x86_64/cpan/5.21.7/cygwin-multi/build/rpm-build-perl-0.82-wYTht8/blib/lib/B/PerlReq.pm line 307
B::PerlReq::grok_entersub(B::UNOP=SCALAR(0x60031b798)) called at /opt/perl5/cygwin_nt-6.1/1.7.35/x86_64/cpan/5.21.7/cygwin-multi/build/rpm-build-perl-0.82-wYTht8/blib/lib/B/Walker.pm line 56
B::Walker::walk_root(B::UNOP=SCALAR(0x60031b798)) called at /opt/perl5/cygwin_nt-6.1/1.7.35/x86_64/cpan/5.21.7/cygwin-multi/build/rpm-build-perl-0.82-wYTht8/blib/lib/B/Walker.pm line 65
B::Walker::walk_root(B::LISTOP=SCALAR(0x60031b990)) called at /opt/perl5/cygwin_nt-6.1/1.7.35/x86_64/cpan/5.21.7/cygwin-multi/build/rpm-build-perl-0.82-wYTht8/blib/lib/B/Walker.pm line 65
B::Walker::walk_root(B::BINOP=SCALAR(0x60030cc08)) called at /opt/perl5/cygwin_nt-6.1/1.7.35/x86_64/cpan/5.21.7/cygwin-multi/build/rpm-build-perl-0.82-wYTht8/blib/lib/B/Walker.pm line 65
B::Walker::walk_root(B::LISTOP=SCALAR(0x60007a3e8)) called at /opt/perl5/cygwin_nt-6.1/1.7.35/x86_64/cpan/5.21.7/cygwin-multi/build/rpm-build-perl-0.82-wYTht8/blib/lib/B/Walker.pm line 105
B::Walker::walk_main() called at /opt/perl5/cygwin_nt-6.1/1.7.35/x86_64/cpan/5.21.7/cygwin-multi/build/rpm-build-perl-0.82-wYTht8/blib/lib/B/PerlReq.pm line 391
B::PerlReq::__ANON__() called at (eval 2) line 31
O::CHECK() called at -e line 0
eval {...} called at -e line 0
Can't locate object method "sv" via package "B::METHOP" at /opt/perl5/cygwin_nt-6.1/1.7.35/x86_64/cpan/5.21.7/cygwin-multi/build/rpm-build-perl-0.82-wYTht8/blib/lib/B/Walker.pm line 25.
CHECK failed--call queue aborted.
# Failed test at t/01-B-PerlReq.t line 127.
# got: 'perl(attributes.pm)'
# expected: ''
dying at -e line 1
at /opt/perl5/cygwin_nt-6.1/1.7.35/x86_64/cpan/5.21.7/cygwin-multi/build/rpm-build-perl-0.82-wYTht8/blib/lib/B/PerlReq.pm line 388.
B::PerlReq::__ANON__("Can't locate object method \"sv\" via package \"B::METHOP\" at /o"...) called at /opt/perl5/cygwin_nt-6.1/1.7.35/x86_64/cpan/5.21.7/cygwin-multi/build/rpm-build-perl-0.82-wYTht8/blib/lib/B/Walker.pm line 25
B::Walker::const_sv(B::METHOP=SCALAR(0x6002e5570)) called at /opt/perl5/cygwin_nt-6.1/1.7.35/x86_64/cpan/5.21.7/cygwin-multi/build/rpm-build-perl-0.82-wYTht8/blib/lib/B/PerlReq.pm line 307
B::PerlReq::grok_entersub(B::UNOP=SCALAR(0x60027abb0)) called at /opt/perl5/cygwin_nt-6.1/1.7.35/x86_64/cpan/5.21.7/cygwin-multi/build/rpm-build-perl-0.82-wYTht8/blib/lib/B/Walker.pm line 56
B::Walker::walk_root(B::UNOP=SCALAR(0x60027abb0)) called at /opt/perl5/cygwin_nt-6.1/1.7.35/x86_64/cpan/5.21.7/cygwin-multi/build/rpm-build-perl-0.82-wYTht8/blib/lib/B/Walker.pm line 65
B::Walker::walk_root(B::BINOP=SCALAR(0x60030cb88)) called at /opt/perl5/cygwin_nt-6.1/1.7.35/x86_64/cpan/5.21.7/cygwin-multi/build/rpm-build-perl-0.82-wYTht8/blib/lib/B/Walker.pm line 65
B::Walker::walk_root(B::LISTOP=SCALAR(0x60030cc60)) called at /opt/perl5/cygwin_nt-6.1/1.7.35/x86_64/cpan/5.21.7/cygwin-multi/build/rpm-build-perl-0.82-wYTht8/blib/lib/B/Walker.pm line 105
B::Walker::walk_main() called at /opt/perl5/cygwin_nt-6.1/1.7.35/x86_64/cpan/5.21.7/cygwin-multi/build/rpm-build-perl-0.82-wYTht8/blib/lib/B/PerlReq.pm line 391
B::PerlReq::__ANON__() called at (eval 2) line 31
O::CHECK() called at -e line 0
eval {...} called at -e line 0
Can't locate object method "sv" via package "B::METHOP" at /opt/perl5/cygwin_nt-6.1/1.7.35/x86_64/cpan/5.21.7/cygwin-multi/build/rpm-build-perl-0.82-wYTht8/blib/lib/B/Walker.pm line 25.
CHECK failed--call queue aborted.
Use of the encoding pragma is deprecated at -e line 2.
dying at -e line 2
at /opt/perl5/cygwin_nt-6.1/1.7.35/x86_64/cpan/5.21.7/cygwin-multi/build/rpm-build-perl-0.82-wYTht8/blib/lib/B/PerlReq.pm line 388.
B::PerlReq::__ANON__("Can't locate object method \"sv\" via package \"B::METHOP\" at /o"...) called at /opt/perl5/cygwin_nt-6.1/1.7.35/x86_64/cpan/5.21.7/cygwin-multi/build/rpm-build-perl-0.82-wYTht8/blib/lib/B/Walker.pm line 25
B::Walker::const_sv(B::METHOP=SCALAR(0x600444bf8)) called at /opt/perl5/cygwin_nt-6.1/1.7.35/x86_64/cpan/5.21.7/cygwin-multi/build/rpm-build-perl-0.82-wYTht8/blib/lib/B/PerlReq.pm line 307
B::PerlReq::grok_entersub(B::UNOP=SCALAR(0x600444b68)) called at /opt/perl5/cygwin_nt-6.1/1.7.35/x86_64/cpan/5.21.7/cygwin-multi/build/rpm-build-perl-0.82-wYTht8/blib/lib/B/Walker.pm line 56
B::Walker::walk_root(B::UNOP=SCALAR(0x600444b68)) called at /opt/perl5/cygwin_nt-6.1/1.7.35/x86_64/cpan/5.21.7/cygwin-multi/build/rpm-build-perl-0.82-wYTht8/blib/lib/B/Walker.pm line 65
B::Walker::walk_root(B::LISTOP=SCALAR(0x600444ab0)) called at /opt/perl5/cygwin_nt-6.1/1.7.35/x86_64/cpan/5.21.7/cygwin-multi/build/rpm-build-perl-0.82-wYTht8/blib/lib/B/Walker.pm line 65
B::Walker::walk_root(B::LISTOP=SCALAR(0x6004440d8)) called at /opt/perl5/cygwin_nt-6.1/1.7.35/x86_64/cpan/5.21.7/cygwin-multi/build/rpm-build-perl-0.82-wYTht8/blib/lib/B/Walker.pm line 65
B::Walker::walk_root(B::UNOP=SCALAR(0x600444018)) called at /opt/perl5/cygwin_nt-6.1/1.7.35/x86_64/cpan/5.21.7/cygwin-multi/build/rpm-build-perl-0.82-wYTht8/blib/lib/B/Walker.pm line 91
B::Walker::walk_cv(B::CV=SCALAR(0x600435d18)) called at /opt/perl5/cygwin_nt-6.1/1.7.35/x86_64/cpan/5.21.7/cygwin-multi/build/rpm-build-perl-0.82-wYTht8/blib/lib/B/Walker.pm line 77
B::Walker::walk_av("BEGIN", B::AV=SCALAR(0x60006e0f0)) called at /opt/perl5/cygwin_nt-6.1/1.7.35/x86_64/cpan/5.21.7/cygwin-multi/build/rpm-build-perl-0.82-wYTht8/blib/lib/B/Walker.pm line 97
B::Walker::walk_blocks() called at /opt/perl5/cygwin_nt-6.1/1.7.35/x86_64/cpan/5.21.7/cygwin-multi/build/rpm-build-perl-0.82-wYTht8/blib/lib/B/PerlReq.pm line 390
B::PerlReq::__ANON__() called at (eval 2) line 31
O::CHECK() called at -e line 0
eval {...} called at -e line 0
Can't locate object method "sv" via package "B::METHOP" at /opt/perl5/cygwin_nt-6.1/1.7.35/x86_64/cpan/5.21.7/cygwin-multi/build/rpm-build-perl-0.82-wYTht8/blib/lib/B/Walker.pm line 25.
CHECK failed--call queue aborted.
# Failed test at t/01-B-PerlReq.t line 132.
# got: 'perl(encoding.pm)
# perl(PerlIO/encoding.pm)
# perl(Encode/JP.pm)
# perl(Filter/Util/Call.pm)
# perl(utf8.pm)'
# expected: ''
dying at -e line 1
at /opt/perl5/cygwin_nt-6.1/1.7.35/x86_64/cpan/5.21.7/cygwin-multi/build/rpm-build-perl-0.82-wYTht8/blib/lib/B/PerlReq.pm line 388.
B::PerlReq::__ANON__("Can't locate object method \"sv\" via package \"B::METHOP\" at /o"...) called at /opt/perl5/cygwin_nt-6.1/1.7.35/x86_64/cpan/5.21.7/cygwin-multi/build/rpm-build-perl-0.82-wYTht8/blib/lib/B/Walker.pm line 25
B::Walker::const_sv(B::METHOP=SCALAR(0x60007c6b0)) called at /opt/perl5/cygwin_nt-6.1/1.7.35/x86_64/cpan/5.21.7/cygwin-multi/build/rpm-build-perl-0.82-wYTht8/blib/lib/B/PerlReq.pm line 307
B::PerlReq::grok_entersub(B::UNOP=SCALAR(0x60007c620)) called at /opt/perl5/cygwin_nt-6.1/1.7.35/x86_64/cpan/5.21.7/cygwin-multi/build/rpm-build-perl-0.82-wYTht8/blib/lib/B/Walker.pm line 56
B::Walker::walk_root(B::UNOP=SCALAR(0x60007c620)) called at /opt/perl5/cygwin_nt-6.1/1.7.35/x86_64/cpan/5.21.7/cygwin-multi/build/rpm-build-perl-0.82-wYTht8/blib/lib/B/Walker.pm line 65
B::Walker::walk_root(B::LISTOP=SCALAR(0x60007c590)) called at /opt/perl5/cygwin_nt-6.1/1.7.35/x86_64/cpan/5.21.7/cygwin-multi/build/rpm-build-perl-0.82-wYTht8/blib/lib/B/Walker.pm line 65
B::Walker::walk_root(B::LISTOP=SCALAR(0x60033cde0)) called at /opt/perl5/cygwin_nt-6.1/1.7.35/x86_64/cpan/5.21.7/cygwin-multi/build/rpm-build-perl-0.82-wYTht8/blib/lib/B/Walker.pm line 65
B::Walker::walk_root(B::UNOP=SCALAR(0x60033cd20)) called at /opt/perl5/cygwin_nt-6.1/1.7.35/x86_64/cpan/5.21.7/cygwin-multi/build/rpm-build-perl-0.82-wYTht8/blib/lib/B/Walker.pm line 91
B::Walker::walk_cv(B::CV=SCALAR(0x6003295d0)) called at /opt/perl5/cygwin_nt-6.1/1.7.35/x86_64/cpan/5.21.7/cygwin-multi/build/rpm-build-perl-0.82-wYTht8/blib/lib/B/Walker.pm line 77
B::Walker::walk_av("BEGIN", B::AV=SCALAR(0x60006e0a0)) called at /opt/perl5/cygwin_nt-6.1/1.7.35/x86_64/cpan/5.21.7/cygwin-multi/build/rpm-build-perl-0.82-wYTht8/blib/lib/B/Walker.pm line 97
B::Walker::walk_blocks() called at /opt/perl5/cygwin_nt-6.1/1.7.35/x86_64/cpan/5.21.7/cygwin-multi/build/rpm-build-perl-0.82-wYTht8/blib/lib/B/PerlReq.pm line 390
B::PerlReq::__ANON__() called at (eval 2) line 31
O::CHECK() called at -e line 0
eval {...} called at -e line 0
Can't locate object method "sv" via package "B::METHOP" at /opt/perl5/cygwin_nt-6.1/1.7.35/x86_64/cpan/5.21.7/cygwin-multi/build/rpm-build-perl-0.82-wYTht8/blib/lib/B/Walker.pm line 25.
CHECK failed--call queue aborted.
# Failed test at t/01-B-PerlReq.t line 140.
# got: 'perl(Cwd.pm) >= 1.0'
# expected: ''
# Looks like you failed 39 tests of 78.
t/01-B-PerlReq.t ..
Dubious, test returned 39 (wstat 9984, 0x2700)
Failed 39/78 subtests
dying at /opt/perl5/cygwin_nt-6.1/1.7.35/x86_64/perl/5.21.7/cygwin-multi/lib/5.21.7/AutoLoader.pm line 3
at /opt/perl5/cygwin_nt-6.1/1.7.35/x86_64/cpan/5.21.7/cygwin-multi/build/rpm-build-perl-0.82-wYTht8/blib/lib/B/PerlReq.pm line 388.
B::PerlReq::__ANON__("Can't locate object method \"sv\" via package \"B::METHOP\" at /o"...) called at /opt/perl5/cygwin_nt-6.1/1.7.35/x86_64/cpan/5.21.7/cygwin-multi/build/rpm-build-perl-0.82-wYTht8/blib/lib/B/Walker.pm line 25
B::Walker::const_sv(B::METHOP=SCALAR(0x60007e388)) called at /opt/perl5/cygwin_nt-6.1/1.7.35/x86_64/cpan/5.21.7/cygwin-multi/build/rpm-build-perl-0.82-wYTht8/blib/lib/B/PerlReq.pm line 307
B::PerlReq::grok_entersub(B::UNOP=SCALAR(0x60007e3a0)) called at /opt/perl5/cygwin_nt-6.1/1.7.35/x86_64/cpan/5.21.7/cygwin-multi/build/rpm-build-perl-0.82-wYTht8/blib/lib/B/Walker.pm line 56
B::Walker::walk_root(B::UNOP=SCALAR(0x60007e3a0)) called at /opt/perl5/cygwin_nt-6.1/1.7.35/x86_64/cpan/5.21.7/cygwin-multi/build/rpm-build-perl-0.82-wYTht8/blib/lib/B/Walker.pm line 65
B::Walker::walk_root(B::LISTOP=SCALAR(0x60007e3b8)) called at /opt/perl5/cygwin_nt-6.1/1.7.35/x86_64/cpan/5.21.7/cygwin-multi/build/rpm-build-perl-0.82-wYTht8/blib/lib/B/Walker.pm line 65
B::Walker::walk_root(B::LISTOP=SCALAR(0x60007e1c0)) called at /opt/perl5/cygwin_nt-6.1/1.7.35/x86_64/cpan/5.21.7/cygwin-multi/build/rpm-build-perl-0.82-wYTht8/blib/lib/B/Walker.pm line 65
B::Walker::walk_root(B::UNOP=SCALAR(0x60007e130)) called at /opt/perl5/cygwin_nt-6.1/1.7.35/x86_64/cpan/5.21.7/cygwin-multi/build/rpm-build-perl-0.82-wYTht8/blib/lib/B/Walker.pm line 91
B::Walker::walk_cv(B::CV=SCALAR(0x60031e158)) called at /opt/perl5/cygwin_nt-6.1/1.7.35/x86_64/cpan/5.21.7/cygwin-multi/build/rpm-build-perl-0.82-wYTht8/blib/lib/B/Walker.pm line 77
B::Walker::walk_av("BEGIN", B::AV=SCALAR(0x60006d9b0)) called at /opt/perl5/cygwin_nt-6.1/1.7.35/x86_64/cpan/5.21.7/cygwin-multi/build/rpm-build-perl-0.82-wYTht8/blib/lib/B/Walker.pm line 97
B::Walker::walk_blocks() called at /opt/perl5/cygwin_nt-6.1/1.7.35/x86_64/cpan/5.21.7/cygwin-multi/build/rpm-build-perl-0.82-wYTht8/blib/lib/B/PerlReq.pm line 390
B::PerlReq::__ANON__() called at (eval 3) line 31
O::CHECK() called at /opt/perl5/cygwin_nt-6.1/1.7.35/x86_64/perl/5.21.7/cygwin-multi/lib/5.21.7/AutoLoader.pm line 0
eval {...} called at /opt/perl5/cygwin_nt-6.1/1.7.35/x86_64/perl/5.21.7/cygwin-multi/lib/5.21.7/AutoLoader.pm line 0
Can't locate object method "sv" via package "B::METHOP" at /opt/perl5/cygwin_nt-6.1/1.7.35/x86_64/cpan/5.21.7/cygwin-multi/build/rpm-build-perl-0.82-wYTht8/blib/lib/B/Walker.pm line 25.
CHECK failed--call queue aborted.
# /opt/perl5/cygwin_nt-6.1/1.7.35/x86_64/perl/5.21.7/cygwin-multi/lib/5.21.7/AutoLoader.pm: deparse failed. prefix=/opt/perl5/cygwin_nt-6.1/1.7.35/x86_64/perl/5.21.7/cygwin-multi/lib/5.21.7
# Failed test 'AutoLoader.pm zero exit status'
# at t/02-perlreq.t line 33.
Use of each() on hash after insertion without resetting hash iterator results in undefined behavior at /opt/perl5/cygwin_nt-6.1/1.7.35/x86_64/cpan/5.21.7/cygwin-multi/build/rpm-build-perl-0.82-wYTht8/blib/lib/B/Walker.pm line 122.
dying at /opt/perl5/cygwin_nt-6.1/1.7.35/x86_64/perl/5.21.7/cygwin-multi/lib/5.21.7/Exporter.pm line 81
at /opt/perl5/cygwin_nt-6.1/1.7.35/x86_64/cpan/5.21.7/cygwin-multi/build/rpm-build-perl-0.82-wYTht8/blib/lib/B/PerlReq.pm line 388.
B::PerlReq::__ANON__("Can't locate object method \"padix\" via package \"B::SVOP\" at /"...) called at /opt/perl5/cygwin_nt-6.1/1.7.35/x86_64/cpan/5.21.7/cygwin-multi/build/rpm-build-perl-0.82-wYTht8/blib/lib/B/PerlReq.pm line 319
B::PerlReq::grok_entersub(B::UNOP=SCALAR(0x60037ed90)) called at /opt/perl5/cygwin_nt-6.1/1.7.35/x86_64/cpan/5.21.7/cygwin-multi/build/rpm-build-perl-0.82-wYTht8/blib/lib/B/Walker.pm line 56
B::Walker::walk_root(B::UNOP=SCALAR(0x60037ed90)) called at /opt/perl5/cygwin_nt-6.1/1.7.35/x86_64/cpan/5.21.7/cygwin-multi/build/rpm-build-perl-0.82-wYTht8/blib/lib/B/Walker.pm line 65
B::Walker::walk_root(B::LISTOP=SCALAR(0x600374e60)) called at /opt/perl5/cygwin_nt-6.1/1.7.35/x86_64/cpan/5.21.7/cygwin-multi/build/rpm-build-perl-0.82-wYTht8/blib/lib/B/Walker.pm line 65
B::Walker::walk_root(B::UNOP=SCALAR(0x600374e48)) called at /opt/perl5/cygwin_nt-6.1/1.7.35/x86_64/cpan/5.21.7/cygwin-multi/build/rpm-build-perl-0.82-wYTht8/blib/lib/B/Walker.pm line 65
B::Walker::walk_root(B::UNOP=SCALAR(0x600374980)) called at /opt/perl5/cygwin_nt-6.1/1.7.35/x86_64/cpan/5.21.7/cygwin-multi/build/rpm-build-perl-0.82-wYTht8/blib/lib/B/Walker.pm line 65
B::Walker::walk_root(B::UNOP=SCALAR(0x600374938)) called at /opt/perl5/cygwin_nt-6.1/1.7.35/x86_64/cpan/5.21.7/cygwin-multi/build/rpm-build-perl-0.82-wYTht8/blib/lib/B/Walker.pm line 65
B::Walker::walk_root(B::UNOP=SCALAR(0x6003748f0)) called at /opt/perl5/cygwin_nt-6.1/1.7.35/x86_64/cpan/5.21.7/cygwin-multi/build/rpm-build-perl-0.82-wYTht8/blib/lib/B/Walker.pm line 65
B::Walker::walk_root(B::UNOP=SCALAR(0x6003748a8)) called at /opt/perl5/cygwin_nt-6.1/1.7.35/x86_64/cpan/5.21.7/cygwin-multi/build/rpm-build-perl-0.82-wYTht8/blib/lib/B/Walker.pm line 65
B::Walker::walk_root(B::UNOP=SCALAR(0x600374878)) called at /opt/perl5/cygwin_nt-6.1/1.7.35/x86_64/cpan/5.21.7/cygwin-multi/build/rpm-build-perl-0.82-wYTht8/blib/lib/B/Walker.pm line 65
B::Walker::walk_root(B::LISTOP=SCALAR(0x600374818)) called at /opt/perl5/cygwin_nt-6.1/1.7.35/x86_64/cpan/5.21.7/cygwin-multi/build/rpm-build-perl-0.82-wYTht8/blib/lib/B/Walker.pm line 65
B::Walker::walk_root(B::UNOP=SCALAR(0x600374788)) called at /opt/perl5/cygwin_nt-6.1/1.7.35/x86_64/cpan/5.21.7/cygwin-multi/build/rpm-build-perl-0.82-wYTht8/blib/lib/B/Walker.pm line 91
B::Walker::walk_cv(B::CV=SCALAR(0x600374710)) called at /opt/perl5/cygwin_nt-6.1/1.7.35/x86_64/cpan/5.21.7/cygwin-multi/build/rpm-build-perl-0.82-wYTht8/blib/lib/B/Walker.pm line 116
B::Walker::walk_gv(B::GV=SCALAR(0x6003746f8)) called at /opt/perl5/cygwin_nt-6.1/1.7.35/x86_64/cpan/5.21.7/cygwin-multi/build/rpm-build-perl-0.82-wYTht8/blib/lib/B/Walker.pm line 133
B::Walker::walk_stash(HASH(0x60006db30), "Exporter::") called at /opt/perl5/cygwin_nt-6.1/1.7.35/x86_64/cpan/5.21.7/cygwin-multi/build/rpm-build-perl-0.82-wYTht8/blib/lib/B/Walker.pm line 127
B::Walker::walk_stash(HASH(0x60002b310), "") called at /opt/perl5/cygwin_nt-6.1/1.7.35/x86_64/cpan/5.21.7/cygwin-multi/build/rpm-build-perl-0.82-wYTht8/blib/lib/B/Walker.pm line 139
B::Walker::walk_subs() called at /opt/perl5/cygwin_nt-6.1/1.7.35/x86_64/cpan/5.21.7/cygwin-multi/build/rpm-build-perl-0.82-wYTht8/blib/lib/B/PerlReq.pm line 392
B::PerlReq::__ANON__() called at (eval 3) line 31
O::CHECK() called at /opt/perl5/cygwin_nt-6.1/1.7.35/x86_64/perl/5.21.7/cygwin-multi/lib/5.21.7/Exporter.pm line 0
eval {...} called at /opt/perl5/cygwin_nt-6.1/1.7.35/x86_64/perl/5.21.7/cygwin-multi/lib/5.21.7/Exporter.pm line 0
Can't locate object method "padix" via package "B::SVOP" at /opt/perl5/cygwin_nt-6.1/1.7.35/x86_64/cpan/5.21.7/cygwin-multi/build/rpm-build-perl-0.82-wYTht8/blib/lib/B/PerlReq.pm line 319.
CHECK failed--call queue aborted.
# /opt/perl5/cygwin_nt-6.1/1.7.35/x86_64/perl/5.21.7/cygwin-multi/lib/5.21.7/Exporter.pm: deparse failed. prefix=/opt/perl5/cygwin_nt-6.1/1.7.35/x86_64/perl/5.21.7/cygwin-multi/lib/5.21.7
# Failed test 'Exporter.pm dependencies'
# at t/02-perlreq.t line 32.
# got: ''
# expected: 'perl(Exporter/Heavy.pm)'
# Failed test 'Exporter.pm zero exit status'
# at t/02-perlreq.t line 33.
# Looks like you failed 3 tests of 4.
t/02-perlreq.t ....
Dubious, test returned 3 (wstat 768, 0x300)
Failed 3/4 subtests
t/03-perlprov.t ... ok
Test Summary Report
-------------------
t/01-B-PerlReq.t (Wstat: 9984 Tests: 78 Failed: 39)
Failed tests: 1, 4, 20-48, 52-56, 74, 77-78
Non-zero exit status: 39
t/02-perlreq.t (Wstat: 768 Tests: 4 Failed: 3)
Failed tests: 2-4
Non-zero exit status: 3
Files=3, Tests=112, 34 wallclock secs ( 0.06 usr 0.14 sys + 9.63 cusr 22.42 csys = 32.25 CPU)
Result: FAIL
Failed 2/3 test programs. 42/112 subtests failed.
Makefile:978: recipe for target 'test_dynamic' failed
make: *** [test_dynamic] Error 255
------------------------------
PREREQUISITES
------------------------------
Prerequisite modules loaded:
requires:
Module Need Have
------------------- ---- ------------
B 0 1.54
Encode 0 2.73
O 0 1.01
Safe 0 2.38
Test::More 0 1.301001_090
build_requires:
Module Need Have
------------------- ---- ------------
ExtUtils::MakeMaker 0 7.04
configure_requires:
Module Need Have
------------------- ---- ------------
ExtUtils::MakeMaker 0 7.04
------------------------------
ENVIRONMENT AND OTHER CONTEXT
------------------------------
Environment variables:
AUTOMATED_TESTING = 1
COMSPEC = C:\WINDOWS\system32\cmd.exe
LD_LIBRARY_PATH =
NUMBER_OF_PROCESSORS = 8
PATH = /opt/perl5/cygwin_nt-6.1/1.7.35/x86_64/bin/5.21.7/cygwin-multi:/opt/perl5/cygwin_nt-6.1/1.7.35/x86_64/perl/5.21.7/cygwin-multi/local/bin:/opt/perl5/cygwin_nt-6.1/1.7.35/x86_64/perl/5.21.7/cygwin-multi/bin:/usr/local/bin:/usr/bin
PERL5LIB = /opt/perl5/cygwin_nt-6.1/1.7.35/x86_64/cpan/5.21.7/cygwin-multi/build/Math-String-Charset-Wordlist-0.08-wZTPV_/blib/arch:/opt/perl5/cygwin_nt-6.1/1.7.35/x86_64/cpan/5.21.7/cygwin-multi/build/Math-String-Charset-Wordlist-0.08-wZTPV_/blib/lib:/opt/perl5/cygwin_nt-6.1/1.7.35/x86_64/cpan/5.21.7/cygwin-multi/build/Math-String-1.27-QTaaOr/blib/arch:/opt/perl5/cygwin_nt-6.1/1.7.35/x86_64/cpan/5.21.7/cygwin-multi/build/Math-String-1.27-QTaaOr/blib/lib:/opt/perl5/cygwin_nt-6.1/1.7.35/x86_64/cpan/5.21.7/cygwin-multi/build/Math-Roman-1.07-31exLR/blib/arch:/opt/perl5/cygwin_nt-6.1/1.7.35/x86_64/cpan/5.21.7/cygwin-multi/build/Math-Roman-1.07-31exLR/blib/lib:/opt/perl5/cygwin_nt-6.1/1.7.35/x86_64/cpan/5.21.7/cygwin-multi/build/Math-Roman-1.05-5T53f1/blib/arch:/opt/perl5/cygwin_nt-6.1/1.7.35/x86_64/cpan/5.21.7/cygwin-multi/build/Math-Roman-1.05-5T53f1/blib/lib:/opt/perl5/cygwin_nt-6.1/1.7.35/x86_64/perl/5.21.7/cygwin-multi/local/lib/site_perl/5.21.7:/opt/perl5/cygwin_nt-6.1/1.7.35/x86_64/perl/5.21.7/cygwin-multi/local/lib/5.21.7:/opt/perl5/cygwin_nt-6.1/1.7.35/x86_64/perl/5.21.7/cygwin-multi/local/lib/perl5
PERL5OPT =
PERL5_CPANPLUS_IS_RUNNING = 14484
PERL5_CPAN_IS_RUNNING = 14484
PERL_CPAN_REPORTER_CONFIG = /cygdrive/c/peter/.cpanreporter/config-cygwin-OSL110.ini
PERL_CPAN_REPORTER_DIR = /opt/perl5/cygwin_nt-6.1/1.7.35/x86_64/cpan/5.21.7/cygwin-multi/reporter
PERL_EXTUTILS_AUTOINSTALL = 1
PERL_MM_USE_DEFAULT = 1
PERL_MY_PREFIX = /opt/perl5
PERL_MY_SOURCE_DIR = /cygdrive/c/src/perl
PERL_TEST_CRITIC = 1
PERL_TEST_CRITIC = 1
PERL_TEST_POD = 1
PERL_TEST_POD = 1
POD_TESTING = 1
POD_TESTS = 1
PROCESSOR_IDENTIFIER = Intel64 Family 6 Model 60 Stepping 3, GenuineIntel
SHELL = /usr/bin/bash
TEMP = /tmp
TERM = xterm
Perl special variables (and OS-specific diagnostics, for MSWin32):
$^X = /opt/perl5/cygwin_nt-6.1/1.7.35/x86_64/perl/5.21.7/cygwin-multi/bin/perl
$UID/$EUID = 1061331 / 1061331
$GID = 1049089 1049089 197608 545 4 66049 11 15 4095 66048 1104222 1098011 1051245 1113266 1090502 1081310 1090413 1061909 1058653 1081942 1122108 1083675 1088201 1093944 1090357 1122107 1083781 1051228 1057394 1090221 1056539 1057337 1089132 1100278 1051354 1104220 1059243 1089865 1087957 1105777 1049649 1069945 1095107 1059531 1090104 1090492 1068897 1081637 1095782 1111057 1119491 1069144 1081620 70145 1049147 1083352 401408
$EGID = 1049089 1049089 197608 545 4 66049 11 15 4095 66048 1104222 1098011 1051245 1113266 1090502 1081310 1090413 1061909 1058653 1081942 1122108 1083675 1088201 1093944 1090357 1122107 1083781 1051228 1057394 1090221 1056539 1057337 1089132 1100278 1051354 1104220 1059243 1089865 1087957 1105777 1049649 1069945 1095107 1059531 1090104 1090492 1068897 1081637 1095782 1111057 1119491 1069144 1081620 70145 1049147 1083352 401408
Perl module toolchain versions installed:
Module Have
------------------- ------------
CPAN 2.10
CPAN::Meta 2.150001
Cwd 3.54
ExtUtils::CBuilder 0.280221
ExtUtils::Command 1.18
ExtUtils::Install 2.04
ExtUtils::MakeMaker 7.04
ExtUtils::Manifest 1.69
ExtUtils::ParseXS 3.27
File::Spec 3.53
JSON n/a
JSON::PP 2.27300
Module::Build 0.4211
Module::Signature n/a
Parse::CPAN::Meta 1.4414
Test::Harness 3.34
Test::More 1.301001_090
YAML 1.15
YAML::Syck n/a
version 0.9909
--
Summary of my perl5 (revision 5 version 21 subversion 7) configuration:
Platform:
osname=cygwin, osvers=1.7.35(0.28753), archname=cygwin-multi
uname='cygwin_nt-6.1 osl110 1.7.35(0.28753) 2015-03-04 12:09 x86_64 cygwin '
config_args='-de -Dmksymlinks -Dusedevel -Dcc=gcc -Dld=g++ -Uinc_version_list -Uinstallusrbinperl -Uusethreads -Dusemultiplicity -Duse64bitint -Uuselongdouble -Dprefix=/opt/perl5/cygwin_nt-6.1/1.7.35/x86_64/perl/5.21.7/cygwin-multi'
hint=recommended, useposix=true, d_sigaction=define
useithreads=undef, usemultiplicity=define
use64bitint=define, use64bitall=define, uselongdouble=undef
usemymalloc=n, bincompat5005=undef
Compiler:
cc='gcc', ccflags ='-DPERL_USE_SAFE_PUTENV -U__STRICT_ANSI__ -fwrapv -fno-strict-aliasing -pipe -fstack-protector-strong -D_FORTIFY_SOURCE=2',
optimize='-O3',
cppflags='-DPERL_USE_SAFE_PUTENV -U__STRICT_ANSI__ -fwrapv -fno-strict-aliasing -pipe -fstack-protector-strong'
ccversion='', gccversion='4.9.2', gccosandvers=''
intsize=4, longsize=8, ptrsize=8, doublesize=8, byteorder=12345678, doublekind=3
d_longlong=define, longlongsize=8, d_longdbl=define, longdblsize=16, longdblkind=3
ivtype='long', ivsize=8, nvtype='double', nvsize=8, Off_t='off_t', lseeksize=8
alignbytes=8, prototype=define
Linker and Libraries:
ld='g++', ldflags =' -Wl,--enable-auto-import -Wl,--export-all-symbols -Wl,--enable-auto-image-base -fstack-protector-strong -L/usr/local/lib'
libpth=/usr/lib/gcc/x86_64-pc-cygwin/4.9.2/include-fixed /usr/lib /usr/lib/gcc/x86_64-pc-cygwin/4.9.2/../../../../lib/../include/w32api /usr/local/lib /lib
libs=-ldb -ldl -lcrypt -lpthread
perllibs=-ldl -lcrypt -lpthread
libc=/usr/lib/libc.a, so=dll, useshrplib=true, libperl=cygperl5_21_7.dll
gnulibc_version=''
Dynamic Linking:
dlsrc=dl_dlopen.xs, dlext=dll, d_dlsymun=undef, ccdlflags=' '
cccdlflags=' ', lddlflags=' --shared -Wl,--enable-auto-import -Wl,--export-all-symbols -Wl,--enable-auto-image-base -L/usr/local/lib -fstack-protector-strong'
Characteristics of this binary (from libperl):
Compile-time options: HAS_TIMES MULTIPLICITY PERLIO_LAYERS
PERL_DONT_CREATE_GVSV
PERL_HASH_FUNC_ONE_AT_A_TIME_HARD
PERL_IMPLICIT_CONTEXT PERL_MALLOC_WRAP
PERL_NEW_COPY_ON_WRITE PERL_PRESERVE_IVUV
PERL_USE_DEVEL PERL_USE_SAFE_PUTENV USE_64_BIT_ALL
USE_64_BIT_INT USE_LARGE_FILES USE_LOCALE
USE_LOCALE_COLLATE USE_LOCALE_CTYPE
USE_LOCALE_NUMERIC USE_LOCALE_TIME USE_PERLIO
USE_PERL_ATOF
Built under cygwin
Compiled at Apr 25 2015 12:51:52
%ENV:
PERL5LIB="/opt/perl5/cygwin_nt-6.1/1.7.35/x86_64/cpan/5.21.7/cygwin-multi/build/Math-String-Charset-Wordlist-0.08-wZTPV_/blib/arch:/opt/perl5/cygwin_nt-6.1/1.7.35/x86_64/cpan/5.21.7/cygwin-multi/build/Math-String-Charset-Wordlist-0.08-wZTPV_/blib/lib:/opt/perl5/cygwin_nt-6.1/1.7.35/x86_64/cpan/5.21.7/cygwin-multi/build/Math-String-1.27-QTaaOr/blib/arch:/opt/perl5/cygwin_nt-6.1/1.7.35/x86_64/cpan/5.21.7/cygwin-multi/build/Math-String-1.27-QTaaOr/blib/lib:/opt/perl5/cygwin_nt-6.1/1.7.35/x86_64/cpan/5.21.7/cygwin-multi/build/Math-Roman-1.07-31exLR/blib/arch:/opt/perl5/cygwin_nt-6.1/1.7.35/x86_64/cpan/5.21.7/cygwin-multi/build/Math-Roman-1.07-31exLR/blib/lib:/opt/perl5/cygwin_nt-6.1/1.7.35/x86_64/cpan/5.21.7/cygwin-multi/build/Math-Roman-1.05-5T53f1/blib/arch:/opt/perl5/cygwin_nt-6.1/1.7.35/x86_64/cpan/5.21.7/cygwin-multi/build/Math-Roman-1.05-5T53f1/blib/lib:/opt/perl5/cygwin_nt-6.1/1.7.35/x86_64/perl/5.21.7/cygwin-multi/local/lib/site_perl/5.21.7:/opt/perl5/cygwin_nt-6.1/1.7.35/x86_64/perl/5.21.7/cygwin-multi/local/lib/5.21.7:/opt/perl5/cygwin_nt-6.1/1.7.35/x86_64/perl/5.21.7/cygwin-multi/local/lib/perl5"
PERL5OPT=""
PERL5_CPANPLUS_IS_RUNNING="14484"
PERL5_CPAN_IS_RUNNING="14484"
PERL_CPAN_REPORTER_CONFIG="/cygdrive/c/peter/.cpanreporter/config-cygwin-OSL110.ini"
PERL_CPAN_REPORTER_DIR="/opt/perl5/cygwin_nt-6.1/1.7.35/x86_64/cpan/5.21.7/cygwin-multi/reporter"
PERL_EXTUTILS_AUTOINSTALL="1"
PERL_MM_USE_DEFAULT="1"
PERL_MY_PREFIX="/opt/perl5"
PERL_MY_SOURCE_DIR="/cygdrive/c/src/perl"
PERL_TEST_CRITIC="1"
PERL_TEST_POD="1"
CYGWIN="codepage:utf8 nodosfilewarning"
@INC:
/opt/perl5/cygwin_nt-6.1/1.7.35/x86_64/cpan/5.21.7/cygwin-multi/build/Math-String-Charset-Wordlist-0.08-wZTPV_/blib/arch
/opt/perl5/cygwin_nt-6.1/1.7.35/x86_64/cpan/5.21.7/cygwin-multi/build/Math-String-Charset-Wordlist-0.08-wZTPV_/blib/lib
/opt/perl5/cygwin_nt-6.1/1.7.35/x86_64/cpan/5.21.7/cygwin-multi/build/Math-String-1.27-QTaaOr/blib/arch
/opt/perl5/cygwin_nt-6.1/1.7.35/x86_64/cpan/5.21.7/cygwin-multi/build/Math-String-1.27-QTaaOr/blib/lib
/opt/perl5/cygwin_nt-6.1/1.7.35/x86_64/cpan/5.21.7/cygwin-multi/build/Math-Roman-1.07-31exLR/blib/arch
/opt/perl5/cygwin_nt-6.1/1.7.35/x86_64/cpan/5.21.7/cygwin-multi/build/Math-Roman-1.07-31exLR/blib/lib
/opt/perl5/cygwin_nt-6.1/1.7.35/x86_64/cpan/5.21.7/cygwin-multi/build/Math-Roman-1.05-5T53f1/blib/arch
/opt/perl5/cygwin_nt-6.1/1.7.35/x86_64/cpan/5.21.7/cygwin-multi/build/Math-Roman-1.05-5T53f1/blib/lib
/opt/perl5/cygwin_nt-6.1/1.7.35/x86_64/perl/5.21.7/cygwin-multi/local/lib/site_perl/5.21.7/cygwin-multi
/opt/perl5/cygwin_nt-6.1/1.7.35/x86_64/perl/5.21.7/cygwin-multi/local/lib/site_perl/5.21.7
/opt/perl5/cygwin_nt-6.1/1.7.35/x86_64/perl/5.21.7/cygwin-multi/local/lib/5.21.7/cygwin-multi
/opt/perl5/cygwin_nt-6.1/1.7.35/x86_64/perl/5.21.7/cygwin-multi/local/lib/5.21.7
/opt/perl5/cygwin_nt-6.1/1.7.35/x86_64/perl/5.21.7/cygwin-multi/local/lib/perl5/cygwin-multi
/opt/perl5/cygwin_nt-6.1/1.7.35/x86_64/perl/5.21.7/cygwin-multi/local/lib/perl5
/opt/perl5/cygwin_nt-6.1/1.7.35/x86_64/perl/5.21.7/cygwin-multi/lib/site_perl/5.21.7/cygwin-multi
/opt/perl5/cygwin_nt-6.1/1.7.35/x86_64/perl/5.21.7/cygwin-multi/lib/site_perl/5.21.7
/opt/perl5/cygwin_nt-6.1/1.7.35/x86_64/perl/5.21.7/cygwin-multi/lib/5.21.7/cygwin-multi
/opt/perl5/cygwin_nt-6.1/1.7.35/x86_64/perl/5.21.7/cygwin-multi/lib/5.21.7
.