Back
From: metabase:user:30ae4450-2aae-11df-837a-5e0a49663a4f
Subject: FAIL Devel-Debug-Server-1.001 v5.16.2 GNU/Linux
Date: 2014-12-28T13:34:33Z
This distribution has been tested as part of the CPAN Testers
project, supporting the Perl programming language. See
http://wiki.cpantesters.org/ for more information or email
questions to cpan-testers-discuss@perl.org
--
Dear Jean-Christian HASSLER,
This is a computer-generated report for Devel-Debug-Server-1.001
on perl 5.16.2, created by CPAN-Reporter-1.2009.
Thank you for uploading your work to CPAN. However, there was a problem
testing your distribution.
If you think this report is invalid, please consult the CPAN Testers Wiki
for suggestions on how to avoid getting FAIL reports for missing library
or binary dependencies, unsupported operating systems, and so on:
http://wiki.cpantesters.org/wiki/CPANAuthorNotes
Sections of this report:
* Tester comments
* Program output
* Prerequisites
* Environment and other context
------------------------------
TESTER COMMENTS
------------------------------
Additional comments from tester:
this report is from an automated smoke testing program
and was not reviewed by a human for accuracy
------------------------------
PROGRAM OUTPUT
------------------------------
Output from '/usr/bin/make test':
PERL_DL_NONLAZY=1 /home/c/perl5/perlbrew/perls/perl-5.16.2/bin/perl "-MExtUtils::Command::MM" "-e" "test_harness(0, 'blib/lib', 'blib/arch')" t/*.t
/home/c/.cpan/build/Devel-Debug-Server-1.001-0Uwga5/t/../bin/debugAgent.pl: exec failed: ÐÐµÑ Ñакого Ñайла или каÑалога
at /home/c/.cpan/build/Devel-ebug-0.56-3AEIeY/blib/lib/Devel/ebug.pm line 41.
/home/c/.cpan/build/Devel-Debug-Server-1.001-0Uwga5/t/../bin/debugAgent.pl: exec failed: ÐÐµÑ Ñакого Ñайла или каÑалога
at /home/c/.cpan/build/Devel-ebug-0.56-3AEIeY/blib/lib/Devel/ebug.pm line 41.
/home/c/.cpan/build/Devel-Debug-Server-1.001-0Uwga5/t/../bin/debugAgent.pl: exec failed: ÐÐµÑ Ñакого Ñайла или каÑалога
at /home/c/.cpan/build/Devel-ebug-0.56-3AEIeY/blib/lib/Devel/ebug.pm line 41.
# Failed test 'we have 3 processes to debug'
# at t/01-debug-script.t line 49.
# got: '0'
# expected: '3'
Use of uninitialized value $processToDebugPID in hash element at t/01-debug-script.t line 55.
# Failed test 'we have the good fileName of the source file'
# at t/01-debug-script.t line 57.
# got: undef
# expected: '/home/c/.cpan/build/Devel-Debug-Server-1.001-0Uwga5/t/bin/scriptToDebug.pl'
# Failed test 'we are on the good line of the script'
# at t/01-debug-script.t line 58.
# got: undef
# expected: '13'
# Failed test 'debug process is in package main'
# at t/01-debug-script.t line 59.
# got: undef
# expected: 'main'
# Failed test 'debug process is in subroutine main'
# at t/01-debug-script.t line 60.
# got: undef
# expected: 'main'
Can't use an undefined value as a HASH reference at t/01-debug-script.t line 62.
# Looks like you planned 35 tests but ran 8.
# Looks like you failed 5 tests of 8 run.
# Looks like your test exited with 1 just after 8.
t/01-debug-script.t ........
Dubious, test returned 1 (wstat 256, 0x100)
Failed 32/35 subtests
/home/c/.cpan/build/Devel-Debug-Server-1.001-0Uwga5/t/../bin/debugAgent.pl: exec failed: ÐÐµÑ Ñакого Ñайла или каÑалога
at /home/c/.cpan/build/Devel-ebug-0.56-3AEIeY/blib/lib/Devel/ebug.pm line 41.
Use of uninitialized value $processToDebugPID in hash element at t/02-breakPointFileLoad.t line 43.
Use of uninitialized value $processToDebugPID in hash element at t/02-breakPointFileLoad.t line 47.
Use of uninitialized value $pid in hash element at /home/c/.cpan/build/Devel-Debug-Server-1.001-0Uwga5/t/../bin/debugServer.pl line 282.
Use of uninitialized value $pid in hash element at /home/c/.cpan/build/Devel-Debug-Server-1.001-0Uwga5/t/../bin/debugServer.pl line 283.
Use of uninitialized value $processToDebugPID in hash element at t/02-breakPointFileLoad.t line 55.
Use of uninitialized value $processToDebugPID in hash element at t/02-breakPointFileLoad.t line 56.
# Failed test 'We are in the good file'
# at t/02-breakPointFileLoad.t line 57.
# got: undef
# expected: '/home/c/.cpan/build/Devel-Debug-Server-1.001-0Uwga5/t/Calc.pm'
# Failed test 'We are on the good line of Calc.pm'
# at t/02-breakPointFileLoad.t line 58.
# got: undef
# expected: '11'
# Looks like you failed 2 tests of 6.
t/02-breakPointFileLoad.t ..
Dubious, test returned 2 (wstat 512, 0x200)
Failed 2/6 subtests
t/release-portability.t .... skipped: these tests are for release candidate testing
Test Summary Report
-------------------
t/01-debug-script.t (Wstat: 256 Tests: 8 Failed: 5)
Failed tests: 4-8
Non-zero exit status: 1
Parse errors: Bad plan. You planned 35 tests but ran 8.
t/02-breakPointFileLoad.t (Wstat: 512 Tests: 6 Failed: 2)
Failed tests: 5-6
Non-zero exit status: 2
Files=3, Tests=14, 11 wallclock secs ( 0.02 usr 0.02 sys + 0.56 cusr 0.13 csys = 0.73 CPU)
Result: FAIL
Failed 2/3 test programs. 7/14 subtests failed.
make: *** [test_dynamic] ÐÑибка 255
------------------------------
PREREQUISITES
------------------------------
Prerequisite modules loaded:
requires:
Module Need Have
------------------------------ ---- --------
Data::Dumper 0 2.135_06
Devel::ebug 0 0.56
File::Spec 0 3.39_02
JSON 0 2.53
Storable 0 2.34
strict 0 1.07
Time::HiRes 0 1.9725
warnings 0 1.13
ZeroMQ 0 0.23
build_requires:
Module Need Have
------------------------------ ---- --------
base 0 2.18
Class::Accessor::Chained::Fast 0 0
FindBin 0 1.51
lib 0 0.63
Proc::Background 0 1.10
Test::More 0 0.98
configure_requires:
Module Need Have
------------------------------ ---- --------
ExtUtils::MakeMaker 6.30 6.63_02
------------------------------
ENVIRONMENT AND OTHER CONTEXT
------------------------------
Environment variables:
AUTOMATED_TESTING = 1
LANG = ru_RU.utf8
PATH = /home/c/perl5/perlbrew/bin:/home/c/perl5/perlbrew/perls/perl-5.16.2/bin:/usr/local/bin:/usr/bin:/bin:/usr/local/games:/usr/games
PERL5LIB = /home/c/.cpan/build/ZeroMQ-0.23-qO5W4u/blib/arch:/home/c/.cpan/build/ZeroMQ-0.23-qO5W4u/blib/lib:/home/c/.cpan/build/Devel-ebug-0.56-3AEIeY/blib/arch:/home/c/.cpan/build/Devel-ebug-0.56-3AEIeY/blib/lib:/home/c/.cpan/build/Proc-Background-1.10-odXx7Z/blib/arch:/home/c/.cpan/build/Proc-Background-1.10-odXx7Z/blib/lib
PERL5OPT =
PERL5_CPANPLUS_IS_RUNNING = 31126
PERL5_CPAN_IS_RUNNING = 31126
PERL5_CPAN_IS_RUNNING_IN_RECURSION = 1480,31126
PERLBREW_MANPATH = /home/c/perl5/perlbrew/perls/perl-5.16.2/man
PERLBREW_PATH = /home/c/perl5/perlbrew/bin:/home/c/perl5/perlbrew/perls/perl-5.16.2/bin
PERLBREW_PERL = perl-5.16.2
PERLBREW_ROOT = /home/c/perl5/perlbrew
PERLBREW_SKIP_INIT = 1
PERLBREW_VERSION = 0.58
PERL_CR_SMOKER_CURRENT = Devel-Debug-Server-1.001
PERL_EXTUTILS_AUTOINSTALL = --defaultdeps
PERL_MM_USE_DEFAULT = 1
SHELL = /bin/bash
TERM = xterm
Perl special variables (and OS-specific diagnostics, for MSWin32):
$^X = /home/c/perl5/perlbrew/perls/perl-5.16.2/bin/perl
$UID/$EUID = 1000 / 1000
$GID = 1000 24 25 27 29 30 44 46 108 109 115 1000 1001
$EGID = 1000 24 25 27 29 30 44 46 108 109 115 1000 1001
Perl module toolchain versions installed:
Module Have
------------------- --------
CPAN 1.9800
CPAN::Meta 2.120921
Cwd 3.39_02
ExtUtils::CBuilder 0.280206
ExtUtils::Command 1.17
ExtUtils::Install 1.58
ExtUtils::MakeMaker 6.63_02
ExtUtils::Manifest 1.61
ExtUtils::ParseXS 3.16
File::Spec 3.39_02
JSON 2.53
JSON::PP 2.27200
Module::Build 0.4004
Module::Signature 0.70
Parse::CPAN::Meta 1.4404
Test::Harness 3.23
Test::More 0.98
YAML 0.84
YAML::Syck 1.22
version 0.9901
--
Summary of my perl5 (revision 5 version 16 subversion 2) configuration:
Platform:
osname=linux, osvers=2.6.32-5-686, archname=i686-linux
uname='linux deb1 2.6.32-5-686 #1 smp sun sep 23 09:49:36 utc 2012 i686 gnulinux '
config_args='-de -Dprefix=/home/c/perl5/perlbrew/perls/perl-5.16.2 -Aeval:scriptdir=/home/c/perl5/perlbrew/perls/perl-5.16.2/bin'
hint=recommended, useposix=true, d_sigaction=define
useithreads=undef, usemultiplicity=undef
useperlio=define, d_sfio=undef, uselargefiles=define, usesocks=undef
use64bitint=undef, use64bitall=undef, uselongdouble=undef
usemymalloc=n, bincompat5005=undef
Compiler:
cc='cc', ccflags ='-fno-strict-aliasing -pipe -fstack-protector -I/usr/local/include -D_LARGEFILE_SOURCE -D_FILE_OFFSET_BITS=64',
optimize='-O2',
cppflags='-fno-strict-aliasing -pipe -fstack-protector -I/usr/local/include'
ccversion='', gccversion='4.4.5', gccosandvers=''
intsize=4, longsize=4, ptrsize=4, doublesize=8, byteorder=1234
d_longlong=define, longlongsize=8, d_longdbl=define, longdblsize=12
ivtype='long', ivsize=4, nvtype='double', nvsize=8, Off_t='off_t', lseeksize=8
alignbytes=4, prototype=define
Linker and Libraries:
ld='cc', ldflags =' -fstack-protector -L/usr/local/lib'
libpth=/usr/local/lib /lib/../lib /usr/lib/../lib /lib /usr/lib /usr/lib/i486-linux-gnu /usr/lib64
libs=-lnsl -ldl -lm -lcrypt -lutil -lc
perllibs=-lnsl -ldl -lm -lcrypt -lutil -lc
libc=/lib/libc-2.11.3.so, so=so, useshrplib=false, libperl=libperl.a
gnulibc_version='2.11.3'
Dynamic Linking:
dlsrc=dl_dlopen.xs, dlext=so, d_dlsymun=undef, ccdlflags='-Wl,-E'
cccdlflags='-fPIC', lddlflags='-shared -O2 -L/usr/local/lib -fstack-protector'
Characteristics of this binary (from libperl):
Compile-time options: HAS_TIMES PERLIO_LAYERS PERL_DONT_CREATE_GVSV
PERL_MALLOC_WRAP PERL_PRESERVE_IVUV USE_LARGE_FILES
USE_LOCALE USE_LOCALE_COLLATE USE_LOCALE_CTYPE
USE_LOCALE_NUMERIC USE_PERLIO USE_PERL_ATOF
Built under linux
Compiled at Jan 4 2013 21:20:12
%ENV:
PERL5LIB="/home/c/.cpan/build/ZeroMQ-0.23-qO5W4u/blib/arch:/home/c/.cpan/build/ZeroMQ-0.23-qO5W4u/blib/lib:/home/c/.cpan/build/Devel-ebug-0.56-3AEIeY/blib/arch:/home/c/.cpan/build/Devel-ebug-0.56-3AEIeY/blib/lib:/home/c/.cpan/build/Proc-Background-1.10-odXx7Z/blib/arch:/home/c/.cpan/build/Proc-Background-1.10-odXx7Z/blib/lib"
PERL5OPT=""
PERL5_CPANPLUS_IS_RUNNING="31126"
PERL5_CPAN_IS_RUNNING="31126"
PERL5_CPAN_IS_RUNNING_IN_RECURSION="1480,31126"
PERLBREW_MANPATH="/home/c/perl5/perlbrew/perls/perl-5.16.2/man"
PERLBREW_PATH="/home/c/perl5/perlbrew/bin:/home/c/perl5/perlbrew/perls/perl-5.16.2/bin"
PERLBREW_PERL="perl-5.16.2"
PERLBREW_ROOT="/home/c/perl5/perlbrew"
PERLBREW_SKIP_INIT="1"
PERLBREW_VERSION="0.58"
PERL_CR_SMOKER_CURRENT="Devel-Debug-Server-1.001"
PERL_EXTUTILS_AUTOINSTALL="--defaultdeps"
PERL_MM_USE_DEFAULT="1"
@INC:
/home/c/.cpan/build/ZeroMQ-0.23-qO5W4u/blib/arch
/home/c/.cpan/build/ZeroMQ-0.23-qO5W4u/blib/lib
/home/c/.cpan/build/Devel-ebug-0.56-3AEIeY/blib/arch
/home/c/.cpan/build/Devel-ebug-0.56-3AEIeY/blib/lib
/home/c/.cpan/build/Proc-Background-1.10-odXx7Z/blib/arch
/home/c/.cpan/build/Proc-Background-1.10-odXx7Z/blib/lib
/home/c/perl5/perlbrew/perls/perl-5.16.2/lib/site_perl/5.16.2/i686-linux
/home/c/perl5/perlbrew/perls/perl-5.16.2/lib/site_perl/5.16.2
/home/c/perl5/perlbrew/perls/perl-5.16.2/lib/5.16.2/i686-linux
/home/c/perl5/perlbrew/perls/perl-5.16.2/lib/5.16.2
.