Back
From: metabase:user:30f4dfbe-2aae-11df-837a-5e0a49663a4f
Subject: FAIL Test-Unit-0.25 v5.14.0 GNU/Linux
Date: 2017-04-25T21:43:44Z
This distribution has been tested as part of the CPAN Testers
project, supporting the Perl programming language. See
http://wiki.cpantesters.org/ for more information or email
questions to cpan-testers-discuss@perl.org
--
Dear Matthew Astley,
This is a computer-generated report for Test-Unit-0.25
on perl 5.14.0, created by CPAN-Reporter-1.2018.
Thank you for uploading your work to CPAN. However, there was a problem
testing your distribution.
If you think this report is invalid, please consult the CPAN Testers Wiki
for suggestions on how to avoid getting FAIL reports for missing library
or binary dependencies, unsupported operating systems, and so on:
http://wiki.cpantesters.org/wiki/CPANAuthorNotes
Sections of this report:
* Tester comments
* Program output
* Prerequisites
* Environment and other context
------------------------------
TESTER COMMENTS
------------------------------
Additional comments from tester:
this report is from an automated smoke testing program
and was not reviewed by a human for accuracy
------------------------------
PROGRAM OUTPUT
------------------------------
Output from '/usr/bin/make test':
PERL_DL_NONLAZY=1 "/home/njh/perl5/perlbrew/perls/perl-5.14.0/bin/perl" "-MExtUtils::Command::MM" "-MTest::Harness" "-e" "undef *Test::Harness::Switches; test_harness(0, 'blib/lib', 'blib/arch')" t/*.t
t/try_examples.t .. ok
t/all_tests.t ..... ok
t/assert.t ........
Failed 2/40 subtests
Test Summary Report
-------------------
t/assert.t (Wstat: 0 Tests: 40 Failed: 2)
Failed tests: 26, 39
Files=3, Tests=89, 4 wallclock secs ( 0.27 usr 0.01 sys + 7.92 cusr 0.42 csys = 8.62 CPU)
Result: FAIL
Failed 1/3 test programs. 2/89 subtests failed.
Makefile:953: recipe for target 'test_dynamic' failed
make: *** [test_dynamic] Error 255
------------------------------
PREREQUISITES
------------------------------
Prerequisite modules loaded:
requires:
Module Need Have
------------------- ---- --------
base 1 2.16
Class::Inner 0 0.200001
Devel::Symdump 0 2.18
Error 0 0.17024
build_requires:
Module Need Have
------------------- ---- --------
ExtUtils::MakeMaker 0 7.24
------------------------------
ENVIRONMENT AND OTHER CONTEXT
------------------------------
Environment variables:
AUTOMATED_TESTING = 1
HARNESS_OPTIONS = j4
LANG = en_US.UTF-8
LANGUAGE = en_US.UTF-8
LC_ALL = en_US.UTF-8
PATH = /home/njh/perl5/perlbrew/bin:/home/njh/perl5/perlbrew/perls/perl-5.14.0/bin:/home/njh/perl5/perlbrew/bin:/home/njh/src/njh/smoker/bin:/usr/bin:/bin
PERL5LIB = /home/njh/.cpan/build/Devel-Symdump-2.18-49/blib/arch:/home/njh/.cpan/build/Devel-Symdump-2.18-49/blib/lib:/home/njh/.cpan/build/Class-Inner-0.200001-55/blib/arch:/home/njh/.cpan/build/Class-Inner-0.200001-55/blib/lib:/home/njh/.cpan/build/Storable-2.51-8/blib/arch:/home/njh/.cpan/build/Storable-2.51-8/blib/lib:/home/njh/.cpan/build/Error-0.17024-58/blib/arch:/home/njh/.cpan/build/Error-0.17024-58/blib/lib:/home/njh/.cpan/build/Clone-0.39-17/blib/arch:/home/njh/.cpan/build/Clone-0.39-17/blib/lib
PERL5OPT =
PERL5_CPANPLUS_IS_RUNNING = 15542
PERL5_CPAN_IS_RUNNING = 15542
PERLBREW_BASHRC_VERSION = 0.78
PERLBREW_LIB =
PERLBREW_MANPATH = /home/njh/perl5/perlbrew/perls/perl-5.14.0/man
PERLBREW_PATH = /home/njh/perl5/perlbrew/bin:/home/njh/perl5/perlbrew/perls/perl-5.14.0/bin
PERLBREW_PERL = perl-5.14.0
PERLBREW_ROOT = /home/njh/perl5/perlbrew
PERLBREW_VERSION = 0.78
PERL_LOCAL_LIB_ROOT =
SHELL = /bin/sh
Perl special variables (and OS-specific diagnostics, for MSWin32):
$^X = /home/njh/perl5/perlbrew/perls/perl-5.14.0/bin/perl
$UID/$EUID = 1000 / 1000
$GID = 100 100
$EGID = 100 100
Perl module toolchain versions installed:
Module Have
------------------- --------
CPAN 2.16
CPAN::Meta 2.143240
Cwd 3.36
ExtUtils::CBuilder 0.280203
ExtUtils::Command 7.24
ExtUtils::Install 1.56
ExtUtils::MakeMaker 7.24
ExtUtils::Manifest 1.70
ExtUtils::ParseXS 2.2210
File::Spec 3.33
JSON n/a
JSON::PP 2.27400
Module::Build 0.4220
Module::Signature n/a
Parse::CPAN::Meta 1.4414
Test::Harness 3.36
Test::More 1.302075
YAML n/a
YAML::Syck 1.29
version 0.88
--
Summary of my perl5 (revision 5 version 14 subversion 0) configuration:
Platform:
osname=linux, osvers=4.5.7-std-4, archname=armv7l-linux-thread-multi
uname='linux scw-808d97 4.5.7-std-4 #1 smp tue jul 12 11:00:06 utc 2016 armv7l gnulinux '
config_args='-de -Dprefix=/home/njh/perl5/perlbrew/perls/perl-5.14.0 -Duseithreads -Dusemultiplicity -Dusedevel -Accflags=-O2 -W -Wformat=2 -Wswitch -Wshadow -Wwrite-strings -Wuninitialized -Wall -pipe -fomit-frame-pointer -D_FORTIFY_SOURCE=2 -Wpointer-arith -Wstrict-prototypes -fstack-protector -Wstack-protector -Wextra -Wbad-function-cast -Wcast-align -Wcast-qual -Wdisabled-optimization -Wendif-labels -Wfloat-equal -Wformat-nonliteral -Winline -Wmissing-declarations -Wmissing-prototypes -Wnested-externs -Wpointer-arith -Wundef -Wformat-security -mtune=native -march=native -mfpu=vfp -mfloat-abi=hard -Aeval:scriptdir=/home/njh/perl5/perlbrew/perls/perl-5.14.0/bin'
hint=recommended, useposix=true, d_sigaction=define
useithreads=define, usemultiplicity=define
useperlio=define, d_sfio=undef, uselargefiles=define, usesocks=undef
use64bitint=undef, use64bitall=undef, uselongdouble=undef
usemymalloc=n, bincompat5005=undef
Compiler:
cc='cc', ccflags ='-D_REENTRANT -D_GNU_SOURCE -O2 -W -Wformat=2 -Wswitch -Wshadow -Wwrite-strings -Wuninitialized -Wall -pipe -fomit-frame-pointer -D_FORTIFY_SOURCE=2 -Wpointer-arith -Wstrict-prototypes -fstack-protector -Wstack-protector -Wextra -Wbad-function-cast -Wcast-align -Wcast-qual -Wdisabled-optimization -Wendif-labels -Wfloat-equal -Wformat-nonliteral -Winline -Wmissing-declarations -Wmissing-prototypes -Wnested-externs -Wpointer-arith -Wundef -Wformat-security -mtune=native -march=native -mfpu=vfp -mfloat-abi=hard -fno-strict-aliasing -I/usr/local/include -D_LARGEFILE_SOURCE -D_FILE_OFFSET_BITS=64',
optimize='-O2',
cppflags='-D_REENTRANT -D_GNU_SOURCE -O2 -W -Wformat=2 -Wswitch -Wshadow -Wwrite-strings -Wuninitialized -Wall -pipe -fomit-frame-pointer -D_FORTIFY_SOURCE=2 -Wpointer-arith -Wstrict-prototypes -fstack-protector -Wstack-protector -Wextra -Wbad-function-cast -Wcast-align -Wcast-qual -Wdisabled-optimization -Wendif-labels -Wfloat-equal -Wformat-nonliteral -Winline -Wmissing-declarations -Wmissing-prototypes -Wnested-externs -Wpointer-arith -Wundef -Wformat-security -mtune=native -march=native -mfpu=vfp -mfloat-abi=hard -fno-strict-aliasing -I/usr/local/include'
ccversion='', gccversion='4.9.2', gccosandvers=''
intsize=4, longsize=4, ptrsize=4, doublesize=8, byteorder=1234
d_longlong=define, longlongsize=8, d_longdbl=define, longdblsize=8
ivtype='long', ivsize=4, nvtype='double', nvsize=8, Off_t='off_t', lseeksize=8
alignbytes=8, prototype=define
Linker and Libraries:
ld='cc', ldflags =' -fstack-protector -L/usr/local/lib'
libpth=/usr/local/lib /lib/arm-linux-gnueabihf /lib /usr/lib/arm-linux-gnueabihf /usr/lib
libs=-lnsl -ldl -lm -lcrypt -lutil -lpthread -lc
perllibs=-lnsl -ldl -lm -lcrypt -lutil -lpthread -lc
libc=libc-2.19.so, so=so, useshrplib=false, libperl=libperl.a
gnulibc_version='2.19'
Dynamic Linking:
dlsrc=dl_dlopen.xs, dlext=so, d_dlsymun=undef, ccdlflags='-Wl,-E'
cccdlflags='-fPIC', lddlflags='-shared -O2 -L/usr/local/lib -fstack-protector'
Characteristics of this binary (from libperl):
Compile-time options: MULTIPLICITY PERL_DONT_CREATE_GVSV
PERL_IMPLICIT_CONTEXT PERL_MALLOC_WRAP
PERL_PRESERVE_IVUV PERL_USE_DEVEL USE_ITHREADS
USE_LARGE_FILES USE_PERLIO USE_PERL_ATOF
USE_REENTRANT_API
Locally applied patches:
Devel::PatchPerl 1.38
Built under linux
Compiled at Feb 26 2017 00:05:24
%ENV:
PERL5LIB="/home/njh/.cpan/build/Devel-Symdump-2.18-49/blib/arch:/home/njh/.cpan/build/Devel-Symdump-2.18-49/blib/lib:/home/njh/.cpan/build/Class-Inner-0.200001-55/blib/arch:/home/njh/.cpan/build/Class-Inner-0.200001-55/blib/lib:/home/njh/.cpan/build/Storable-2.51-8/blib/arch:/home/njh/.cpan/build/Storable-2.51-8/blib/lib:/home/njh/.cpan/build/Error-0.17024-58/blib/arch:/home/njh/.cpan/build/Error-0.17024-58/blib/lib:/home/njh/.cpan/build/Clone-0.39-17/blib/arch:/home/njh/.cpan/build/Clone-0.39-17/blib/lib"
PERL5OPT=""
PERL5_CPANPLUS_IS_RUNNING="15542"
PERL5_CPAN_IS_RUNNING="15542"
PERLBREW_BASHRC_VERSION="0.78"
PERLBREW_LIB=""
PERLBREW_MANPATH="/home/njh/perl5/perlbrew/perls/perl-5.14.0/man"
PERLBREW_PATH="/home/njh/perl5/perlbrew/bin:/home/njh/perl5/perlbrew/perls/perl-5.14.0/bin"
PERLBREW_PERL="perl-5.14.0"
PERLBREW_ROOT="/home/njh/perl5/perlbrew"
PERLBREW_VERSION="0.78"
PERL_LOCAL_LIB_ROOT=""
@INC:
/home/njh/.cpan/build/Devel-Symdump-2.18-49/blib/arch
/home/njh/.cpan/build/Devel-Symdump-2.18-49/blib/lib
/home/njh/.cpan/build/Class-Inner-0.200001-55/blib/arch
/home/njh/.cpan/build/Class-Inner-0.200001-55/blib/lib
/home/njh/.cpan/build/Storable-2.51-8/blib/arch
/home/njh/.cpan/build/Storable-2.51-8/blib/lib
/home/njh/.cpan/build/Error-0.17024-58/blib/arch
/home/njh/.cpan/build/Error-0.17024-58/blib/lib
/home/njh/.cpan/build/Clone-0.39-17/blib/arch
/home/njh/.cpan/build/Clone-0.39-17/blib/lib
/home/njh/perl5/perlbrew/perls/perl-5.14.0/lib/site_perl/5.14.0/armv7l-linux-thread-multi
/home/njh/perl5/perlbrew/perls/perl-5.14.0/lib/site_perl/5.14.0
/home/njh/perl5/perlbrew/perls/perl-5.14.0/lib/5.14.0/armv7l-linux-thread-multi
/home/njh/perl5/perlbrew/perls/perl-5.14.0/lib/5.14.0
.