Test-Unit v0.25 Perl 5 v5.28.2 i86pc-solaris

Status
Fail
From
Nigel Horne
Dist
Test-Unit v0.25
Platform
Perl 5 v5.28.2 i86pc-solaris
Date
2019-09-24 08:21:06
ID
41276348-dea4-11e9-93ff-3046f878efca
This distribution has been tested as part of the CPAN Testers
project, supporting the Perl programming language.  See
http://wiki.cpantesters.org/ for more information or email
questions to cpan-testers-discuss@perl.org


--
Dear Matthew Astley,

This is a computer-generated report for Test-Unit-0.25
on perl 5.28.2, created by CPAN-Reporter-1.2018.

Thank you for uploading your work to CPAN.  However, there was a problem
testing your distribution.

If you think this report is invalid, please consult the CPAN Testers Wiki
for suggestions on how to avoid getting FAIL reports for missing library
or binary dependencies, unsupported operating systems, and so on:

http://wiki.cpantesters.org/wiki/CPANAuthorNotes

Sections of this report:

    * Tester comments
    * Program output
    * Prerequisites
    * Environment and other context

------------------------------
TESTER COMMENTS
------------------------------

Additional comments from tester:

this report is from an automated smoke testing program
and was not reviewed by a human for accuracy

------------------------------
PROGRAM OUTPUT
------------------------------

Output from '/usr/bin/make test':

PERL_DL_NONLAZY=1 "/export/home/njh/perl5/perlbrew/perls/perl-5.28.2/bin/perl" "-MExtUtils::Command::MM" "-MTest::Harness" "-e" "undef *Test::Harness::Switches; test_harness(0, 'blib/lib', 'blib/arch')" t/*.t
Can't use 'defined(@array)' (Maybe you should just omit the defined()?) at /export/home/njh/.cpan/build/Test-Unit-0.25-2/blib/lib/Test/Unit/TestCase.pm line 106.
Compilation failed in require at /export/home/njh/.cpan/build/Test-Unit-0.25-2/blib/lib/Test/Unit/TestSuite.pm line 15.
BEGIN failed--compilation aborted at /export/home/njh/.cpan/build/Test-Unit-0.25-2/blib/lib/Test/Unit/TestSuite.pm line 15.
Compilation failed in require at /export/home/njh/.cpan/build/Test-Unit-0.25-2/blib/lib/Test/Unit/Loader.pm line 7.
BEGIN failed--compilation aborted at /export/home/njh/.cpan/build/Test-Unit-0.25-2/blib/lib/Test/Unit/Loader.pm line 7.
Compilation failed in require at /export/home/njh/.cpan/build/Test-Unit-0.25-2/blib/lib/Test/Unit/Listener.pm line 2.
BEGIN failed--compilation aborted at /export/home/njh/.cpan/build/Test-Unit-0.25-2/blib/lib/Test/Unit/Listener.pm line 2.
Compilation failed in require at /export/home/njh/perl5/perlbrew/perls/perl-5.28.2/lib/5.28.2/base.pm line 137.
	...propagated at /export/home/njh/perl5/perlbrew/perls/perl-5.28.2/lib/5.28.2/base.pm line 159.
BEGIN failed--compilation aborted at /export/home/njh/.cpan/build/Test-Unit-0.25-2/blib/lib/Test/Unit/Runner.pm line 25.
Compilation failed in require at /export/home/njh/perl5/perlbrew/perls/perl-5.28.2/lib/5.28.2/base.pm line 137.
	...propagated at /export/home/njh/perl5/perlbrew/perls/perl-5.28.2/lib/5.28.2/base.pm line 159.
BEGIN failed--compilation aborted at /export/home/njh/.cpan/build/Test-Unit-0.25-2/blib/lib/Test/Unit/HarnessUnit.pm line 6.
Compilation failed in require at t/all_tests.t line 6.
BEGIN failed--compilation aborted at t/all_tests.t line 6.
t/all_tests.t ..... 
Dubious, test returned 255 (wstat 65280, 0xff00)
No subtests run 
Can't use 'defined(@array)' (Maybe you should just omit the defined()?) at /export/home/njh/.cpan/build/Test-Unit-0.25-2/blib/lib/Test/Unit/TestCase.pm line 106.
Compilation failed in require at /export/home/njh/.cpan/build/Test-Unit-0.25-2/blib/lib/Test/Unit/TestSuite.pm line 15.
BEGIN failed--compilation aborted at /export/home/njh/.cpan/build/Test-Unit-0.25-2/blib/lib/Test/Unit/TestSuite.pm line 15.
Compilation failed in require at /export/home/njh/.cpan/build/Test-Unit-0.25-2/blib/lib/Test/Unit/Loader.pm line 7.
BEGIN failed--compilation aborted at /export/home/njh/.cpan/build/Test-Unit-0.25-2/blib/lib/Test/Unit/Loader.pm line 7.
Compilation failed in require at /export/home/njh/.cpan/build/Test-Unit-0.25-2/blib/lib/Test/Unit/Listener.pm line 2.
BEGIN failed--compilation aborted at /export/home/njh/.cpan/build/Test-Unit-0.25-2/blib/lib/Test/Unit/Listener.pm line 2.
Compilation failed in require at /export/home/njh/perl5/perlbrew/perls/perl-5.28.2/lib/5.28.2/base.pm line 137.
	...propagated at /export/home/njh/perl5/perlbrew/perls/perl-5.28.2/lib/5.28.2/base.pm line 159.
BEGIN failed--compilation aborted at /export/home/njh/.cpan/build/Test-Unit-0.25-2/blib/lib/Test/Unit/Runner.pm line 25.
Compilation failed in require at /export/home/njh/perl5/perlbrew/perls/perl-5.28.2/lib/5.28.2/base.pm line 137.
	...propagated at /export/home/njh/perl5/perlbrew/perls/perl-5.28.2/lib/5.28.2/base.pm line 159.
BEGIN failed--compilation aborted at /export/home/njh/.cpan/build/Test-Unit-0.25-2/blib/lib/Test/Unit/HarnessUnit.pm line 6.
Compilation failed in require at t/assert.t line 5.
BEGIN failed--compilation aborted at t/assert.t line 5.
t/assert.t ........ 
Dubious, test returned 255 (wstat 65280, 0xff00)
No subtests run 
# Test 1 got: "Can't use 'defined(@array)' (Maybe you should just omit the defined()?) at /export/home/njh/.cpan/build/Test-Unit-0.25-2/blib/lib/Test/Unit/TestCase.pm line 106.\n# Compilation failed in require at /export/home/njh/.cpan/build/Test-Unit-0.25-2/blib/lib/Test/Unit/TestSuite.pm line 15.\n# BEGIN failed--compilation aborted at /export/home/njh/.cpan/build/Test-Unit-0.25-2/blib/lib/Test/Unit/TestSuite.pm line 15.\n# Compilation failed in require at /export/home/njh/.cpan/build/Test-Unit-0.25-2/blib/lib/Test/Unit/Loader.pm line 7.\n# BEGIN failed--compilation aborted at /export/home/njh/.cpan/build/Test-Unit-0.25-2/blib/lib/Test/Unit/Loader.pm line 7.\n# Compilation failed in require at /export/home/njh/.cpan/build/Test-Unit-0.25-2/blib/lib/Test/Unit/Listener.pm line 2.\n# BEGIN failed--compilation aborted at /export/home/njh/.cpan/build/Test-Unit-0.25-2/blib/lib/Test/Unit/Listener.pm line 2.\n# Compilation failed in require at /export/home/njh/perl5/perlbrew/perls/perl-5.28.2/lib/5.28.2/base.pm line 137.\n# \t...propagated at /export/home/njh/perl5/perlbrew/perls/perl-5.28.2/lib/5.28.2/base.pm line 159.\n# BEGIN failed--compilation aborted at /export/home/njh/.cpan/build/Test-Unit-0.25-2/blib/lib/Test/Unit/Runner.pm line 25.\n# Compilation failed in require at /export/home/njh/perl5/perlbrew/perls/perl-5.28.2/lib/5.28.2/base.pm line 137.\n# \t...propagated at /export/home/njh/perl5/perlbrew/perls/perl-5.28.2/lib/5.28.2/base.pm line 159.\n# BEGIN failed--compilation aborted at /export/home/njh/.cpan/build/Test-Unit-0.25-2/blib/lib/Test/Unit/TestRunner.pm line 4.\n# Compilation failed in require at ./TestRunner.pl line 6.\n# BEGIN failed--compilation aborted at ./TestRunner.pl line 6.\n# " (t/try_examples.t at line 106)
#   Expected: "Suite setup\n# TEST-RUN-SUMMARY\n# \n# TIME-SUMMARY\n# \n# !!!FAILURES!!!\n# Test Results:\n# Run: 2, Failures: 1, Errors: 0\n# \n# There was 1 failure:\n# 1) examples/fail_example.pm:19 - test_fail(fail_example)\n# Born to lose ...\n# \n# Test was not successful.\n# "
#   Lines 1-14 are changed:
#    - "Suite setup\n"
#    + "Can't use 'defined(@array)' (Maybe you should just omit the defined()?) at /export/home/njh/.cpan/build/Test-Unit-0.25-2/blib/lib/Test/Unit/TestCase.pm line 106.\n"
#    - "# TEST-RUN-SUMMARY\n"
#    + "# Compilation failed in require at /export/home/njh/.cpan/build/Test-Unit-0.25-2/blib/lib/Test/Unit/TestSuite.pm line 15.\n"
#    - "# \n"
#    + "# BEGIN failed--compilation aborted at /export/home/njh/.cpan/build/Test-Unit-0.25-2/blib/lib/Test/Unit/TestSuite.pm line 15.\n"
#    - "# TIME-SUMMARY\n"
#    + "# Compilation failed in require at /export/home/njh/.cpan/build/Test-Unit-0.25-2/blib/lib/Test/Unit/Loader.pm line 7.\n"
#    - "# \n"
#    + "# BEGIN failed--compilation aborted at /export/home/njh/.cpan/build/Test-Unit-0.25-2/blib/lib/Test/Unit/Loader.pm line 7.\n"
#    - "# !!!FAILURES!!!\n"
#    + "# Compilation failed in require at /export/home/njh/.cpan/build/Test-Unit-0.25-2/blib/lib/Test/Unit/Listener.pm line 2.\n"
#    - "# Test Results:\n"
#    + "# BEGIN failed--compilation aborted at /export/home/njh/.cpan/build/Test-Unit-0.25-2/blib/lib/Test/Unit/Listener.pm line 2.\n"
#    - "# Run: 2, Failures: 1, Errors: 0\n"
#    + "# Compilation failed in require at /export/home/njh/perl5/perlbrew/perls/perl-5.28.2/lib/5.28.2/base.pm line 137.\n"
#    - "# \n"
#    + "# \t...propagated at /export/home/njh/perl5/perlbrew/perls/perl-5.28.2/lib/5.28.2/base.pm line 159.\n"
#    - "# There was 1 failure:\n"
#    + "# BEGIN failed--compilation aborted at /export/home/njh/.cpan/build/Test-Unit-0.25-2/blib/lib/Test/Unit/Runner.pm line 25.\n"
#    - "# 1) examples/fail_example.pm:19 - test_fail(fail_example)\n"
#    + "# Compilation failed in require at /export/home/njh/perl5/perlbrew/perls/perl-5.28.2/lib/5.28.2/base.pm line 137.\n"
#    - "# Born to lose ...\n"
#    + "# \t...propagated at /export/home/njh/perl5/perlbrew/perls/perl-5.28.2/lib/5.28.2/base.pm line 159.\n"
#    - "# \n"
#    + "# BEGIN failed--compilation aborted at /export/home/njh/.cpan/build/Test-Unit-0.25-2/blib/lib/Test/Unit/TestRunner.pm line 4.\n"
#    - "# Test was not successful.\n"
#    + "# Compilation failed in require at ./TestRunner.pl line 6.\n"
#   Got 1 extra line at line 15:
#    + "# BEGIN failed--compilation aborted at ./TestRunner.pl line 6.\n"
#  t/try_examples.t line 106 is: 	ok($out, $guru_checked{$e});
# Test 2 got: "Can't use 'defined(@array)' (Maybe you should just omit the defined()?) at /export/home/njh/.cpan/build/Test-Unit-0.25-2/blib/lib/Test/Unit/TestCase.pm line 106.\n# Compilation failed in require at /export/home/njh/.cpan/build/Test-Unit-0.25-2/blib/lib/Test/Unit/TestSuite.pm line 15.\n# BEGIN failed--compilation aborted at /export/home/njh/.cpan/build/Test-Unit-0.25-2/blib/lib/Test/Unit/TestSuite.pm line 15.\n# Compilation failed in require at /export/home/njh/.cpan/build/Test-Unit-0.25-2/blib/lib/Test/Unit/Procedural.pm line 5.\n# BEGIN failed--compilation aborted at /export/home/njh/.cpan/build/Test-Unit-0.25-2/blib/lib/Test/Unit/Procedural.pm line 5.\n# Compilation failed in require at examples/patch100132 line 6.\n# BEGIN failed--compilation aborted at examples/patch100132 line 6.\n# " (t/try_examples.t at line 106 fail #2)
#   Expected: "...\n# TIME-SUMMARY\n# \n# OK (3 tests)\n# "
#   Lines 1-4 are changed:
#    - "...\n"
#    + "Can't use 'defined(@array)' (Maybe you should just omit the defined()?) at /export/home/njh/.cpan/build/Test-Unit-0.25-2/blib/lib/Test/Unit/TestCase.pm line 106.\n"
#    - "# TIME-SUMMARY\n"
#    + "# Compilation failed in require at /export/home/njh/.cpan/build/Test-Unit-0.25-2/blib/lib/Test/Unit/TestSuite.pm line 15.\n"
#    - "# \n"
#    + "# BEGIN failed--compilation aborted at /export/home/njh/.cpan/build/Test-Unit-0.25-2/blib/lib/Test/Unit/TestSuite.pm line 15.\n"
#    - "# OK (3 tests)\n"
#    + "# Compilation failed in require at /export/home/njh/.cpan/build/Test-Unit-0.25-2/blib/lib/Test/Unit/Procedural.pm line 5.\n"
#   Got 3 extra lines at line 5:
#    + "# BEGIN failed--compilation aborted at /export/home/njh/.cpan/build/Test-Unit-0.25-2/blib/lib/Test/Unit/Procedural.pm line 5.\n"
#    + "# Compilation failed in require at examples/patch100132 line 6.\n"
#    + "# BEGIN failed--compilation aborted at examples/patch100132 line 6.\n"
# Test 3 got: "Can't use 'defined(@array)' (Maybe you should just omit the defined()?) at /export/home/njh/.cpan/build/Test-Unit-0.25-2/blib/lib/Test/Unit/TestCase.pm line 106.\n# Compilation failed in require at /export/home/njh/.cpan/build/Test-Unit-0.25-2/blib/lib/Test/Unit/TestSuite.pm line 15.\n# BEGIN failed--compilation aborted at /export/home/njh/.cpan/build/Test-Unit-0.25-2/blib/lib/Test/Unit/TestSuite.pm line 15.\n# Compilation failed in require at /export/home/njh/.cpan/build/Test-Unit-0.25-2/blib/lib/Test/Unit/Procedural.pm line 5.\n# BEGIN failed--compilation aborted at /export/home/njh/.cpan/build/Test-Unit-0.25-2/blib/lib/Test/Unit/Procedural.pm line 5.\n# Compilation failed in require at examples/patch100132-1 line 6.\n# BEGIN failed--compilation aborted at examples/patch100132-1 line 6.\n# " (t/try_examples.t at line 106 fail #3)
#   Expected: "...\n# TIME-SUMMARY\n# \n# OK (3 tests)\n# "
#   Lines 1-4 are changed:
#    - "...\n"
#    + "Can't use 'defined(@array)' (Maybe you should just omit the defined()?) at /export/home/njh/.cpan/build/Test-Unit-0.25-2/blib/lib/Test/Unit/TestCase.pm line 106.\n"
#    - "# TIME-SUMMARY\n"
#    + "# Compilation failed in require at /export/home/njh/.cpan/build/Test-Unit-0.25-2/blib/lib/Test/Unit/TestSuite.pm line 15.\n"
#    - "# \n"
#    + "# BEGIN failed--compilation aborted at /export/home/njh/.cpan/build/Test-Unit-0.25-2/blib/lib/Test/Unit/TestSuite.pm line 15.\n"
#    - "# OK (3 tests)\n"
#    + "# Compilation failed in require at /export/home/njh/.cpan/build/Test-Unit-0.25-2/blib/lib/Test/Unit/Procedural.pm line 5.\n"
#   Got 3 extra lines at line 5:
#    + "# BEGIN failed--compilation aborted at /export/home/njh/.cpan/build/Test-Unit-0.25-2/blib/lib/Test/Unit/Procedural.pm line 5.\n"
#    + "# Compilation failed in require at examples/patch100132-1 line 6.\n"
#    + "# BEGIN failed--compilation aborted at examples/patch100132-1 line 6.\n"
# Test 4 got: "Can't use 'defined(@array)' (Maybe you should just omit the defined()?) at /export/home/njh/.cpan/build/Test-Unit-0.25-2/blib/lib/Test/Unit/TestCase.pm line 106.\n# Compilation failed in require at /export/home/njh/.cpan/build/Test-Unit-0.25-2/blib/lib/Test/Unit/TestSuite.pm line 15.\n# BEGIN failed--compilation aborted at /export/home/njh/.cpan/build/Test-Unit-0.25-2/blib/lib/Test/Unit/TestSuite.pm line 15.\n# Compilation failed in require at /export/home/njh/.cpan/build/Test-Unit-0.25-2/blib/lib/Test/Unit/Procedural.pm line 5.\n# BEGIN failed--compilation aborted at /export/home/njh/.cpan/build/Test-Unit-0.25-2/blib/lib/Test/Unit/Procedural.pm line 5.\n# Compilation failed in require at examples/patch100132-2 line 6.\n# BEGIN failed--compilation aborted at examples/patch100132-2 line 6.\n# " (t/try_examples.t at line 106 fail #4)
#   Expected: "...\n# TIME-SUMMARY\n# \n# OK (3 tests)\n# "
#   Lines 1-4 are changed:
#    - "...\n"
#    + "Can't use 'defined(@array)' (Maybe you should just omit the defined()?) at /export/home/njh/.cpan/build/Test-Unit-0.25-2/blib/lib/Test/Unit/TestCase.pm line 106.\n"
#    - "# TIME-SUMMARY\n"
#    + "# Compilation failed in require at /export/home/njh/.cpan/build/Test-Unit-0.25-2/blib/lib/Test/Unit/TestSuite.pm line 15.\n"
#    - "# \n"
#    + "# BEGIN failed--compilation aborted at /export/home/njh/.cpan/build/Test-Unit-0.25-2/blib/lib/Test/Unit/TestSuite.pm line 15.\n"
#    - "# OK (3 tests)\n"
#    + "# Compilation failed in require at /export/home/njh/.cpan/build/Test-Unit-0.25-2/blib/lib/Test/Unit/Procedural.pm line 5.\n"
#   Got 3 extra lines at line 5:
#    + "# BEGIN failed--compilation aborted at /export/home/njh/.cpan/build/Test-Unit-0.25-2/blib/lib/Test/Unit/Procedural.pm line 5.\n"
#    + "# Compilation failed in require at examples/patch100132-2 line 6.\n"
#    + "# BEGIN failed--compilation aborted at examples/patch100132-2 line 6.\n"
t/try_examples.t .. 
Failed 4/4 subtests 

Test Summary Report
-------------------
t/all_tests.t   (Wstat: 65280 Tests: 0 Failed: 0)
  Non-zero exit status: 255
  Parse errors: No plan found in TAP output
t/assert.t      (Wstat: 65280 Tests: 0 Failed: 0)
  Non-zero exit status: 255
  Parse errors: No plan found in TAP output
t/try_examples.t (Wstat: 0 Tests: 4 Failed: 4)
  Failed tests:  1-4
Files=3, Tests=4,  0 wallclock secs ( 0.03 usr  0.01 sys +  0.23 cusr  0.04 csys =  0.31 CPU)
Result: FAIL
Failed 3/3 test programs. 4/4 subtests failed.
*** Error code 255
make: Fatal error: Command failed for target `test_dynamic'

------------------------------
PREREQUISITES
------------------------------

Prerequisite modules loaded:

requires:

    Module              Need Have    
    ------------------- ---- --------
    base                1    2.27    
    Class::Inner        0    0.200001
    Devel::Symdump      0    2.18    
    Error               0    0.17028 

build_requires:

    Module              Need Have    
    ------------------- ---- --------
    ExtUtils::MakeMaker 0    7.34    


------------------------------
ENVIRONMENT AND OTHER CONTEXT
------------------------------

Environment variables:

    AUTOMATED_TESTING = 1
    NONINTERACTIVE_TESTING = 1
    PATH = /export/home/njh/perl5/perlbrew/bin:/export/home/njh/perl5/perlbrew/perls/perl-5.28.2/bin:/export/home/njh/src/njh/smoker/bin:/usr/bin
    PERL5LIB = /export/home/njh/.cpan/build/Class-Inner-0.200001-2/blib/arch:/export/home/njh/.cpan/build/Class-Inner-0.200001-2/blib/lib
    PERL5OPT = 
    PERL5_CPANPLUS_IS_RUNNING = 24084
    PERL5_CPAN_IS_RUNNING = 24084
    PERL5_CPAN_IS_RUNNING_IN_RECURSION = 24066,24084
    PERLBREW_HOME = /export/home/njh/.perlbrew
    PERLBREW_MANPATH = /export/home/njh/perl5/perlbrew/perls/perl-5.28.2/man
    PERLBREW_PATH = /export/home/njh/perl5/perlbrew/bin:/export/home/njh/perl5/perlbrew/perls/perl-5.28.2/bin
    PERLBREW_PERL = perl-5.28.2
    PERLBREW_ROOT = /export/home/njh/perl5/perlbrew
    PERLBREW_SHELLRC_VERSION = 0.84
    PERLBREW_VERSION = 0.84
    PERL_MM_USE_DEFAULT = 1
    PERL_USE_UNSAFE_INC = 1
    SHELL = /usr/bin/bash
    TERM = dumb
    TMPDIR = /tmp/testwrapper.24070

Perl special variables (and OS-specific diagnostics, for MSWin32):

    $^X = /export/home/njh/perl5/perlbrew/perls/perl-5.28.2/bin/perl
    $UID/$EUID = 101 / 101
    $GID = 10 10
    $EGID = 10 10

Perl module toolchain versions installed:

    Module              Have    
    ------------------- --------
    CPAN                2.27    
    CPAN::Meta          2.150010
    Cwd                 3.74    
    ExtUtils::CBuilder  0.280230
    ExtUtils::Command   7.34    
    ExtUtils::Install   2.14    
    ExtUtils::MakeMaker 7.34    
    ExtUtils::Manifest  1.70    
    ExtUtils::ParseXS   3.39    
    File::Spec          3.74    
    JSON                4.02    
    JSON::PP            4.03    
    Module::Build       0.4229  
    Module::Signature   n/a     
    Parse::CPAN::Meta   2.150010
    Test::Harness       3.42    
    Test::More          1.302168
    YAML                1.29    
    YAML::Syck          1.31    
    version             0.9923  


--

Summary of my perl5 (revision 5 version 28 subversion 2) configuration:
   
  Platform:
    osname=solaris
    osvers=2.11
    archname=i86pc-solaris
    uname='sunos vultr1.bandsman.co.uk 5.11 illumos-7d1eae8c55 i86pc i386 i86pc '
    config_args='-de -Dprefix=/export/home/njh/perl5/perlbrew/perls/perl-5.28.2 -Aeval:scriptdir=/export/home/njh/perl5/perlbrew/perls/perl-5.28.2/bin'
    hint=recommended
    useposix=true
    d_sigaction=define
    useithreads=undef
    usemultiplicity=undef
    use64bitint=undef
    use64bitall=undef
    uselongdouble=undef
    usemymalloc=n
    default_inc_excludes_dot=define
    bincompat5005=undef
  Compiler:
    cc='/opt/SUNWspro/bin/cc'
    ccflags ='-I/usr/gnu/include -D_LARGEFILE_SOURCE -D_FILE_OFFSET_BITS=64 -DPERL_USE_SAFE_PUTENV'
    optimize='-O'
    cppflags='-I/usr/gnu/include'
    ccversion='Sun C 5.10 SunOS_i386 2009/06/03'
    gccversion=''
    gccosandvers=''
    intsize=4
    longsize=4
    ptrsize=4
    doublesize=8
    byteorder=1234
    doublekind=3
    d_longlong=define
    longlongsize=8
    d_longdbl=define
    longdblsize=12
    longdblkind=3
    ivtype='long'
    ivsize=4
    nvtype='double'
    nvsize=8
    Off_t='off_t'
    lseeksize=8
    alignbytes=4
    prototype=define
  Linker and Libraries:
    ld='/opt/SUNWspro/bin/cc'
    ldflags =' -L/usr/lib -L/usr/ccs/lib -L/opt/sunstudio12.1/prod/lib -L/lib -L/usr/gnu/lib '
    libpth=/usr/lib /usr/ccs/lib /opt/sunstudio12.1/prod/lib /lib /usr/gnu/lib
    libs=-lpthread -lsocket -lnsl -lgdbm -ldb -ldl -lm -lc
    perllibs=-lpthread -lsocket -lnsl -ldl -lm -lc
    libc=/lib/libc.so
    so=so
    useshrplib=true
    libperl=libperl.so
    gnulibc_version=''
  Dynamic Linking:
    dlsrc=dl_dlopen.xs
    dlext=so
    d_dlsymun=undef
    ccdlflags='  -R /export/home/njh/perl5/perlbrew/perls/perl-5.28.2/lib/5.28.2/i86pc-solaris/CORE'
    cccdlflags='-KPIC'
    lddlflags='-G -L/usr/lib -L/usr/ccs/lib -L/opt/sunstudio12.1/prod/lib -L/lib -L/usr/gnu/lib'


Characteristics of this binary (from libperl): 
  Compile-time options:
    HAS_TIMES
    PERLIO_LAYERS
    PERL_COPY_ON_WRITE
    PERL_DONT_CREATE_GVSV
    PERL_MALLOC_WRAP
    PERL_OP_PARENT
    PERL_PRESERVE_IVUV
    PERL_USE_SAFE_PUTENV
    USE_LARGE_FILES
    USE_LOCALE
    USE_LOCALE_COLLATE
    USE_LOCALE_CTYPE
    USE_LOCALE_NUMERIC
    USE_LOCALE_TIME
    USE_PERLIO
    USE_PERL_ATOF
  Locally applied patches:
    Devel::PatchPerl 1.52
  Built under solaris
  Compiled at Apr 22 2019 15:13:05
  %ENV:
    PERL5LIB="/export/home/njh/.cpan/build/Class-Inner-0.200001-2/blib/arch:/export/home/njh/.cpan/build/Class-Inner-0.200001-2/blib/lib"
    PERL5OPT=""
    PERL5_CPANPLUS_IS_RUNNING="24084"
    PERL5_CPAN_IS_RUNNING="24084"
    PERL5_CPAN_IS_RUNNING_IN_RECURSION="24066,24084"
    PERLBREW_HOME="/export/home/njh/.perlbrew"
    PERLBREW_MANPATH="/export/home/njh/perl5/perlbrew/perls/perl-5.28.2/man"
    PERLBREW_PATH="/export/home/njh/perl5/perlbrew/bin:/export/home/njh/perl5/perlbrew/perls/perl-5.28.2/bin"
    PERLBREW_PERL="perl-5.28.2"
    PERLBREW_ROOT="/export/home/njh/perl5/perlbrew"
    PERLBREW_SHELLRC_VERSION="0.84"
    PERLBREW_VERSION="0.84"
    PERL_MM_USE_DEFAULT="1"
    PERL_USE_UNSAFE_INC="1"
  @INC:
    /export/home/njh/.cpan/build/Class-Inner-0.200001-2/blib/arch
    /export/home/njh/.cpan/build/Class-Inner-0.200001-2/blib/lib
    /export/home/njh/perl5/perlbrew/perls/perl-5.28.2/lib/site_perl/5.28.2/i86pc-solaris
    /export/home/njh/perl5/perlbrew/perls/perl-5.28.2/lib/site_perl/5.28.2
    /export/home/njh/perl5/perlbrew/perls/perl-5.28.2/lib/5.28.2/i86pc-solaris
    /export/home/njh/perl5/perlbrew/perls/perl-5.28.2/lib/5.28.2
    .