Bio-MLST-Check v2.1.1706216 Perl 5 v5.24.2 x86_64-linux

Status
Fail
From
Slaven Rezić (SREZIC)
Dist
Bio-MLST-Check v2.1.1706216
Platform
Perl 5 v5.24.2 x86_64-linux
Date
2017-09-23 20:03:22
ID
4081533a-a09a-11e7-9c66-8605d7b7e02c
This distribution has been tested as part of the CPAN Testers
project, supporting the Perl programming language.  See
http://wiki.cpantesters.org/ for more information or email
questions to cpan-testers-discuss@perl.org


--
Dear Andrew Page,

This is a computer-generated report for Bio-MLST-Check-2.1.1706216
on perl 5.24.2, created by CPAN-Reporter-1.2018.

Thank you for uploading your work to CPAN.  However, there was a problem
testing your distribution.

If you think this report is invalid, please consult the CPAN Testers Wiki
for suggestions on how to avoid getting FAIL reports for missing library
or binary dependencies, unsupported operating systems, and so on:

http://wiki.cpantesters.org/wiki/CPANAuthorNotes

Sections of this report:

    * Tester comments
    * Program output
    * Prerequisites
    * Environment and other context

------------------------------
TESTER COMMENTS
------------------------------

Additional comments from tester:

none provided

------------------------------
PROGRAM OUTPUT
------------------------------

Output from '/usr/bin/make test':

PERL_DL_NONLAZY=1 "/opt/perl-5.24.2/bin/perl" "-MExtUtils::Command::MM" "-MTest::Harness" "-e" "undef *Test::Harness::Switches; test_harness(0, 'blib/lib', 'blib/arch')" t/*.t t/Blast/*.t t/CDC/*.t t/Download/*.t t/Input/*.t t/Output/*.t t/SequenceTypes/*.t t/Settings/*.t t/Validate/*.t
# 
# Versions for all modules listed in MYMETA.json (including optional ones):
# 
# === Configure Requires ===
# 
#     Module              Want Have
#     ------------------- ---- ----
#     ExtUtils::MakeMaker  any 7.30
# 
# === Build Requires ===
# 
#     Module              Want Have
#     ------------------- ---- ----
#     ExtUtils::MakeMaker  any 7.30
# 
# === Test Requires ===
# 
#     Module              Want     Have
#     ------------------- ---- --------
#     Env::Path            any     0.19
#     ExtUtils::MakeMaker  any     7.30
#     File::Slurp          any  9999.19
#     File::Spec           any  3.63_01
#     File::Touch          any     0.11
#     HTTP::Status         any     6.13
#     IO::Scalar           any    2.111
#     String::Util         any     1.26
#     Test::Exception      any     0.43
#     Test::MockModule     any     0.12
#     Test::More           any 1.302096
#     Test::Most           any     0.35
# 
# === Test Recommends ===
# 
#     Module         Want     Have
#     ---------- -------- --------
#     CPAN::Meta 2.120900 2.150005
# 
# === Runtime Requires ===
# 
#     Module                       Want       Have
#     ---------------------------- ---- ----------
#     Bio::AlignIO                  any      undef
#     Bio::Perl                     any      undef
#     Bio::PrimarySeq               any      undef
#     Bio::SeqIO                    any      undef
#     Bio::SimpleAlign              any      undef
#     Cwd                           any    3.63_01
#     Data::Dumper                  any      2.161
#     Exporter                      any       5.72
#     File::Basename                any       2.85
#     File::Copy                    any       2.31
#     File::Path                   2.06    2.12_01
#     File::Temp                    any     0.2304
#     File::Which                   any       1.21
#     Getopt::Long                  any       2.48
#     HTTP::Request                 any       6.13
#     LWP::Simple                   any       6.26
#     LWP::UserAgent                any       6.26
#     List::Util                    any       1.48
#     Moose                         any     2.2006
#     Moose::Role                   any     2.2006
#     Moose::Util::TypeConstraints  any     2.2006
#     POSIX                         any       1.65
#     Parallel::ForkManager         any       1.19
#     Regexp::Common                any 2017060201
#     Text::CSV                     any       1.95
#     Try::Tiny                     any       0.28
#     XML::LibXML                   any     2.0129
#     lib                           any       0.63
#     strict                        any       1.11
#     warnings                      any       1.36
# 
t/00-report-prereqs.t ............. ok
Attribute (exec) does not pass the type constraint because: Validation failed for 'Bio::MLST::Executable' with value "makeblastdb" at constructor Bio::MLST::Blast::Database::new (defined at lib/Bio/MLST/Blast/Database.pm line 32) line 52
	Bio::MLST::Blast::Database::new('Bio::MLST::Blast::Database', 'fasta_file', 't/data/contigs.fa') called at t/Blast/BlastN.t line 17
# Tests were run but no plan was declared and done_testing() was not seen.
# Looks like your test exited with 255 just after 1.
t/Blast/BlastN.t .................. 
Dubious, test returned 255 (wstat 65280, 0xff00)
All 1 subtests passed 
Attribute (exec) does not pass the type constraint because: Validation failed for 'Bio::MLST::Executable' with value "makeblastdb" at constructor Bio::MLST::Blast::Database::new (defined at lib/Bio/MLST/Blast/Database.pm line 32) line 52
	Bio::MLST::Blast::Database::new('Bio::MLST::Blast::Database', 'fasta_file', 't/data/contigs.fa') called at t/Blast/Database.t line 13
# Tests were run but no plan was declared and done_testing() was not seen.
# Looks like your test exited with 255 just after 1.
t/Blast/Database.t ................ 
Dubious, test returned 255 (wstat 65280, 0xff00)
All 1 subtests passed 
Attribute (exec) does not pass the type constraint because: Validation failed for 'Bio::MLST::Executable' with value "makeblastdb" at constructor Bio::MLST::Blast::Database::new (defined at lib/Bio/MLST/Blast/Database.pm line 32) line 45
	Bio::MLST::Blast::Database::new('Bio::MLST::Blast::Database', 'fasta_file', 't/data/Streptococcus_pyogenes_emmST_contigs.fa', 'exec', 'makeblastdb') called at lib/Bio/MLST/CompareAlleles.pm line 42
	Bio::MLST::CompareAlleles::_build__blast_db_location_obj('Bio::MLST::CompareAlleles=HASH(0x5653f25257a0)') called at reader Bio::MLST::CompareAlleles::_blast_db_location_obj (defined at lib/Bio/MLST/CompareAlleles.pm line 21) line 8
	Bio::MLST::CompareAlleles::_blast_db_location_obj('Bio::MLST::CompareAlleles=HASH(0x5653f25257a0)') called at lib/Bio/MLST/CompareAlleles.pm line 36
	Bio::MLST::CompareAlleles::_build__blast_db_location('Bio::MLST::CompareAlleles=HASH(0x5653f25257a0)') called at reader Bio::MLST::CompareAlleles::_blast_db_location (defined at lib/Bio/MLST/CompareAlleles.pm line 22) line 8
	Bio::MLST::CompareAlleles::_blast_db_location('Bio::MLST::CompareAlleles=HASH(0x5653f25257a0)') called at lib/Bio/MLST/CompareAlleles.pm line 115
	Bio::MLST::CompareAlleles::_build_matching_sequences('Bio::MLST::CompareAlleles=HASH(0x5653f25257a0)') called at reader Bio::MLST::CompareAlleles::matching_sequences (defined at lib/Bio/MLST/CompareAlleles.pm line 24) line 8
	Bio::MLST::CompareAlleles::matching_sequences('Bio::MLST::CompareAlleles=HASH(0x5653f25257a0)') called at lib/Bio/MLST/ProcessFasta.pm line 52
	Bio::MLST::ProcessFasta::_build__compare_alleles('Bio::MLST::ProcessFasta=HASH(0x5653f25262c8)') called at reader Bio::MLST::ProcessFasta::_compare_alleles (defined at lib/Bio/MLST/ProcessFasta.pm line 25) line 8
	Bio::MLST::ProcessFasta::_compare_alleles('Bio::MLST::ProcessFasta=HASH(0x5653f25262c8)') called at lib/Bio/MLST/ProcessFasta.pm line 67
	Bio::MLST::ProcessFasta::_build__sequence_type_obj('Bio::MLST::ProcessFasta=HASH(0x5653f25262c8)') called at reader Bio::MLST::ProcessFasta::_sequence_type_obj (defined at lib/Bio/MLST/ProcessFasta.pm line 26) line 8
	Bio::MLST::ProcessFasta::_sequence_type_obj('Bio::MLST::ProcessFasta=HASH(0x5653f25262c8)') called at lib/Bio/MLST/ProcessFasta.pm line 78
	Bio::MLST::ProcessFasta::_build__spreadsheet_row_obj('Bio::MLST::ProcessFasta=HASH(0x5653f25262c8)') called at reader Bio::MLST::ProcessFasta::_spreadsheet_row_obj (defined at lib/Bio/MLST/ProcessFasta.pm line 27) line 8
	Bio::MLST::ProcessFasta::_spreadsheet_row_obj('Bio::MLST::ProcessFasta=HASH(0x5653f25262c8)') called at lib/Bio/MLST/Check.pm line 83
	Bio::MLST::Check::_generate_spreadsheet_rows('Bio::MLST::Check=HASH(0x5653f2525560)') called at lib/Bio/MLST/Check.pm line 105
	Bio::MLST::Check::create_result_files('Bio::MLST::Check=HASH(0x5653f2525560)') called at t/CDC/Convert.t line 50
Attribute (header) does not pass the type constraint because: Validation failed for 'ArrayRef' with value undef at constructor Bio::MLST::Spreadsheet::File::new (defined at lib/Bio/MLST/Spreadsheet/File.pm line 44) line 39
	Bio::MLST::Spreadsheet::File::new('Bio::MLST::Spreadsheet::File', 'header', undef, 'spreadsheet_allele_numbers_rows', 'ARRAY(0x5653f2525788)', 'spreadsheet_genomic_rows', 'ARRAY(0x5653f2525668)', 'output_directory', '/home/cpansand/.cpan/build/2017092315/Bio-MLST-Check-2.1.1706216-n4lVd9/kC9SjdaWL5', 'spreadsheet_basename', 'mlst_results') called at lib/Bio/MLST/Check.pm line 108
	Bio::MLST::Check::create_result_files('Bio::MLST::Check=HASH(0x5653f2525560)') called at t/CDC/Convert.t line 50
# Tests were run but no plan was declared and done_testing() was not seen.
# Looks like your test exited with 255 just after 12.
t/CDC/Convert.t ................... 
Dubious, test returned 255 (wstat 65280, 0xff00)
All 12 subtests passed 
t/Download/Database.t ............. ok
Prototype mismatch: sub LWP::Simple::getstore ($$) vs none at /opt/perl-5.24.2/lib/site_perl/5.24.2/Test/MockModule.pm line 140.
Prototype mismatch: sub LWP::Simple::is_success ($) vs none at /opt/perl-5.24.2/lib/site_perl/5.24.2/Test/MockModule.pm line 140.
Prototype mismatch: sub LWP::Simple::getstore: none vs ($$) at /opt/perl-5.24.2/lib/site_perl/5.24.2/Test/MockModule.pm line 140.
Prototype mismatch: sub LWP::Simple::is_success: none vs ($) at /opt/perl-5.24.2/lib/site_perl/5.24.2/Test/MockModule.pm line 140.
t/Download/Database_fails.t ....... ok
Prototype mismatch: sub LWP::Simple::getstore ($$) vs none at /opt/perl-5.24.2/lib/site_perl/5.24.2/Test/MockModule.pm line 140.
Prototype mismatch: sub LWP::Simple::is_success ($) vs none at /opt/perl-5.24.2/lib/site_perl/5.24.2/Test/MockModule.pm line 140.
Prototype mismatch: sub LWP::Simple::getstore: none vs ($$) at /opt/perl-5.24.2/lib/site_perl/5.24.2/Test/MockModule.pm line 140.
Prototype mismatch: sub LWP::Simple::is_success: none vs ($) at /opt/perl-5.24.2/lib/site_perl/5.24.2/Test/MockModule.pm line 140.
t/Download/Database_succeeds.t .... ok
t/Download/Databases.t ............ ok
t/FilterAlleles.t ................. ok
t/Input/NormaliseFasta.t .......... ok
t/Output/Databases.t .............. ok
Attribute (exec) does not pass the type constraint because: Validation failed for 'Bio::MLST::Executable' with value "makeblastdb" at constructor Bio::MLST::Blast::Database::new (defined at lib/Bio/MLST/Blast/Database.pm line 32) line 45
	Bio::MLST::Blast::Database::new('Bio::MLST::Blast::Database', 'fasta_file', 't/data/contigs.fa', 'exec', 'makeblastdb') called at lib/Bio/MLST/CompareAlleles.pm line 42
	Bio::MLST::CompareAlleles::_build__blast_db_location_obj('Bio::MLST::CompareAlleles=HASH(0x556e100ad650)') called at reader Bio::MLST::CompareAlleles::_blast_db_location_obj (defined at lib/Bio/MLST/CompareAlleles.pm line 21) line 8
	Bio::MLST::CompareAlleles::_blast_db_location_obj('Bio::MLST::CompareAlleles=HASH(0x556e100ad650)') called at lib/Bio/MLST/CompareAlleles.pm line 36
	Bio::MLST::CompareAlleles::_build__blast_db_location('Bio::MLST::CompareAlleles=HASH(0x556e100ad650)') called at reader Bio::MLST::CompareAlleles::_blast_db_location (defined at lib/Bio/MLST/CompareAlleles.pm line 22) line 8
	Bio::MLST::CompareAlleles::_blast_db_location('Bio::MLST::CompareAlleles=HASH(0x556e100ad650)') called at lib/Bio/MLST/CompareAlleles.pm line 115
	Bio::MLST::CompareAlleles::_build_matching_sequences('Bio::MLST::CompareAlleles=HASH(0x556e100ad650)') called at reader Bio::MLST::CompareAlleles::matching_sequences (defined at lib/Bio/MLST/CompareAlleles.pm line 24) line 8
	Bio::MLST::CompareAlleles::matching_sequences('Bio::MLST::CompareAlleles=HASH(0x556e100ad650)') called at lib/Bio/MLST/ProcessFasta.pm line 52
	Bio::MLST::ProcessFasta::_build__compare_alleles('Bio::MLST::ProcessFasta=HASH(0x556e108d3050)') called at reader Bio::MLST::ProcessFasta::_compare_alleles (defined at lib/Bio/MLST/ProcessFasta.pm line 25) line 8
	Bio::MLST::ProcessFasta::_compare_alleles('Bio::MLST::ProcessFasta=HASH(0x556e108d3050)') called at lib/Bio/MLST/ProcessFasta.pm line 67
	Bio::MLST::ProcessFasta::_build__sequence_type_obj('Bio::MLST::ProcessFasta=HASH(0x556e108d3050)') called at reader Bio::MLST::ProcessFasta::_sequence_type_obj (defined at lib/Bio/MLST/ProcessFasta.pm line 26) line 8
	Bio::MLST::ProcessFasta::_sequence_type_obj('Bio::MLST::ProcessFasta=HASH(0x556e108d3050)') called at lib/Bio/MLST/ProcessFasta.pm line 78
	Bio::MLST::ProcessFasta::_build__spreadsheet_row_obj('Bio::MLST::ProcessFasta=HASH(0x556e108d3050)') called at reader Bio::MLST::ProcessFasta::_spreadsheet_row_obj (defined at lib/Bio/MLST/ProcessFasta.pm line 27) line 8
	Bio::MLST::ProcessFasta::_spreadsheet_row_obj('Bio::MLST::ProcessFasta=HASH(0x556e108d3050)') called at lib/Bio/MLST/Check.pm line 83
	Bio::MLST::Check::_generate_spreadsheet_rows('Bio::MLST::Check=HASH(0x556e108d2d98)') called at lib/Bio/MLST/Check.pm line 105
	Bio::MLST::Check::create_result_files('Bio::MLST::Check=HASH(0x556e108d2d98)') called at t/Output/MultipleFastas.t line 32
Attribute (header) does not pass the type constraint because: Validation failed for 'ArrayRef' with value undef at constructor Bio::MLST::Spreadsheet::File::new (defined at lib/Bio/MLST/Spreadsheet/File.pm line 44) line 39
	Bio::MLST::Spreadsheet::File::new('Bio::MLST::Spreadsheet::File', 'header', undef, 'spreadsheet_allele_numbers_rows', 'ARRAY(0x556e108d2c48)', 'spreadsheet_genomic_rows', 'ARRAY(0x556e108d2be8)', 'output_directory', '/home/cpansand/.cpan/build/2017092315/Bio-MLST-Check-2.1.1706216-n4lVd9/VVAYhU_SIw', 'spreadsheet_basename', 'mlst_results') called at lib/Bio/MLST/Check.pm line 108
	Bio::MLST::Check::create_result_files('Bio::MLST::Check=HASH(0x556e108d2d98)') called at t/Output/MultipleFastas.t line 32
# Tests were run but no plan was declared and done_testing() was not seen.
# Looks like your test exited with 255 just after 2.
t/Output/MultipleFastas.t ......... 
Dubious, test returned 255 (wstat 65280, 0xff00)
All 2 subtests passed 
Attribute (exec) does not pass the type constraint because: Validation failed for 'Bio::MLST::Executable' with value "makeblastdb" at constructor Bio::MLST::Blast::Database::new (defined at lib/Bio/MLST/Blast/Database.pm line 32) line 45
	Bio::MLST::Blast::Database::new('Bio::MLST::Blast::Database', 'fasta_file', 't/data/contigs.fa', 'exec', 'makeblastdb') called at lib/Bio/MLST/CompareAlleles.pm line 42
	Bio::MLST::CompareAlleles::_build__blast_db_location_obj('Bio::MLST::CompareAlleles=HASH(0x55c3fe1f84e0)') called at reader Bio::MLST::CompareAlleles::_blast_db_location_obj (defined at lib/Bio/MLST/CompareAlleles.pm line 21) line 8
	Bio::MLST::CompareAlleles::_blast_db_location_obj('Bio::MLST::CompareAlleles=HASH(0x55c3fe1f84e0)') called at lib/Bio/MLST/CompareAlleles.pm line 36
	Bio::MLST::CompareAlleles::_build__blast_db_location('Bio::MLST::CompareAlleles=HASH(0x55c3fe1f84e0)') called at reader Bio::MLST::CompareAlleles::_blast_db_location (defined at lib/Bio/MLST/CompareAlleles.pm line 22) line 8
	Bio::MLST::CompareAlleles::_blast_db_location('Bio::MLST::CompareAlleles=HASH(0x55c3fe1f84e0)') called at lib/Bio/MLST/CompareAlleles.pm line 115
	Bio::MLST::CompareAlleles::_build_matching_sequences('Bio::MLST::CompareAlleles=HASH(0x55c3fe1f84e0)') called at reader Bio::MLST::CompareAlleles::matching_sequences (defined at lib/Bio/MLST/CompareAlleles.pm line 24) line 8
	Bio::MLST::CompareAlleles::matching_sequences('Bio::MLST::CompareAlleles=HASH(0x55c3fe1f84e0)') called at lib/Bio/MLST/ProcessFasta.pm line 52
	Bio::MLST::ProcessFasta::_build__compare_alleles('Bio::MLST::ProcessFasta=HASH(0x55c3fefe9860)') called at reader Bio::MLST::ProcessFasta::_compare_alleles (defined at lib/Bio/MLST/ProcessFasta.pm line 25) line 8
	Bio::MLST::ProcessFasta::_compare_alleles('Bio::MLST::ProcessFasta=HASH(0x55c3fefe9860)') called at lib/Bio/MLST/ProcessFasta.pm line 67
	Bio::MLST::ProcessFasta::_build__sequence_type_obj('Bio::MLST::ProcessFasta=HASH(0x55c3fefe9860)') called at reader Bio::MLST::ProcessFasta::_sequence_type_obj (defined at lib/Bio/MLST/ProcessFasta.pm line 26) line 8
	Bio::MLST::ProcessFasta::_sequence_type_obj('Bio::MLST::ProcessFasta=HASH(0x55c3fefe9860)') called at lib/Bio/MLST/ProcessFasta.pm line 78
	Bio::MLST::ProcessFasta::_build__spreadsheet_row_obj('Bio::MLST::ProcessFasta=HASH(0x55c3fefe9860)') called at reader Bio::MLST::ProcessFasta::_spreadsheet_row_obj (defined at lib/Bio/MLST/ProcessFasta.pm line 27) line 8
	Bio::MLST::ProcessFasta::_spreadsheet_row_obj('Bio::MLST::ProcessFasta=HASH(0x55c3fefe9860)') called at lib/Bio/MLST/Check.pm line 83
	Bio::MLST::Check::_generate_spreadsheet_rows('Bio::MLST::Check=HASH(0x55c3fe8b16c0)') called at lib/Bio/MLST/Check.pm line 105
	Bio::MLST::Check::create_result_files('Bio::MLST::Check=HASH(0x55c3fe8b16c0)') called at lib/Bio/MLST/CheckMultipleSpecies.pm line 115
	Bio::MLST::CheckMultipleSpecies::_run_mlst_for_species_list('Bio::MLST::CheckMultipleSpecies=HASH(0x55c3fde34138)') called at lib/Bio/MLST/CheckMultipleSpecies.pm line 232
	Bio::MLST::CheckMultipleSpecies::create_result_files('Bio::MLST::CheckMultipleSpecies=HASH(0x55c3fde34138)') called at t/Output/MultipleSpecies.t line 28
Attribute (exec) does not pass the type constraint because: Validation failed for 'Bio::MLST::Executable' with value "makeblastdb" at constructor Bio::MLST::Blast::Database::new (defined at lib/Bio/MLST/Blast/Database.pm line 32) line 45
	Bio::MLST::Blast::Database::new('Bio::MLST::Blast::Database', 'fasta_file', 't/data/contigs.fa', 'exec', 'makeblastdb') called at lib/Bio/MLST/CompareAlleles.pm line 42
	Bio::MLST::CompareAlleles::_build__blast_db_location_obj('Bio::MLST::CompareAlleles=HASH(0x55c3fc4e3360)') called at reader Bio::MLST::CompareAlleles::_blast_db_location_obj (defined at lib/Bio/MLST/CompareAlleles.pm line 21) line 8
	Bio::MLST::CompareAlleles::_blast_db_location_obj('Bio::MLST::CompareAlleles=HASH(0x55c3fc4e3360)') called at lib/Bio/MLST/CompareAlleles.pm line 36
	Bio::MLST::CompareAlleles::_build__blast_db_location('Bio::MLST::CompareAlleles=HASH(0x55c3fc4e3360)') called at reader Bio::MLST::CompareAlleles::_blast_db_location (defined at lib/Bio/MLST/CompareAlleles.pm line 22) line 8
	Bio::MLST::CompareAlleles::_blast_db_location('Bio::MLST::CompareAlleles=HASH(0x55c3fc4e3360)') called at lib/Bio/MLST/CompareAlleles.pm line 115
	Bio::MLST::CompareAlleles::_build_matching_sequences('Bio::MLST::CompareAlleles=HASH(0x55c3fc4e3360)') called at reader Bio::MLST::CompareAlleles::matching_sequences (defined at lib/Bio/MLST/CompareAlleles.pm line 24) line 8
	Bio::MLST::CompareAlleles::matching_sequences('Bio::MLST::CompareAlleles=HASH(0x55c3fc4e3360)') called at lib/Bio/MLST/ProcessFasta.pm line 52
	Bio::MLST::ProcessFasta::_build__compare_alleles('Bio::MLST::ProcessFasta=HASH(0x55c3fe648a78)') called at reader Bio::MLST::ProcessFasta::_compare_alleles (defined at lib/Bio/MLST/ProcessFasta.pm line 25) line 8
	Bio::MLST::ProcessFasta::_compare_alleles('Bio::MLST::ProcessFasta=HASH(0x55c3fe648a78)') called at lib/Bio/MLST/ProcessFasta.pm line 67
	Bio::MLST::ProcessFasta::_build__sequence_type_obj('Bio::MLST::ProcessFasta=HASH(0x55c3fe648a78)') called at reader Bio::MLST::ProcessFasta::_sequence_type_obj (defined at lib/Bio/MLST/ProcessFasta.pm line 26) line 8
	Bio::MLST::ProcessFasta::_sequence_type_obj('Bio::MLST::ProcessFasta=HASH(0x55c3fe648a78)') called at lib/Bio/MLST/ProcessFasta.pm line 78
	Bio::MLST::ProcessFasta::_build__spreadsheet_row_obj('Bio::MLST::ProcessFasta=HASH(0x55c3fe648a78)') called at reader Bio::MLST::ProcessFasta::_spreadsheet_row_obj (defined at lib/Bio/MLST/ProcessFasta.pm line 27) line 8
	Bio::MLST::ProcessFasta::_spreadsheet_row_obj('Bio::MLST::ProcessFasta=HASH(0x55c3fe648a78)') called at lib/Bio/MLST/Check.pm line 83
	Bio::MLST::Check::_generate_spreadsheet_rows('Bio::MLST::Check=HASH(0x55c3fe731a08)') called at lib/Bio/MLST/Check.pm line 105
	Bio::MLST::Check::create_result_files('Bio::MLST::Check=HASH(0x55c3fe731a08)') called at lib/Bio/MLST/CheckMultipleSpecies.pm line 115
	Bio::MLST::CheckMultipleSpecies::_run_mlst_for_species_list('Bio::MLST::CheckMultipleSpecies=HASH(0x55c3fde34138)') called at lib/Bio/MLST/CheckMultipleSpecies.pm line 232
	Bio::MLST::CheckMultipleSpecies::create_result_files('Bio::MLST::CheckMultipleSpecies=HASH(0x55c3fde34138)') called at t/Output/MultipleSpecies.t line 28
Attribute (header) does not pass the type constraint because: Validation failed for 'ArrayRef' with value undef at constructor Bio::MLST::Spreadsheet::File::new (defined at lib/Bio/MLST/Spreadsheet/File.pm line 44) line 39
	Bio::MLST::Spreadsheet::File::new('Bio::MLST::Spreadsheet::File', 'header', undef, 'spreadsheet_allele_numbers_rows', 'ARRAY(0x55c3fde4ebd8)', 'spreadsheet_genomic_rows', 'ARRAY(0x55c3fec64c70)', 'output_directory', '/home/cpansand/.cpan/build/2017092315/Bio-MLST-Check-2.1.1706216-n4lVd9/w1Wps4jXV1', 'spreadsheet_basename', 0001) called at lib/Bio/MLST/Check.pm line 108
	Bio::MLST::Check::create_result_files('Bio::MLST::Check=HASH(0x55c3fe8b16c0)') called at lib/Bio/MLST/CheckMultipleSpecies.pm line 115
	Bio::MLST::CheckMultipleSpecies::_run_mlst_for_species_list('Bio::MLST::CheckMultipleSpecies=HASH(0x55c3fde34138)') called at lib/Bio/MLST/CheckMultipleSpecies.pm line 232
	Bio::MLST::CheckMultipleSpecies::create_result_files('Bio::MLST::CheckMultipleSpecies=HASH(0x55c3fde34138)') called at t/Output/MultipleSpecies.t line 28
Attribute (header) does not pass the type constraint because: Validation failed for 'ArrayRef' with value undef at constructor Bio::MLST::Spreadsheet::File::new (defined at lib/Bio/MLST/Spreadsheet/File.pm line 44) line 39
	Bio::MLST::Spreadsheet::File::new('Bio::MLST::Spreadsheet::File', 'header', undef, 'spreadsheet_allele_numbers_rows', 'ARRAY(0x55c3fe3b4040)', 'spreadsheet_genomic_rows', 'ARRAY(0x55c3fef55198)', 'output_directory', '/home/cpansand/.cpan/build/2017092315/Bio-MLST-Check-2.1.1706216-n4lVd9/w1Wps4jXV1', 'spreadsheet_basename', 0002) called at lib/Bio/MLST/Check.pm line 108
	Bio::MLST::Check::create_result_files('Bio::MLST::Check=HASH(0x55c3fe731a08)') called at lib/Bio/MLST/CheckMultipleSpecies.pm line 115
	Bio::MLST::CheckMultipleSpecies::_run_mlst_for_species_list('Bio::MLST::CheckMultipleSpecies=HASH(0x55c3fde34138)') called at lib/Bio/MLST/CheckMultipleSpecies.pm line 232
	Bio::MLST::CheckMultipleSpecies::create_result_files('Bio::MLST::CheckMultipleSpecies=HASH(0x55c3fde34138)') called at t/Output/MultipleSpecies.t line 28
readline() on closed filehandle $fh_in at lib/Bio/MLST/CheckMultipleSpecies.pm line 159.
readline() on closed filehandle $fh_in at lib/Bio/MLST/CheckMultipleSpecies.pm line 159.
readline() on closed filehandle $fh_in at lib/Bio/MLST/CheckMultipleSpecies.pm line 159.
readline() on closed filehandle $fh_in at lib/Bio/MLST/CheckMultipleSpecies.pm line 159.

#   Failed test 'results content matches expected content'
# 
#   at t/Output/MultipleSpecies.t line 74.
# 
#     Structures begin differing at:
#          $got->[0] = '"E.coli"	"matched 1 of 1 files"
'
#     $expected->[0] = '"No matches found"
'
# 

#   Failed test 'results content matches expected content'
# 
#   at t/Output/MultipleSpecies.t line 74.
# 
#     Structures begin differing at:
#          $got->[0] = '"E.coli"	"matched 1 of 1 files"
'
#     $expected->[0] = '"No matches found"
'
# 
# Looks like you failed 2 tests of 13.
t/Output/MultipleSpecies.t ........ 
Dubious, test returned 2 (wstat 512, 0x200)
Failed 2/13 subtests 
t/Output/OutputFasta.t ............ ok
Attribute (exec) does not pass the type constraint because: Validation failed for 'Bio::MLST::Executable' with value "makeblastdb" at constructor Bio::MLST::Blast::Database::new (defined at lib/Bio/MLST/Blast/Database.pm line 32) line 45
	Bio::MLST::Blast::Database::new('Bio::MLST::Blast::Database', 'fasta_file', 't/data/contigs.fa', 'exec', 'makeblastdb') called at lib/Bio/MLST/CompareAlleles.pm line 42
	Bio::MLST::CompareAlleles::_build__blast_db_location_obj('Bio::MLST::CompareAlleles=HASH(0x5577735730a0)') called at reader Bio::MLST::CompareAlleles::_blast_db_location_obj (defined at lib/Bio/MLST/CompareAlleles.pm line 21) line 8
	Bio::MLST::CompareAlleles::_blast_db_location_obj('Bio::MLST::CompareAlleles=HASH(0x5577735730a0)') called at lib/Bio/MLST/CompareAlleles.pm line 36
	Bio::MLST::CompareAlleles::_build__blast_db_location('Bio::MLST::CompareAlleles=HASH(0x5577735730a0)') called at reader Bio::MLST::CompareAlleles::_blast_db_location (defined at lib/Bio/MLST/CompareAlleles.pm line 22) line 8
	Bio::MLST::CompareAlleles::_blast_db_location('Bio::MLST::CompareAlleles=HASH(0x5577735730a0)') called at lib/Bio/MLST/CompareAlleles.pm line 115
	Bio::MLST::CompareAlleles::_build_matching_sequences('Bio::MLST::CompareAlleles=HASH(0x5577735730a0)') called at reader Bio::MLST::CompareAlleles::matching_sequences (defined at lib/Bio/MLST/CompareAlleles.pm line 24) line 8
	Bio::MLST::CompareAlleles::matching_sequences('Bio::MLST::CompareAlleles=HASH(0x5577735730a0)') called at lib/Bio/MLST/CompareAlleles.pm line 61
	Bio::MLST::CompareAlleles::found_sequence_names('Bio::MLST::CompareAlleles=HASH(0x5577735730a0)') called at t/Output/SpreadsheetRow.t line 22
# Tests were run but no plan was declared and done_testing() was not seen.
# Looks like your test exited with 255 just after 1.
t/Output/SpreadsheetRow.t ......... 
Dubious, test returned 255 (wstat 65280, 0xff00)
All 1 subtests passed 

#   Failed test 'blastn in PATH'
#   at t/requires_external.t line 8.

#   Failed test 'makeblastdb in PATH'
#   at t/requires_external.t line 8.
# Looks like you failed 2 tests of 2.
t/requires_external.t ............. 
Dubious, test returned 2 (wstat 512, 0x200)
Failed 2/2 subtests 
Attribute (exec) does not pass the type constraint because: Validation failed for 'Bio::MLST::Executable' with value "makeblastdb" at constructor Bio::MLST::Blast::Database::new (defined at lib/Bio/MLST/Blast/Database.pm line 32) line 45
	Bio::MLST::Blast::Database::new('Bio::MLST::Blast::Database', 'fasta_file', 't/data/contigs.fa', 'exec', 'makeblastdb') called at lib/Bio/MLST/CompareAlleles.pm line 42
	Bio::MLST::CompareAlleles::_build__blast_db_location_obj('Bio::MLST::CompareAlleles=HASH(0x55cbbcdc8248)') called at reader Bio::MLST::CompareAlleles::_blast_db_location_obj (defined at lib/Bio/MLST/CompareAlleles.pm line 21) line 8
	Bio::MLST::CompareAlleles::_blast_db_location_obj('Bio::MLST::CompareAlleles=HASH(0x55cbbcdc8248)') called at lib/Bio/MLST/CompareAlleles.pm line 36
	Bio::MLST::CompareAlleles::_build__blast_db_location('Bio::MLST::CompareAlleles=HASH(0x55cbbcdc8248)') called at reader Bio::MLST::CompareAlleles::_blast_db_location (defined at lib/Bio/MLST/CompareAlleles.pm line 22) line 8
	Bio::MLST::CompareAlleles::_blast_db_location('Bio::MLST::CompareAlleles=HASH(0x55cbbcdc8248)') called at lib/Bio/MLST/CompareAlleles.pm line 115
	Bio::MLST::CompareAlleles::_build_matching_sequences('Bio::MLST::CompareAlleles=HASH(0x55cbbcdc8248)') called at reader Bio::MLST::CompareAlleles::matching_sequences (defined at lib/Bio/MLST/CompareAlleles.pm line 24) line 8
	Bio::MLST::CompareAlleles::matching_sequences('Bio::MLST::CompareAlleles=HASH(0x55cbbcdc8248)') called at lib/Bio/MLST/CompareAlleles.pm line 61
	Bio::MLST::CompareAlleles::found_sequence_names('Bio::MLST::CompareAlleles=HASH(0x55cbbcdc8248)') called at t/SequenceTypes/CompareAlleles.t line 20
# Tests were run but no plan was declared and done_testing() was not seen.
# Looks like your test exited with 255 just after 2.
t/SequenceTypes/CompareAlleles.t .. 
Dubious, test returned 255 (wstat 65280, 0xff00)
All 2 subtests passed 
t/SequenceTypes/SearchForFiles.t .. ok
t/SequenceTypes/SequenceType.t .... ok
t/Settings/DatabaseSettings.t ..... ok
t/Validate/Executable.t ........... ok

Test Summary Report
-------------------
t/Blast/BlastN.t                (Wstat: 65280 Tests: 1 Failed: 0)
  Non-zero exit status: 255
  Parse errors: No plan found in TAP output
t/Blast/Database.t              (Wstat: 65280 Tests: 1 Failed: 0)
  Non-zero exit status: 255
  Parse errors: No plan found in TAP output
t/CDC/Convert.t                 (Wstat: 65280 Tests: 12 Failed: 0)
  Non-zero exit status: 255
  Parse errors: No plan found in TAP output
t/Output/MultipleFastas.t       (Wstat: 65280 Tests: 2 Failed: 0)
  Non-zero exit status: 255
  Parse errors: No plan found in TAP output
t/Output/MultipleSpecies.t      (Wstat: 512 Tests: 13 Failed: 2)
  Failed tests:  6, 9
  Non-zero exit status: 2
t/Output/SpreadsheetRow.t       (Wstat: 65280 Tests: 1 Failed: 0)
  Non-zero exit status: 255
  Parse errors: No plan found in TAP output
t/requires_external.t           (Wstat: 512 Tests: 2 Failed: 2)
  Failed tests:  1-2
  Non-zero exit status: 2
t/SequenceTypes/CompareAlleles.t (Wstat: 65280 Tests: 2 Failed: 0)
  Non-zero exit status: 255
  Parse errors: No plan found in TAP output
Files=21, Tests=194, 10 wallclock secs ( 0.05 usr  0.07 sys +  4.44 cusr  1.37 csys =  5.93 CPU)
Result: FAIL
Failed 8/21 test programs. 4/194 subtests failed.
Makefile:1065: recipe for target 'test_dynamic' failed
make: *** [test_dynamic] Error 255

------------------------------
PREREQUISITES
------------------------------

Prerequisite modules loaded:

requires:

    Module                       Need     Have      
    ---------------------------- -------- ----------
    Bio::AlignIO                 0        0         
    Bio::Perl                    0        1.007001  
    Bio::PrimarySeq              0        0         
    Bio::SeqIO                   0        1.007001  
    Bio::SimpleAlign             0        0         
    Cwd                          0        3.63_01   
    Data::Dumper                 0        2.161     
    Exporter                     0        5.72      
    File::Basename               0        2.85      
    File::Copy                   0        2.31      
    File::Path                   2.06     2.12_01   
    File::Temp                   0        0.2304    
    File::Which                  0        1.21      
    Getopt::Long                 0        2.48      
    HTTP::Request                0        6.13      
    lib                          0        0.63      
    List::Util                   0        1.48      
    LWP::Simple                  0        6.26      
    LWP::UserAgent               0        6.26      
    Moose                        0        2.2006    
    Moose::Role                  0        2.2006    
    Moose::Util::TypeConstraints 0        2.2006    
    Parallel::ForkManager        0        1.19      
    POSIX                        0        1.65      
    Regexp::Common               0        2017060201
    strict                       0        1.11      
    Text::CSV                    0        1.95      
    Try::Tiny                    0        0.28      
    warnings                     0        1.36      
    XML::LibXML                  0        2.0129    

build_requires:

    Module                       Need     Have      
    ---------------------------- -------- ----------
    Env::Path                    0        0.19      
    ExtUtils::MakeMaker          0        7.30      
    File::Slurp                  0        9999.19   
    File::Spec                   0        3.63_01   
    File::Touch                  0        0.11      
    HTTP::Status                 0        6.13      
    IO::Scalar                   0        2.111     
    String::Util                 0        1.26      
    Test::Exception              0        0.43      
    Test::MockModule             0        0.12      
    Test::More                   0        1.302096  
    Test::Most                   0        0.35      

configure_requires:

    Module                       Need     Have      
    ---------------------------- -------- ----------
    ExtUtils::MakeMaker          0        7.30      

opt_build_requires:

    Module                       Need     Have      
    ---------------------------- -------- ----------
    CPAN::Meta                   2.120900 2.150005  


------------------------------
ENVIRONMENT AND OTHER CONTEXT
------------------------------

Environment variables:

    LANG = C
    PATH = /usr/local/bin:/usr/bin:/bin:/usr/local/sbin:/usr/sbin:/sbin:/home/cpansand/bin/linux-gnu:/home/cpansand/bin/sh:/home/cpansand/bin:/usr/games:/home/cpansand/devel:/home/eserte/src/srezic-misc/scripts
    PERL5LIB = /home/cpansand/.cpan/build/2017092315/BGPmon-CPM-IiT2NN/blib/arch:/home/cpansand/.cpan/build/2017092315/BGPmon-CPM-IiT2NN/blib/lib:/home/cpansand/.cpan/build/2017092315/Rose-DB-Object-0.815-U4TdYX/blib/arch:/home/cpansand/.cpan/build/2017092315/Rose-DB-Object-0.815-U4TdYX/blib/lib:/home/cpansand/.cpan/build/2017092315/Rose-DB-0.778-qDCKkQ/blib/arch:/home/cpansand/.cpan/build/2017092315/Rose-DB-0.778-qDCKkQ/blib/lib:/home/cpansand/.cpan/build/2017092315/Rose-DateTime-0.540-NPJh12/blib/arch:/home/cpansand/.cpan/build/2017092315/Rose-DateTime-0.540-NPJh12/blib/lib:/home/cpansand/.cpan/build/2017092315/Rose-Object-0.860-dIYoon/blib/arch:/home/cpansand/.cpan/build/2017092315/Rose-Object-0.860-dIYoon/blib/lib:/home/cpansand/.cpan/build/2017092315/SQL-ReservedWords-0.8-dm3loY/blib/arch:/home/cpansand/.cpan/build/2017092315/SQL-ReservedWords-0.8-dm3loY/blib/lib:/home/cpansand/.cpan/build/2017092315/Time-Clock-1.03-IoyXOK/blib/arch:/home/cpansand/.cpan/build/2017092315/Time-Clock-1.03-IoyXOK/blib/lib:/home/cpansand/.cpan/build/2017092315/DateTime-Format-Oracle-0.06-VNlXzH/blib/arch:/home/cpansand/.cpan/build/2017092315/DateTime-Format-Oracle-0.06-VNlXzH/blib/lib:/home/cpansand/.cpan/build/2017092315/Convert-NLS_DATE_FORMAT-0.06-Z_r4rX/blib/arch:/home/cpansand/.cpan/build/2017092315/Convert-NLS_DATE_FORMAT-0.06-Z_r4rX/blib/lib:/home/cpansand/.cpan/build/2017092315/BGPmon-CPM-Prefix-Finder-pcbe2n/blib/arch:/home/cpansand/.cpan/build/2017092315/BGPmon-CPM-Prefix-Finder-pcbe2n/blib/lib:/home/cpansand/.cpan/build/2017092315/Regexp-IPv6-0.03-ONcFfo/blib/arch:/home/cpansand/.cpan/build/2017092315/Regexp-IPv6-0.03-ONcFfo/blib/lib:/home/cpansand/.cpan/build/2017092315/Net-Address-IP-Local-0.1.2-99ZzFn/blib/arch:/home/cpansand/.cpan/build/2017092315/Net-Address-IP-Local-0.1.2-99ZzFn/blib/lib:/home/cpansand/.cpan/build/2017092315/Locale-gettext-1.07-EWbAFV/blib/arch:/home/cpansand/.cpan/build/2017092315/Locale-gettext-1.07-EWbAFV/blib/lib:/home/cpansand/.cpan/build/2017092315/Image-EXIF-DateTime-Parser-1.2-q_5njL/blib/arch:/home/cpansand/.cpan/build/2017092315/Image-EXIF-DateTime-Parser-1.2-q_5njL/blib/lib:/home/cpansand/.cpan/build/2017092315/WWW-Curl-4.17-EhfNup/blib/arch:/home/cpansand/.cpan/build/2017092315/WWW-Curl-4.17-EhfNup/blib/lib:/home/cpansand/.cpan/build/2017092315/Linux-Proc-Net-TCP-0.07-5DaqJh/blib/arch:/home/cpansand/.cpan/build/2017092315/Linux-Proc-Net-TCP-0.07-5DaqJh/blib/lib:/home/cpansand/.cpan/build/2017092315/Config-JSON-1.5202-EiXwT2/blib/arch:/home/cpansand/.cpan/build/2017092315/Config-JSON-1.5202-EiXwT2/blib/lib:/home/cpansand/.cpan/build/2017092315/File-Tail-1.3-vNkQm5/blib/arch:/home/cpansand/.cpan/build/2017092315/File-Tail-1.3-vNkQm5/blib/lib:/home/cpansand/.cpan/build/2017092315/Scalar-Util-Reftype-0.44-OEBYFT/blib/arch:/home/cpansand/.cpan/build/2017092315/Scalar-Util-Reftype-0.44-OEBYFT/blib/lib
    PERL5OPT = 
    PERL5_CPANPLUS_IS_RUNNING = 15435
    PERL5_CPAN_IS_RUNNING = 15435
    PERL5_CPAN_IS_RUNNING_IN_RECURSION = 15420,15435
    PERLDOC = -MPod::Perldoc::ToTextOverstrike
    PERL_BATCH = yes
    PERL_CANARY_STABILITY_NOPROMPT = 1
    PERL_CPAN_REPORTER_CONFIG = /var/tmp/cpansmoker-1023/2017092315/cpanreporter_001_config.ini
    PERL_EXTUTILS_AUTOINSTALL = --defaultdeps
    SHELL = /usr/bin/zsh
    TERM = screen
    TMPDIR = /var/tmp/cpansmoker-1023/2017092315

Perl special variables (and OS-specific diagnostics, for MSWin32):

    $^X = /opt/perl-5.24.2/bin/perl
    $UID/$EUID = 1023 / 1023
    $GID = 1023 1023
    $EGID = 1023 1023

Perl module toolchain versions installed:

    Module              Have      
    ------------------- ----------
    CPAN                2.11_01   
    CPAN::Meta          2.150005  
    Cwd                 3.63_01   
    ExtUtils::CBuilder  0.280226  
    ExtUtils::Command   7.30      
    ExtUtils::Install   2.06      
    ExtUtils::MakeMaker 7.30      
    ExtUtils::Manifest  1.70      
    ExtUtils::ParseXS   3.31      
    File::Spec          3.63_01   
    JSON                2.94      
    JSON::PP            2.94      
    Module::Build       0.4224    
    Module::Signature   0.81      
    Parse::CPAN::Meta   1.4417_001
    Test::Harness       3.36_01   
    Test::More          1.302096  
    YAML                1.23      
    YAML::Syck          1.30      
    version             0.9916    


--

Summary of my perl5 (revision 5 version 24 subversion 2) configuration:
   
  Platform:
    osname=linux, osvers=4.9.0-3-amd64, archname=x86_64-linux
    uname='linux debian9 4.9.0-3-amd64 #1 smp debian 4.9.30-2+deb9u2 (2017-06-26) x86_64 gnulinux '
    config_args='-ds -e -Dprefix=/opt/perl-5.24.2 -Dcf_email=srezic@cpan.org'
    hint=recommended, useposix=true, d_sigaction=define
    useithreads=undef, usemultiplicity=undef
    use64bitint=define, use64bitall=define, uselongdouble=undef
    usemymalloc=n, bincompat5005=undef
  Compiler:
    cc='cc', ccflags ='-fwrapv -fno-strict-aliasing -pipe -fstack-protector-strong -I/usr/local/include -D_LARGEFILE_SOURCE -D_FILE_OFFSET_BITS=64',
    optimize='-O2',
    cppflags='-fwrapv -fno-strict-aliasing -pipe -fstack-protector-strong -I/usr/local/include'
    ccversion='', gccversion='6.3.0 20170516', gccosandvers=''
    intsize=4, longsize=8, ptrsize=8, doublesize=8, byteorder=12345678, doublekind=3
    d_longlong=define, longlongsize=8, d_longdbl=define, longdblsize=16, longdblkind=3
    ivtype='long', ivsize=8, nvtype='double', nvsize=8, Off_t='off_t', lseeksize=8
    alignbytes=8, prototype=define
  Linker and Libraries:
    ld='cc', ldflags =' -fstack-protector-strong -L/usr/local/lib'
    libpth=/usr/local/lib /usr/lib/gcc/x86_64-linux-gnu/6/include-fixed /usr/include/x86_64-linux-gnu /usr/lib /lib/x86_64-linux-gnu /lib/../lib /usr/lib/x86_64-linux-gnu /usr/lib/../lib /lib
    libs=-lpthread -lnsl -lgdbm -ldb -ldl -lm -lcrypt -lutil -lc -lgdbm_compat
    perllibs=-lpthread -lnsl -ldl -lm -lcrypt -lutil -lc
    libc=libc-2.24.so, so=so, useshrplib=false, libperl=libperl.a
    gnulibc_version='2.24'
  Dynamic Linking:
    dlsrc=dl_dlopen.xs, dlext=so, d_dlsymun=undef, ccdlflags='-Wl,-E'
    cccdlflags='-fPIC', lddlflags='-shared -O2 -L/usr/local/lib -fstack-protector-strong'


Characteristics of this binary (from libperl): 
  Compile-time options: HAS_TIMES PERLIO_LAYERS PERL_COPY_ON_WRITE
                        PERL_DONT_CREATE_GVSV
                        PERL_HASH_FUNC_ONE_AT_A_TIME_HARD PERL_MALLOC_WRAP
                        PERL_PRESERVE_IVUV USE_64_BIT_ALL USE_64_BIT_INT
                        USE_LARGE_FILES USE_LOCALE USE_LOCALE_COLLATE
                        USE_LOCALE_CTYPE USE_LOCALE_NUMERIC USE_LOCALE_TIME
                        USE_PERLIO USE_PERL_ATOF
  Built under linux
  Compiled at Jul 15 2017 19:40:54
  %ENV:
    PERL5LIB="/home/cpansand/.cpan/build/2017092315/BGPmon-CPM-IiT2NN/blib/arch:/home/cpansand/.cpan/build/2017092315/BGPmon-CPM-IiT2NN/blib/lib:/home/cpansand/.cpan/build/2017092315/Rose-DB-Object-0.815-U4TdYX/blib/arch:/home/cpansand/.cpan/build/2017092315/Rose-DB-Object-0.815-U4TdYX/blib/lib:/home/cpansand/.cpan/build/2017092315/Rose-DB-0.778-qDCKkQ/blib/arch:/home/cpansand/.cpan/build/2017092315/Rose-DB-0.778-qDCKkQ/blib/lib:/home/cpansand/.cpan/build/2017092315/Rose-DateTime-0.540-NPJh12/blib/arch:/home/cpansand/.cpan/build/2017092315/Rose-DateTime-0.540-NPJh12/blib/lib:/home/cpansand/.cpan/build/2017092315/Rose-Object-0.860-dIYoon/blib/arch:/home/cpansand/.cpan/build/2017092315/Rose-Object-0.860-dIYoon/blib/lib:/home/cpansand/.cpan/build/2017092315/SQL-ReservedWords-0.8-dm3loY/blib/arch:/home/cpansand/.cpan/build/2017092315/SQL-ReservedWords-0.8-dm3loY/blib/lib:/home/cpansand/.cpan/build/2017092315/Time-Clock-1.03-IoyXOK/blib/arch:/home/cpansand/.cpan/build/2017092315/Time-Clock-1.03-IoyXOK/blib/lib:/home/cpansand/.cpan/build/2017092315/DateTime-Format-Oracle-0.06-VNlXzH/blib/arch:/home/cpansand/.cpan/build/2017092315/DateTime-Format-Oracle-0.06-VNlXzH/blib/lib:/home/cpansand/.cpan/build/2017092315/Convert-NLS_DATE_FORMAT-0.06-Z_r4rX/blib/arch:/home/cpansand/.cpan/build/2017092315/Convert-NLS_DATE_FORMAT-0.06-Z_r4rX/blib/lib:/home/cpansand/.cpan/build/2017092315/BGPmon-CPM-Prefix-Finder-pcbe2n/blib/arch:/home/cpansand/.cpan/build/2017092315/BGPmon-CPM-Prefix-Finder-pcbe2n/blib/lib:/home/cpansand/.cpan/build/2017092315/Regexp-IPv6-0.03-ONcFfo/blib/arch:/home/cpansand/.cpan/build/2017092315/Regexp-IPv6-0.03-ONcFfo/blib/lib:/home/cpansand/.cpan/build/2017092315/Net-Address-IP-Local-0.1.2-99ZzFn/blib/arch:/home/cpansand/.cpan/build/2017092315/Net-Address-IP-Local-0.1.2-99ZzFn/blib/lib:/home/cpansand/.cpan/build/2017092315/Locale-gettext-1.07-EWbAFV/blib/arch:/home/cpansand/.cpan/build/2017092315/Locale-gettext-1.07-EWbAFV/blib/lib:/home/cpansand/.cpan/build/2017092315/Image-EXIF-DateTime-Parser-1.2-q_5njL/blib/arch:/home/cpansand/.cpan/build/2017092315/Image-EXIF-DateTime-Parser-1.2-q_5njL/blib/lib:/home/cpansand/.cpan/build/2017092315/WWW-Curl-4.17-EhfNup/blib/arch:/home/cpansand/.cpan/build/2017092315/WWW-Curl-4.17-EhfNup/blib/lib:/home/cpansand/.cpan/build/2017092315/Linux-Proc-Net-TCP-0.07-5DaqJh/blib/arch:/home/cpansand/.cpan/build/2017092315/Linux-Proc-Net-TCP-0.07-5DaqJh/blib/lib:/home/cpansand/.cpan/build/2017092315/Config-JSON-1.5202-EiXwT2/blib/arch:/home/cpansand/.cpan/build/2017092315/Config-JSON-1.5202-EiXwT2/blib/lib:/home/cpansand/.cpan/build/2017092315/File-Tail-1.3-vNkQm5/blib/arch:/home/cpansand/.cpan/build/2017092315/File-Tail-1.3-vNkQm5/blib/lib:/home/cpansand/.cpan/build/2017092315/Scalar-Util-Reftype-0.44-OEBYFT/blib/arch:/home/cpansand/.cpan/build/2017092315/Scalar-Util-Reftype-0.44-OEBYFT/blib/lib"
    PERL5OPT=""
    PERL5_CPANPLUS_IS_RUNNING="15435"
    PERL5_CPAN_IS_RUNNING="15435"
    PERL5_CPAN_IS_RUNNING_IN_RECURSION="15420,15435"
    PERLDOC="-MPod::Perldoc::ToTextOverstrike"
    PERL_BATCH="yes"
    PERL_CANARY_STABILITY_NOPROMPT="1"
    PERL_CPAN_REPORTER_CONFIG="/var/tmp/cpansmoker-1023/2017092315/cpanreporter_001_config.ini"
    PERL_EXTUTILS_AUTOINSTALL="--defaultdeps"
  @INC:
    /home/cpansand/.cpan/build/2017092315/BGPmon-CPM-IiT2NN/blib/arch
    /home/cpansand/.cpan/build/2017092315/BGPmon-CPM-IiT2NN/blib/lib
    /home/cpansand/.cpan/build/2017092315/Rose-DB-Object-0.815-U4TdYX/blib/arch
    /home/cpansand/.cpan/build/2017092315/Rose-DB-Object-0.815-U4TdYX/blib/lib
    /home/cpansand/.cpan/build/2017092315/Rose-DB-0.778-qDCKkQ/blib/arch
    /home/cpansand/.cpan/build/2017092315/Rose-DB-0.778-qDCKkQ/blib/lib
    /home/cpansand/.cpan/build/2017092315/Rose-DateTime-0.540-NPJh12/blib/arch
    /home/cpansand/.cpan/build/2017092315/Rose-DateTime-0.540-NPJh12/blib/lib
    /home/cpansand/.cpan/build/2017092315/Rose-Object-0.860-dIYoon/blib/arch
    /home/cpansand/.cpan/build/2017092315/Rose-Object-0.860-dIYoon/blib/lib
    /home/cpansand/.cpan/build/2017092315/SQL-ReservedWords-0.8-dm3loY/blib/arch
    /home/cpansand/.cpan/build/2017092315/SQL-ReservedWords-0.8-dm3loY/blib/lib
    /home/cpansand/.cpan/build/2017092315/Time-Clock-1.03-IoyXOK/blib/arch
    /home/cpansand/.cpan/build/2017092315/Time-Clock-1.03-IoyXOK/blib/lib
    /home/cpansand/.cpan/build/2017092315/DateTime-Format-Oracle-0.06-VNlXzH/blib/arch
    /home/cpansand/.cpan/build/2017092315/DateTime-Format-Oracle-0.06-VNlXzH/blib/lib
    /home/cpansand/.cpan/build/2017092315/Convert-NLS_DATE_FORMAT-0.06-Z_r4rX/blib/arch
    /home/cpansand/.cpan/build/2017092315/Convert-NLS_DATE_FORMAT-0.06-Z_r4rX/blib/lib
    /home/cpansand/.cpan/build/2017092315/BGPmon-CPM-Prefix-Finder-pcbe2n/blib/arch
    /home/cpansand/.cpan/build/2017092315/BGPmon-CPM-Prefix-Finder-pcbe2n/blib/lib
    /home/cpansand/.cpan/build/2017092315/Regexp-IPv6-0.03-ONcFfo/blib/arch
    /home/cpansand/.cpan/build/2017092315/Regexp-IPv6-0.03-ONcFfo/blib/lib
    /home/cpansand/.cpan/build/2017092315/Net-Address-IP-Local-0.1.2-99ZzFn/blib/arch
    /home/cpansand/.cpan/build/2017092315/Net-Address-IP-Local-0.1.2-99ZzFn/blib/lib
    /home/cpansand/.cpan/build/2017092315/Locale-gettext-1.07-EWbAFV/blib/arch
    /home/cpansand/.cpan/build/2017092315/Locale-gettext-1.07-EWbAFV/blib/lib
    /home/cpansand/.cpan/build/2017092315/Image-EXIF-DateTime-Parser-1.2-q_5njL/blib/arch
    /home/cpansand/.cpan/build/2017092315/Image-EXIF-DateTime-Parser-1.2-q_5njL/blib/lib
    /home/cpansand/.cpan/build/2017092315/WWW-Curl-4.17-EhfNup/blib/arch
    /home/cpansand/.cpan/build/2017092315/WWW-Curl-4.17-EhfNup/blib/lib
    /home/cpansand/.cpan/build/2017092315/Linux-Proc-Net-TCP-0.07-5DaqJh/blib/arch
    /home/cpansand/.cpan/build/2017092315/Linux-Proc-Net-TCP-0.07-5DaqJh/blib/lib
    /home/cpansand/.cpan/build/2017092315/Config-JSON-1.5202-EiXwT2/blib/arch
    /home/cpansand/.cpan/build/2017092315/Config-JSON-1.5202-EiXwT2/blib/lib
    /home/cpansand/.cpan/build/2017092315/File-Tail-1.3-vNkQm5/blib/arch
    /home/cpansand/.cpan/build/2017092315/File-Tail-1.3-vNkQm5/blib/lib
    /home/cpansand/.cpan/build/2017092315/Scalar-Util-Reftype-0.44-OEBYFT/blib/arch
    /home/cpansand/.cpan/build/2017092315/Scalar-Util-Reftype-0.44-OEBYFT/blib/lib
    /opt/perl-5.24.2/lib/site_perl/5.24.2/x86_64-linux
    /opt/perl-5.24.2/lib/site_perl/5.24.2
    /opt/perl-5.24.2/lib/5.24.2/x86_64-linux
    /opt/perl-5.24.2/lib/5.24.2
    .