Report for Genezzo-0.72

Back
From: metabase:user:9820532a-708b-1014-9a05-b18a96298da1
Subject: FAIL Genezzo-0.72 v5.15.0 GNU/Linux
Date: 2011-07-06T14:35:53Z

This distribution has been tested as part of the CPAN Testers
project, supporting the Perl programming language.  See
http://wiki.cpantesters.org/ for more information or email
questions to cpan-testers-discuss@perl.org


--
Dear Jeffrey Cohen,

This is a computer-generated report for Genezzo-0.72
on perl 5.15.0, created by CPAN-Reporter-1.1902.

Thank you for uploading your work to CPAN.  However, there was a problem
testing your distribution.

If you think this report is invalid, please consult the CPAN Testers Wiki
for suggestions on how to avoid getting FAIL reports for missing library
or binary dependencies, unsupported operating systems, and so on:

http://wiki.cpantesters.org/wiki/CPANAuthorNotes

Sections of this report:

    * Tester comments
    * Program output
    * Prerequisites
    * Environment and other context

------------------------------
TESTER COMMENTS
------------------------------

Additional comments from tester:

this report is from an automated smoke testing program
and was not reviewed by a human for accuracy

------------------------------
PROGRAM OUTPUT
------------------------------

Output from '/usr/bin/make test':

PERL_DL_NONLAZY=1 /home/test/perl5/perlbrew/perls/perl-5.15.0/bin/perl5.15.0 "-MExtUtils::Command::MM" "-e" "test_harness(0, 'blib/lib', 'blib/arch')" t/*.t
Use of qw(...) as parentheses is deprecated at /home/test/.cpan/build/Genezzo-0.72-TSEl3y/blib/lib/Genezzo/Tablespace.pm line 603.
Use of qw(...) as parentheses is deprecated at /home/test/.cpan/build/Genezzo-0.72-TSEl3y/blib/lib/Genezzo/Dict.pm line 4521.
Use of uninitialized value $htype in uc at /home/test/.cpan/build/Genezzo-0.72-TSEl3y/blib/lib/Genezzo/Tablespace.pm line 313.
Use of uninitialized value $htype in uc at /home/test/.cpan/build/Genezzo-0.72-TSEl3y/blib/lib/Genezzo/Tablespace.pm line 313.
t/AAASetup1.t .. ok
t/Block1.t ..... ok
t/Block2.t ..... ok
t/Block3.t ..... ok
t/Block4.t ..... ok
t/BufCa1.t ..... ok
Use of qw(...) as parentheses is deprecated at /home/test/.cpan/build/Genezzo-0.72-TSEl3y/blib/lib/Genezzo/Tablespace.pm line 603.
Use of qw(...) as parentheses is deprecated at /home/test/.cpan/build/Genezzo-0.72-TSEl3y/blib/lib/Genezzo/Dict.pm line 4521.
Use of uninitialized value $htype in uc at /home/test/.cpan/build/Genezzo-0.72-TSEl3y/blib/lib/Genezzo/Tablespace.pm line 313.
Use of uninitialized value $htype in uc at /home/test/.cpan/build/Genezzo-0.72-TSEl3y/blib/lib/Genezzo/Tablespace.pm line 313.
Use of uninitialized value $htype in uc at /home/test/.cpan/build/Genezzo-0.72-TSEl3y/blib/lib/Genezzo/Tablespace.pm line 313.
Could not open /home/test/.cpan/build/Genezzo-0.72-TSEl3y/t/gnz_home/ts/2.dbf for writing : No such file or directory 
t/Cons1.t ...... 
Dubious, test returned 2 (wstat 512, 0x200)
Failed 17/21 subtests 
Use of qw(...) as parentheses is deprecated at /home/test/.cpan/build/Genezzo-0.72-TSEl3y/blib/lib/Genezzo/Tablespace.pm line 603.
Use of qw(...) as parentheses is deprecated at /home/test/.cpan/build/Genezzo-0.72-TSEl3y/blib/lib/Genezzo/Dict.pm line 4521.
Use of uninitialized value $htype in uc at /home/test/.cpan/build/Genezzo-0.72-TSEl3y/blib/lib/Genezzo/Tablespace.pm line 313.
Use of uninitialized value $htype in uc at /home/test/.cpan/build/Genezzo-0.72-TSEl3y/blib/lib/Genezzo/Tablespace.pm line 313.
Could not open /home/test/.cpan/build/Genezzo-0.72-TSEl3y/t/gnz_home/ts/2.dbf for writing : No such file or directory 
t/DBI1.t ....... 
Dubious, test returned 2 (wstat 512, 0x200)
Failed 45/48 subtests 
Use of qw(...) as parentheses is deprecated at /home/test/.cpan/build/Genezzo-0.72-TSEl3y/blib/lib/Genezzo/Tablespace.pm line 603.
Use of qw(...) as parentheses is deprecated at /home/test/.cpan/build/Genezzo-0.72-TSEl3y/blib/lib/Genezzo/Dict.pm line 4521.
Use of uninitialized value $htype in uc at /home/test/.cpan/build/Genezzo-0.72-TSEl3y/blib/lib/Genezzo/Tablespace.pm line 313.
Use of uninitialized value $htype in uc at /home/test/.cpan/build/Genezzo-0.72-TSEl3y/blib/lib/Genezzo/Tablespace.pm line 313.
Could not open /home/test/.cpan/build/Genezzo-0.72-TSEl3y/t/gnz_home/ts/2.dbf for writing : No such file or directory 
t/Feeble1.t .... 
Dubious, test returned 2 (wstat 512, 0x200)
Failed 15/18 subtests 
Use of qw(...) as parentheses is deprecated at /home/test/.cpan/build/Genezzo-0.72-TSEl3y/blib/lib/Genezzo/Tablespace.pm line 603.
Use of qw(...) as parentheses is deprecated at /home/test/.cpan/build/Genezzo-0.72-TSEl3y/blib/lib/Genezzo/Dict.pm line 4521.
Use of uninitialized value $htype in uc at /home/test/.cpan/build/Genezzo-0.72-TSEl3y/blib/lib/Genezzo/Tablespace.pm line 313.
Use of uninitialized value $htype in uc at /home/test/.cpan/build/Genezzo-0.72-TSEl3y/blib/lib/Genezzo/Tablespace.pm line 313.
Could not open /home/test/.cpan/build/Genezzo-0.72-TSEl3y/t/gnz_home/ts/2.dbf for writing : No such file or directory 
t/Gnzo1.t ...... 
Dubious, test returned 2 (wstat 512, 0x200)
Failed 11/14 subtests 
Use of qw(...) as parentheses is deprecated at /home/test/.cpan/build/Genezzo-0.72-TSEl3y/blib/lib/Genezzo/Tablespace.pm line 603.
Use of qw(...) as parentheses is deprecated at /home/test/.cpan/build/Genezzo-0.72-TSEl3y/blib/lib/Genezzo/Dict.pm line 4521.
Use of uninitialized value $htype in uc at /home/test/.cpan/build/Genezzo-0.72-TSEl3y/blib/lib/Genezzo/Tablespace.pm line 313.
Use of uninitialized value $htype in uc at /home/test/.cpan/build/Genezzo-0.72-TSEl3y/blib/lib/Genezzo/Tablespace.pm line 313.
Could not open /home/test/.cpan/build/Genezzo-0.72-TSEl3y/t/gnz_home/ts/2.dbf for writing : No such file or directory 
t/Gnzo2.t ...... 
Dubious, test returned 2 (wstat 512, 0x200)
Failed 28/31 subtests 
Use of qw(...) as parentheses is deprecated at /home/test/.cpan/build/Genezzo-0.72-TSEl3y/blib/lib/Genezzo/Tablespace.pm line 603.
Use of qw(...) as parentheses is deprecated at /home/test/.cpan/build/Genezzo-0.72-TSEl3y/blib/lib/Genezzo/Dict.pm line 4521.
Use of uninitialized value $htype in uc at /home/test/.cpan/build/Genezzo-0.72-TSEl3y/blib/lib/Genezzo/Tablespace.pm line 313.
Use of uninitialized value $htype in uc at /home/test/.cpan/build/Genezzo-0.72-TSEl3y/blib/lib/Genezzo/Tablespace.pm line 313.
Could not open /home/test/.cpan/build/Genezzo-0.72-TSEl3y/t/gnz_home/ts/2.dbf for writing : No such file or directory 
t/Gnzo3.t ...... 
Dubious, test returned 2 (wstat 512, 0x200)
Failed 12/15 subtests 
Use of qw(...) as parentheses is deprecated at /home/test/.cpan/build/Genezzo-0.72-TSEl3y/blib/lib/Genezzo/Tablespace.pm line 603.
Use of qw(...) as parentheses is deprecated at /home/test/.cpan/build/Genezzo-0.72-TSEl3y/blib/lib/Genezzo/Dict.pm line 4521.
Use of uninitialized value $htype in uc at /home/test/.cpan/build/Genezzo-0.72-TSEl3y/blib/lib/Genezzo/Tablespace.pm line 313.
Could not open /home/test/.cpan/build/Genezzo-0.72-TSEl3y/t/gnz_home/ts/2.dbf for writing : No such file or directory 
# Looks like you planned 14 tests but ran 1.
# Looks like your test exited with 2 just after 1.
t/GSysHook1.t .. 
Dubious, test returned 2 (wstat 512, 0x200)
Failed 13/14 subtests 
Use of qw(...) as parentheses is deprecated at /home/test/.cpan/build/Genezzo-0.72-TSEl3y/blib/lib/Genezzo/Tablespace.pm line 603.
Use of qw(...) as parentheses is deprecated at /home/test/.cpan/build/Genezzo-0.72-TSEl3y/blib/lib/Genezzo/Dict.pm line 4521.
Use of uninitialized value $htype in uc at /home/test/.cpan/build/Genezzo-0.72-TSEl3y/blib/lib/Genezzo/Tablespace.pm line 313.
Could not open /home/test/.cpan/build/Genezzo-0.72-TSEl3y/t/gnz_home/ts/2.dbf for writing : No such file or directory 
# Looks like you planned 4 tests but ran 2.
# Looks like your test exited with 2 just after 2.
t/GSysHook2.t .. 
Dubious, test returned 2 (wstat 512, 0x200)
Failed 2/4 subtests 
Use of qw(...) as parentheses is deprecated at /home/test/.cpan/build/Genezzo-0.72-TSEl3y/blib/lib/Genezzo/Tablespace.pm line 603.
Use of qw(...) as parentheses is deprecated at /home/test/.cpan/build/Genezzo-0.72-TSEl3y/blib/lib/Genezzo/Dict.pm line 4521.
Use of uninitialized value $htype in uc at /home/test/.cpan/build/Genezzo-0.72-TSEl3y/blib/lib/Genezzo/Tablespace.pm line 313.
Use of uninitialized value $htype in uc at /home/test/.cpan/build/Genezzo-0.72-TSEl3y/blib/lib/Genezzo/Tablespace.pm line 313.
Use of uninitialized value $htype in uc at /home/test/.cpan/build/Genezzo-0.72-TSEl3y/blib/lib/Genezzo/Tablespace.pm line 313.
Could not open /home/test/.cpan/build/Genezzo-0.72-TSEl3y/t/gnz_home/ts/2.dbf for writing : No such file or directory 
t/Havok1.t ..... 
Dubious, test returned 2 (wstat 512, 0x200)
Failed 22/26 subtests 
Use of qw(...) as parentheses is deprecated at /home/test/.cpan/build/Genezzo-0.72-TSEl3y/blib/lib/Genezzo/Tablespace.pm line 603.
Use of qw(...) as parentheses is deprecated at /home/test/.cpan/build/Genezzo-0.72-TSEl3y/blib/lib/Genezzo/Dict.pm line 4521.
t/Index1.t ..... ok
Use of qw(...) as parentheses is deprecated at /home/test/.cpan/build/Genezzo-0.72-TSEl3y/blib/lib/Genezzo/Tablespace.pm line 603.
Use of qw(...) as parentheses is deprecated at /home/test/.cpan/build/Genezzo-0.72-TSEl3y/blib/lib/Genezzo/Dict.pm line 4521.
Use of uninitialized value $htype in uc at /home/test/.cpan/build/Genezzo-0.72-TSEl3y/blib/lib/Genezzo/Tablespace.pm line 313.
Use of uninitialized value $htype in uc at /home/test/.cpan/build/Genezzo-0.72-TSEl3y/blib/lib/Genezzo/Tablespace.pm line 313.
Could not open /home/test/.cpan/build/Genezzo-0.72-TSEl3y/t/gnz_home/ts/2.dbf for writing : No such file or directory 
t/Index2.t ..... 
Dubious, test returned 2 (wstat 512, 0x200)
Failed 7/10 subtests 
Use of qw(...) as parentheses is deprecated at /home/test/.cpan/build/Genezzo-0.72-TSEl3y/blib/lib/Genezzo/Tablespace.pm line 603.
Use of qw(...) as parentheses is deprecated at /home/test/.cpan/build/Genezzo-0.72-TSEl3y/blib/lib/Genezzo/Dict.pm line 4521.
Use of uninitialized value $htype in uc at /home/test/.cpan/build/Genezzo-0.72-TSEl3y/blib/lib/Genezzo/Tablespace.pm line 313.
Use of uninitialized value $htype in uc at /home/test/.cpan/build/Genezzo-0.72-TSEl3y/blib/lib/Genezzo/Tablespace.pm line 313.
Could not open /home/test/.cpan/build/Genezzo-0.72-TSEl3y/t/gnz_home/ts/2.dbf for writing : No such file or directory 
t/Index3.t ..... 
Dubious, test returned 2 (wstat 512, 0x200)
Failed 15/23 subtests 
Use of qw(...) as parentheses is deprecated at /home/test/.cpan/build/Genezzo-0.72-TSEl3y/blib/lib/Genezzo/Tablespace.pm line 603.
Use of qw(...) as parentheses is deprecated at /home/test/.cpan/build/Genezzo-0.72-TSEl3y/blib/lib/Genezzo/Dict.pm line 4521.
Use of uninitialized value $htype in uc at /home/test/.cpan/build/Genezzo-0.72-TSEl3y/blib/lib/Genezzo/Tablespace.pm line 313.
Use of uninitialized value $htype in uc at /home/test/.cpan/build/Genezzo-0.72-TSEl3y/blib/lib/Genezzo/Tablespace.pm line 313.
Could not open /home/test/.cpan/build/Genezzo-0.72-TSEl3y/t/gnz_home/ts/2.dbf for writing : No such file or directory 
t/Join1.t ...... 
Dubious, test returned 2 (wstat 512, 0x200)
Failed 7/10 subtests 
Use of qw(...) as parentheses is deprecated at /home/test/.cpan/build/Genezzo-0.72-TSEl3y/blib/lib/Genezzo/Tablespace.pm line 603.
Use of qw(...) as parentheses is deprecated at /home/test/.cpan/build/Genezzo-0.72-TSEl3y/blib/lib/Genezzo/Dict.pm line 4521.
Use of uninitialized value $htype in uc at /home/test/.cpan/build/Genezzo-0.72-TSEl3y/blib/lib/Genezzo/Tablespace.pm line 313.
Use of uninitialized value $htype in uc at /home/test/.cpan/build/Genezzo-0.72-TSEl3y/blib/lib/Genezzo/Tablespace.pm line 313.
Use of uninitialized value $htype in uc at /home/test/.cpan/build/Genezzo-0.72-TSEl3y/blib/lib/Genezzo/Tablespace.pm line 313.
Could not open /home/test/.cpan/build/Genezzo-0.72-TSEl3y/t/gnz_home/ts/2.dbf for writing : No such file or directory 
t/Prefs1.t ..... 
Dubious, test returned 2 (wstat 512, 0x200)
Failed 20/23 subtests 
Use of qw(...) as parentheses is deprecated at /home/test/.cpan/build/Genezzo-0.72-TSEl3y/blib/lib/Genezzo/Tablespace.pm line 603.
Use of qw(...) as parentheses is deprecated at /home/test/.cpan/build/Genezzo-0.72-TSEl3y/blib/lib/Genezzo/Dict.pm line 4521.
Use of uninitialized value $htype in uc at /home/test/.cpan/build/Genezzo-0.72-TSEl3y/blib/lib/Genezzo/Tablespace.pm line 313.
Use of uninitialized value $htype in uc at /home/test/.cpan/build/Genezzo-0.72-TSEl3y/blib/lib/Genezzo/Tablespace.pm line 313.
Could not open /home/test/.cpan/build/Genezzo-0.72-TSEl3y/t/gnz_home/ts/2.dbf for writing : No such file or directory 
t/PTPrep1.t .... 
Dubious, test returned 2 (wstat 512, 0x200)
Failed 26/29 subtests 
Use of qw(...) as parentheses is deprecated at t/PushHash1.t line 39.
Use of qw(...) as parentheses is deprecated at t/PushHash1.t line 182.
Use of qw(...) as parentheses is deprecated at t/PushHash1.t line 240.
Use of qw(...) as parentheses is deprecated at t/PushHash1.t line 308.
Use of qw(...) as parentheses is deprecated at t/PushHash1.t line 456.
Use of qw(...) as parentheses is deprecated at t/PushHash1.t line 509.
t/PushHash1.t .. ok
Use of qw(...) as parentheses is deprecated at t/Row1.t line 36.
Use of qw(...) as parentheses is deprecated at t/Row1.t line 179.
Use of qw(...) as parentheses is deprecated at t/Row1.t line 235.
Use of qw(...) as parentheses is deprecated at t/Row1.t line 302.
Use of qw(...) as parentheses is deprecated at t/Row1.t line 448.
Use of qw(...) as parentheses is deprecated at t/Row1.t line 499.
t/Row1.t ....... ok
Use of qw(...) as parentheses is deprecated at /home/test/.cpan/build/Genezzo-0.72-TSEl3y/blib/lib/Genezzo/Tablespace.pm line 603.
Use of qw(...) as parentheses is deprecated at /home/test/.cpan/build/Genezzo-0.72-TSEl3y/blib/lib/Genezzo/Dict.pm line 4521.
Use of uninitialized value $htype in uc at /home/test/.cpan/build/Genezzo-0.72-TSEl3y/blib/lib/Genezzo/Tablespace.pm line 313.
Use of uninitialized value $htype in uc at /home/test/.cpan/build/Genezzo-0.72-TSEl3y/blib/lib/Genezzo/Tablespace.pm line 313.
Could not open /home/test/.cpan/build/Genezzo-0.72-TSEl3y/t/gnz_home/ts/2.dbf for writing : No such file or directory 
t/SQLTest1.t ... 
Dubious, test returned 2 (wstat 512, 0x200)
Failed 1/4 subtests 
t/Util1.t ...... ok

Test Summary Report
-------------------
t/Cons1.t    (Wstat: 512 Tests: 4 Failed: 0)
  Non-zero exit status: 2
  Parse errors: Bad plan.  You planned 21 tests but ran 4.
t/DBI1.t     (Wstat: 512 Tests: 3 Failed: 0)
  Non-zero exit status: 2
  Parse errors: Bad plan.  You planned 48 tests but ran 3.
t/Feeble1.t  (Wstat: 512 Tests: 3 Failed: 0)
  Non-zero exit status: 2
  Parse errors: Bad plan.  You planned 18 tests but ran 3.
t/Gnzo1.t    (Wstat: 512 Tests: 3 Failed: 0)
  Non-zero exit status: 2
  Parse errors: Bad plan.  You planned 14 tests but ran 3.
t/Gnzo2.t    (Wstat: 512 Tests: 3 Failed: 0)
  Non-zero exit status: 2
  Parse errors: Bad plan.  You planned 31 tests but ran 3.
t/Gnzo3.t    (Wstat: 512 Tests: 3 Failed: 0)
  Non-zero exit status: 2
  Parse errors: Bad plan.  You planned 15 tests but ran 3.
t/GSysHook1.t (Wstat: 512 Tests: 1 Failed: 0)
  Non-zero exit status: 2
  Parse errors: Bad plan.  You planned 14 tests but ran 1.
t/GSysHook2.t (Wstat: 512 Tests: 2 Failed: 0)
  Non-zero exit status: 2
  Parse errors: Bad plan.  You planned 4 tests but ran 2.
t/Havok1.t   (Wstat: 512 Tests: 4 Failed: 0)
  Non-zero exit status: 2
  Parse errors: Bad plan.  You planned 26 tests but ran 4.
t/Index2.t   (Wstat: 512 Tests: 3 Failed: 0)
  Non-zero exit status: 2
  Parse errors: Bad plan.  You planned 10 tests but ran 3.
t/Index3.t   (Wstat: 512 Tests: 8 Failed: 0)
  Non-zero exit status: 2
  Parse errors: Bad plan.  You planned 23 tests but ran 8.
t/Join1.t    (Wstat: 512 Tests: 3 Failed: 0)
  Non-zero exit status: 2
  Parse errors: Bad plan.  You planned 10 tests but ran 3.
t/Prefs1.t   (Wstat: 512 Tests: 3 Failed: 0)
  Non-zero exit status: 2
  Parse errors: Bad plan.  You planned 23 tests but ran 3.
t/PTPrep1.t  (Wstat: 512 Tests: 3 Failed: 0)
  Non-zero exit status: 2
  Parse errors: Bad plan.  You planned 29 tests but ran 3.
t/SQLTest1.t (Wstat: 512 Tests: 3 Failed: 0)
  Non-zero exit status: 2
  Parse errors: Bad plan.  You planned 4 tests but ran 3.
Files=25, Tests=1230, 103 wallclock secs ( 0.19 usr  0.07 sys + 51.03 cusr  2.23 csys = 53.52 CPU)
Result: FAIL
Failed 15/25 test programs. 0/1230 subtests failed.
make: *** [test_dynamic] Error 255

------------------------------
PREREQUISITES
------------------------------

Prerequisite modules loaded:

requires:

    Module              Need Have    
    ------------------- ---- --------
    File::Compare       0    1.1006  
    File::Copy          0    2.21    
    File::Path          0    2.08_01 
    File::Spec          0    3.33    
    IO::Handle          0    1.31    
    Parse::RecDescent   1.94 1.965001
    Term::ReadLine      0    1.07    
    Text::ParseWords    0    3.27    
    Text::Soundex       0    3.03_01 

build_requires:

    Module              Need Have    
    ------------------- ---- --------
    ExtUtils::MakeMaker 0    6.57_05 


------------------------------
ENVIRONMENT AND OTHER CONTEXT
------------------------------

Environment variables:

    AUTOMATED_TESTING = 1
    LANG = C
    LC_ALL = C
    PATH = /home/test/bin:/home/test/perl5/perlbrew/bin:/home/test/perl5/perlbrew/perls/perl-5.15.0/bin:~/bin:/usr/bin:/bin
    PATH_WITHOUT_PERLBREW = ~/bin:/usr/bin:/bin
    PERL5LIB = /home/test/.cpan/build/Parse-RecDescent-1.965001-tvDx1W/blib/arch:/home/test/.cpan/build/Parse-RecDescent-1.965001-tvDx1W/blib/lib
    PERL5OPT = 
    PERL5_CPANPLUS_IS_RUNNING = 24955
    PERL5_CPAN_IS_RUNNING = 24955
    PERL5_CPAN_IS_RUNNING_IN_RECURSION = 22629,24955
    PERLBREW_HOME = /home/test/.perlbrew
    PERLBREW_PATH = /home/test/perl5/perlbrew/bin:/home/test/perl5/perlbrew/perls/perl-5.15.0/bin
    PERLBREW_PERL = perl-5.15.0
    PERLBREW_ROOT = /home/test/perl5/perlbrew
    PERLBREW_VERSION = 0.25
    PERL_CR_SMOKER_CURRENT = Genezzo-0.72
    PERL_EXTUTILS_AUTOINSTALL = --defaultdeps
    PERL_MM_USE_DEFAULT = 1
    SHELL = /bin/bash
    TERM = linux

Perl special variables (and OS-specific diagnostics, for MSWin32):

    $^X = /home/test/perl5/perlbrew/perls/perl-5.15.0/bin/perl5.15.0
    $UID/$EUID = 1001 / 1001
    $GID = 1001 1001
    $EGID = 1001 1001

Perl module toolchain versions installed:

    Module              Have    
    ------------------- --------
    CPAN                1.9600  
    Cwd                 3.36    
    ExtUtils::CBuilder  0.280204
    ExtUtils::Command   1.17    
    ExtUtils::Install   1.56    
    ExtUtils::MakeMaker 6.57_05 
    ExtUtils::Manifest  1.58    
    ExtUtils::ParseXS   2.2210  
    File::Spec          3.33    
    Module::Build       0.3800  
    Module::Signature   n/a     
    Test::Harness       3.23    
    Test::More          0.98    
    YAML                0.73    
    YAML::Syck          n/a     
    version             0.91    


--

Summary of my perl5 (revision 5 version 15 subversion 0) configuration:
   
  Platform:
    osname=linux, osvers=2.6.35-28-generic, archname=x86_64-linux-thread-multi-ld
    uname='linux zippy 2.6.35-28-generic #50-ubuntu smp fri mar 18 18:42:20 utc 2011 x86_64 gnulinux '
    config_args='-de -Dprefix=/home/test/perl5/perlbrew/perls/perl-5.15.0 -Duselongdouble -Duse64bitall -Dusethreads -Dusedevel'
    hint=recommended, useposix=true, d_sigaction=define
    useithreads=define, usemultiplicity=define
    useperlio=define, d_sfio=undef, uselargefiles=define, usesocks=undef
    use64bitint=define, use64bitall=define, uselongdouble=define
    usemymalloc=n, bincompat5005=undef
  Compiler:
    cc='cc', ccflags ='-D_REENTRANT -D_GNU_SOURCE -fno-strict-aliasing -pipe -fstack-protector -I/usr/local/include -D_LARGEFILE_SOURCE -D_FILE_OFFSET_BITS=64',
    optimize='-O2',
    cppflags='-D_REENTRANT -D_GNU_SOURCE -fno-strict-aliasing -pipe -fstack-protector -I/usr/local/include'
    ccversion='', gccversion='4.4.5', gccosandvers=''
    intsize=4, longsize=8, ptrsize=8, doublesize=8, byteorder=12345678
    d_longlong=define, longlongsize=8, d_longdbl=define, longdblsize=16
    ivtype='long', ivsize=8, nvtype='long double', nvsize=16, Off_t='off_t', lseeksize=8
    alignbytes=16, prototype=define
  Linker and Libraries:
    ld='cc', ldflags =' -fstack-protector -L/usr/local/lib'
    libpth=/usr/local/lib /lib/../lib /usr/lib/../lib /lib /usr/lib /usr/lib/x86_64-linux-gnu /lib64 /usr/lib64
    libs=-lnsl -ldl -lm -lcrypt -lutil -lpthread -lc
    perllibs=-lnsl -ldl -lm -lcrypt -lutil -lpthread -lc
    libc=/lib/libc-2.12.1.so, so=so, useshrplib=false, libperl=libperl.a
    gnulibc_version='2.12.1'
  Dynamic Linking:
    dlsrc=dl_dlopen.xs, dlext=so, d_dlsymun=undef, ccdlflags='-Wl,-E'
    cccdlflags='-fPIC', lddlflags='-shared -O2 -L/usr/local/lib -fstack-protector'


Characteristics of this binary (from libperl): 
  Compile-time options: MULTIPLICITY PERL_DONT_CREATE_GVSV
                        PERL_IMPLICIT_CONTEXT PERL_MALLOC_WRAP
                        PERL_PRESERVE_IVUV PERL_USE_DEVEL USE_64_BIT_ALL
                        USE_64_BIT_INT USE_ITHREADS USE_LARGE_FILES
                        USE_LOCALE USE_LOCALE_COLLATE USE_LOCALE_CTYPE
                        USE_LOCALE_NUMERIC USE_LONG_DOUBLE USE_PERLIO
                        USE_PERL_ATOF USE_REENTRANT_API
  Built under linux
  Compiled at Jun 24 2011 00:28:50
  %ENV:
    PERL5LIB="/home/test/.cpan/build/Parse-RecDescent-1.965001-tvDx1W/blib/arch:/home/test/.cpan/build/Parse-RecDescent-1.965001-tvDx1W/blib/lib"
    PERL5OPT=""
    PERL5_CPANPLUS_IS_RUNNING="24955"
    PERL5_CPAN_IS_RUNNING="24955"
    PERL5_CPAN_IS_RUNNING_IN_RECURSION="22629,24955"
    PERLBREW_HOME="/home/test/.perlbrew"
    PERLBREW_PATH="/home/test/perl5/perlbrew/bin:/home/test/perl5/perlbrew/perls/perl-5.15.0/bin"
    PERLBREW_PERL="perl-5.15.0"
    PERLBREW_ROOT="/home/test/perl5/perlbrew"
    PERLBREW_VERSION="0.25"
    PERL_CR_SMOKER_CURRENT="Genezzo-0.72"
    PERL_EXTUTILS_AUTOINSTALL="--defaultdeps"
    PERL_MM_USE_DEFAULT="1"
  @INC:
    /home/test/.cpan/build/Parse-RecDescent-1.965001-tvDx1W/blib/arch
    /home/test/.cpan/build/Parse-RecDescent-1.965001-tvDx1W/blib/lib
    /home/test/perl5/perlbrew/perls/perl-5.15.0/lib/site_perl/5.15.0/x86_64-linux-thread-multi-ld
    /home/test/perl5/perlbrew/perls/perl-5.15.0/lib/site_perl/5.15.0
    /home/test/perl5/perlbrew/perls/perl-5.15.0/lib/5.15.0/x86_64-linux-thread-multi-ld
    /home/test/perl5/perlbrew/perls/perl-5.15.0/lib/5.15.0
    .