KiokuDB v0.57 Perl 5 v5.14.4 x86_64-linux
- Status
- Fail
- From
- Slaven Rezić (SREZIC)
- Dist
-
KiokuDB v0.57
- Platform
- Perl 5 v5.14.4 x86_64-linux
- Date
- 2017-08-23 02:03:26
- ID
- 403410d6-87a7-11e7-83b2-85a3f3872dde
This distribution has been tested as part of the CPAN Testers
project, supporting the Perl programming language. See
http://wiki.cpantesters.org/ for more information or email
questions to cpan-testers-discuss@perl.org
--
Dear Jesse Luehrs,
This is a computer-generated report for KiokuDB-0.57
on perl 5.14.4, created by CPAN-Reporter-1.2018.
Thank you for uploading your work to CPAN. However, there was a problem
testing your distribution.
If you think this report is invalid, please consult the CPAN Testers Wiki
for suggestions on how to avoid getting FAIL reports for missing library
or binary dependencies, unsupported operating systems, and so on:
http://wiki.cpantesters.org/wiki/CPANAuthorNotes
Sections of this report:
* Tester comments
* Program output
* Prerequisites
* Environment and other context
------------------------------
TESTER COMMENTS
------------------------------
Additional comments from tester:
none provided
------------------------------
PROGRAM OUTPUT
------------------------------
Output from '/usr/bin/make test':
PERL_DL_NONLAZY=1 "/bbbike/perl-5.14.4/bin/perl5.14.4" "-MExtUtils::Command::MM" "-MTest::Harness" "-e" "undef *Test::Harness::Switches; test_harness(0, 'blib/lib', 'blib/arch')" t/*.t
t/00-compile.t ................. ok
t/coderefs.t ................... ok
t/collapser.t .................. ok
t/digest.t ..................... ok
t/directory.t .................. ok
t/entry.t ...................... ok
t/gc_naive.t ................... ok
# Failed test 'no error in fixture'
# at /tmpfs/.cpan-build-cpansand/2017082300/KiokuDB-0.57-5/blib/lib/KiokuDB/Test.pm line 38.
# died: Transaction aborted: Can't store REGEXP items at /opt/perl-5.14.4/lib/site_perl/5.14.4/x86_64-linux/Storable.pm line 341, at /tmpfs/.cpan-build-cpansand/2017082300/KiokuDB-0.57-5/blib/lib/KiokuDB/Backend/Serialize/Storable.pm line 23.
# , rollback failed: no open transaction at /tmpfs/.cpan-build-cpansand/2017082300/KiokuDB-0.57-5/blib/lib/KiokuDB/Backend/Role/TXN.pm line 46.
# at /tmpfs/.cpan-build-cpansand/2017082300/KiokuDB-0.57-5/blib/lib/KiokuDB/Backend/Role/TXN.pm line 50.
# Looks like you failed 1 test of 601.
t/gin.t ........................
Dubious, test returned 1 (wstat 256, 0x100)
Failed 1/601 subtests
(less 2 skipped subtests: 598 okay)
# Failed test 'no error in fixture'
# at /tmpfs/.cpan-build-cpansand/2017082300/KiokuDB-0.57-5/blib/lib/KiokuDB/Test.pm line 38.
# died: Transaction aborted: Can't store REGEXP items at /tmpfs/.cpan-build-cpansand/2017082300/KiokuDB-0.57-5/blib/lib/KiokuDB/Backend/Serialize/Memory.pm line 22.
# , rollback failed: no open transaction at /tmpfs/.cpan-build-cpansand/2017082300/KiokuDB-0.57-5/blib/lib/KiokuDB/Backend/Role/TXN.pm line 46.
# at /tmpfs/.cpan-build-cpansand/2017082300/KiokuDB-0.57-5/blib/lib/KiokuDB/Backend/Role/TXN.pm line 50.
# Failed test 'no error in fixture'
# at /tmpfs/.cpan-build-cpansand/2017082300/KiokuDB-0.57-5/blib/lib/KiokuDB/Test.pm line 38.
# died: Transaction aborted: Can't store REGEXP items at /tmpfs/.cpan-build-cpansand/2017082300/KiokuDB-0.57-5/blib/lib/KiokuDB/Backend/Serialize/Memory.pm line 22.
# , rollback failed: no open transaction at /tmpfs/.cpan-build-cpansand/2017082300/KiokuDB-0.57-5/blib/lib/KiokuDB/Backend/Role/TXN.pm line 46.
# at /tmpfs/.cpan-build-cpansand/2017082300/KiokuDB-0.57-5/blib/lib/KiokuDB/Backend/Role/TXN.pm line 50.
# Failed test 'no error in fixture'
# at /tmpfs/.cpan-build-cpansand/2017082300/KiokuDB-0.57-5/blib/lib/KiokuDB/Test.pm line 38.
# died: Transaction aborted: Can't store REGEXP items at /tmpfs/.cpan-build-cpansand/2017082300/KiokuDB-0.57-5/blib/lib/KiokuDB/Backend/Serialize/Memory.pm line 22.
# , rollback failed: no open transaction at /tmpfs/.cpan-build-cpansand/2017082300/KiokuDB-0.57-5/blib/lib/KiokuDB/Backend/Role/TXN.pm line 46.
# at /tmpfs/.cpan-build-cpansand/2017082300/KiokuDB-0.57-5/blib/lib/KiokuDB/Backend/Role/TXN.pm line 50.
# Failed test 'no error in fixture'
# at /tmpfs/.cpan-build-cpansand/2017082300/KiokuDB-0.57-5/blib/lib/KiokuDB/Test.pm line 38.
# died: Transaction aborted: Can't store REGEXP items at /tmpfs/.cpan-build-cpansand/2017082300/KiokuDB-0.57-5/blib/lib/KiokuDB/Backend/Serialize/Memory.pm line 22.
# , rollback failed: no open transaction at /tmpfs/.cpan-build-cpansand/2017082300/KiokuDB-0.57-5/blib/lib/KiokuDB/Backend/Role/TXN.pm line 46.
# at /tmpfs/.cpan-build-cpansand/2017082300/KiokuDB-0.57-5/blib/lib/KiokuDB/Backend/Role/TXN.pm line 50.
# Failed test 'no error in fixture'
# at /tmpfs/.cpan-build-cpansand/2017082300/KiokuDB-0.57-5/blib/lib/KiokuDB/Test.pm line 38.
# died: Transaction aborted: Can't store REGEXP items at /tmpfs/.cpan-build-cpansand/2017082300/KiokuDB-0.57-5/blib/lib/KiokuDB/Backend/Serialize/Memory.pm line 22.
# , rollback failed: no open transaction at /tmpfs/.cpan-build-cpansand/2017082300/KiokuDB-0.57-5/blib/lib/KiokuDB/Backend/Role/TXN.pm line 46.
# at /tmpfs/.cpan-build-cpansand/2017082300/KiokuDB-0.57-5/blib/lib/KiokuDB/Backend/Role/TXN.pm line 50.
# Failed test 'no error in fixture'
# at /tmpfs/.cpan-build-cpansand/2017082300/KiokuDB-0.57-5/blib/lib/KiokuDB/Test.pm line 38.
# died: Transaction aborted: Can't store REGEXP items at /tmpfs/.cpan-build-cpansand/2017082300/KiokuDB-0.57-5/blib/lib/KiokuDB/Backend/Serialize/Memory.pm line 22.
# , rollback failed: no open transaction at /tmpfs/.cpan-build-cpansand/2017082300/KiokuDB-0.57-5/blib/lib/KiokuDB/Backend/Role/TXN.pm line 46.
# at /tmpfs/.cpan-build-cpansand/2017082300/KiokuDB-0.57-5/blib/lib/KiokuDB/Backend/Role/TXN.pm line 50.
# Failed test 'no error in fixture'
# at /tmpfs/.cpan-build-cpansand/2017082300/KiokuDB-0.57-5/blib/lib/KiokuDB/Test.pm line 38.
# died: Transaction aborted: Can't store REGEXP items at /tmpfs/.cpan-build-cpansand/2017082300/KiokuDB-0.57-5/blib/lib/KiokuDB/Backend/Serialize/Memory.pm line 22.
# , rollback failed: no open transaction at /tmpfs/.cpan-build-cpansand/2017082300/KiokuDB-0.57-5/blib/lib/KiokuDB/Backend/Role/TXN.pm line 46.
# at /tmpfs/.cpan-build-cpansand/2017082300/KiokuDB-0.57-5/blib/lib/KiokuDB/Backend/Role/TXN.pm line 50.
# Failed test 'no error in fixture'
# at /tmpfs/.cpan-build-cpansand/2017082300/KiokuDB-0.57-5/blib/lib/KiokuDB/Test.pm line 38.
# died: Transaction aborted: Can't store REGEXP items at /tmpfs/.cpan-build-cpansand/2017082300/KiokuDB-0.57-5/blib/lib/KiokuDB/Backend/Serialize/Memory.pm line 22.
# , rollback failed: no open transaction at /tmpfs/.cpan-build-cpansand/2017082300/KiokuDB-0.57-5/blib/lib/KiokuDB/Backend/Role/TXN.pm line 46.
# at /tmpfs/.cpan-build-cpansand/2017082300/KiokuDB-0.57-5/blib/lib/KiokuDB/Backend/Role/TXN.pm line 50.
# Failed test 'no error in fixture'
# at /tmpfs/.cpan-build-cpansand/2017082300/KiokuDB-0.57-5/blib/lib/KiokuDB/Test.pm line 38.
# died: Transaction aborted: Can't store REGEXP items at /opt/perl-5.14.4/lib/site_perl/5.14.4/x86_64-linux/Storable.pm line 341, at /tmpfs/.cpan-build-cpansand/2017082300/KiokuDB-0.57-5/blib/lib/KiokuDB/Backend/Serialize/Storable.pm line 23.
# , rollback failed: no open transaction at /tmpfs/.cpan-build-cpansand/2017082300/KiokuDB-0.57-5/blib/lib/KiokuDB/Backend/Role/TXN.pm line 46.
# at /tmpfs/.cpan-build-cpansand/2017082300/KiokuDB-0.57-5/blib/lib/KiokuDB/Backend/Role/TXN.pm line 50.
# Failed test 'no error in fixture'
# at /tmpfs/.cpan-build-cpansand/2017082300/KiokuDB-0.57-5/blib/lib/KiokuDB/Test.pm line 38.
# died: Transaction aborted: Can't store REGEXP items at /opt/perl-5.14.4/lib/site_perl/5.14.4/x86_64-linux/Storable.pm line 341, at /tmpfs/.cpan-build-cpansand/2017082300/KiokuDB-0.57-5/blib/lib/KiokuDB/Backend/Serialize/Storable.pm line 23.
# , rollback failed: no open transaction at /tmpfs/.cpan-build-cpansand/2017082300/KiokuDB-0.57-5/blib/lib/KiokuDB/Backend/Role/TXN.pm line 46.
# at /tmpfs/.cpan-build-cpansand/2017082300/KiokuDB-0.57-5/blib/lib/KiokuDB/Backend/Role/TXN.pm line 50.
# Failed test 'no error in fixture'
# at /tmpfs/.cpan-build-cpansand/2017082300/KiokuDB-0.57-5/blib/lib/KiokuDB/Test.pm line 38.
# died: Transaction aborted: Can't store REGEXP items at /opt/perl-5.14.4/lib/site_perl/5.14.4/x86_64-linux/Storable.pm line 341, at /tmpfs/.cpan-build-cpansand/2017082300/KiokuDB-0.57-5/blib/lib/KiokuDB/Backend/Serialize/Storable.pm line 23.
# , rollback failed: no open transaction at /tmpfs/.cpan-build-cpansand/2017082300/KiokuDB-0.57-5/blib/lib/KiokuDB/Backend/Role/TXN.pm line 46.
# at /tmpfs/.cpan-build-cpansand/2017082300/KiokuDB-0.57-5/blib/lib/KiokuDB/Backend/Role/TXN.pm line 50.
# Failed test 'no error in fixture'
# at /tmpfs/.cpan-build-cpansand/2017082300/KiokuDB-0.57-5/blib/lib/KiokuDB/Test.pm line 38.
# died: Transaction aborted: Can't store REGEXP items at /opt/perl-5.14.4/lib/site_perl/5.14.4/x86_64-linux/Storable.pm line 341, at /tmpfs/.cpan-build-cpansand/2017082300/KiokuDB-0.57-5/blib/lib/KiokuDB/Backend/Serialize/Storable.pm line 23.
# , rollback failed: no open transaction at /tmpfs/.cpan-build-cpansand/2017082300/KiokuDB-0.57-5/blib/lib/KiokuDB/Backend/Role/TXN.pm line 46.
# at /tmpfs/.cpan-build-cpansand/2017082300/KiokuDB-0.57-5/blib/lib/KiokuDB/Backend/Role/TXN.pm line 50.
# Failed test 'no error in fixture'
# at /tmpfs/.cpan-build-cpansand/2017082300/KiokuDB-0.57-5/blib/lib/KiokuDB/Test.pm line 38.
# died: Transaction aborted: Can't store REGEXP items at /opt/perl-5.14.4/lib/site_perl/5.14.4/x86_64-linux/Storable.pm line 341, at /tmpfs/.cpan-build-cpansand/2017082300/KiokuDB-0.57-5/blib/lib/KiokuDB/Backend/Serialize/Storable.pm line 23.
# , rollback failed: no open transaction at /tmpfs/.cpan-build-cpansand/2017082300/KiokuDB-0.57-5/blib/lib/KiokuDB/Backend/Role/TXN.pm line 46.
# at /tmpfs/.cpan-build-cpansand/2017082300/KiokuDB-0.57-5/blib/lib/KiokuDB/Backend/Role/TXN.pm line 50.
# Failed test 'no error in fixture'
# at /tmpfs/.cpan-build-cpansand/2017082300/KiokuDB-0.57-5/blib/lib/KiokuDB/Test.pm line 38.
# died: Transaction aborted: Can't store REGEXP items at /opt/perl-5.14.4/lib/site_perl/5.14.4/x86_64-linux/Storable.pm line 341, at /tmpfs/.cpan-build-cpansand/2017082300/KiokuDB-0.57-5/blib/lib/KiokuDB/Backend/Serialize/Storable.pm line 23.
# , rollback failed: no open transaction at /tmpfs/.cpan-build-cpansand/2017082300/KiokuDB-0.57-5/blib/lib/KiokuDB/Backend/Role/TXN.pm line 46.
# at /tmpfs/.cpan-build-cpansand/2017082300/KiokuDB-0.57-5/blib/lib/KiokuDB/Backend/Role/TXN.pm line 50.
# Failed test 'no error in fixture'
# at /tmpfs/.cpan-build-cpansand/2017082300/KiokuDB-0.57-5/blib/lib/KiokuDB/Test.pm line 38.
# died: Transaction aborted: Can't store REGEXP items at /opt/perl-5.14.4/lib/site_perl/5.14.4/x86_64-linux/Storable.pm line 341, at /tmpfs/.cpan-build-cpansand/2017082300/KiokuDB-0.57-5/blib/lib/KiokuDB/Backend/Serialize/Storable.pm line 23.
# , rollback failed: no open transaction at /tmpfs/.cpan-build-cpansand/2017082300/KiokuDB-0.57-5/blib/lib/KiokuDB/Backend/Role/TXN.pm line 46.
# at /tmpfs/.cpan-build-cpansand/2017082300/KiokuDB-0.57-5/blib/lib/KiokuDB/Backend/Role/TXN.pm line 50.
# Failed test 'no error in fixture'
# at /tmpfs/.cpan-build-cpansand/2017082300/KiokuDB-0.57-5/blib/lib/KiokuDB/Test.pm line 38.
# died: Transaction aborted: Can't store REGEXP items at /opt/perl-5.14.4/lib/site_perl/5.14.4/x86_64-linux/Storable.pm line 341, at /tmpfs/.cpan-build-cpansand/2017082300/KiokuDB-0.57-5/blib/lib/KiokuDB/Backend/Serialize/Storable.pm line 23.
# , rollback failed: no open transaction at /tmpfs/.cpan-build-cpansand/2017082300/KiokuDB-0.57-5/blib/lib/KiokuDB/Backend/Role/TXN.pm line 46.
# at /tmpfs/.cpan-build-cpansand/2017082300/KiokuDB-0.57-5/blib/lib/KiokuDB/Backend/Role/TXN.pm line 50.
# Looks like you failed 16 tests of 19704.
t/hash.t .......................
Dubious, test returned 16 (wstat 4096, 0x1000)
Failed 16/19704 subtests
(less 120 skipped subtests: 19568 okay)
t/hash_backend.t ............... ok
t/jspon_serialization.t ........ ok
t/kiokudb_class_native.t ....... ok
t/lazy.t ....................... ok
t/link_checker.t ............... ok
t/link_checker_real.t .......... ok
t/live_objs.t .................. ok
t/moose_triggers.t ............. ok
t/ref.t ........................ ok
t/scaling.t .................... ok
t/serializer.t ................. ok
t/stream.t ..................... ok
t/tied.t ....................... ok
t/typemap.t .................... ok
t/typemap_default_json.t ....... ok
t/typemap_default_storable.t ... ok
t/typemap_entry_callback.t ..... ok
t/typemap_entry_mop.t .......... ok
t/typemap_entry_naive.t ........ ok
t/typemap_entry_passthrough.t .. ok
t/typemap_entry_storable.t ..... ok
t/typemap_extra.t .............. ok
t/typemap_resolver.t ........... ok
t/typemap_values.t ............. ok
t/uuid.t ....................... ok
t/versioning.t ................. ok
Test Summary Report
-------------------
t/gin.t (Wstat: 256 Tests: 601 Failed: 1)
Failed test: 375
Non-zero exit status: 1
t/hash.t (Wstat: 4096 Tests: 19704 Failed: 16)
Failed tests: 351, 924, 1501, 2074, 2662, 3236, 3814
4388, 4955, 5528, 6105, 6678, 7266, 7840
8418, 8992
Non-zero exit status: 16
Files=35, Tests=22287, 381 wallclock secs ( 0.84 usr 0.33 sys + 66.76 cusr 6.25 csys = 74.18 CPU)
Result: FAIL
Failed 2/35 test programs. 17/22287 subtests failed.
Makefile:1584: recipe for target 'test_dynamic' failed
make: *** [test_dynamic] Error 255
------------------------------
PREREQUISITES
------------------------------
Prerequisite modules loaded:
requires:
Module Need Have
---------------------------------------------- ------ --------
B 0 1.29
B::Deparse 0 1.04
Cache::Ref 0.02 0.04
Carp 0 1.38
Class::Load 0 0.24
constant 0 1.33
Data::Stream::Bulk 0.08 0.11
Data::Stream::Bulk::Util 0 0.11
Data::Swap 0 0.08
Data::UUID 1.203 1.221
Data::Visitor 0.24 0.30
Digest::SHA 0 5.96
Encode 0 2.90
Hash::Util::FieldHash::Compat 0 0.10
IO::Handle 0 1.31
JSON 2.12 2.94
JSON::XS 2.231 3.03
List::Util 0 1.48
Module::Pluggable::Object 0 5.2
Moose 2.0000 2.2006
Moose::Exporter 0 2.2006
Moose::Role 0 2.2006
Moose::Util 0 2.2006
Moose::Util::MetaRole 0 2.2006
Moose::Util::TypeConstraints 0 2.2006
MooseX::Clone 0.04 0.06
MooseX::Clone::Meta::Attribute::Trait::NoClone 0 0.06
MooseX::Role::Parameterized 0.10 1.10
MooseX::YAML 0.04 0.04
namespace::clean 0.08 0.27
overload 0 1.13
PadWalker 1.9 2.2
Path::Class 0 0.37
POSIX 0 1.24
Scalar::Util 0 1.48
Scope::Guard 0 0.21
Search::GIN::Driver 0 0.11
Search::GIN::Extract 0 0.11
Search::GIN::Query::Class 0.03 0.11
Set::Object 1.26 1.35
Storable 0 2.51
strict 0 1.04
Sub::Exporter 0 0.987
Symbol 0 1.07
Test::Exception 0 0.43
Test::Moose 0 2.2006
Test::More 0.88 1.302085
Throwable 0 0.200013
Tie::RefHash 0 1.39
Tie::ToObject 0 0.03
Try::Tiny 0 0.28
utf8 0 1.09
warnings 0 1.12
YAML::XS 0.30 0.65
build_requires:
Module Need Have
---------------------------------------------- ------ --------
base 0 2.23
Cache::Ref::CART 0 0.04
Cache::Ref::CLOCK 0 0.04
Data::Dumper 0 2.161
Data::Stream::Bulk::Callback 0 0.11
File::Spec 0 3.62
if 0 0.0601
IO::Handle 0 1.31
IPC::Open3 0 1.0901
Search::GIN::Driver::Hash 0 0.11
Search::GIN::Extract::Class 0 0.11
Search::GIN::Extract::Delegate 0 0.11
Test::More 0.88 1.302085
configure_requires:
Module Need Have
---------------------------------------------- ------ --------
ExtUtils::MakeMaker 6.30 7.24
------------------------------
ENVIRONMENT AND OTHER CONTEXT
------------------------------
Environment variables:
LANG = C
LC_ALL = de_DE.UTF-8
PATH = /usr/local/bin:/usr/bin:/bin:/usr/local/sbin:/usr/sbin:/sbin:/home/cpansand/bin/linux-gnu:/home/cpansand/bin/sh:/home/cpansand/bin:/usr/games:/home/cpansand/devel:/home/eserte/src/srezic-misc/scripts
PERL5LIB = /home/cpansand/.cpan/build/2017082300/Search-GIN-0.11-4/blib/arch:/home/cpansand/.cpan/build/2017082300/Search-GIN-0.11-4/blib/lib:/home/cpansand/.cpan/build/2017082300/MooseX-Types-Set-Object-0.05-4/blib/arch:/home/cpansand/.cpan/build/2017082300/MooseX-Types-Set-Object-0.05-4/blib/lib:/home/cpansand/.cpan/build/2017082300/MooseX-YAML-0.04-4/blib/arch:/home/cpansand/.cpan/build/2017082300/MooseX-YAML-0.04-4/blib/lib:/home/cpansand/.cpan/build/2017082300/MooseX-Blessed-Reconstruct-1.00-4/blib/arch:/home/cpansand/.cpan/build/2017082300/MooseX-Blessed-Reconstruct-1.00-4/blib/lib:/home/cpansand/.cpan/build/2017082300/Data-Swap-0.08-2/blib/arch:/home/cpansand/.cpan/build/2017082300/Data-Swap-0.08-2/blib/lib:/home/cpansand/.cpan/build/2017082300/Cache-Ref-0.04-4/blib/arch:/home/cpansand/.cpan/build/2017082300/Cache-Ref-0.04-4/blib/lib
PERL5OPT =
PERL5_CPANPLUS_IS_RUNNING = 28086
PERL5_CPAN_IS_RUNNING = 28086
PERL5_CPAN_IS_RUNNING_IN_RECURSION = 28021,28086
PERLDOC = -MPod::Perldoc::ToTextOverstrike
PERL_BATCH = yes
PERL_CANARY_STABILITY_NOPROMPT = 1
PERL_CPAN_REPORTER_CONFIG = /var/tmp/cpansmoker-1023/2017082300/cpanreporter_000_config.ini
PERL_EXTUTILS_AUTOINSTALL = --defaultdeps
PERL_PARALLEL_SMOKER = yes
PERL_USE_UNSAFE_INC = 1
SHELL = /bin/zsh
TERM = screen
TMPDIR = /var/tmp/cpansmoker-1023/2017082300
Perl special variables (and OS-specific diagnostics, for MSWin32):
$^X = /bbbike/perl-5.14.4/bin/perl5.14.4
$UID/$EUID = 1023 / 1023
$GID = 1023 1023
$EGID = 1023 1023
Perl module toolchain versions installed:
Module Have
------------------- --------
CPAN 2.16
CPAN::Meta 2.150010
Cwd 3.62
ExtUtils::CBuilder 0.280226
ExtUtils::Command 7.24
ExtUtils::Install 2.14
ExtUtils::MakeMaker 7.24
ExtUtils::Manifest 1.70
ExtUtils::ParseXS 3.30
File::Spec 3.62
JSON 2.94
JSON::PP 2.27400
Module::Build 0.4220
Module::Signature 0.80
Parse::CPAN::Meta 2.150010
Test::Harness 3.38
Test::More 1.302085
YAML 1.20
YAML::Syck 1.29
version 0.9916
--
Summary of my perl5 (revision 5 version 14 subversion 4) configuration:
Platform:
osname=linux, osvers=3.16.0-4-amd64, archname=x86_64-linux
uname='linux eserte 3.16.0-4-amd64 #1 smp debian 3.16.7-ckt25-2 (2016-04-08) x86_64 gnulinux '
config_args='-ds -e -Dprefix=/opt/perl-5.14.4 -Dcf_email=srezic@cpan.org'
hint=recommended, useposix=true, d_sigaction=define
useithreads=undef, usemultiplicity=undef
useperlio=define, d_sfio=undef, uselargefiles=define, usesocks=undef
use64bitint=define, use64bitall=define, uselongdouble=undef
usemymalloc=n, bincompat5005=undef
Compiler:
cc='cc', ccflags ='-fno-strict-aliasing -pipe -fstack-protector -I/usr/local/include -D_LARGEFILE_SOURCE -D_FILE_OFFSET_BITS=64',
optimize='-O2',
cppflags='-fno-strict-aliasing -pipe -fstack-protector -I/usr/local/include'
ccversion='', gccversion='4.9.2', gccosandvers=''
intsize=4, longsize=8, ptrsize=8, doublesize=8, byteorder=12345678
d_longlong=define, longlongsize=8, d_longdbl=define, longdblsize=16
ivtype='long', ivsize=8, nvtype='double', nvsize=8, Off_t='off_t', lseeksize=8
alignbytes=8, prototype=define
Linker and Libraries:
ld='cc', ldflags =' -fstack-protector -L/usr/local/lib'
libpth=/usr/local/lib /lib/x86_64-linux-gnu /lib/../lib /usr/lib/x86_64-linux-gnu /usr/lib/../lib /lib /usr/lib
libs=-lnsl -lgdbm -ldb -ldl -lm -lcrypt -lutil -lc -lgdbm_compat
perllibs=-lnsl -ldl -lm -lcrypt -lutil -lc
libc=libc-2.19.so, so=so, useshrplib=false, libperl=libperl.a
gnulibc_version='2.19'
Dynamic Linking:
dlsrc=dl_dlopen.xs, dlext=so, d_dlsymun=undef, ccdlflags='-Wl,-E'
cccdlflags='-fPIC', lddlflags='-shared -O2 -L/usr/local/lib -fstack-protector'
Characteristics of this binary (from libperl):
Compile-time options: PERL_DONT_CREATE_GVSV PERL_MALLOC_WRAP
PERL_PRESERVE_IVUV USE_64_BIT_ALL USE_64_BIT_INT
USE_LARGE_FILES USE_PERLIO USE_PERL_ATOF
Locally applied patches:
Devel::PatchPerl 1.42
Built under linux
Compiled at May 7 2016 10:35:43
%ENV:
PERL5LIB="/home/cpansand/.cpan/build/2017082300/Search-GIN-0.11-4/blib/arch:/home/cpansand/.cpan/build/2017082300/Search-GIN-0.11-4/blib/lib:/home/cpansand/.cpan/build/2017082300/MooseX-Types-Set-Object-0.05-4/blib/arch:/home/cpansand/.cpan/build/2017082300/MooseX-Types-Set-Object-0.05-4/blib/lib:/home/cpansand/.cpan/build/2017082300/MooseX-YAML-0.04-4/blib/arch:/home/cpansand/.cpan/build/2017082300/MooseX-YAML-0.04-4/blib/lib:/home/cpansand/.cpan/build/2017082300/MooseX-Blessed-Reconstruct-1.00-4/blib/arch:/home/cpansand/.cpan/build/2017082300/MooseX-Blessed-Reconstruct-1.00-4/blib/lib:/home/cpansand/.cpan/build/2017082300/Data-Swap-0.08-2/blib/arch:/home/cpansand/.cpan/build/2017082300/Data-Swap-0.08-2/blib/lib:/home/cpansand/.cpan/build/2017082300/Cache-Ref-0.04-4/blib/arch:/home/cpansand/.cpan/build/2017082300/Cache-Ref-0.04-4/blib/lib"
PERL5OPT=""
PERL5_CPANPLUS_IS_RUNNING="28086"
PERL5_CPAN_IS_RUNNING="28086"
PERL5_CPAN_IS_RUNNING_IN_RECURSION="28021,28086"
PERLDOC="-MPod::Perldoc::ToTextOverstrike"
PERL_BATCH="yes"
PERL_CANARY_STABILITY_NOPROMPT="1"
PERL_CPAN_REPORTER_CONFIG="/var/tmp/cpansmoker-1023/2017082300/cpanreporter_000_config.ini"
PERL_EXTUTILS_AUTOINSTALL="--defaultdeps"
PERL_PARALLEL_SMOKER="yes"
PERL_USE_UNSAFE_INC="1"
@INC:
/home/cpansand/.cpan/build/2017082300/Search-GIN-0.11-4/blib/arch
/home/cpansand/.cpan/build/2017082300/Search-GIN-0.11-4/blib/lib
/home/cpansand/.cpan/build/2017082300/MooseX-Types-Set-Object-0.05-4/blib/arch
/home/cpansand/.cpan/build/2017082300/MooseX-Types-Set-Object-0.05-4/blib/lib
/home/cpansand/.cpan/build/2017082300/MooseX-YAML-0.04-4/blib/arch
/home/cpansand/.cpan/build/2017082300/MooseX-YAML-0.04-4/blib/lib
/home/cpansand/.cpan/build/2017082300/MooseX-Blessed-Reconstruct-1.00-4/blib/arch
/home/cpansand/.cpan/build/2017082300/MooseX-Blessed-Reconstruct-1.00-4/blib/lib
/home/cpansand/.cpan/build/2017082300/Data-Swap-0.08-2/blib/arch
/home/cpansand/.cpan/build/2017082300/Data-Swap-0.08-2/blib/lib
/home/cpansand/.cpan/build/2017082300/Cache-Ref-0.04-4/blib/arch
/home/cpansand/.cpan/build/2017082300/Cache-Ref-0.04-4/blib/lib
/opt/perl-5.14.4/lib/site_perl/5.14.4/x86_64-linux
/opt/perl-5.14.4/lib/site_perl/5.14.4
/opt/perl-5.14.4/lib/5.14.4/x86_64-linux
/opt/perl-5.14.4/lib/5.14.4
.