Report for Text-Hatena-0.20

Back
From: metabase:user:322078bc-2aae-11df-837a-5e0a49663a4f
Subject: FAIL Text-Hatena-0.20 v5.8.9 GNU/Linux
Date: 2011-06-15T21:27:15Z

This distribution has been tested as part of the CPAN Testers
project, supporting the Perl programming language.  See
http://wiki.cpantesters.org/ for more information or email
questions to cpan-testers-discuss@perl.org


--

Dear JKONDO,

This is a computer-generated error report created automatically by
CPANPLUS, version 0.9105. Testers personal comments may appear
at the end of this report.


Thank you for uploading your work to CPAN.  However, it appears that
there were some problems testing your distribution.

TEST RESULTS:

Below is the error stack from stage 'make test':

[MSG] [Wed Jun 15 22:26:02 2011] cp lib/Text/Hatena.pm blib/lib/Text/Hatena.pm
cp lib/Text/Hatena/AutoLink.pm blib/lib/Text/Hatena/AutoLink.pm
Manifying blib/man3/Text::Hatena::AutoLink.3
Manifying blib/man3/Text::Hatena.3

[ERROR] [Wed Jun 15 22:26:03 2011] MAKE TEST failed: PERL_DL_NONLAZY=1 /home/cpan/pit/bare/perl-5.8.9/bin/perl "-MExtUtils::Command::MM" "-e" "test_harness(0, 'blib/lib', 'blib/arch')" t/*.t

#   Failed test 'use Text::Hatena;'
#   at t/00_compile.t line 7.
#     Tried to use 'Text::Hatena'.
#     Error:  Base class package "Class::Data::Inheritable" is empty.
#     (Perhaps you need to 'use' the module which defines that package first,
#     or make that module available in @INC (@INC contains: lib /home/cpan/pit/bare/conf/perl-5.8.9/.cpanplus/5.8.9/build/Text-Hatena-0.20/blib/lib /home/cpan/pit/bare/conf/perl-5.8.9/.cpanplus/5.8.9/build/Text-Hatena-0.20/blib/arch /home/cpan/pit/bare/conf/perl-5.8.9/.cpanplus/5.8.9/build/Parse-RecDescent-1.965001/blib/lib /home/cpan/pit/bare/conf/perl-5.8.9/.cpanplus/5.8.9/build/Parse-RecDescent-1.965001/blib/arch /home/cpan/pit/bare/conf/perl-5.8.9/.cpanplus/5.8.9/build/Regexp-Assemble-0.35/blib/lib /home/cpan/pit/bare/conf/perl-5.8.9/.cpanplus/5.8.9/build/Regexp-Assemble-0.35/blib/arch /home/cpan/pit/bare/conf/perl-5.8.9/.cpanplus/5.8.9/build/Spiffy-0.30/blib/lib /home/cpan/pit/bare/conf/perl-5.8.9/.cpanplus/5.8.9/build/Spiffy-0.30/blib/arch /home/cpan/pit/bare/conf/perl-5.8.9/.cpanplus/5.8.9/build/Test-Base-0.60/blib/lib /home/cpan/pit/bare/conf/perl-5.8.9/.cpanplus/5.8.9/build/Test-Base-0.60/blib/arch /home/cpan/pit/bare/perl-5.8.9/lib/5.8.9/x86_64-linux /home/cpan/pit/bare/perl-5.8.9/lib/5.8.9 /home/cpan/pit/bare/perl-5.8.9/lib/site_perl/5.8.9/x86_64-linux /home/cpan/pit/bare/perl-5.8.9/lib/site_perl/5.8.9 .).
#  at lib/Text/Hatena.pm line 5
# BEGIN failed--compilation aborted at lib/Text/Hatena.pm line 5.
# Compilation failed in require at (eval 6) line 2.
# BEGIN failed--compilation aborted at (eval 6) line 2.
# Looks like you failed 1 test of 1.
t/00_compile.t .......... 
Dubious, test returned 1 (wstat 256, 0x100)
Failed 1/1 subtests 
Can't locate object method "mk_classdata" via package "Text::Hatena::AutoLink" at /home/cpan/pit/bare/conf/perl-5.8.9/.cpanplus/5.8.9/build/Text-Hatena-0.20/blib/lib/Text/Hatena/AutoLink.pm line 9.
Compilation failed in require at /home/cpan/pit/bare/conf/perl-5.8.9/.cpanplus/5.8.9/build/Text-Hatena-0.20/blib/lib/Text/Hatena.pm line 8.
BEGIN failed--compilation aborted at /home/cpan/pit/bare/conf/perl-5.8.9/.cpanplus/5.8.9/build/Text-Hatena-0.20/blib/lib/Text/Hatena.pm line 8.
Compilation failed in require at t/01_module.t line 5.
BEGIN failed--compilation aborted at t/01_module.t line 5.
t/01_module.t ........... 
Dubious, test returned 2 (wstat 512, 0x200)
No subtests run 
Can't locate object method "syntax" via package "MyParser" at t/lib/MyParser.pm line 6.
Compilation failed in require at t/02_module_extend.t line 6.
BEGIN failed--compilation aborted at t/02_module_extend.t line 6.
t/02_module_extend.t .... 
Dubious, test returned 2 (wstat 512, 0x200)
No subtests run 
Can't locate object method "mk_classdata" via package "Text::Hatena::AutoLink" at /home/cpan/pit/bare/conf/perl-5.8.9/.cpanplus/5.8.9/build/Text-Hatena-0.20/blib/lib/Text/Hatena/AutoLink.pm line 9.
Compilation failed in require at t/10_autolink.t line 4.
BEGIN failed--compilation aborted at t/10_autolink.t line 4.
t/10_autolink.t ......... 
Dubious, test returned 2 (wstat 512, 0x200)
No subtests run 
Can't locate object method "mk_classdata" via package "Text::Hatena::AutoLink" at /home/cpan/pit/bare/conf/perl-5.8.9/.cpanplus/5.8.9/build/Text-Hatena-0.20/blib/lib/Text/Hatena/AutoLink.pm line 9.
Compilation failed in require at t/11_autolink_extend.t line 4.
BEGIN failed--compilation aborted at t/11_autolink_extend.t line 4.
t/11_autolink_extend.t .. 
Dubious, test returned 2 (wstat 512, 0x200)
No subtests run 

Test Summary Report
-------------------
t/00_compile.t        (Wstat: 256 Tests: 1 Failed: 1)
  Failed test:  1
  Non-zero exit status: 1
t/01_module.t         (Wstat: 512 Tests: 0 Failed: 0)
  Non-zero exit status: 2
  Parse errors: No plan found in TAP output
t/02_module_extend.t  (Wstat: 512 Tests: 0 Failed: 0)
  Non-zero exit status: 2
  Parse errors: No plan found in TAP output
t/10_autolink.t       (Wstat: 512 Tests: 0 Failed: 0)
  Non-zero exit status: 2
  Parse errors: No plan found in TAP output
t/11_autolink_extend.t (Wstat: 512 Tests: 0 Failed: 0)
  Non-zero exit status: 2
  Parse errors: No plan found in TAP output
Files=5, Tests=1,  1 wallclock secs ( 0.02 usr  0.01 sys +  0.25 cusr  0.03 csys =  0.31 CPU)
Result: FAIL
Failed 5/5 test programs. 1/1 subtests failed.
make: *** [test_dynamic] Error 2

[MSG] [Wed Jun 15 22:26:03 2011] DEFAULT 'proceed_on_test_failure' HANDLER RETURNING 'sub return value'

PREREQUISITES:

Here is a list of prerequisites you specified and versions we
managed to load:

	  Module Name                        Have     Want
	  Parse::RecDescent              1.965001     1.94
	  Regexp::Assemble                   0.35     0.28
	  Test::Base                         0.60     0.53
	  Test::More                         0.98     0.32

Perl module toolchain versions installed:
	Module Name                        Have
	CPANPLUS                         0.9105
	CPANPLUS::Dist::Build              0.56
	Cwd                                3.33
	ExtUtils::CBuilder             0.280202
	ExtUtils::Command                  1.16
	ExtUtils::Install                  1.54
	ExtUtils::MakeMaker                6.56
	ExtUtils::Manifest                 1.58
	ExtUtils::ParseXS                2.2206
	File::Spec                         3.33
	Module::Build                    0.3800
	Test::Harness                      3.23
	Test::More                         0.98
	version                            0.88

******************************** NOTE ********************************
The comments above are created mechanically, possibly without manual
checking by the sender.  As there are many people performing automatic
tests on each upload to CPAN, it is likely that you will receive
identical messages about the same problem.

If you believe that the message is mistaken, please reply to the first
one with correction and/or additional informations, and do not take
it personally.  We appreciate your patience. :)
**********************************************************************

Additional comments:


This report was machine-generated by CPANPLUS::Dist::YACSmoke 0.62.
Powered by minismokebox version 0.48

------------------------------
ENVIRONMENT AND OTHER CONTEXT
------------------------------

Environment variables:

    AUTOMATED_TESTING = 1
    LANG = en_US
    LC_COLLATE = C
    PATH = /usr/local/bin:/usr/bin:/bin:/usr/games:/usr/lib64/java/bin:/usr/lib64/qt/bin:/usr/share/texmf/bin:.
    PERL5LIB = :/home/cpan/pit/bare/conf/perl-5.8.9/.cpanplus/5.8.9/build/Parse-RecDescent-1.965001/blib/lib:/home/cpan/pit/bare/conf/perl-5.8.9/.cpanplus/5.8.9/build/Parse-RecDescent-1.965001/blib/arch:/home/cpan/pit/bare/conf/perl-5.8.9/.cpanplus/5.8.9/build/Regexp-Assemble-0.35/blib/lib:/home/cpan/pit/bare/conf/perl-5.8.9/.cpanplus/5.8.9/build/Regexp-Assemble-0.35/blib/arch:/home/cpan/pit/bare/conf/perl-5.8.9/.cpanplus/5.8.9/build/Spiffy-0.30/blib/lib:/home/cpan/pit/bare/conf/perl-5.8.9/.cpanplus/5.8.9/build/Spiffy-0.30/blib/arch:/home/cpan/pit/bare/conf/perl-5.8.9/.cpanplus/5.8.9/build/Test-Base-0.60/blib/lib:/home/cpan/pit/bare/conf/perl-5.8.9/.cpanplus/5.8.9/build/Test-Base-0.60/blib/arch:/home/cpan/pit/bare/conf/perl-5.8.9/.cpanplus/5.8.9/build/Text-Hatena-0.20/blib/lib:/home/cpan/pit/bare/conf/perl-5.8.9/.cpanplus/5.8.9/build/Text-Hatena-0.20/blib/arch
    PERL5_CPANPLUS_IS_RUNNING = 21163
    PERL5_CPANPLUS_IS_VERSION = 0.9105
    PERL5_MINISMOKEBOX = 0.48
    PERL5_YACSMOKE_BASE = /home/cpan/pit/bare/conf/perl-5.8.9
    PERL_EXTUTILS_AUTOINSTALL = --defaultdeps
    PERL_MM_USE_DEFAULT = 1
    SHELL = /bin/bash
    TERM = screen

Perl special variables (and OS-specific diagnostics, for MSWin32):

    Perl: $^X = /home/cpan/pit/bare/perl-5.8.9/bin/perl
    UID:  $<  = 1001
    EUID: $>  = 1001
    GID:  $(  = 100 100
    EGID: $)  = 100 100


-------------------------------


--

Summary of my perl5 (revision 5 version 8 subversion 9) configuration:
  Platform:
    osname=linux, osvers=2.6.33.4, archname=x86_64-linux
    uname='linux slack64 2.6.33.4 #3 smp wed may 12 23:13:09 cdt 2010 x86_64 intel(r) xeon(r) cpu e5520 @ 2.27ghz genuineintel gnulinux '
    config_args='-des -Dprefix=/home/cpan/pit/bare/perl-5.8.9'
    hint=recommended, useposix=true, d_sigaction=define
    usethreads=undef use5005threads=undef useithreads=undef usemultiplicity=undef
    useperlio=define d_sfio=undef uselargefiles=define usesocks=undef
    use64bitint=define use64bitall=define uselongdouble=undef
    usemymalloc=n, bincompat5005=undef
  Compiler:
    cc='cc', ccflags ='-fno-strict-aliasing -pipe -I/usr/local/include -D_LARGEFILE_SOURCE -D_FILE_OFFSET_BITS=64',
    optimize='-O2',
    cppflags='-fno-strict-aliasing -pipe -I/usr/local/include'
    ccversion='', gccversion='4.4.4', gccosandvers=''
    intsize=4, longsize=8, ptrsize=8, doublesize=8, byteorder=12345678
    d_longlong=define, longlongsize=8, d_longdbl=define, longdblsize=16
    ivtype='long', ivsize=8, nvtype='double', nvsize=8, Off_t='off_t', lseeksize=8
    alignbytes=8, prototype=define
  Linker and Libraries:
    ld='cc', ldflags =' -L/usr/local/lib'
    libpth=/usr/local/lib /lib /usr/lib /lib64 /usr/lib64 /usr/local/lib64
    libs=-lnsl -lgdbm -ldb -ldl -lm -lcrypt -lutil -lc
    perllibs=-lnsl -ldl -lm -lcrypt -lutil -lc
    libc=, so=so, useshrplib=false, libperl=libperl.a
    gnulibc_version='2.11.1'
  Dynamic Linking:
    dlsrc=dl_dlopen.xs, dlext=so, d_dlsymun=undef, ccdlflags='-Wl,-E'
    cccdlflags='-fPIC', lddlflags='-shared -O2 -L/usr/local/lib'


Characteristics of this binary (from libperl): 
  Compile-time options: PERL_MALLOC_WRAP USE_64_BIT_ALL USE_64_BIT_INT
                        USE_FAST_STDIO USE_LARGE_FILES USE_PERLIO
  Built under linux
  Compiled at Feb 15 2011 14:02:07
  %ENV:
    PERL5LIB=":/home/cpan/pit/bare/conf/perl-5.8.9/.cpanplus/5.8.9/build/Parse-RecDescent-1.965001/blib/lib:/home/cpan/pit/bare/conf/perl-5.8.9/.cpanplus/5.8.9/build/Parse-RecDescent-1.965001/blib/arch:/home/cpan/pit/bare/conf/perl-5.8.9/.cpanplus/5.8.9/build/Regexp-Assemble-0.35/blib/lib:/home/cpan/pit/bare/conf/perl-5.8.9/.cpanplus/5.8.9/build/Regexp-Assemble-0.35/blib/arch:/home/cpan/pit/bare/conf/perl-5.8.9/.cpanplus/5.8.9/build/Spiffy-0.30/blib/lib:/home/cpan/pit/bare/conf/perl-5.8.9/.cpanplus/5.8.9/build/Spiffy-0.30/blib/arch:/home/cpan/pit/bare/conf/perl-5.8.9/.cpanplus/5.8.9/build/Test-Base-0.60/blib/lib:/home/cpan/pit/bare/conf/perl-5.8.9/.cpanplus/5.8.9/build/Test-Base-0.60/blib/arch:/home/cpan/pit/bare/conf/perl-5.8.9/.cpanplus/5.8.9/build/Text-Hatena-0.20/blib/lib:/home/cpan/pit/bare/conf/perl-5.8.9/.cpanplus/5.8.9/build/Text-Hatena-0.20/blib/arch"
    PERL5_CPANPLUS_IS_RUNNING="21163"
    PERL5_CPANPLUS_IS_VERSION="0.9105"
    PERL5_MINISMOKEBOX="0.48"
    PERL5_YACSMOKE_BASE="/home/cpan/pit/bare/conf/perl-5.8.9"
    PERL_EXTUTILS_AUTOINSTALL="--defaultdeps"
    PERL_MM_USE_DEFAULT="1"
  @INC:
    /home/cpan/pit/bare/conf/perl-5.8.9/.cpanplus/5.8.9/build/Parse-RecDescent-1.965001/blib/lib
    /home/cpan/pit/bare/conf/perl-5.8.9/.cpanplus/5.8.9/build/Parse-RecDescent-1.965001/blib/arch
    /home/cpan/pit/bare/conf/perl-5.8.9/.cpanplus/5.8.9/build/Regexp-Assemble-0.35/blib/lib
    /home/cpan/pit/bare/conf/perl-5.8.9/.cpanplus/5.8.9/build/Regexp-Assemble-0.35/blib/arch
    /home/cpan/pit/bare/conf/perl-5.8.9/.cpanplus/5.8.9/build/Spiffy-0.30/blib/lib
    /home/cpan/pit/bare/conf/perl-5.8.9/.cpanplus/5.8.9/build/Spiffy-0.30/blib/arch
    /home/cpan/pit/bare/conf/perl-5.8.9/.cpanplus/5.8.9/build/Test-Base-0.60/blib/lib
    /home/cpan/pit/bare/conf/perl-5.8.9/.cpanplus/5.8.9/build/Test-Base-0.60/blib/arch
    /home/cpan/pit/bare/conf/perl-5.8.9/.cpanplus/5.8.9/build/Text-Hatena-0.20/blib/lib
    /home/cpan/pit/bare/conf/perl-5.8.9/.cpanplus/5.8.9/build/Text-Hatena-0.20/blib/arch
    /home/cpan/pit/bare/perl-5.8.9/lib/5.8.9/x86_64-linux
    /home/cpan/pit/bare/perl-5.8.9/lib/5.8.9
    /home/cpan/pit/bare/perl-5.8.9/lib/site_perl/5.8.9/x86_64-linux
    /home/cpan/pit/bare/perl-5.8.9/lib/site_perl/5.8.9
    .