Report for Date-Piece-v0.0.3

Back
From: metabase:user:9820532a-708b-1014-9a05-b18a96298da1
Subject: FAIL Date-Piece-v0.0.3 v5.10.1 FreeBSD
Date: 2011-11-19T19:54:06Z

This distribution has been tested as part of the CPAN Testers
project, supporting the Perl programming language.  See
http://wiki.cpantesters.org/ for more information or email
questions to cpan-testers-discuss@perl.org


--
Dear Eric Wilhelm,

This is a computer-generated report for Date-Piece-v0.0.3
on perl 5.10.1, created by CPAN-Reporter-1.2002.

Thank you for uploading your work to CPAN.  However, there was a problem
testing your distribution.

If you think this report is invalid, please consult the CPAN Testers Wiki
for suggestions on how to avoid getting FAIL reports for missing library
or binary dependencies, unsupported operating systems, and so on:

http://wiki.cpantesters.org/wiki/CPANAuthorNotes

Sections of this report:

    * Tester comments
    * Program output
    * Prerequisites
    * Environment and other context

------------------------------
TESTER COMMENTS
------------------------------

Additional comments from tester:

this report is from an automated smoke testing program
and was not reviewed by a human for accuracy

------------------------------
PROGRAM OUTPUT
------------------------------

Output from './Build test':

# Testing Date::Piece v0.0.3
t/00-load.t ... ok
t/basic.t ..... ok

#   Failed test at t/overload.t line 11.
# An error occurred while using eq:
# ------------------------------------
# Operation "eq": no method found,
# 	left argument in overloaded package Date::Piece::week_unit,
# 	right argument has no overloaded magic at (eval in cmp_ok) t/overload.t line 11.
# 
# ------------------------------------
#          got: '7weeks'
#     expected: '7weeks'

#   Failed test at t/overload.t line 14.
# An error occurred while using eq:
# ------------------------------------
# Operation "eq": no method found,
# 	left argument in overloaded package Date::Piece::week_unit,
# 	right argument has no overloaded magic at (eval in cmp_ok) t/overload.t line 14.
# 
# ------------------------------------
#          got: '8weeks'
#     expected: '8weeks'

#   Failed test at t/overload.t line 16.
# An error occurred while using eq:
# ------------------------------------
# Operation "eq": no method found,
# 	left argument in overloaded package Date::Piece::week_unit,
# 	right argument has no overloaded magic at (eval in cmp_ok) t/overload.t line 16.
# 
# ------------------------------------
#          got: '16weeks'
#     expected: '16weeks'

#   Failed test at t/overload.t line 17.
# An error occurred while using eq:
# ------------------------------------
# Operation "eq": no method found,
# 	left argument in overloaded package Date::Piece::week_unit,
# 	right argument has no overloaded magic at (eval in cmp_ok) t/overload.t line 17.
# 
# ------------------------------------
#          got: '7weeks'
#     expected: '7weeks'

#   Failed test at t/overload.t line 30.
# An error occurred while using eq:
# ------------------------------------
# Operation "eq": no method found,
# 	left argument in overloaded package Date::Piece::month_unit,
# 	right argument has no overloaded magic at (eval in cmp_ok) t/overload.t line 30.
# 
# ------------------------------------
#          got: '7months'
#     expected: '7months'

#   Failed test at t/overload.t line 33.
# An error occurred while using eq:
# ------------------------------------
# Operation "eq": no method found,
# 	left argument in overloaded package Date::Piece::month_unit,
# 	right argument has no overloaded magic at (eval in cmp_ok) t/overload.t line 33.
# 
# ------------------------------------
#          got: '8months'
#     expected: '8months'

#   Failed test at t/overload.t line 35.
# An error occurred while using eq:
# ------------------------------------
# Operation "eq": no method found,
# 	left argument in overloaded package Date::Piece::month_unit,
# 	right argument has no overloaded magic at (eval in cmp_ok) t/overload.t line 35.
# 
# ------------------------------------
#          got: '16months'
#     expected: '16months'

#   Failed test at t/overload.t line 37.
# An error occurred while using eq:
# ------------------------------------
# Operation "eq": no method found,
# 	left argument in overloaded package Date::Piece::month_unit,
# 	right argument has no overloaded magic at (eval in cmp_ok) t/overload.t line 37.
# 
# ------------------------------------
#          got: '8months'
#     expected: '8months'

#   Failed test 'untouched'
#   at t/overload.t line 38.
# An error occurred while using eq:
# ------------------------------------
# Operation "eq": no method found,
# 	left argument in overloaded package Date::Piece::month_unit,
# 	right argument has no overloaded magic at (eval in cmp_ok) t/overload.t line 38.
# 
# ------------------------------------
#          got: '7months'
#     expected: '7months'

#   Failed test at t/overload.t line 46.
# An error occurred while using eq:
# ------------------------------------
# Operation "eq": no method found,
# 	left argument in overloaded package Date::Piece::year_unit,
# 	right argument has no overloaded magic at (eval in cmp_ok) t/overload.t line 46.
# 
# ------------------------------------
#          got: '7years'
#     expected: '7years'

#   Failed test at t/overload.t line 49.
# An error occurred while using eq:
# ------------------------------------
# Operation "eq": no method found,
# 	left argument in overloaded package Date::Piece::year_unit,
# 	right argument has no overloaded magic at (eval in cmp_ok) t/overload.t line 49.
# 
# ------------------------------------
#          got: '8years'
#     expected: '8years'

#   Failed test at t/overload.t line 51.
# An error occurred while using eq:
# ------------------------------------
# Operation "eq": no method found,
# 	left argument in overloaded package Date::Piece::year_unit,
# 	right argument has no overloaded magic at (eval in cmp_ok) t/overload.t line 51.
# 
# ------------------------------------
#          got: '16years'
#     expected: '16years'

#   Failed test at t/overload.t line 53.
# An error occurred while using eq:
# ------------------------------------
# Operation "eq": no method found,
# 	left argument in overloaded package Date::Piece::year_unit,
# 	right argument has no overloaded magic at (eval in cmp_ok) t/overload.t line 53.
# 
# ------------------------------------
#          got: '8years'
#     expected: '8years'

#   Failed test 'untouched'
#   at t/overload.t line 54.
# An error occurred while using eq:
# ------------------------------------
# Operation "eq": no method found,
# 	left argument in overloaded package Date::Piece::year_unit,
# 	right argument has no overloaded magic at (eval in cmp_ok) t/overload.t line 54.
# 
# ------------------------------------
#          got: '7years'
#     expected: '7years'

#   Failed test at t/overload.t line 59.
# An error occurred while using eq:
# ------------------------------------
# Operation "eq": no method found,
# 	left argument in overloaded package Date::Piece::year_unit,
# 	right argument has no overloaded magic at (eval in cmp_ok) t/overload.t line 59.
# 
# ------------------------------------
#          got: '8years'
#     expected: '8years'
# Looks like you failed 15 tests of 34.
t/overload.t .. 
Dubious, test returned 15 (wstat 3840, 0xf00)
Failed 15/34 subtests 

Test Summary Report
-------------------
t/overload.t (Wstat: 3840 Tests: 34 Failed: 15)
  Failed tests:  1-4, 7-11, 13-17, 19
  Non-zero exit status: 15
Files=3, Tests=112,  1 wallclock secs ( 0.02 usr  0.16 sys +  0.18 cusr  0.09 csys =  0.45 CPU)
Result: FAIL
Failed 1/3 test programs. 15/112 subtests failed.

------------------------------
PREREQUISITES
------------------------------

Prerequisite modules loaded:

requires:

    Module        Need   Have    
    ------------- ------ --------
    Date::Simple  0      3.03    
    perl          v5.8.2 5.010001
    Time::Local   0      1.2000  
    Time::Piece   0      1.20    

build_requires:

    Module        Need   Have    
    ------------- ------ --------
    Module::Build 0.26   0.3800  
    Test::More    0      0.98    

configure_requires:

    Module        Need   Have    
    ------------- ------ --------
    Module::Build 0.3303 0.3800  


------------------------------
ENVIRONMENT AND OTHER CONTEXT
------------------------------

Environment variables:

    AUTOMATED_TESTING = 1
    LANG = C
    LC_ALL = C
    PATH = /home/test/perl5/perlbrew/bin:/home/test/perl5/perlbrew/perls/perl-5.10.1-th/bin:~/bin:/sbin:/bin:/usr/sbin:/usr/bin:/usr/games:/usr/local/sbin:/usr/local/bin:/home/test/bin
    PATH_WITHOUT_PERLBREW = ~/bin:/sbin:/bin:/usr/sbin:/usr/bin:/usr/games:/usr/local/sbin:/usr/local/bin:/home/test/bin
    PERL5LIB = 
    PERL5OPT = 
    PERL5_CPANPLUS_IS_RUNNING = 11989
    PERL5_CPAN_IS_RUNNING = 11989
    PERL5_CPAN_IS_RUNNING_IN_RECURSION = 1016,11989
    PERLBREW_BASHRC_VERSION = 0.33
    PERLBREW_HOME = /home/test/.perlbrew
    PERLBREW_PATH = /home/test/perl5/perlbrew/bin:/home/test/perl5/perlbrew/perls/perl-5.10.1-th/bin
    PERLBREW_PERL = perl-5.10.1-th
    PERLBREW_ROOT = /home/test/perl5/perlbrew
    PERLBREW_VERSION = 0.33
    PERL_CPANM_OPT = --prompt --mirror http://172.16.1.3/cpan/
    PERL_CR_SMOKER_CURRENT = Date-Piece-v0.0.3
    PERL_EXTUTILS_AUTOINSTALL = --defaultdeps
    PERL_MM_USE_DEFAULT = 1
    SHELL = /usr/local/bin/bash
    TERM = linux

Perl special variables (and OS-specific diagnostics, for MSWin32):

    $^X = /home/test/perl5/perlbrew/perls/perl-5.10.1-th/bin/perl
    $UID/$EUID = 1002 / 1002
    $GID = 1002 1002
    $EGID = 1002 1002

Perl module toolchain versions installed:

    Module              Have    
    ------------------- --------
    CPAN                1.9800  
    CPAN::Meta          2.112621
    Cwd                 3.33    
    ExtUtils::CBuilder  0.280202
    ExtUtils::Command   1.17    
    ExtUtils::Install   1.54    
    ExtUtils::MakeMaker 6.63_02 
    ExtUtils::Manifest  1.60    
    ExtUtils::ParseXS   3.05    
    File::Spec          3.33    
    JSON                2.53    
    JSON::PP            2.27008 
    Module::Build       0.3800  
    Module::Signature   n/a     
    Parse::CPAN::Meta   1.4401  
    Test::Harness       3.23    
    Test::More          0.98    
    YAML                0.73    
    YAML::Syck          1.19    
    version             0.95    


--

Summary of my perl5 (revision 5 version 10 subversion 1) configuration:
   
  Platform:
    osname=freebsd, osvers=8.1-release, archname=amd64-freebsd-thread-multi
    uname='freebsd fbsd.local 8.1-release freebsd 8.1-release #0: mon jul 19 02:36:49 utc 2010 root@mason.cse.buffalo.edu:usrobjusrsrcsysgeneric amd64 '
    config_args='-de -Dprefix=/home/test/perl5/perlbrew/perls/perl-5.10.1-th -Dusethreads'
    hint=recommended, useposix=true, d_sigaction=define
    useithreads=define, usemultiplicity=define
    useperlio=define, d_sfio=undef, uselargefiles=define, usesocks=undef
    use64bitint=define, use64bitall=define, uselongdouble=undef
    usemymalloc=n, bincompat5005=undef
  Compiler:
    cc='cc', ccflags ='-DHAS_FPSETMASK -DHAS_FLOATINGPOINT_H -fno-strict-aliasing -pipe -fstack-protector -I/usr/local/include',
    optimize='-O',
    cppflags='-DHAS_FPSETMASK -DHAS_FLOATINGPOINT_H -fno-strict-aliasing -pipe -fstack-protector -I/usr/local/include'
    ccversion='', gccversion='4.2.1 20070719  [FreeBSD]', gccosandvers=''
    intsize=4, longsize=8, ptrsize=8, doublesize=8, byteorder=12345678
    d_longlong=define, longlongsize=8, d_longdbl=define, longdblsize=16
    ivtype='long', ivsize=8, nvtype='double', nvsize=8, Off_t='off_t', lseeksize=8
    alignbytes=8, prototype=define
  Linker and Libraries:
    ld='cc', ldflags ='-pthread -Wl,-E  -fstack-protector -L/usr/local/lib'
    libpth=/usr/lib /usr/local/lib
    libs=-lm -lcrypt
    perllibs=-lm -lcrypt
    libc=, so=so, useshrplib=false, libperl=libperl.a
    gnulibc_version=''
  Dynamic Linking:
    dlsrc=dl_dlopen.xs, dlext=so, d_dlsymun=undef, ccdlflags=' '
    cccdlflags='-DPIC -fPIC', lddlflags='-shared  -L/usr/local/lib -fstack-protector'


Characteristics of this binary (from libperl): 
  Compile-time options: MULTIPLICITY PERL_DONT_CREATE_GVSV
                        PERL_IMPLICIT_CONTEXT PERL_MALLOC_WRAP USE_64_BIT_ALL
                        USE_64_BIT_INT USE_ITHREADS USE_LARGE_FILES
                        USE_PERLIO USE_REENTRANT_API
  Built under freebsd
  Compiled at Nov 13 2011 19:12:44
  %ENV:
    PERL5LIB=""
    PERL5OPT=""
    PERL5_CPANPLUS_IS_RUNNING="11989"
    PERL5_CPAN_IS_RUNNING="11989"
    PERL5_CPAN_IS_RUNNING_IN_RECURSION="1016,11989"
    PERLBREW_BASHRC_VERSION="0.33"
    PERLBREW_HOME="/home/test/.perlbrew"
    PERLBREW_PATH="/home/test/perl5/perlbrew/bin:/home/test/perl5/perlbrew/perls/perl-5.10.1-th/bin"
    PERLBREW_PERL="perl-5.10.1-th"
    PERLBREW_ROOT="/home/test/perl5/perlbrew"
    PERLBREW_VERSION="0.33"
    PERL_CPANM_OPT="--prompt --mirror http://172.16.1.3/cpan/"
    PERL_CR_SMOKER_CURRENT="Date-Piece-v0.0.3"
    PERL_EXTUTILS_AUTOINSTALL="--defaultdeps"
    PERL_MM_USE_DEFAULT="1"
  @INC:
    /home/test/perl5/perlbrew/perls/perl-5.10.1-th/lib/5.10.1/amd64-freebsd-thread-multi
    /home/test/perl5/perlbrew/perls/perl-5.10.1-th/lib/5.10.1
    /home/test/perl5/perlbrew/perls/perl-5.10.1-th/lib/site_perl/5.10.1/amd64-freebsd-thread-multi
    /home/test/perl5/perlbrew/perls/perl-5.10.1-th/lib/site_perl/5.10.1
    .