Report for BioX-Workflow-0.18

Back
From: metabase:user:31d414ea-2aae-11df-837a-5e0a49663a4f
Subject: FAIL BioX-Workflow-0.18 v5.10.1 GNU/Linux
Date: 2015-12-13T02:00:09Z

This distribution has been tested as part of the CPAN Testers
project, supporting the Perl programming language.  See
http://wiki.cpantesters.org/ for more information or email
questions to cpan-testers-discuss@perl.org


--
Dear Jillian Rowe,

This is a computer-generated report for BioX-Workflow-0.18
on perl 5.10.1, created by CPAN-Reporter-1.2014.

Thank you for uploading your work to CPAN.  However, there was a problem
testing your distribution.

If you think this report is invalid, please consult the CPAN Testers Wiki
for suggestions on how to avoid getting FAIL reports for missing library
or binary dependencies, unsupported operating systems, and so on:

http://wiki.cpantesters.org/wiki/CPANAuthorNotes

Sections of this report:

    * Tester comments
    * Program output
    * Prerequisites
    * Environment and other context

------------------------------
TESTER COMMENTS
------------------------------

Additional comments from tester:

this report is from an automated smoke testing program
and was not reviewed by a human for accuracy

------------------------------
PROGRAM OUTPUT
------------------------------

Output from './Build test':

t/author-pod-syntax.t .. skipped: these tests are for testing by the author
t/basic.t .............. ok
Can't locate Slurp.pm in @INC (@INC contains: t/lib /home/david/cpantesting/perl-5.10.1/.cpan/build/BioX-Workflow-0.18-PxFoPb/blib/lib /home/david/cpantesting/perl-5.10.1/.cpan/build/BioX-Workflow-0.18-PxFoPb/blib/arch /home/david/cpantesting/perl-5.10.1/lib/5.10.1/x86_64-linux-thread-multi /home/david/cpantesting/perl-5.10.1/lib/5.10.1 /home/david/cpantesting/perl-5.10.1/lib/site_perl/5.10.1/x86_64-linux-thread-multi /home/david/cpantesting/perl-5.10.1/lib/site_perl/5.10.1 .) at t/lib/TestsFor/BioX/Workflow/Test001.pm line 10.
	TestsFor::BioX::Workflow::Test001::BEGIN() called at Slurp.pm line 10
	eval {...} called at Slurp.pm line 10
	require TestsFor/BioX/Workflow/Test001.pm called at (eval 3) line 2
	Test::Class::Moose::Load::BEGIN() called at Slurp.pm line 10
	eval {...} called at Slurp.pm line 10
	eval 'use TestsFor::BioX::Workflow::Test001 ()
;' called at /home/david/cpantesting/perl-5.10.1/lib/site_perl/5.10.1/Test/Class/Moose/Load.pm line 53
	Test::Class::Moose::Load::_load("Test::Class::Moose::Load", "t/lib/TestsFor/BioX/Workflow/Test001.pm", "t/lib") called at /home/david/cpantesting/perl-5.10.1/lib/site_perl/5.10.1/Test/Class/Moose/Load.pm line 67
	Test::Class::Moose::Load::__ANON__() called at /home/david/cpantesting/perl-5.10.1/lib/5.10.1/File/Find.pm line 926
	File::Find::_find_dir(HASH(0x1931278), "t/lib", 3) called at /home/david/cpantesting/perl-5.10.1/lib/5.10.1/File/Find.pm line 722
	File::Find::_find_opt(HASH(0x1931278), "t/lib") called at /home/david/cpantesting/perl-5.10.1/lib/5.10.1/File/Find.pm line 1297
	File::Find::find(HASH(0x1931278), "t/lib") called at /home/david/cpantesting/perl-5.10.1/lib/site_perl/5.10.1/Test/Class/Moose/Load.pm line 72
	Test::Class::Moose::Load::import("Test::Class::Moose::Load", "t/lib") called at t/test_class_tests.t line 1
	main::BEGIN() called at Slurp.pm line 10
	eval {...} called at Slurp.pm line 10
BEGIN failed--compilation aborted at t/lib/TestsFor/BioX/Workflow/Test001.pm line 10.
	require TestsFor/BioX/Workflow/Test001.pm called at (eval 3) line 2
	Test::Class::Moose::Load::BEGIN() called at t/lib/TestsFor/BioX/Workflow/Test001.pm line 10
	eval {...} called at t/lib/TestsFor/BioX/Workflow/Test001.pm line 10
	eval 'use TestsFor::BioX::Workflow::Test001 ()
;' called at /home/david/cpantesting/perl-5.10.1/lib/site_perl/5.10.1/Test/Class/Moose/Load.pm line 53
	Test::Class::Moose::Load::_load("Test::Class::Moose::Load", "t/lib/TestsFor/BioX/Workflow/Test001.pm", "t/lib") called at /home/david/cpantesting/perl-5.10.1/lib/site_perl/5.10.1/Test/Class/Moose/Load.pm line 67
	Test::Class::Moose::Load::__ANON__() called at /home/david/cpantesting/perl-5.10.1/lib/5.10.1/File/Find.pm line 926
	File::Find::_find_dir(HASH(0x1931278), "t/lib", 3) called at /home/david/cpantesting/perl-5.10.1/lib/5.10.1/File/Find.pm line 722
	File::Find::_find_opt(HASH(0x1931278), "t/lib") called at /home/david/cpantesting/perl-5.10.1/lib/5.10.1/File/Find.pm line 1297
	File::Find::find(HASH(0x1931278), "t/lib") called at /home/david/cpantesting/perl-5.10.1/lib/site_perl/5.10.1/Test/Class/Moose/Load.pm line 72
	Test::Class::Moose::Load::import("Test::Class::Moose::Load", "t/lib") called at t/test_class_tests.t line 1
	main::BEGIN() called at t/lib/TestsFor/BioX/Workflow/Test001.pm line 10
	eval {...} called at t/lib/TestsFor/BioX/Workflow/Test001.pm line 10
Compilation failed in require at (eval 3) line 2.
	Test::Class::Moose::Load::BEGIN() called at t/lib/TestsFor/BioX/Workflow/Test001.pm line 2
	eval {...} called at t/lib/TestsFor/BioX/Workflow/Test001.pm line 2
	eval 'use TestsFor::BioX::Workflow::Test001 ()
;' called at /home/david/cpantesting/perl-5.10.1/lib/site_perl/5.10.1/Test/Class/Moose/Load.pm line 53
	Test::Class::Moose::Load::_load("Test::Class::Moose::Load", "t/lib/TestsFor/BioX/Workflow/Test001.pm", "t/lib") called at /home/david/cpantesting/perl-5.10.1/lib/site_perl/5.10.1/Test/Class/Moose/Load.pm line 67
	Test::Class::Moose::Load::__ANON__() called at /home/david/cpantesting/perl-5.10.1/lib/5.10.1/File/Find.pm line 926
	File::Find::_find_dir(HASH(0x1931278), "t/lib", 3) called at /home/david/cpantesting/perl-5.10.1/lib/5.10.1/File/Find.pm line 722
	File::Find::_find_opt(HASH(0x1931278), "t/lib") called at /home/david/cpantesting/perl-5.10.1/lib/5.10.1/File/Find.pm line 1297
	File::Find::find(HASH(0x1931278), "t/lib") called at /home/david/cpantesting/perl-5.10.1/lib/site_perl/5.10.1/Test/Class/Moose/Load.pm line 72
	Test::Class::Moose::Load::import("Test::Class::Moose::Load", "t/lib") called at t/test_class_tests.t line 1
	main::BEGIN() called at t/lib/TestsFor/BioX/Workflow/Test001.pm line 2
	eval {...} called at t/lib/TestsFor/BioX/Workflow/Test001.pm line 2
BEGIN failed--compilation aborted at (eval 3) line 2.
	eval 'use TestsFor::BioX::Workflow::Test001 ()
;' called at /home/david/cpantesting/perl-5.10.1/lib/site_perl/5.10.1/Test/Class/Moose/Load.pm line 53
	Test::Class::Moose::Load::_load("Test::Class::Moose::Load", "t/lib/TestsFor/BioX/Workflow/Test001.pm", "t/lib") called at /home/david/cpantesting/perl-5.10.1/lib/site_perl/5.10.1/Test/Class/Moose/Load.pm line 67
	Test::Class::Moose::Load::__ANON__() called at /home/david/cpantesting/perl-5.10.1/lib/5.10.1/File/Find.pm line 926
	File::Find::_find_dir(HASH(0x1931278), "t/lib", 3) called at /home/david/cpantesting/perl-5.10.1/lib/5.10.1/File/Find.pm line 722
	File::Find::_find_opt(HASH(0x1931278), "t/lib") called at /home/david/cpantesting/perl-5.10.1/lib/5.10.1/File/Find.pm line 1297
	File::Find::find(HASH(0x1931278), "t/lib") called at /home/david/cpantesting/perl-5.10.1/lib/site_perl/5.10.1/Test/Class/Moose/Load.pm line 72
	Test::Class::Moose::Load::import("Test::Class::Moose::Load", "t/lib") called at t/test_class_tests.t line 1
	main::BEGIN() called at (eval 3) line 2
	eval {...} called at (eval 3) line 2
BEGIN failed--compilation aborted at t/test_class_tests.t line 1.
t/test_class_tests.t ... 
Dubious, test returned 2 (wstat 512, 0x200)
No subtests run 

Test Summary Report
-------------------
t/test_class_tests.t (Wstat: 512 Tests: 0 Failed: 0)
  Non-zero exit status: 2
  Parse errors: No plan found in TAP output
Files=3, Tests=1,  2 wallclock secs ( 0.02 usr  0.02 sys +  0.99 cusr  0.08 csys =  1.11 CPU)
Result: FAIL
Failed 1/3 test programs. 0/1 subtests failed.

------------------------------
PREREQUISITES
------------------------------

Prerequisite modules loaded:

requires:

    Module                           Need     Have    
    -------------------------------- -------- --------
    BioX::Wrapper                    0        1.5     
    Carp::Always                     0        0.13    
    Class::Load                      0        0.23    
    Cwd                              0        3.60    
    Data::Dumper                     0        2.154   
    Data::Pairs                      0        0.07    
    DateTime                         0        1.21    
    File::Basename                   0        2.77    
    File::Find::Rule                 0        0.34    
    File::Path                       0        2.07_03 
    Interpolation                    0        0.74    
    IO::File                         0        1.14    
    List::Compare                    0        0.53    
    Moose                            0        2.1604  
    MooseX::Getopt                   0        0.68    
    MooseX::Getopt::Usage            0        0.24    
    MooseX::Getopt::Usage::Role::Man 0        0.24    
    MooseX::Object::Pluggable        0        0.0014  
    MooseX::SimpleConfig             0        0.11    
    perl                             5.008005 5.010001
    Storable                         0        2.20    
    String::CamelCase                0        0.02    
    Text::Template                   0        1.46    
    YAML::XS                         0        0.59    

build_requires:

    Module                           Need     Have    
    -------------------------------- -------- --------
    Module::Build                    0.28     0.4214  
    Test::Class::Moose               0        0.67    
    Test::More                       0        1.001014

configure_requires:

    Module                           Need     Have    
    -------------------------------- -------- --------
    Module::Build                    0.28     0.4214  


------------------------------
ENVIRONMENT AND OTHER CONTEXT
------------------------------

Environment variables:

    AUTOMATED_TESTING = 1
    NONINTERACTIVE_TESTING = 1
    PATH = /usr/local/bin:/usr/bin:/bin:/usr/games
    PERL = 5.10.1
    PERL5LIB = 
    PERL5OPT = 
    PERL5_CPANPLUS_IS_RUNNING = 29739
    PERL5_CPAN_IS_RUNNING = 29739
    PERLVER = 5.10.1
    PERL_INLINE_DIRECTORY = /home/david/.Inline-5.10.1
    PERL_MM_USE_DEFAULT = 1
    SHELL = /bin/bash
    TERM = screen

Perl special variables (and OS-specific diagnostics, for MSWin32):

    $^X = /home/david/cpantesting/perl-5.10.1/bin/perl
    $UID/$EUID = 1000 / 1000
    $GID = 1000 1000
    $EGID = 1000 1000

Perl module toolchain versions installed:

    Module              Have    
    ------------------- --------
    CPAN                2.10    
    CPAN::Meta          2.150005
    Cwd                 3.60    
    ExtUtils::CBuilder  0.2703  
    ExtUtils::Command   1.16    
    ExtUtils::Install   1.54    
    ExtUtils::MakeMaker 7.04    
    ExtUtils::Manifest  1.70    
    ExtUtils::ParseXS   3.30    
    File::Spec          3.60    
    JSON                2.27    
    JSON::PP            2.27203 
    Module::Build       0.4214  
    Module::Signature   n/a     
    Parse::CPAN::Meta   1.4417  
    Test::Harness       3.35    
    Test::More          1.001014
    YAML                1.15    
    YAML::Syck          1.29    
    version             0.9912  


--

Summary of my perl5 (revision 5 version 10 subversion 1) configuration:
   
  Platform:
    osname=linux, osvers=2.6.18-4-xen-amd64, archname=x86_64-linux-thread-multi
    uname='linux pigsty.barnyard.co.uk 2.6.18-4-xen-amd64 #1 smp fri may 4 02:40:51 utc 2007 x86_64 gnulinux '
    config_args='-de -Duse64bitall -Dusethreads -Dprefix=/home/david/cpantesting/perl-5.10.1'
    hint=recommended, useposix=true, d_sigaction=define
    useithreads=define, usemultiplicity=define
    useperlio=define, d_sfio=undef, uselargefiles=define, usesocks=undef
    use64bitint=define, use64bitall=define, uselongdouble=undef
    usemymalloc=n, bincompat5005=undef
  Compiler:
    cc='cc', ccflags ='-D_REENTRANT -D_GNU_SOURCE -fno-strict-aliasing -pipe -fstack-protector -I/usr/local/include -D_LARGEFILE_SOURCE -D_FILE_OFFSET_BITS=64',
    optimize='-O2',
    cppflags='-D_REENTRANT -D_GNU_SOURCE -fno-strict-aliasing -pipe -fstack-protector -I/usr/local/include'
    ccversion='', gccversion='4.1.2 20061115 (prerelease) (Debian 4.1.1-21)', gccosandvers=''
    intsize=4, longsize=8, ptrsize=8, doublesize=8, byteorder=12345678
    d_longlong=define, longlongsize=8, d_longdbl=define, longdblsize=16
    ivtype='long', ivsize=8, nvtype='double', nvsize=8, Off_t='off_t', lseeksize=8
    alignbytes=8, prototype=define
  Linker and Libraries:
    ld='cc', ldflags =' -fstack-protector -L/usr/local/lib'
    libpth=/usr/local/lib /lib /usr/lib /lib64 /usr/lib64
    libs=-lnsl -lgdbm -ldb -ldl -lm -lcrypt -lutil -lpthread -lc -lgdbm_compat
    perllibs=-lnsl -ldl -lm -lcrypt -lutil -lpthread -lc
    libc=/lib/libc-2.3.6.so, so=so, useshrplib=false, libperl=libperl.a
    gnulibc_version='2.3.6'
  Dynamic Linking:
    dlsrc=dl_dlopen.xs, dlext=so, d_dlsymun=undef, ccdlflags='-Wl,-E'
    cccdlflags='-fPIC', lddlflags='-shared -O2 -L/usr/local/lib -fstack-protector'


Characteristics of this binary (from libperl): 
  Compile-time options: MULTIPLICITY PERL_DONT_CREATE_GVSV
                        PERL_IMPLICIT_CONTEXT PERL_MALLOC_WRAP USE_64_BIT_ALL
                        USE_64_BIT_INT USE_ITHREADS USE_LARGE_FILES
                        USE_PERLIO USE_REENTRANT_API
  Built under linux
  Compiled at Aug 25 2009 16:04:12
  %ENV:
    PERL="5.10.1"
    PERL5LIB=""
    PERL5OPT=""
    PERL5_CPANPLUS_IS_RUNNING="29739"
    PERL5_CPAN_IS_RUNNING="29739"
    PERLVER="5.10.1"
    PERL_INLINE_DIRECTORY="/home/david/.Inline-5.10.1"
    PERL_MM_USE_DEFAULT="1"
  @INC:
    /home/david/cpantesting/perl-5.10.1/lib/5.10.1/x86_64-linux-thread-multi
    /home/david/cpantesting/perl-5.10.1/lib/5.10.1
    /home/david/cpantesting/perl-5.10.1/lib/site_perl/5.10.1/x86_64-linux-thread-multi
    /home/david/cpantesting/perl-5.10.1/lib/site_perl/5.10.1
    .