CXC-Form-Tiny-OptArgs2 v0.01 Perl 5 v5.28.3 x86_64-linux
- Status
- Fail
- From
- David Cantrell (DCANTRELL)
- Dist
-
CXC-Form-Tiny-OptArgs2 v0.01
- Platform
- Perl 5 v5.28.3 x86_64-linux
- Date
- 2023-09-17 00:29:18
- ID
- 3cf3042c-54f1-11ee-8472-c383db551d7a
This distribution has been tested as part of the CPAN Testers
project, supporting the Perl programming language. See
http://wiki.cpantesters.org/ for more information or email
questions to cpan-testers-discuss@perl.org
--
Dear Diab Jerius,
This is a computer-generated report for CXC-Form-Tiny-OptArgs2-0.01
on perl 5.28.3, created by CPAN-Reporter-1.2019.
Thank you for uploading your work to CPAN. However, there was a problem
testing your distribution.
If you think this report is invalid, please consult the CPAN Testers Wiki
for suggestions on how to avoid getting FAIL reports for missing library
or binary dependencies, unsupported operating systems, and so on:
http://wiki.cpantesters.org/wiki/CPANAuthorNotes
Sections of this report:
* Tester comments
* Program output
* Prerequisites
* Environment and other context
------------------------------
TESTER COMMENTS
------------------------------
Additional comments from tester:
this report is from an automated smoke testing program
and was not reviewed by a human for accuracy
------------------------------
PROGRAM OUTPUT
------------------------------
Output from './Build test':
t/00-compile.t ......... ok
#
# Versions for all modules listed in MYMETA.json (including optional ones):
#
# === Configure Requires ===
#
# Module Want Have
# ------------------- ----- -----
# Module::Build::Tiny 0.034 0.046
#
# === Test Requires ===
#
# Module Want Have
# ------------------- ---- --------
# ExtUtils::MakeMaker any 7.70
# File::Spec any 3.75
# Form::Tiny any 2.21
# IO::Handle any 1.51
# IPC::Open3 any 1.20
# Package::Variant any 1.003002
# Test2::V0 any 0.000155
# Test::Lib any 0.003
# Test::More any 1.302195
# Types::Standard any 2.004000
# aliased any 0.34
# base any 2.23
#
# === Test Recommends ===
#
# Module Want Have
# ---------- -------- --------
# CPAN::Meta 2.120900 2.150010
#
# === Runtime Requires ===
#
# Module Want Have
# ---------------- ------- --------
# Carp any 1.50
# Class::Load any 0.25
# Data::Dump any 1.25
# Hash::Fold any v1.0.0
# Hash::Merge any 0.302
# List::Util any 1.63
# Log::Any any 1.717
# OptArgs2 any 2.0.0
# Ref::Util any 0.204
# Scalar::Util any 1.63
# experimental any 0.031
# namespace::clean any 0.27
# perl v5.26.0 5.028003
# strict any 1.11
# warnings any 1.42
#
t/00-report-prereqs.t .. ok
could not load plugin CXC::Form::Tiny::Plugin::OptArgs2: Can't locate CXC/Form/Tiny/Plugin/OptArgs2.pm in @INC (you may need to install the CXC::Form::Tiny::Plugin::OptArgs2 module) (@INC contains: /home/david/cpantesting/perl-5.28.3/.cpan/build/CXC-Form-Tiny-OptArgs2-0.01-0/t/lib /home/david/cpantesting/perl-5.28.3/.cpan/build/CXC-Form-Tiny-OptArgs2-0.01-0/blib/arch /home/david/cpantesting/perl-5.28.3/.cpan/build/CXC-Form-Tiny-OptArgs2-0.01-0/blib/lib /home/david/cpantesting/perl-5.28.3/lib/site_perl/5.28.3/x86_64-linux /home/david/cpantesting/perl-5.28.3/lib/site_perl/5.28.3 /home/david/cpantesting/perl-5.28.3/lib/5.28.3/x86_64-linux /home/david/cpantesting/perl-5.28.3/lib/5.28.3) at (eval 160) line 1.
BEGIN failed--compilation aborted at (eval 160) line 1.
at t/config.t line 8.
BEGIN failed--compilation aborted at t/config.t line 8.
t/config.t .............
Dubious, test returned 2 (wstat 512, 0x200)
No subtests run
could not load plugin CXC::Form::Tiny::Plugin::OptArgs2: Can't locate CXC/Form/Tiny/Plugin/OptArgs2.pm in @INC (you may need to install the CXC::Form::Tiny::Plugin::OptArgs2 module) (@INC contains: /home/david/cpantesting/perl-5.28.3/.cpan/build/CXC-Form-Tiny-OptArgs2-0.01-0/t/lib /home/david/cpantesting/perl-5.28.3/.cpan/build/CXC-Form-Tiny-OptArgs2-0.01-0/blib/arch /home/david/cpantesting/perl-5.28.3/.cpan/build/CXC-Form-Tiny-OptArgs2-0.01-0/blib/lib /home/david/cpantesting/perl-5.28.3/lib/site_perl/5.28.3/x86_64-linux /home/david/cpantesting/perl-5.28.3/lib/site_perl/5.28.3 /home/david/cpantesting/perl-5.28.3/lib/5.28.3/x86_64-linux /home/david/cpantesting/perl-5.28.3/lib/5.28.3) at (eval 176) line 1.
BEGIN failed--compilation aborted at (eval 176) line 1.
at (eval 173) line 2.
BEGIN failed--compilation aborted at (eval 172) line 1.
t/nested.t .............
Dubious, test returned 2 (wstat 512, 0x200)
No subtests run
could not load plugin CXC::Form::Tiny::Plugin::OptArgs2: Can't locate CXC/Form/Tiny/Plugin/OptArgs2.pm in @INC (you may need to install the CXC::Form::Tiny::Plugin::OptArgs2 module) (@INC contains: /home/david/cpantesting/perl-5.28.3/.cpan/build/CXC-Form-Tiny-OptArgs2-0.01-0/t/lib /home/david/cpantesting/perl-5.28.3/.cpan/build/CXC-Form-Tiny-OptArgs2-0.01-0/blib/arch /home/david/cpantesting/perl-5.28.3/.cpan/build/CXC-Form-Tiny-OptArgs2-0.01-0/blib/lib /home/david/cpantesting/perl-5.28.3/lib/site_perl/5.28.3/x86_64-linux /home/david/cpantesting/perl-5.28.3/lib/site_perl/5.28.3 /home/david/cpantesting/perl-5.28.3/lib/5.28.3/x86_64-linux /home/david/cpantesting/perl-5.28.3/lib/5.28.3) at (eval 160) line 1.
BEGIN failed--compilation aborted at (eval 160) line 1.
at t/simple.t line 8.
BEGIN failed--compilation aborted at t/simple.t line 8.
t/simple.t .............
Dubious, test returned 2 (wstat 512, 0x200)
No subtests run
Test Summary Report
-------------------
t/config.t (Wstat: 512 (exited 2) Tests: 0 Failed: 0)
Non-zero exit status: 2
Parse errors: No plan found in TAP output
t/nested.t (Wstat: 512 (exited 2) Tests: 0 Failed: 0)
Non-zero exit status: 2
Parse errors: No plan found in TAP output
t/simple.t (Wstat: 512 (exited 2) Tests: 0 Failed: 0)
Non-zero exit status: 2
Parse errors: No plan found in TAP output
Files=5, Tests=2, 16 wallclock secs ( 0.06 usr 0.03 sys + 1.99 cusr 0.33 csys = 2.41 CPU)
Result: FAIL
------------------------------
PREREQUISITES
------------------------------
Prerequisite modules loaded:
requires:
Module Need Have
------------------- ------- --------
Carp 0 1.50
Class::Load 0 0.25
Data::Dump 0 1.25
experimental 0 0.031
Hash::Fold 0 v1.0.0
Hash::Merge 0 0.302
List::Util 0 1.63
Log::Any 0 1.717
namespace::clean 0 0.27
OptArgs2 0 2.0.0
perl v5.26.0 5.028003
Ref::Util 0 0.204
Scalar::Util 0 1.63
strict 0 1.11
warnings 0 1.42
build_requires:
Module Need Have
------------------- ------- --------
aliased 0 0.34
base 0 2.23
ExtUtils::MakeMaker 0 7.70
File::Spec 0 3.75
Form::Tiny 0 2.21
IO::Handle 0 1.51
IPC::Open3 0 1.20
Package::Variant 0 1.003002
Test2::V0 0 0.000155
Test::Lib 0 0.003
Test::More 0 1.302195
Types::Standard 0 2.004000
configure_requires:
Module Need Have
------------------- ------- --------
Module::Build::Tiny 0.034 0.046
------------------------------
ENVIRONMENT AND OTHER CONTEXT
------------------------------
Environment variables:
AUTOMATED_TESTING = 1
LANG = en_GB.UTF-8
LANGUAGE = en_GB:en
LC_TERMINAL = iTerm2
LC_TERMINAL_VERSION = 3.4.20
NONINTERACTIVE_TESTING = 1
PATH = /home/david/.nvm/versions/node/v18.17.1/bin:/home/david/.cargo/bin:/home/david/perl5/perlbrew/bin:/home/david/perl5/perlbrew/perls/perl-5.30.2/bin:/home/david/bin:/usr/local/bin:/usr/bin:/bin:/usr/local/games:/usr/games
PERL = 5.28.3
PERL5LIB =
PERL5OPT =
PERL5_CPANPLUS_IS_RUNNING = 3909579
PERL5_CPAN_IS_RUNNING = 3909579
PERLBREW_HOME = /home/david/.perlbrew
PERLBREW_MANPATH = /home/david/perl5/perlbrew/perls/perl-5.30.2/man
PERLBREW_PATH = /home/david/perl5/perlbrew/bin:/home/david/perl5/perlbrew/perls/perl-5.30.2/bin
PERLBREW_PERL = perl-5.30.2
PERLBREW_ROOT = /home/david/perl5/perlbrew
PERLBREW_SHELLRC_VERSION = 0.89
PERLBREW_VERSION = 0.89
PERLVER = 5.28.3
PERL_INLINE_DIRECTORY = /home/david/.Inline-5.28.3
PERL_MM_USE_DEFAULT = 1
PERL_USE_UNSAFE_INC = 0
SHELL = /bin/bash
TERM = screen
Perl special variables (and OS-specific diagnostics, for MSWin32):
$^X = /home/david/cpantesting/perl-5.28.3/bin/perl
$UID/$EUID = 1000 / 1000
$GID = 1000 24 25 27 29 30 44 46 109 1000
$EGID = 1000 24 25 27 29 30 44 46 109 1000
Perl module toolchain versions installed:
Module Have
------------------- --------
CPAN 2.20
CPAN::Meta 2.150010
Cwd 3.75
ExtUtils::CBuilder 0.280236
ExtUtils::Command 7.70
ExtUtils::Install 2.22
ExtUtils::MakeMaker 7.70
ExtUtils::Manifest 1.75
ExtUtils::ParseXS 3.44
File::Spec 3.75
JSON 4.10
JSON::PP 4.16
Module::Build 0.4234
Module::Signature n/a
Parse::CPAN::Meta 2.150010
Test2 1.302195
Test::Harness 3.44
Test::More 1.302195
YAML 1.30
YAML::Syck n/a
version 0.9929
--
Summary of my perl5 (revision 5 version 28 subversion 3) configuration:
Platform:
osname=linux
osvers=5.10.0-11-amd64
archname=x86_64-linux
uname='linux cpantesting-linux 5.10.0-11-amd64 #1 smp debian 5.10.92-1 (2022-01-18) x86_64 gnulinux '
config_args='-de -Dprefix=/home/david/cpantesting/perl-5.28.3'
hint=recommended
useposix=true
d_sigaction=define
useithreads=undef
usemultiplicity=undef
use64bitint=define
use64bitall=define
uselongdouble=undef
usemymalloc=n
default_inc_excludes_dot=define
bincompat5005=undef
Compiler:
cc='cc'
ccflags ='-fwrapv -fno-strict-aliasing -pipe -fstack-protector-strong -I/usr/local/include -D_LARGEFILE_SOURCE -D_FILE_OFFSET_BITS=64 -D_FORTIFY_SOURCE=2'
optimize='-O2'
cppflags='-fwrapv -fno-strict-aliasing -pipe -fstack-protector-strong -I/usr/local/include'
ccversion=''
gccversion='10.2.1 20210110'
gccosandvers=''
intsize=4
longsize=8
ptrsize=8
doublesize=8
byteorder=12345678
doublekind=3
d_longlong=define
longlongsize=8
d_longdbl=define
longdblsize=16
longdblkind=3
ivtype='long'
ivsize=8
nvtype='double'
nvsize=8
Off_t='off_t'
lseeksize=8
alignbytes=8
prototype=define
Linker and Libraries:
ld='cc'
ldflags =' -fstack-protector-strong -L/usr/local/lib'
libpth=/usr/local/lib /usr/include/x86_64-linux-gnu /usr/lib /lib/x86_64-linux-gnu /lib/../lib /usr/lib/x86_64-linux-gnu /usr/lib/../lib /lib /lib64 /usr/lib64
libs=-lpthread -lnsl -ldl -lm -lcrypt -lutil -lc
perllibs=-lpthread -lnsl -ldl -lm -lcrypt -lutil -lc
libc=libc-2.31.so
so=so
useshrplib=false
libperl=libperl.a
gnulibc_version='2.31'
Dynamic Linking:
dlsrc=dl_dlopen.xs
dlext=so
d_dlsymun=undef
ccdlflags='-Wl,-E'
cccdlflags='-fPIC'
lddlflags='-shared -O2 -L/usr/local/lib -fstack-protector-strong'
Characteristics of this binary (from libperl):
Compile-time options:
HAS_TIMES
PERLIO_LAYERS
PERL_COPY_ON_WRITE
PERL_DONT_CREATE_GVSV
PERL_MALLOC_WRAP
PERL_OP_PARENT
PERL_PRESERVE_IVUV
USE_64_BIT_ALL
USE_64_BIT_INT
USE_LARGE_FILES
USE_LOCALE
USE_LOCALE_COLLATE
USE_LOCALE_CTYPE
USE_LOCALE_NUMERIC
USE_LOCALE_TIME
USE_PERLIO
USE_PERL_ATOF
Locally applied patches:
Devel::PatchPerl 2.08
Built under linux
Compiled at Jul 5 2023 22:40:42
%ENV:
PERL="5.28.3"
PERL5LIB=""
PERL5OPT=""
PERL5_CPANPLUS_IS_RUNNING="3909579"
PERL5_CPAN_IS_RUNNING="3909579"
PERLBREW_HOME="/home/david/.perlbrew"
PERLBREW_MANPATH="/home/david/perl5/perlbrew/perls/perl-5.30.2/man"
PERLBREW_PATH="/home/david/perl5/perlbrew/bin:/home/david/perl5/perlbrew/perls/perl-5.30.2/bin"
PERLBREW_PERL="perl-5.30.2"
PERLBREW_ROOT="/home/david/perl5/perlbrew"
PERLBREW_SHELLRC_VERSION="0.89"
PERLBREW_VERSION="0.89"
PERLVER="5.28.3"
PERL_INLINE_DIRECTORY="/home/david/.Inline-5.28.3"
PERL_MM_USE_DEFAULT="1"
PERL_USE_UNSAFE_INC="0"
@INC:
/home/david/cpantesting/perl-5.28.3/lib/site_perl/5.28.3/x86_64-linux
/home/david/cpantesting/perl-5.28.3/lib/site_perl/5.28.3
/home/david/cpantesting/perl-5.28.3/lib/5.28.3/x86_64-linux
/home/david/cpantesting/perl-5.28.3/lib/5.28.3