Net-HTTP-Spore v0.08 Perl 5 v5.8.9 x86_64-linux-thread-multi

Status
Fail
From
David Cantrell (DCANTRELL)
Dist
Net-HTTP-Spore v0.08
Platform
Perl 5 v5.8.9 x86_64-linux-thread-multi
Date
2017-10-30 11:34:03
ID
3b59bdfa-bd66-11e7-8731-a10d3a6f764e
This distribution has been tested as part of the CPAN Testers
project, supporting the Perl programming language.  See
http://wiki.cpantesters.org/ for more information or email
questions to cpan-testers-discuss@perl.org


--
Dear Ahmad Fatoum,

This is a computer-generated report for Net-HTTP-Spore-0.08
on perl 5.8.9, created by CPAN-Reporter-1.2018.

Thank you for uploading your work to CPAN.  However, there was a problem
testing your distribution.

If you think this report is invalid, please consult the CPAN Testers Wiki
for suggestions on how to avoid getting FAIL reports for missing library
or binary dependencies, unsupported operating systems, and so on:

http://wiki.cpantesters.org/wiki/CPANAuthorNotes

Sections of this report:

    * Tester comments
    * Program output
    * Prerequisites
    * Environment and other context

------------------------------
TESTER COMMENTS
------------------------------

Additional comments from tester:

this report is from an automated smoke testing program
and was not reviewed by a human for accuracy

------------------------------
PROGRAM OUTPUT
------------------------------

Output from '/usr/bin/make test':

PERL_DL_NONLAZY=1 "/home/david/cpantesting/perl-5.8.9/bin/perl" "-MExtUtils::Command::MM" "-MTest::Harness" "-e" "undef *Test::Harness::Switches; test_harness(0, 'blib/lib', 'blib/arch')" t/*.t t/spore-method/*.t t/spore-middleware/*.t t/spore-request/*.t t/spore-response/*.t t/spore-role/*.t t/spore/*.t
t/author-eol.t ....................... skipped: these tests are for testing by the author
t/author-no-tabs.t ................... skipped: these tests are for testing by the author
t/author-pod-syntax.t ................ skipped: these tests are for testing by the author
t/spore-method/base.t ................ ok
Variable "$base" is not imported at /home/david/cpantesting/perl-5.8.9/.cpan/build/Net-HTTP-Spore-0.08-0/blib/lib/Net/HTTP/Spore/Request.pm line 171.
	(Did you mean &base instead?)
Variable "$base" is not imported at /home/david/cpantesting/perl-5.8.9/.cpan/build/Net-HTTP-Spore-0.08-0/blib/lib/Net/HTTP/Spore/Request.pm line 171.
	(Did you mean &base instead?)
Scalar found where operator expected at /home/david/cpantesting/perl-5.8.9/.cpan/build/Net-HTTP-Spore-0.08-0/blib/lib/Net/HTTP/Spore/Request.pm line 184, near "$base =~ s!/$!"
  (Might be a runaway multi-line // string starting on line 171)
	(Missing operator before $!?)
Variable "$base" is not imported at /home/david/cpantesting/perl-5.8.9/.cpan/build/Net-HTTP-Spore-0.08-0/blib/lib/Net/HTTP/Spore/Request.pm line 185.
	(Did you mean &base instead?)
"my" variable $i masks earlier declaration in same scope at /home/david/cpantesting/perl-5.8.9/.cpan/build/Net-HTTP-Spore-0.08-0/blib/lib/Net/HTTP/Spore/Request.pm line 334.
"my" variable $k masks earlier declaration in same scope at /home/david/cpantesting/perl-5.8.9/.cpan/build/Net-HTTP-Spore-0.08-0/blib/lib/Net/HTTP/Spore/Request.pm line 335.
"my" variable $v masks earlier declaration in same scope at /home/david/cpantesting/perl-5.8.9/.cpan/build/Net-HTTP-Spore-0.08-0/blib/lib/Net/HTTP/Spore/Request.pm line 335.
Global symbol "$base" requires explicit package name at /home/david/cpantesting/perl-5.8.9/.cpan/build/Net-HTTP-Spore-0.08-0/blib/lib/Net/HTTP/Spore/Request.pm line 171.
Global symbol "$is_interrogation" requires explicit package name at /home/david/cpantesting/perl-5.8.9/.cpan/build/Net-HTTP-Spore-0.08-0/blib/lib/Net/HTTP/Spore/Request.pm line 171.
Global symbol "$is_interrogation" requires explicit package name at /home/david/cpantesting/perl-5.8.9/.cpan/build/Net-HTTP-Spore-0.08-0/blib/lib/Net/HTTP/Spore/Request.pm line 171.
Global symbol "$base" requires explicit package name at /home/david/cpantesting/perl-5.8.9/.cpan/build/Net-HTTP-Spore-0.08-0/blib/lib/Net/HTTP/Spore/Request.pm line 171.
syntax error at /home/david/cpantesting/perl-5.8.9/.cpan/build/Net-HTTP-Spore-0.08-0/blib/lib/Net/HTTP/Spore/Request.pm line 184, near "$base =~ s!/$!"
Global symbol "$base" requires explicit package name at /home/david/cpantesting/perl-5.8.9/.cpan/build/Net-HTTP-Spore-0.08-0/blib/lib/Net/HTTP/Spore/Request.pm line 185.
Compilation failed in require at /home/david/cpantesting/perl-5.8.9/.cpan/build/Net-HTTP-Spore-0.08-0/blib/lib/Net/HTTP/Spore/Role/Request.pm line 8.
BEGIN failed--compilation aborted at /home/david/cpantesting/perl-5.8.9/.cpan/build/Net-HTTP-Spore-0.08-0/blib/lib/Net/HTTP/Spore/Role/Request.pm line 8.
Compilation failed in require at /home/david/cpantesting/perl-5.8.9/lib/site_perl/5.8.9/Module/Runtime.pm line 310.
BEGIN failed--compilation aborted at /home/david/cpantesting/perl-5.8.9/.cpan/build/Net-HTTP-Spore-0.08-0/blib/lib/Net/HTTP/Spore/Core.pm line 3.
Compilation failed in require at /home/david/cpantesting/perl-5.8.9/.cpan/build/Net-HTTP-Spore-0.08-0/blib/lib/Net/HTTP/Spore.pm line 13.
BEGIN failed--compilation aborted at /home/david/cpantesting/perl-5.8.9/.cpan/build/Net-HTTP-Spore-0.08-0/blib/lib/Net/HTTP/Spore.pm line 13.
Compilation failed in require at t/spore-method/payload.t line 8.
BEGIN failed--compilation aborted at t/spore-method/payload.t line 8.
# Looks like your test exited with 2 before it could output anything.
t/spore-method/payload.t ............. 
Dubious, test returned 2 (wstat 512, 0x200)
Failed 6/6 subtests 
Variable "$base" is not imported at /home/david/cpantesting/perl-5.8.9/.cpan/build/Net-HTTP-Spore-0.08-0/blib/lib/Net/HTTP/Spore/Request.pm line 171.
	(Did you mean &base instead?)
Variable "$base" is not imported at /home/david/cpantesting/perl-5.8.9/.cpan/build/Net-HTTP-Spore-0.08-0/blib/lib/Net/HTTP/Spore/Request.pm line 171.
	(Did you mean &base instead?)
Scalar found where operator expected at /home/david/cpantesting/perl-5.8.9/.cpan/build/Net-HTTP-Spore-0.08-0/blib/lib/Net/HTTP/Spore/Request.pm line 184, near "$base =~ s!/$!"
  (Might be a runaway multi-line // string starting on line 171)
	(Missing operator before $!?)
Variable "$base" is not imported at /home/david/cpantesting/perl-5.8.9/.cpan/build/Net-HTTP-Spore-0.08-0/blib/lib/Net/HTTP/Spore/Request.pm line 185.
	(Did you mean &base instead?)
"my" variable $i masks earlier declaration in same scope at /home/david/cpantesting/perl-5.8.9/.cpan/build/Net-HTTP-Spore-0.08-0/blib/lib/Net/HTTP/Spore/Request.pm line 334.
"my" variable $k masks earlier declaration in same scope at /home/david/cpantesting/perl-5.8.9/.cpan/build/Net-HTTP-Spore-0.08-0/blib/lib/Net/HTTP/Spore/Request.pm line 335.
"my" variable $v masks earlier declaration in same scope at /home/david/cpantesting/perl-5.8.9/.cpan/build/Net-HTTP-Spore-0.08-0/blib/lib/Net/HTTP/Spore/Request.pm line 335.
Global symbol "$base" requires explicit package name at /home/david/cpantesting/perl-5.8.9/.cpan/build/Net-HTTP-Spore-0.08-0/blib/lib/Net/HTTP/Spore/Request.pm line 171.
Global symbol "$is_interrogation" requires explicit package name at /home/david/cpantesting/perl-5.8.9/.cpan/build/Net-HTTP-Spore-0.08-0/blib/lib/Net/HTTP/Spore/Request.pm line 171.
Global symbol "$is_interrogation" requires explicit package name at /home/david/cpantesting/perl-5.8.9/.cpan/build/Net-HTTP-Spore-0.08-0/blib/lib/Net/HTTP/Spore/Request.pm line 171.
Global symbol "$base" requires explicit package name at /home/david/cpantesting/perl-5.8.9/.cpan/build/Net-HTTP-Spore-0.08-0/blib/lib/Net/HTTP/Spore/Request.pm line 171.
syntax error at /home/david/cpantesting/perl-5.8.9/.cpan/build/Net-HTTP-Spore-0.08-0/blib/lib/Net/HTTP/Spore/Request.pm line 184, near "$base =~ s!/$!"
Global symbol "$base" requires explicit package name at /home/david/cpantesting/perl-5.8.9/.cpan/build/Net-HTTP-Spore-0.08-0/blib/lib/Net/HTTP/Spore/Request.pm line 185.
Compilation failed in require at /home/david/cpantesting/perl-5.8.9/.cpan/build/Net-HTTP-Spore-0.08-0/blib/lib/Net/HTTP/Spore/Role/Request.pm line 8.
BEGIN failed--compilation aborted at /home/david/cpantesting/perl-5.8.9/.cpan/build/Net-HTTP-Spore-0.08-0/blib/lib/Net/HTTP/Spore/Role/Request.pm line 8.
Compilation failed in require at /home/david/cpantesting/perl-5.8.9/lib/site_perl/5.8.9/Module/Runtime.pm line 310.
BEGIN failed--compilation aborted at /home/david/cpantesting/perl-5.8.9/.cpan/build/Net-HTTP-Spore-0.08-0/blib/lib/Net/HTTP/Spore/Core.pm line 3.
Compilation failed in require at /home/david/cpantesting/perl-5.8.9/.cpan/build/Net-HTTP-Spore-0.08-0/blib/lib/Net/HTTP/Spore.pm line 13.
BEGIN failed--compilation aborted at /home/david/cpantesting/perl-5.8.9/.cpan/build/Net-HTTP-Spore-0.08-0/blib/lib/Net/HTTP/Spore.pm line 13.
Compilation failed in require at t/spore-middleware/anonymous.t line 9.
BEGIN failed--compilation aborted at t/spore-middleware/anonymous.t line 9.
t/spore-middleware/anonymous.t ....... 
Dubious, test returned 2 (wstat 512, 0x200)
No subtests run 
Variable "$base" is not imported at /home/david/cpantesting/perl-5.8.9/.cpan/build/Net-HTTP-Spore-0.08-0/blib/lib/Net/HTTP/Spore/Request.pm line 171.
	(Did you mean &base instead?)
Variable "$base" is not imported at /home/david/cpantesting/perl-5.8.9/.cpan/build/Net-HTTP-Spore-0.08-0/blib/lib/Net/HTTP/Spore/Request.pm line 171.
	(Did you mean &base instead?)
Scalar found where operator expected at /home/david/cpantesting/perl-5.8.9/.cpan/build/Net-HTTP-Spore-0.08-0/blib/lib/Net/HTTP/Spore/Request.pm line 184, near "$base =~ s!/$!"
  (Might be a runaway multi-line // string starting on line 171)
	(Missing operator before $!?)
Variable "$base" is not imported at /home/david/cpantesting/perl-5.8.9/.cpan/build/Net-HTTP-Spore-0.08-0/blib/lib/Net/HTTP/Spore/Request.pm line 185.
	(Did you mean &base instead?)
"my" variable $i masks earlier declaration in same scope at /home/david/cpantesting/perl-5.8.9/.cpan/build/Net-HTTP-Spore-0.08-0/blib/lib/Net/HTTP/Spore/Request.pm line 334.
"my" variable $k masks earlier declaration in same scope at /home/david/cpantesting/perl-5.8.9/.cpan/build/Net-HTTP-Spore-0.08-0/blib/lib/Net/HTTP/Spore/Request.pm line 335.
"my" variable $v masks earlier declaration in same scope at /home/david/cpantesting/perl-5.8.9/.cpan/build/Net-HTTP-Spore-0.08-0/blib/lib/Net/HTTP/Spore/Request.pm line 335.
Global symbol "$base" requires explicit package name at /home/david/cpantesting/perl-5.8.9/.cpan/build/Net-HTTP-Spore-0.08-0/blib/lib/Net/HTTP/Spore/Request.pm line 171.
Global symbol "$is_interrogation" requires explicit package name at /home/david/cpantesting/perl-5.8.9/.cpan/build/Net-HTTP-Spore-0.08-0/blib/lib/Net/HTTP/Spore/Request.pm line 171.
Global symbol "$is_interrogation" requires explicit package name at /home/david/cpantesting/perl-5.8.9/.cpan/build/Net-HTTP-Spore-0.08-0/blib/lib/Net/HTTP/Spore/Request.pm line 171.
Global symbol "$base" requires explicit package name at /home/david/cpantesting/perl-5.8.9/.cpan/build/Net-HTTP-Spore-0.08-0/blib/lib/Net/HTTP/Spore/Request.pm line 171.
syntax error at /home/david/cpantesting/perl-5.8.9/.cpan/build/Net-HTTP-Spore-0.08-0/blib/lib/Net/HTTP/Spore/Request.pm line 184, near "$base =~ s!/$!"
Global symbol "$base" requires explicit package name at /home/david/cpantesting/perl-5.8.9/.cpan/build/Net-HTTP-Spore-0.08-0/blib/lib/Net/HTTP/Spore/Request.pm line 185.
Compilation failed in require at /home/david/cpantesting/perl-5.8.9/.cpan/build/Net-HTTP-Spore-0.08-0/blib/lib/Net/HTTP/Spore/Role/Request.pm line 8.
BEGIN failed--compilation aborted at /home/david/cpantesting/perl-5.8.9/.cpan/build/Net-HTTP-Spore-0.08-0/blib/lib/Net/HTTP/Spore/Role/Request.pm line 8.
Compilation failed in require at /home/david/cpantesting/perl-5.8.9/lib/site_perl/5.8.9/Module/Runtime.pm line 310.
BEGIN failed--compilation aborted at /home/david/cpantesting/perl-5.8.9/.cpan/build/Net-HTTP-Spore-0.08-0/blib/lib/Net/HTTP/Spore/Core.pm line 3.
Compilation failed in require at /home/david/cpantesting/perl-5.8.9/.cpan/build/Net-HTTP-Spore-0.08-0/blib/lib/Net/HTTP/Spore.pm line 13.
BEGIN failed--compilation aborted at /home/david/cpantesting/perl-5.8.9/.cpan/build/Net-HTTP-Spore-0.08-0/blib/lib/Net/HTTP/Spore.pm line 13.
Compilation failed in require at t/spore-middleware/auth-basic.t line 8.
BEGIN failed--compilation aborted at t/spore-middleware/auth-basic.t line 8.
t/spore-middleware/auth-basic.t ...... 
Dubious, test returned 2 (wstat 512, 0x200)
No subtests run 
Variable "$base" is not imported at /home/david/cpantesting/perl-5.8.9/.cpan/build/Net-HTTP-Spore-0.08-0/blib/lib/Net/HTTP/Spore/Request.pm line 171.
	(Did you mean &base instead?)
Variable "$base" is not imported at /home/david/cpantesting/perl-5.8.9/.cpan/build/Net-HTTP-Spore-0.08-0/blib/lib/Net/HTTP/Spore/Request.pm line 171.
	(Did you mean &base instead?)
Scalar found where operator expected at /home/david/cpantesting/perl-5.8.9/.cpan/build/Net-HTTP-Spore-0.08-0/blib/lib/Net/HTTP/Spore/Request.pm line 184, near "$base =~ s!/$!"
  (Might be a runaway multi-line // string starting on line 171)
	(Missing operator before $!?)
Variable "$base" is not imported at /home/david/cpantesting/perl-5.8.9/.cpan/build/Net-HTTP-Spore-0.08-0/blib/lib/Net/HTTP/Spore/Request.pm line 185.
	(Did you mean &base instead?)
"my" variable $i masks earlier declaration in same scope at /home/david/cpantesting/perl-5.8.9/.cpan/build/Net-HTTP-Spore-0.08-0/blib/lib/Net/HTTP/Spore/Request.pm line 334.
"my" variable $k masks earlier declaration in same scope at /home/david/cpantesting/perl-5.8.9/.cpan/build/Net-HTTP-Spore-0.08-0/blib/lib/Net/HTTP/Spore/Request.pm line 335.
"my" variable $v masks earlier declaration in same scope at /home/david/cpantesting/perl-5.8.9/.cpan/build/Net-HTTP-Spore-0.08-0/blib/lib/Net/HTTP/Spore/Request.pm line 335.
Global symbol "$base" requires explicit package name at /home/david/cpantesting/perl-5.8.9/.cpan/build/Net-HTTP-Spore-0.08-0/blib/lib/Net/HTTP/Spore/Request.pm line 171.
Global symbol "$is_interrogation" requires explicit package name at /home/david/cpantesting/perl-5.8.9/.cpan/build/Net-HTTP-Spore-0.08-0/blib/lib/Net/HTTP/Spore/Request.pm line 171.
Global symbol "$is_interrogation" requires explicit package name at /home/david/cpantesting/perl-5.8.9/.cpan/build/Net-HTTP-Spore-0.08-0/blib/lib/Net/HTTP/Spore/Request.pm line 171.
Global symbol "$base" requires explicit package name at /home/david/cpantesting/perl-5.8.9/.cpan/build/Net-HTTP-Spore-0.08-0/blib/lib/Net/HTTP/Spore/Request.pm line 171.
syntax error at /home/david/cpantesting/perl-5.8.9/.cpan/build/Net-HTTP-Spore-0.08-0/blib/lib/Net/HTTP/Spore/Request.pm line 184, near "$base =~ s!/$!"
Global symbol "$base" requires explicit package name at /home/david/cpantesting/perl-5.8.9/.cpan/build/Net-HTTP-Spore-0.08-0/blib/lib/Net/HTTP/Spore/Request.pm line 185.
Compilation failed in require at /home/david/cpantesting/perl-5.8.9/.cpan/build/Net-HTTP-Spore-0.08-0/blib/lib/Net/HTTP/Spore/Role/Request.pm line 8.
BEGIN failed--compilation aborted at /home/david/cpantesting/perl-5.8.9/.cpan/build/Net-HTTP-Spore-0.08-0/blib/lib/Net/HTTP/Spore/Role/Request.pm line 8.
Compilation failed in require at /home/david/cpantesting/perl-5.8.9/lib/site_perl/5.8.9/Module/Runtime.pm line 310.
BEGIN failed--compilation aborted at /home/david/cpantesting/perl-5.8.9/.cpan/build/Net-HTTP-Spore-0.08-0/blib/lib/Net/HTTP/Spore/Core.pm line 3.
Compilation failed in require at /home/david/cpantesting/perl-5.8.9/.cpan/build/Net-HTTP-Spore-0.08-0/blib/lib/Net/HTTP/Spore.pm line 13.
BEGIN failed--compilation aborted at /home/david/cpantesting/perl-5.8.9/.cpan/build/Net-HTTP-Spore-0.08-0/blib/lib/Net/HTTP/Spore.pm line 13.
Compilation failed in require at t/spore-middleware/auth-header.t line 6.
BEGIN failed--compilation aborted at t/spore-middleware/auth-header.t line 6.
t/spore-middleware/auth-header.t ..... 
Dubious, test returned 2 (wstat 512, 0x200)
No subtests run 
Variable "$base" is not imported at /home/david/cpantesting/perl-5.8.9/.cpan/build/Net-HTTP-Spore-0.08-0/blib/lib/Net/HTTP/Spore/Request.pm line 171.
	(Did you mean &base instead?)
Variable "$base" is not imported at /home/david/cpantesting/perl-5.8.9/.cpan/build/Net-HTTP-Spore-0.08-0/blib/lib/Net/HTTP/Spore/Request.pm line 171.
	(Did you mean &base instead?)
Scalar found where operator expected at /home/david/cpantesting/perl-5.8.9/.cpan/build/Net-HTTP-Spore-0.08-0/blib/lib/Net/HTTP/Spore/Request.pm line 184, near "$base =~ s!/$!"
  (Might be a runaway multi-line // string starting on line 171)
	(Missing operator before $!?)
Variable "$base" is not imported at /home/david/cpantesting/perl-5.8.9/.cpan/build/Net-HTTP-Spore-0.08-0/blib/lib/Net/HTTP/Spore/Request.pm line 185.
	(Did you mean &base instead?)
"my" variable $i masks earlier declaration in same scope at /home/david/cpantesting/perl-5.8.9/.cpan/build/Net-HTTP-Spore-0.08-0/blib/lib/Net/HTTP/Spore/Request.pm line 334.
"my" variable $k masks earlier declaration in same scope at /home/david/cpantesting/perl-5.8.9/.cpan/build/Net-HTTP-Spore-0.08-0/blib/lib/Net/HTTP/Spore/Request.pm line 335.
"my" variable $v masks earlier declaration in same scope at /home/david/cpantesting/perl-5.8.9/.cpan/build/Net-HTTP-Spore-0.08-0/blib/lib/Net/HTTP/Spore/Request.pm line 335.
Global symbol "$base" requires explicit package name at /home/david/cpantesting/perl-5.8.9/.cpan/build/Net-HTTP-Spore-0.08-0/blib/lib/Net/HTTP/Spore/Request.pm line 171.
Global symbol "$is_interrogation" requires explicit package name at /home/david/cpantesting/perl-5.8.9/.cpan/build/Net-HTTP-Spore-0.08-0/blib/lib/Net/HTTP/Spore/Request.pm line 171.
Global symbol "$is_interrogation" requires explicit package name at /home/david/cpantesting/perl-5.8.9/.cpan/build/Net-HTTP-Spore-0.08-0/blib/lib/Net/HTTP/Spore/Request.pm line 171.
Global symbol "$base" requires explicit package name at /home/david/cpantesting/perl-5.8.9/.cpan/build/Net-HTTP-Spore-0.08-0/blib/lib/Net/HTTP/Spore/Request.pm line 171.
syntax error at /home/david/cpantesting/perl-5.8.9/.cpan/build/Net-HTTP-Spore-0.08-0/blib/lib/Net/HTTP/Spore/Request.pm line 184, near "$base =~ s!/$!"
Global symbol "$base" requires explicit package name at /home/david/cpantesting/perl-5.8.9/.cpan/build/Net-HTTP-Spore-0.08-0/blib/lib/Net/HTTP/Spore/Request.pm line 185.
Compilation failed in require at /home/david/cpantesting/perl-5.8.9/.cpan/build/Net-HTTP-Spore-0.08-0/blib/lib/Net/HTTP/Spore/Role/Request.pm line 8.
BEGIN failed--compilation aborted at /home/david/cpantesting/perl-5.8.9/.cpan/build/Net-HTTP-Spore-0.08-0/blib/lib/Net/HTTP/Spore/Role/Request.pm line 8.
Compilation failed in require at /home/david/cpantesting/perl-5.8.9/lib/site_perl/5.8.9/Module/Runtime.pm line 310.
BEGIN failed--compilation aborted at /home/david/cpantesting/perl-5.8.9/.cpan/build/Net-HTTP-Spore-0.08-0/blib/lib/Net/HTTP/Spore/Core.pm line 3.
Compilation failed in require at /home/david/cpantesting/perl-5.8.9/.cpan/build/Net-HTTP-Spore-0.08-0/blib/lib/Net/HTTP/Spore.pm line 13.
BEGIN failed--compilation aborted at /home/david/cpantesting/perl-5.8.9/.cpan/build/Net-HTTP-Spore-0.08-0/blib/lib/Net/HTTP/Spore.pm line 13.
Compilation failed in require at t/spore-middleware/auth-oauth.t line 6.
BEGIN failed--compilation aborted at t/spore-middleware/auth-oauth.t line 6.
t/spore-middleware/auth-oauth.t ...... 
Dubious, test returned 2 (wstat 512, 0x200)
No subtests run 
Variable "$base" is not imported at /home/david/cpantesting/perl-5.8.9/.cpan/build/Net-HTTP-Spore-0.08-0/blib/lib/Net/HTTP/Spore/Request.pm line 171.
	(Did you mean &base instead?)
Variable "$base" is not imported at /home/david/cpantesting/perl-5.8.9/.cpan/build/Net-HTTP-Spore-0.08-0/blib/lib/Net/HTTP/Spore/Request.pm line 171.
	(Did you mean &base instead?)
Scalar found where operator expected at /home/david/cpantesting/perl-5.8.9/.cpan/build/Net-HTTP-Spore-0.08-0/blib/lib/Net/HTTP/Spore/Request.pm line 184, near "$base =~ s!/$!"
  (Might be a runaway multi-line // string starting on line 171)
	(Missing operator before $!?)
Variable "$base" is not imported at /home/david/cpantesting/perl-5.8.9/.cpan/build/Net-HTTP-Spore-0.08-0/blib/lib/Net/HTTP/Spore/Request.pm line 185.
	(Did you mean &base instead?)
"my" variable $i masks earlier declaration in same scope at /home/david/cpantesting/perl-5.8.9/.cpan/build/Net-HTTP-Spore-0.08-0/blib/lib/Net/HTTP/Spore/Request.pm line 334.
"my" variable $k masks earlier declaration in same scope at /home/david/cpantesting/perl-5.8.9/.cpan/build/Net-HTTP-Spore-0.08-0/blib/lib/Net/HTTP/Spore/Request.pm line 335.
"my" variable $v masks earlier declaration in same scope at /home/david/cpantesting/perl-5.8.9/.cpan/build/Net-HTTP-Spore-0.08-0/blib/lib/Net/HTTP/Spore/Request.pm line 335.
Global symbol "$base" requires explicit package name at /home/david/cpantesting/perl-5.8.9/.cpan/build/Net-HTTP-Spore-0.08-0/blib/lib/Net/HTTP/Spore/Request.pm line 171.
Global symbol "$is_interrogation" requires explicit package name at /home/david/cpantesting/perl-5.8.9/.cpan/build/Net-HTTP-Spore-0.08-0/blib/lib/Net/HTTP/Spore/Request.pm line 171.
Global symbol "$is_interrogation" requires explicit package name at /home/david/cpantesting/perl-5.8.9/.cpan/build/Net-HTTP-Spore-0.08-0/blib/lib/Net/HTTP/Spore/Request.pm line 171.
Global symbol "$base" requires explicit package name at /home/david/cpantesting/perl-5.8.9/.cpan/build/Net-HTTP-Spore-0.08-0/blib/lib/Net/HTTP/Spore/Request.pm line 171.
syntax error at /home/david/cpantesting/perl-5.8.9/.cpan/build/Net-HTTP-Spore-0.08-0/blib/lib/Net/HTTP/Spore/Request.pm line 184, near "$base =~ s!/$!"
Global symbol "$base" requires explicit package name at /home/david/cpantesting/perl-5.8.9/.cpan/build/Net-HTTP-Spore-0.08-0/blib/lib/Net/HTTP/Spore/Request.pm line 185.
Compilation failed in require at /home/david/cpantesting/perl-5.8.9/.cpan/build/Net-HTTP-Spore-0.08-0/blib/lib/Net/HTTP/Spore/Role/Request.pm line 8.
BEGIN failed--compilation aborted at /home/david/cpantesting/perl-5.8.9/.cpan/build/Net-HTTP-Spore-0.08-0/blib/lib/Net/HTTP/Spore/Role/Request.pm line 8.
Compilation failed in require at /home/david/cpantesting/perl-5.8.9/lib/site_perl/5.8.9/Module/Runtime.pm line 310.
BEGIN failed--compilation aborted at /home/david/cpantesting/perl-5.8.9/.cpan/build/Net-HTTP-Spore-0.08-0/blib/lib/Net/HTTP/Spore/Core.pm line 3.
Compilation failed in require at /home/david/cpantesting/perl-5.8.9/.cpan/build/Net-HTTP-Spore-0.08-0/blib/lib/Net/HTTP/Spore.pm line 13.
BEGIN failed--compilation aborted at /home/david/cpantesting/perl-5.8.9/.cpan/build/Net-HTTP-Spore-0.08-0/blib/lib/Net/HTTP/Spore.pm line 13.
Compilation failed in require at t/spore-middleware/format-auto.t line 10.
BEGIN failed--compilation aborted at t/spore-middleware/format-auto.t line 10.
t/spore-middleware/format-auto.t ..... 
Dubious, test returned 2 (wstat 512, 0x200)
No subtests run 
Variable "$base" is not imported at /home/david/cpantesting/perl-5.8.9/.cpan/build/Net-HTTP-Spore-0.08-0/blib/lib/Net/HTTP/Spore/Request.pm line 171.
	(Did you mean &base instead?)
Variable "$base" is not imported at /home/david/cpantesting/perl-5.8.9/.cpan/build/Net-HTTP-Spore-0.08-0/blib/lib/Net/HTTP/Spore/Request.pm line 171.
	(Did you mean &base instead?)
Scalar found where operator expected at /home/david/cpantesting/perl-5.8.9/.cpan/build/Net-HTTP-Spore-0.08-0/blib/lib/Net/HTTP/Spore/Request.pm line 184, near "$base =~ s!/$!"
  (Might be a runaway multi-line // string starting on line 171)
	(Missing operator before $!?)
Variable "$base" is not imported at /home/david/cpantesting/perl-5.8.9/.cpan/build/Net-HTTP-Spore-0.08-0/blib/lib/Net/HTTP/Spore/Request.pm line 185.
	(Did you mean &base instead?)
"my" variable $i masks earlier declaration in same scope at /home/david/cpantesting/perl-5.8.9/.cpan/build/Net-HTTP-Spore-0.08-0/blib/lib/Net/HTTP/Spore/Request.pm line 334.
"my" variable $k masks earlier declaration in same scope at /home/david/cpantesting/perl-5.8.9/.cpan/build/Net-HTTP-Spore-0.08-0/blib/lib/Net/HTTP/Spore/Request.pm line 335.
"my" variable $v masks earlier declaration in same scope at /home/david/cpantesting/perl-5.8.9/.cpan/build/Net-HTTP-Spore-0.08-0/blib/lib/Net/HTTP/Spore/Request.pm line 335.
Global symbol "$base" requires explicit package name at /home/david/cpantesting/perl-5.8.9/.cpan/build/Net-HTTP-Spore-0.08-0/blib/lib/Net/HTTP/Spore/Request.pm line 171.
Global symbol "$is_interrogation" requires explicit package name at /home/david/cpantesting/perl-5.8.9/.cpan/build/Net-HTTP-Spore-0.08-0/blib/lib/Net/HTTP/Spore/Request.pm line 171.
Global symbol "$is_interrogation" requires explicit package name at /home/david/cpantesting/perl-5.8.9/.cpan/build/Net-HTTP-Spore-0.08-0/blib/lib/Net/HTTP/Spore/Request.pm line 171.
Global symbol "$base" requires explicit package name at /home/david/cpantesting/perl-5.8.9/.cpan/build/Net-HTTP-Spore-0.08-0/blib/lib/Net/HTTP/Spore/Request.pm line 171.
syntax error at /home/david/cpantesting/perl-5.8.9/.cpan/build/Net-HTTP-Spore-0.08-0/blib/lib/Net/HTTP/Spore/Request.pm line 184, near "$base =~ s!/$!"
Global symbol "$base" requires explicit package name at /home/david/cpantesting/perl-5.8.9/.cpan/build/Net-HTTP-Spore-0.08-0/blib/lib/Net/HTTP/Spore/Request.pm line 185.
Compilation failed in require at /home/david/cpantesting/perl-5.8.9/.cpan/build/Net-HTTP-Spore-0.08-0/blib/lib/Net/HTTP/Spore/Role/Request.pm line 8.
BEGIN failed--compilation aborted at /home/david/cpantesting/perl-5.8.9/.cpan/build/Net-HTTP-Spore-0.08-0/blib/lib/Net/HTTP/Spore/Role/Request.pm line 8.
Compilation failed in require at /home/david/cpantesting/perl-5.8.9/lib/site_perl/5.8.9/Module/Runtime.pm line 310.
BEGIN failed--compilation aborted at /home/david/cpantesting/perl-5.8.9/.cpan/build/Net-HTTP-Spore-0.08-0/blib/lib/Net/HTTP/Spore/Core.pm line 3.
Compilation failed in require at /home/david/cpantesting/perl-5.8.9/.cpan/build/Net-HTTP-Spore-0.08-0/blib/lib/Net/HTTP/Spore.pm line 13.
BEGIN failed--compilation aborted at /home/david/cpantesting/perl-5.8.9/.cpan/build/Net-HTTP-Spore-0.08-0/blib/lib/Net/HTTP/Spore.pm line 13.
Compilation failed in require at t/spore-middleware/format-json.t line 7.
BEGIN failed--compilation aborted at t/spore-middleware/format-json.t line 7.
t/spore-middleware/format-json.t ..... 
Dubious, test returned 2 (wstat 512, 0x200)
No subtests run 
Variable "$base" is not imported at /home/david/cpantesting/perl-5.8.9/.cpan/build/Net-HTTP-Spore-0.08-0/blib/lib/Net/HTTP/Spore/Request.pm line 171.
	(Did you mean &base instead?)
Variable "$base" is not imported at /home/david/cpantesting/perl-5.8.9/.cpan/build/Net-HTTP-Spore-0.08-0/blib/lib/Net/HTTP/Spore/Request.pm line 171.
	(Did you mean &base instead?)
Scalar found where operator expected at /home/david/cpantesting/perl-5.8.9/.cpan/build/Net-HTTP-Spore-0.08-0/blib/lib/Net/HTTP/Spore/Request.pm line 184, near "$base =~ s!/$!"
  (Might be a runaway multi-line // string starting on line 171)
	(Missing operator before $!?)
Variable "$base" is not imported at /home/david/cpantesting/perl-5.8.9/.cpan/build/Net-HTTP-Spore-0.08-0/blib/lib/Net/HTTP/Spore/Request.pm line 185.
	(Did you mean &base instead?)
"my" variable $i masks earlier declaration in same scope at /home/david/cpantesting/perl-5.8.9/.cpan/build/Net-HTTP-Spore-0.08-0/blib/lib/Net/HTTP/Spore/Request.pm line 334.
"my" variable $k masks earlier declaration in same scope at /home/david/cpantesting/perl-5.8.9/.cpan/build/Net-HTTP-Spore-0.08-0/blib/lib/Net/HTTP/Spore/Request.pm line 335.
"my" variable $v masks earlier declaration in same scope at /home/david/cpantesting/perl-5.8.9/.cpan/build/Net-HTTP-Spore-0.08-0/blib/lib/Net/HTTP/Spore/Request.pm line 335.
Global symbol "$base" requires explicit package name at /home/david/cpantesting/perl-5.8.9/.cpan/build/Net-HTTP-Spore-0.08-0/blib/lib/Net/HTTP/Spore/Request.pm line 171.
Global symbol "$is_interrogation" requires explicit package name at /home/david/cpantesting/perl-5.8.9/.cpan/build/Net-HTTP-Spore-0.08-0/blib/lib/Net/HTTP/Spore/Request.pm line 171.
Global symbol "$is_interrogation" requires explicit package name at /home/david/cpantesting/perl-5.8.9/.cpan/build/Net-HTTP-Spore-0.08-0/blib/lib/Net/HTTP/Spore/Request.pm line 171.
Global symbol "$base" requires explicit package name at /home/david/cpantesting/perl-5.8.9/.cpan/build/Net-HTTP-Spore-0.08-0/blib/lib/Net/HTTP/Spore/Request.pm line 171.
syntax error at /home/david/cpantesting/perl-5.8.9/.cpan/build/Net-HTTP-Spore-0.08-0/blib/lib/Net/HTTP/Spore/Request.pm line 184, near "$base =~ s!/$!"
Global symbol "$base" requires explicit package name at /home/david/cpantesting/perl-5.8.9/.cpan/build/Net-HTTP-Spore-0.08-0/blib/lib/Net/HTTP/Spore/Request.pm line 185.
Compilation failed in require at /home/david/cpantesting/perl-5.8.9/.cpan/build/Net-HTTP-Spore-0.08-0/blib/lib/Net/HTTP/Spore/Role/Request.pm line 8.
BEGIN failed--compilation aborted at /home/david/cpantesting/perl-5.8.9/.cpan/build/Net-HTTP-Spore-0.08-0/blib/lib/Net/HTTP/Spore/Role/Request.pm line 8.
Compilation failed in require at /home/david/cpantesting/perl-5.8.9/lib/site_perl/5.8.9/Module/Runtime.pm line 310.
BEGIN failed--compilation aborted at /home/david/cpantesting/perl-5.8.9/.cpan/build/Net-HTTP-Spore-0.08-0/blib/lib/Net/HTTP/Spore/Core.pm line 3.
Compilation failed in require at /home/david/cpantesting/perl-5.8.9/.cpan/build/Net-HTTP-Spore-0.08-0/blib/lib/Net/HTTP/Spore.pm line 13.
BEGIN failed--compilation aborted at /home/david/cpantesting/perl-5.8.9/.cpan/build/Net-HTTP-Spore-0.08-0/blib/lib/Net/HTTP/Spore.pm line 13.
Compilation failed in require at t/spore-middleware/format-text.t line 5.
BEGIN failed--compilation aborted at t/spore-middleware/format-text.t line 5.
t/spore-middleware/format-text.t ..... 
Dubious, test returned 2 (wstat 512, 0x200)
No subtests run 
Variable "$base" is not imported at /home/david/cpantesting/perl-5.8.9/.cpan/build/Net-HTTP-Spore-0.08-0/blib/lib/Net/HTTP/Spore/Request.pm line 171.
	(Did you mean &base instead?)
Variable "$base" is not imported at /home/david/cpantesting/perl-5.8.9/.cpan/build/Net-HTTP-Spore-0.08-0/blib/lib/Net/HTTP/Spore/Request.pm line 171.
	(Did you mean &base instead?)
Scalar found where operator expected at /home/david/cpantesting/perl-5.8.9/.cpan/build/Net-HTTP-Spore-0.08-0/blib/lib/Net/HTTP/Spore/Request.pm line 184, near "$base =~ s!/$!"
  (Might be a runaway multi-line // string starting on line 171)
	(Missing operator before $!?)
Variable "$base" is not imported at /home/david/cpantesting/perl-5.8.9/.cpan/build/Net-HTTP-Spore-0.08-0/blib/lib/Net/HTTP/Spore/Request.pm line 185.
	(Did you mean &base instead?)
"my" variable $i masks earlier declaration in same scope at /home/david/cpantesting/perl-5.8.9/.cpan/build/Net-HTTP-Spore-0.08-0/blib/lib/Net/HTTP/Spore/Request.pm line 334.
"my" variable $k masks earlier declaration in same scope at /home/david/cpantesting/perl-5.8.9/.cpan/build/Net-HTTP-Spore-0.08-0/blib/lib/Net/HTTP/Spore/Request.pm line 335.
"my" variable $v masks earlier declaration in same scope at /home/david/cpantesting/perl-5.8.9/.cpan/build/Net-HTTP-Spore-0.08-0/blib/lib/Net/HTTP/Spore/Request.pm line 335.
Global symbol "$base" requires explicit package name at /home/david/cpantesting/perl-5.8.9/.cpan/build/Net-HTTP-Spore-0.08-0/blib/lib/Net/HTTP/Spore/Request.pm line 171.
Global symbol "$is_interrogation" requires explicit package name at /home/david/cpantesting/perl-5.8.9/.cpan/build/Net-HTTP-Spore-0.08-0/blib/lib/Net/HTTP/Spore/Request.pm line 171.
Global symbol "$is_interrogation" requires explicit package name at /home/david/cpantesting/perl-5.8.9/.cpan/build/Net-HTTP-Spore-0.08-0/blib/lib/Net/HTTP/Spore/Request.pm line 171.
Global symbol "$base" requires explicit package name at /home/david/cpantesting/perl-5.8.9/.cpan/build/Net-HTTP-Spore-0.08-0/blib/lib/Net/HTTP/Spore/Request.pm line 171.
syntax error at /home/david/cpantesting/perl-5.8.9/.cpan/build/Net-HTTP-Spore-0.08-0/blib/lib/Net/HTTP/Spore/Request.pm line 184, near "$base =~ s!/$!"
Global symbol "$base" requires explicit package name at /home/david/cpantesting/perl-5.8.9/.cpan/build/Net-HTTP-Spore-0.08-0/blib/lib/Net/HTTP/Spore/Request.pm line 185.
Compilation failed in require at /home/david/cpantesting/perl-5.8.9/.cpan/build/Net-HTTP-Spore-0.08-0/blib/lib/Net/HTTP/Spore/Role/Request.pm line 8.
BEGIN failed--compilation aborted at /home/david/cpantesting/perl-5.8.9/.cpan/build/Net-HTTP-Spore-0.08-0/blib/lib/Net/HTTP/Spore/Role/Request.pm line 8.
Compilation failed in require at /home/david/cpantesting/perl-5.8.9/lib/site_perl/5.8.9/Module/Runtime.pm line 310.
BEGIN failed--compilation aborted at /home/david/cpantesting/perl-5.8.9/.cpan/build/Net-HTTP-Spore-0.08-0/blib/lib/Net/HTTP/Spore/Core.pm line 3.
Compilation failed in require at /home/david/cpantesting/perl-5.8.9/.cpan/build/Net-HTTP-Spore-0.08-0/blib/lib/Net/HTTP/Spore.pm line 13.
BEGIN failed--compilation aborted at /home/david/cpantesting/perl-5.8.9/.cpan/build/Net-HTTP-Spore-0.08-0/blib/lib/Net/HTTP/Spore.pm line 13.
Compilation failed in require at t/spore-middleware/format-xml.t line 7.
BEGIN failed--compilation aborted at t/spore-middleware/format-xml.t line 7.
t/spore-middleware/format-xml.t ...... 
Dubious, test returned 2 (wstat 512, 0x200)
No subtests run 
Variable "$base" is not imported at /home/david/cpantesting/perl-5.8.9/.cpan/build/Net-HTTP-Spore-0.08-0/blib/lib/Net/HTTP/Spore/Request.pm line 171.
	(Did you mean &base instead?)
Variable "$base" is not imported at /home/david/cpantesting/perl-5.8.9/.cpan/build/Net-HTTP-Spore-0.08-0/blib/lib/Net/HTTP/Spore/Request.pm line 171.
	(Did you mean &base instead?)
Scalar found where operator expected at /home/david/cpantesting/perl-5.8.9/.cpan/build/Net-HTTP-Spore-0.08-0/blib/lib/Net/HTTP/Spore/Request.pm line 184, near "$base =~ s!/$!"
  (Might be a runaway multi-line // string starting on line 171)
	(Missing operator before $!?)
Variable "$base" is not imported at /home/david/cpantesting/perl-5.8.9/.cpan/build/Net-HTTP-Spore-0.08-0/blib/lib/Net/HTTP/Spore/Request.pm line 185.
	(Did you mean &base instead?)
"my" variable $i masks earlier declaration in same scope at /home/david/cpantesting/perl-5.8.9/.cpan/build/Net-HTTP-Spore-0.08-0/blib/lib/Net/HTTP/Spore/Request.pm line 334.
"my" variable $k masks earlier declaration in same scope at /home/david/cpantesting/perl-5.8.9/.cpan/build/Net-HTTP-Spore-0.08-0/blib/lib/Net/HTTP/Spore/Request.pm line 335.
"my" variable $v masks earlier declaration in same scope at /home/david/cpantesting/perl-5.8.9/.cpan/build/Net-HTTP-Spore-0.08-0/blib/lib/Net/HTTP/Spore/Request.pm line 335.
Global symbol "$base" requires explicit package name at /home/david/cpantesting/perl-5.8.9/.cpan/build/Net-HTTP-Spore-0.08-0/blib/lib/Net/HTTP/Spore/Request.pm line 171.
Global symbol "$is_interrogation" requires explicit package name at /home/david/cpantesting/perl-5.8.9/.cpan/build/Net-HTTP-Spore-0.08-0/blib/lib/Net/HTTP/Spore/Request.pm line 171.
Global symbol "$is_interrogation" requires explicit package name at /home/david/cpantesting/perl-5.8.9/.cpan/build/Net-HTTP-Spore-0.08-0/blib/lib/Net/HTTP/Spore/Request.pm line 171.
Global symbol "$base" requires explicit package name at /home/david/cpantesting/perl-5.8.9/.cpan/build/Net-HTTP-Spore-0.08-0/blib/lib/Net/HTTP/Spore/Request.pm line 171.
syntax error at /home/david/cpantesting/perl-5.8.9/.cpan/build/Net-HTTP-Spore-0.08-0/blib/lib/Net/HTTP/Spore/Request.pm line 184, near "$base =~ s!/$!"
Global symbol "$base" requires explicit package name at /home/david/cpantesting/perl-5.8.9/.cpan/build/Net-HTTP-Spore-0.08-0/blib/lib/Net/HTTP/Spore/Request.pm line 185.
Compilation failed in require at /home/david/cpantesting/perl-5.8.9/.cpan/build/Net-HTTP-Spore-0.08-0/blib/lib/Net/HTTP/Spore/Role/Request.pm line 8.
BEGIN failed--compilation aborted at /home/david/cpantesting/perl-5.8.9/.cpan/build/Net-HTTP-Spore-0.08-0/blib/lib/Net/HTTP/Spore/Role/Request.pm line 8.
Compilation failed in require at /home/david/cpantesting/perl-5.8.9/lib/site_perl/5.8.9/Module/Runtime.pm line 310.
BEGIN failed--compilation aborted at /home/david/cpantesting/perl-5.8.9/.cpan/build/Net-HTTP-Spore-0.08-0/blib/lib/Net/HTTP/Spore/Core.pm line 3.
Compilation failed in require at /home/david/cpantesting/perl-5.8.9/.cpan/build/Net-HTTP-Spore-0.08-0/blib/lib/Net/HTTP/Spore.pm line 13.
BEGIN failed--compilation aborted at /home/david/cpantesting/perl-5.8.9/.cpan/build/Net-HTTP-Spore-0.08-0/blib/lib/Net/HTTP/Spore.pm line 13.
Compilation failed in require at t/spore-middleware/format-yaml.t line 7.
BEGIN failed--compilation aborted at t/spore-middleware/format-yaml.t line 7.
t/spore-middleware/format-yaml.t ..... 
Dubious, test returned 2 (wstat 512, 0x200)
No subtests run 
Variable "$base" is not imported at /home/david/cpantesting/perl-5.8.9/.cpan/build/Net-HTTP-Spore-0.08-0/blib/lib/Net/HTTP/Spore/Request.pm line 171.
	(Did you mean &base instead?)
Variable "$base" is not imported at /home/david/cpantesting/perl-5.8.9/.cpan/build/Net-HTTP-Spore-0.08-0/blib/lib/Net/HTTP/Spore/Request.pm line 171.
	(Did you mean &base instead?)
Scalar found where operator expected at /home/david/cpantesting/perl-5.8.9/.cpan/build/Net-HTTP-Spore-0.08-0/blib/lib/Net/HTTP/Spore/Request.pm line 184, near "$base =~ s!/$!"
  (Might be a runaway multi-line // string starting on line 171)
	(Missing operator before $!?)
Variable "$base" is not imported at /home/david/cpantesting/perl-5.8.9/.cpan/build/Net-HTTP-Spore-0.08-0/blib/lib/Net/HTTP/Spore/Request.pm line 185.
	(Did you mean &base instead?)
"my" variable $i masks earlier declaration in same scope at /home/david/cpantesting/perl-5.8.9/.cpan/build/Net-HTTP-Spore-0.08-0/blib/lib/Net/HTTP/Spore/Request.pm line 334.
"my" variable $k masks earlier declaration in same scope at /home/david/cpantesting/perl-5.8.9/.cpan/build/Net-HTTP-Spore-0.08-0/blib/lib/Net/HTTP/Spore/Request.pm line 335.
"my" variable $v masks earlier declaration in same scope at /home/david/cpantesting/perl-5.8.9/.cpan/build/Net-HTTP-Spore-0.08-0/blib/lib/Net/HTTP/Spore/Request.pm line 335.
Global symbol "$base" requires explicit package name at /home/david/cpantesting/perl-5.8.9/.cpan/build/Net-HTTP-Spore-0.08-0/blib/lib/Net/HTTP/Spore/Request.pm line 171.
Global symbol "$is_interrogation" requires explicit package name at /home/david/cpantesting/perl-5.8.9/.cpan/build/Net-HTTP-Spore-0.08-0/blib/lib/Net/HTTP/Spore/Request.pm line 171.
Global symbol "$is_interrogation" requires explicit package name at /home/david/cpantesting/perl-5.8.9/.cpan/build/Net-HTTP-Spore-0.08-0/blib/lib/Net/HTTP/Spore/Request.pm line 171.
Global symbol "$base" requires explicit package name at /home/david/cpantesting/perl-5.8.9/.cpan/build/Net-HTTP-Spore-0.08-0/blib/lib/Net/HTTP/Spore/Request.pm line 171.
syntax error at /home/david/cpantesting/perl-5.8.9/.cpan/build/Net-HTTP-Spore-0.08-0/blib/lib/Net/HTTP/Spore/Request.pm line 184, near "$base =~ s!/$!"
Global symbol "$base" requires explicit package name at /home/david/cpantesting/perl-5.8.9/.cpan/build/Net-HTTP-Spore-0.08-0/blib/lib/Net/HTTP/Spore/Request.pm line 185.
Compilation failed in require at /home/david/cpantesting/perl-5.8.9/.cpan/build/Net-HTTP-Spore-0.08-0/blib/lib/Net/HTTP/Spore/Role/Request.pm line 8.
BEGIN failed--compilation aborted at /home/david/cpantesting/perl-5.8.9/.cpan/build/Net-HTTP-Spore-0.08-0/blib/lib/Net/HTTP/Spore/Role/Request.pm line 8.
Compilation failed in require at /home/david/cpantesting/perl-5.8.9/lib/site_perl/5.8.9/Module/Runtime.pm line 310.
BEGIN failed--compilation aborted at /home/david/cpantesting/perl-5.8.9/.cpan/build/Net-HTTP-Spore-0.08-0/blib/lib/Net/HTTP/Spore/Core.pm line 3.
Compilation failed in require at /home/david/cpantesting/perl-5.8.9/.cpan/build/Net-HTTP-Spore-0.08-0/blib/lib/Net/HTTP/Spore.pm line 13.
BEGIN failed--compilation aborted at /home/david/cpantesting/perl-5.8.9/.cpan/build/Net-HTTP-Spore-0.08-0/blib/lib/Net/HTTP/Spore.pm line 13.
Compilation failed in require at t/spore-middleware/ns.t line 4.
BEGIN failed--compilation aborted at t/spore-middleware/ns.t line 4.
t/spore-middleware/ns.t .............. 
Dubious, test returned 2 (wstat 512, 0x200)
No subtests run 
Variable "$base" is not imported at /home/david/cpantesting/perl-5.8.9/.cpan/build/Net-HTTP-Spore-0.08-0/blib/lib/Net/HTTP/Spore/Request.pm line 171.
	(Did you mean &base instead?)
Variable "$base" is not imported at /home/david/cpantesting/perl-5.8.9/.cpan/build/Net-HTTP-Spore-0.08-0/blib/lib/Net/HTTP/Spore/Request.pm line 171.
	(Did you mean &base instead?)
Scalar found where operator expected at /home/david/cpantesting/perl-5.8.9/.cpan/build/Net-HTTP-Spore-0.08-0/blib/lib/Net/HTTP/Spore/Request.pm line 184, near "$base =~ s!/$!"
  (Might be a runaway multi-line // string starting on line 171)
	(Missing operator before $!?)
Variable "$base" is not imported at /home/david/cpantesting/perl-5.8.9/.cpan/build/Net-HTTP-Spore-0.08-0/blib/lib/Net/HTTP/Spore/Request.pm line 185.
	(Did you mean &base instead?)
"my" variable $i masks earlier declaration in same scope at /home/david/cpantesting/perl-5.8.9/.cpan/build/Net-HTTP-Spore-0.08-0/blib/lib/Net/HTTP/Spore/Request.pm line 334.
"my" variable $k masks earlier declaration in same scope at /home/david/cpantesting/perl-5.8.9/.cpan/build/Net-HTTP-Spore-0.08-0/blib/lib/Net/HTTP/Spore/Request.pm line 335.
"my" variable $v masks earlier declaration in same scope at /home/david/cpantesting/perl-5.8.9/.cpan/build/Net-HTTP-Spore-0.08-0/blib/lib/Net/HTTP/Spore/Request.pm line 335.
Global symbol "$base" requires explicit package name at /home/david/cpantesting/perl-5.8.9/.cpan/build/Net-HTTP-Spore-0.08-0/blib/lib/Net/HTTP/Spore/Request.pm line 171.
Global symbol "$is_interrogation" requires explicit package name at /home/david/cpantesting/perl-5.8.9/.cpan/build/Net-HTTP-Spore-0.08-0/blib/lib/Net/HTTP/Spore/Request.pm line 171.
Global symbol "$is_interrogation" requires explicit package name at /home/david/cpantesting/perl-5.8.9/.cpan/build/Net-HTTP-Spore-0.08-0/blib/lib/Net/HTTP/Spore/Request.pm line 171.
Global symbol "$base" requires explicit package name at /home/david/cpantesting/perl-5.8.9/.cpan/build/Net-HTTP-Spore-0.08-0/blib/lib/Net/HTTP/Spore/Request.pm line 171.
syntax error at /home/david/cpantesting/perl-5.8.9/.cpan/build/Net-HTTP-Spore-0.08-0/blib/lib/Net/HTTP/Spore/Request.pm line 184, near "$base =~ s!/$!"
Global symbol "$base" requires explicit package name at /home/david/cpantesting/perl-5.8.9/.cpan/build/Net-HTTP-Spore-0.08-0/blib/lib/Net/HTTP/Spore/Request.pm line 185.
Compilation failed in require at /home/david/cpantesting/perl-5.8.9/.cpan/build/Net-HTTP-Spore-0.08-0/blib/lib/Net/HTTP/Spore/Role/Request.pm line 8.
BEGIN failed--compilation aborted at /home/david/cpantesting/perl-5.8.9/.cpan/build/Net-HTTP-Spore-0.08-0/blib/lib/Net/HTTP/Spore/Role/Request.pm line 8.
Compilation failed in require at /home/david/cpantesting/perl-5.8.9/lib/site_perl/5.8.9/Module/Runtime.pm line 310.
BEGIN failed--compilation aborted at /home/david/cpantesting/perl-5.8.9/.cpan/build/Net-HTTP-Spore-0.08-0/blib/lib/Net/HTTP/Spore/Core.pm line 3.
Compilation failed in require at /home/david/cpantesting/perl-5.8.9/.cpan/build/Net-HTTP-Spore-0.08-0/blib/lib/Net/HTTP/Spore.pm line 13.
BEGIN failed--compilation aborted at /home/david/cpantesting/perl-5.8.9/.cpan/build/Net-HTTP-Spore-0.08-0/blib/lib/Net/HTTP/Spore.pm line 13.
Compilation failed in require at t/spore-middleware/redirection.t line 8.
BEGIN failed--compilation aborted at t/spore-middleware/redirection.t line 8.
t/spore-middleware/redirection.t ..... 
Dubious, test returned 2 (wstat 512, 0x200)
No subtests run 
Variable "$base" is not imported at /home/david/cpantesting/perl-5.8.9/.cpan/build/Net-HTTP-Spore-0.08-0/blib/lib/Net/HTTP/Spore/Request.pm line 171.
	(Did you mean &base instead?)
Variable "$base" is not imported at /home/david/cpantesting/perl-5.8.9/.cpan/build/Net-HTTP-Spore-0.08-0/blib/lib/Net/HTTP/Spore/Request.pm line 171.
	(Did you mean &base instead?)
Scalar found where operator expected at /home/david/cpantesting/perl-5.8.9/.cpan/build/Net-HTTP-Spore-0.08-0/blib/lib/Net/HTTP/Spore/Request.pm line 184, near "$base =~ s!/$!"
  (Might be a runaway multi-line // string starting on line 171)
	(Missing operator before $!?)
Variable "$base" is not imported at /home/david/cpantesting/perl-5.8.9/.cpan/build/Net-HTTP-Spore-0.08-0/blib/lib/Net/HTTP/Spore/Request.pm line 185.
	(Did you mean &base instead?)
"my" variable $i masks earlier declaration in same scope at /home/david/cpantesting/perl-5.8.9/.cpan/build/Net-HTTP-Spore-0.08-0/blib/lib/Net/HTTP/Spore/Request.pm line 334.
"my" variable $k masks earlier declaration in same scope at /home/david/cpantesting/perl-5.8.9/.cpan/build/Net-HTTP-Spore-0.08-0/blib/lib/Net/HTTP/Spore/Request.pm line 335.
"my" variable $v masks earlier declaration in same scope at /home/david/cpantesting/perl-5.8.9/.cpan/build/Net-HTTP-Spore-0.08-0/blib/lib/Net/HTTP/Spore/Request.pm line 335.
Global symbol "$base" requires explicit package name at /home/david/cpantesting/perl-5.8.9/.cpan/build/Net-HTTP-Spore-0.08-0/blib/lib/Net/HTTP/Spore/Request.pm line 171.
Global symbol "$is_interrogation" requires explicit package name at /home/david/cpantesting/perl-5.8.9/.cpan/build/Net-HTTP-Spore-0.08-0/blib/lib/Net/HTTP/Spore/Request.pm line 171.
Global symbol "$is_interrogation" requires explicit package name at /home/david/cpantesting/perl-5.8.9/.cpan/build/Net-HTTP-Spore-0.08-0/blib/lib/Net/HTTP/Spore/Request.pm line 171.
Global symbol "$base" requires explicit package name at /home/david/cpantesting/perl-5.8.9/.cpan/build/Net-HTTP-Spore-0.08-0/blib/lib/Net/HTTP/Spore/Request.pm line 171.
syntax error at /home/david/cpantesting/perl-5.8.9/.cpan/build/Net-HTTP-Spore-0.08-0/blib/lib/Net/HTTP/Spore/Request.pm line 184, near "$base =~ s!/$!"
Global symbol "$base" requires explicit package name at /home/david/cpantesting/perl-5.8.9/.cpan/build/Net-HTTP-Spore-0.08-0/blib/lib/Net/HTTP/Spore/Request.pm line 185.
Compilation failed in require at /home/david/cpantesting/perl-5.8.9/.cpan/build/Net-HTTP-Spore-0.08-0/blib/lib/Net/HTTP/Spore/Role/Request.pm line 8.
BEGIN failed--compilation aborted at /home/david/cpantesting/perl-5.8.9/.cpan/build/Net-HTTP-Spore-0.08-0/blib/lib/Net/HTTP/Spore/Role/Request.pm line 8.
Compilation failed in require at /home/david/cpantesting/perl-5.8.9/lib/site_perl/5.8.9/Module/Runtime.pm line 310.
BEGIN failed--compilation aborted at /home/david/cpantesting/perl-5.8.9/.cpan/build/Net-HTTP-Spore-0.08-0/blib/lib/Net/HTTP/Spore/Core.pm line 3.
Compilation failed in require at /home/david/cpantesting/perl-5.8.9/.cpan/build/Net-HTTP-Spore-0.08-0/blib/lib/Net/HTTP/Spore.pm line 13.
BEGIN failed--compilation aborted at /home/david/cpantesting/perl-5.8.9/.cpan/build/Net-HTTP-Spore-0.08-0/blib/lib/Net/HTTP/Spore.pm line 13.
Compilation failed in require at t/spore-middleware/runtime.t line 5.
BEGIN failed--compilation aborted at t/spore-middleware/runtime.t line 5.
t/spore-middleware/runtime.t ......... 
Dubious, test returned 2 (wstat 512, 0x200)
No subtests run 
Variable "$base" is not imported at /home/david/cpantesting/perl-5.8.9/.cpan/build/Net-HTTP-Spore-0.08-0/blib/lib/Net/HTTP/Spore/Request.pm line 171.
	(Did you mean &base instead?)
Variable "$base" is not imported at /home/david/cpantesting/perl-5.8.9/.cpan/build/Net-HTTP-Spore-0.08-0/blib/lib/Net/HTTP/Spore/Request.pm line 171.
	(Did you mean &base instead?)
Scalar found where operator expected at /home/david/cpantesting/perl-5.8.9/.cpan/build/Net-HTTP-Spore-0.08-0/blib/lib/Net/HTTP/Spore/Request.pm line 184, near "$base =~ s!/$!"
  (Might be a runaway multi-line // string starting on line 171)
	(Missing operator before $!?)
Variable "$base" is not imported at /home/david/cpantesting/perl-5.8.9/.cpan/build/Net-HTTP-Spore-0.08-0/blib/lib/Net/HTTP/Spore/Request.pm line 185.
	(Did you mean &base instead?)
"my" variable $i masks earlier declaration in same scope at /home/david/cpantesting/perl-5.8.9/.cpan/build/Net-HTTP-Spore-0.08-0/blib/lib/Net/HTTP/Spore/Request.pm line 334.
"my" variable $k masks earlier declaration in same scope at /home/david/cpantesting/perl-5.8.9/.cpan/build/Net-HTTP-Spore-0.08-0/blib/lib/Net/HTTP/Spore/Request.pm line 335.
"my" variable $v masks earlier declaration in same scope at /home/david/cpantesting/perl-5.8.9/.cpan/build/Net-HTTP-Spore-0.08-0/blib/lib/Net/HTTP/Spore/Request.pm line 335.
Global symbol "$base" requires explicit package name at /home/david/cpantesting/perl-5.8.9/.cpan/build/Net-HTTP-Spore-0.08-0/blib/lib/Net/HTTP/Spore/Request.pm line 171.
Global symbol "$is_interrogation" requires explicit package name at /home/david/cpantesting/perl-5.8.9/.cpan/build/Net-HTTP-Spore-0.08-0/blib/lib/Net/HTTP/Spore/Request.pm line 171.
Global symbol "$is_interrogation" requires explicit package name at /home/david/cpantesting/perl-5.8.9/.cpan/build/Net-HTTP-Spore-0.08-0/blib/lib/Net/HTTP/Spore/Request.pm line 171.
Global symbol "$base" requires explicit package name at /home/david/cpantesting/perl-5.8.9/.cpan/build/Net-HTTP-Spore-0.08-0/blib/lib/Net/HTTP/Spore/Request.pm line 171.
syntax error at /home/david/cpantesting/perl-5.8.9/.cpan/build/Net-HTTP-Spore-0.08-0/blib/lib/Net/HTTP/Spore/Request.pm line 184, near "$base =~ s!/$!"
Global symbol "$base" requires explicit package name at /home/david/cpantesting/perl-5.8.9/.cpan/build/Net-HTTP-Spore-0.08-0/blib/lib/Net/HTTP/Spore/Request.pm line 185.
Compilation failed in require at /home/david/cpantesting/perl-5.8.9/.cpan/build/Net-HTTP-Spore-0.08-0/blib/lib/Net/HTTP/Spore/Role/Request.pm line 8.
BEGIN failed--compilation aborted at /home/david/cpantesting/perl-5.8.9/.cpan/build/Net-HTTP-Spore-0.08-0/blib/lib/Net/HTTP/Spore/Role/Request.pm line 8.
Compilation failed in require at /home/david/cpantesting/perl-5.8.9/lib/site_perl/5.8.9/Module/Runtime.pm line 310.
BEGIN failed--compilation aborted at /home/david/cpantesting/perl-5.8.9/.cpan/build/Net-HTTP-Spore-0.08-0/blib/lib/Net/HTTP/Spore/Core.pm line 3.
Compilation failed in require at /home/david/cpantesting/perl-5.8.9/.cpan/build/Net-HTTP-Spore-0.08-0/blib/lib/Net/HTTP/Spore.pm line 13.
BEGIN failed--compilation aborted at /home/david/cpantesting/perl-5.8.9/.cpan/build/Net-HTTP-Spore-0.08-0/blib/lib/Net/HTTP/Spore.pm line 13.
Compilation failed in require at t/spore-middleware/useragent.t line 5.
BEGIN failed--compilation aborted at t/spore-middleware/useragent.t line 5.
t/spore-middleware/useragent.t ....... 
Dubious, test returned 2 (wstat 512, 0x200)
No subtests run 
Variable "$base" is not imported at /home/david/cpantesting/perl-5.8.9/.cpan/build/Net-HTTP-Spore-0.08-0/blib/lib/Net/HTTP/Spore/Request.pm line 171.
	(Did you mean &base instead?)
Variable "$base" is not imported at /home/david/cpantesting/perl-5.8.9/.cpan/build/Net-HTTP-Spore-0.08-0/blib/lib/Net/HTTP/Spore/Request.pm line 171.
	(Did you mean &base instead?)
Scalar found where operator expected at /home/david/cpantesting/perl-5.8.9/.cpan/build/Net-HTTP-Spore-0.08-0/blib/lib/Net/HTTP/Spore/Request.pm line 184, near "$base =~ s!/$!"
  (Might be a runaway multi-line // string starting on line 171)
	(Missing operator before $!?)
Variable "$base" is not imported at /home/david/cpantesting/perl-5.8.9/.cpan/build/Net-HTTP-Spore-0.08-0/blib/lib/Net/HTTP/Spore/Request.pm line 185.
	(Did you mean &base instead?)
"my" variable $i masks earlier declaration in same scope at /home/david/cpantesting/perl-5.8.9/.cpan/build/Net-HTTP-Spore-0.08-0/blib/lib/Net/HTTP/Spore/Request.pm line 334.
"my" variable $k masks earlier declaration in same scope at /home/david/cpantesting/perl-5.8.9/.cpan/build/Net-HTTP-Spore-0.08-0/blib/lib/Net/HTTP/Spore/Request.pm line 335.
"my" variable $v masks earlier declaration in same scope at /home/david/cpantesting/perl-5.8.9/.cpan/build/Net-HTTP-Spore-0.08-0/blib/lib/Net/HTTP/Spore/Request.pm line 335.
Global symbol "$base" requires explicit package name at /home/david/cpantesting/perl-5.8.9/.cpan/build/Net-HTTP-Spore-0.08-0/blib/lib/Net/HTTP/Spore/Request.pm line 171.
Global symbol "$is_interrogation" requires explicit package name at /home/david/cpantesting/perl-5.8.9/.cpan/build/Net-HTTP-Spore-0.08-0/blib/lib/Net/HTTP/Spore/Request.pm line 171.
Global symbol "$is_interrogation" requires explicit package name at /home/david/cpantesting/perl-5.8.9/.cpan/build/Net-HTTP-Spore-0.08-0/blib/lib/Net/HTTP/Spore/Request.pm line 171.
Global symbol "$base" requires explicit package name at /home/david/cpantesting/perl-5.8.9/.cpan/build/Net-HTTP-Spore-0.08-0/blib/lib/Net/HTTP/Spore/Request.pm line 171.
syntax error at /home/david/cpantesting/perl-5.8.9/.cpan/build/Net-HTTP-Spore-0.08-0/blib/lib/Net/HTTP/Spore/Request.pm line 184, near "$base =~ s!/$!"
Global symbol "$base" requires explicit package name at /home/david/cpantesting/perl-5.8.9/.cpan/build/Net-HTTP-Spore-0.08-0/blib/lib/Net/HTTP/Spore/Request.pm line 185.
Compilation failed in require at /home/david/cpantesting/perl-5.8.9/.cpan/build/Net-HTTP-Spore-0.08-0/blib/lib/Net/HTTP/Spore/Role/Request.pm line 8.
BEGIN failed--compilation aborted at /home/david/cpantesting/perl-5.8.9/.cpan/build/Net-HTTP-Spore-0.08-0/blib/lib/Net/HTTP/Spore/Role/Request.pm line 8.
Compilation failed in require at /home/david/cpantesting/perl-5.8.9/lib/site_perl/5.8.9/Module/Runtime.pm line 310.
BEGIN failed--compilation aborted at /home/david/cpantesting/perl-5.8.9/.cpan/build/Net-HTTP-Spore-0.08-0/blib/lib/Net/HTTP/Spore/Core.pm line 3.
Compilation failed in require at /home/david/cpantesting/perl-5.8.9/.cpan/build/Net-HTTP-Spore-0.08-0/blib/lib/Net/HTTP/Spore.pm line 13.
BEGIN failed--compilation aborted at /home/david/cpantesting/perl-5.8.9/.cpan/build/Net-HTTP-Spore-0.08-0/blib/lib/Net/HTTP/Spore.pm line 13.
Compilation failed in require at t/spore-middleware/x-do-not-track.t line 5.
BEGIN failed--compilation aborted at t/spore-middleware/x-do-not-track.t line 5.
t/spore-middleware/x-do-not-track.t .. 
Dubious, test returned 2 (wstat 512, 0x200)
No subtests run 
Variable "$base" is not imported at /home/david/cpantesting/perl-5.8.9/.cpan/build/Net-HTTP-Spore-0.08-0/blib/lib/Net/HTTP/Spore/Request.pm line 171.
	(Did you mean &base instead?)
Variable "$base" is not imported at /home/david/cpantesting/perl-5.8.9/.cpan/build/Net-HTTP-Spore-0.08-0/blib/lib/Net/HTTP/Spore/Request.pm line 171.
	(Did you mean &base instead?)
Scalar found where operator expected at /home/david/cpantesting/perl-5.8.9/.cpan/build/Net-HTTP-Spore-0.08-0/blib/lib/Net/HTTP/Spore/Request.pm line 184, near "$base =~ s!/$!"
  (Might be a runaway multi-line // string starting on line 171)
	(Missing operator before $!?)
Variable "$base" is not imported at /home/david/cpantesting/perl-5.8.9/.cpan/build/Net-HTTP-Spore-0.08-0/blib/lib/Net/HTTP/Spore/Request.pm line 185.
	(Did you mean &base instead?)
"my" variable $i masks earlier declaration in same scope at /home/david/cpantesting/perl-5.8.9/.cpan/build/Net-HTTP-Spore-0.08-0/blib/lib/Net/HTTP/Spore/Request.pm line 334.
"my" variable $k masks earlier declaration in same scope at /home/david/cpantesting/perl-5.8.9/.cpan/build/Net-HTTP-Spore-0.08-0/blib/lib/Net/HTTP/Spore/Request.pm line 335.
"my" variable $v masks earlier declaration in same scope at /home/david/cpantesting/perl-5.8.9/.cpan/build/Net-HTTP-Spore-0.08-0/blib/lib/Net/HTTP/Spore/Request.pm line 335.
Global symbol "$base" requires explicit package name at /home/david/cpantesting/perl-5.8.9/.cpan/build/Net-HTTP-Spore-0.08-0/blib/lib/Net/HTTP/Spore/Request.pm line 171.
Global symbol "$is_interrogation" requires explicit package name at /home/david/cpantesting/perl-5.8.9/.cpan/build/Net-HTTP-Spore-0.08-0/blib/lib/Net/HTTP/Spore/Request.pm line 171.
Global symbol "$is_interrogation" requires explicit package name at /home/david/cpantesting/perl-5.8.9/.cpan/build/Net-HTTP-Spore-0.08-0/blib/lib/Net/HTTP/Spore/Request.pm line 171.
Global symbol "$base" requires explicit package name at /home/david/cpantesting/perl-5.8.9/.cpan/build/Net-HTTP-Spore-0.08-0/blib/lib/Net/HTTP/Spore/Request.pm line 171.
syntax error at /home/david/cpantesting/perl-5.8.9/.cpan/build/Net-HTTP-Spore-0.08-0/blib/lib/Net/HTTP/Spore/Request.pm line 184, near "$base =~ s!/$!"
Global symbol "$base" requires explicit package name at /home/david/cpantesting/perl-5.8.9/.cpan/build/Net-HTTP-Spore-0.08-0/blib/lib/Net/HTTP/Spore/Request.pm line 185.
Compilation failed in require at t/spore-request/base.t line 4.
BEGIN failed--compilation aborted at t/spore-request/base.t line 4.
t/spore-request/base.t ............... 
Dubious, test returned 2 (wstat 512, 0x200)
No subtests run 
Variable "$base" is not imported at /home/david/cpantesting/perl-5.8.9/.cpan/build/Net-HTTP-Spore-0.08-0/blib/lib/Net/HTTP/Spore/Request.pm line 171.
	(Did you mean &base instead?)
Variable "$base" is not imported at /home/david/cpantesting/perl-5.8.9/.cpan/build/Net-HTTP-Spore-0.08-0/blib/lib/Net/HTTP/Spore/Request.pm line 171.
	(Did you mean &base instead?)
Scalar found where operator expected at /home/david/cpantesting/perl-5.8.9/.cpan/build/Net-HTTP-Spore-0.08-0/blib/lib/Net/HTTP/Spore/Request.pm line 184, near "$base =~ s!/$!"
  (Might be a runaway multi-line // string starting on line 171)
	(Missing operator before $!?)
Variable "$base" is not imported at /home/david/cpantesting/perl-5.8.9/.cpan/build/Net-HTTP-Spore-0.08-0/blib/lib/Net/HTTP/Spore/Request.pm line 185.
	(Did you mean &base instead?)
"my" variable $i masks earlier declaration in same scope at /home/david/cpantesting/perl-5.8.9/.cpan/build/Net-HTTP-Spore-0.08-0/blib/lib/Net/HTTP/Spore/Request.pm line 334.
"my" variable $k masks earlier declaration in same scope at /home/david/cpantesting/perl-5.8.9/.cpan/build/Net-HTTP-Spore-0.08-0/blib/lib/Net/HTTP/Spore/Request.pm line 335.
"my" variable $v masks earlier declaration in same scope at /home/david/cpantesting/perl-5.8.9/.cpan/build/Net-HTTP-Spore-0.08-0/blib/lib/Net/HTTP/Spore/Request.pm line 335.
Global symbol "$base" requires explicit package name at /home/david/cpantesting/perl-5.8.9/.cpan/build/Net-HTTP-Spore-0.08-0/blib/lib/Net/HTTP/Spore/Request.pm line 171.
Global symbol "$is_interrogation" requires explicit package name at /home/david/cpantesting/perl-5.8.9/.cpan/build/Net-HTTP-Spore-0.08-0/blib/lib/Net/HTTP/Spore/Request.pm line 171.
Global symbol "$is_interrogation" requires explicit package name at /home/david/cpantesting/perl-5.8.9/.cpan/build/Net-HTTP-Spore-0.08-0/blib/lib/Net/HTTP/Spore/Request.pm line 171.
Global symbol "$base" requires explicit package name at /home/david/cpantesting/perl-5.8.9/.cpan/build/Net-HTTP-Spore-0.08-0/blib/lib/Net/HTTP/Spore/Request.pm line 171.
syntax error at /home/david/cpantesting/perl-5.8.9/.cpan/build/Net-HTTP-Spore-0.08-0/blib/lib/Net/HTTP/Spore/Request.pm line 184, near "$base =~ s!/$!"
Global symbol "$base" requires explicit package name at /home/david/cpantesting/perl-5.8.9/.cpan/build/Net-HTTP-Spore-0.08-0/blib/lib/Net/HTTP/Spore/Request.pm line 185.
Compilation failed in require at /home/david/cpantesting/perl-5.8.9/.cpan/build/Net-HTTP-Spore-0.08-0/blib/lib/Net/HTTP/Spore/Role/Request.pm line 8.
BEGIN failed--compilation aborted at /home/david/cpantesting/perl-5.8.9/.cpan/build/Net-HTTP-Spore-0.08-0/blib/lib/Net/HTTP/Spore/Role/Request.pm line 8.
Compilation failed in require at /home/david/cpantesting/perl-5.8.9/lib/site_perl/5.8.9/Module/Runtime.pm line 310.
BEGIN failed--compilation aborted at /home/david/cpantesting/perl-5.8.9/.cpan/build/Net-HTTP-Spore-0.08-0/blib/lib/Net/HTTP/Spore/Core.pm line 3.
Compilation failed in require at /home/david/cpantesting/perl-5.8.9/.cpan/build/Net-HTTP-Spore-0.08-0/blib/lib/Net/HTTP/Spore.pm line 13.
BEGIN failed--compilation aborted at /home/david/cpantesting/perl-5.8.9/.cpan/build/Net-HTTP-Spore-0.08-0/blib/lib/Net/HTTP/Spore.pm line 13.
Compilation failed in require at t/spore-request/exception.t line 6.
BEGIN failed--compilation aborted at t/spore-request/exception.t line 6.
t/spore-request/exception.t .......... 
Dubious, test returned 2 (wstat 512, 0x200)
No subtests run 
Variable "$base" is not imported at /home/david/cpantesting/perl-5.8.9/.cpan/build/Net-HTTP-Spore-0.08-0/blib/lib/Net/HTTP/Spore/Request.pm line 171.
	(Did you mean &base instead?)
Variable "$base" is not imported at /home/david/cpantesting/perl-5.8.9/.cpan/build/Net-HTTP-Spore-0.08-0/blib/lib/Net/HTTP/Spore/Request.pm line 171.
	(Did you mean &base instead?)
Scalar found where operator expected at /home/david/cpantesting/perl-5.8.9/.cpan/build/Net-HTTP-Spore-0.08-0/blib/lib/Net/HTTP/Spore/Request.pm line 184, near "$base =~ s!/$!"
  (Might be a runaway multi-line // string starting on line 171)
	(Missing operator before $!?)
Variable "$base" is not imported at /home/david/cpantesting/perl-5.8.9/.cpan/build/Net-HTTP-Spore-0.08-0/blib/lib/Net/HTTP/Spore/Request.pm line 185.
	(Did you mean &base instead?)
"my" variable $i masks earlier declaration in same scope at /home/david/cpantesting/perl-5.8.9/.cpan/build/Net-HTTP-Spore-0.08-0/blib/lib/Net/HTTP/Spore/Request.pm line 334.
"my" variable $k masks earlier declaration in same scope at /home/david/cpantesting/perl-5.8.9/.cpan/build/Net-HTTP-Spore-0.08-0/blib/lib/Net/HTTP/Spore/Request.pm line 335.
"my" variable $v masks earlier declaration in same scope at /home/david/cpantesting/perl-5.8.9/.cpan/build/Net-HTTP-Spore-0.08-0/blib/lib/Net/HTTP/Spore/Request.pm line 335.
Global symbol "$base" requires explicit package name at /home/david/cpantesting/perl-5.8.9/.cpan/build/Net-HTTP-Spore-0.08-0/blib/lib/Net/HTTP/Spore/Request.pm line 171.
Global symbol "$is_interrogation" requires explicit package name at /home/david/cpantesting/perl-5.8.9/.cpan/build/Net-HTTP-Spore-0.08-0/blib/lib/Net/HTTP/Spore/Request.pm line 171.
Global symbol "$is_interrogation" requires explicit package name at /home/david/cpantesting/perl-5.8.9/.cpan/build/Net-HTTP-Spore-0.08-0/blib/lib/Net/HTTP/Spore/Request.pm line 171.
Global symbol "$base" requires explicit package name at /home/david/cpantesting/perl-5.8.9/.cpan/build/Net-HTTP-Spore-0.08-0/blib/lib/Net/HTTP/Spore/Request.pm line 171.
syntax error at /home/david/cpantesting/perl-5.8.9/.cpan/build/Net-HTTP-Spore-0.08-0/blib/lib/Net/HTTP/Spore/Request.pm line 184, near "$base =~ s!/$!"
Global symbol "$base" requires explicit package name at /home/david/cpantesting/perl-5.8.9/.cpan/build/Net-HTTP-Spore-0.08-0/blib/lib/Net/HTTP/Spore/Request.pm line 185.
Compilation failed in require at t/spore-request/finalize.t line 4.
BEGIN failed--compilation aborted at t/spore-request/finalize.t line 4.
t/spore-request/finalize.t ........... 
Dubious, test returned 2 (wstat 512, 0x200)
No subtests run 
Variable "$base" is not imported at /home/david/cpantesting/perl-5.8.9/.cpan/build/Net-HTTP-Spore-0.08-0/blib/lib/Net/HTTP/Spore/Request.pm line 171.
	(Did you mean &base instead?)
Variable "$base" is not imported at /home/david/cpantesting/perl-5.8.9/.cpan/build/Net-HTTP-Spore-0.08-0/blib/lib/Net/HTTP/Spore/Request.pm line 171.
	(Did you mean &base instead?)
Scalar found where operator expected at /home/david/cpantesting/perl-5.8.9/.cpan/build/Net-HTTP-Spore-0.08-0/blib/lib/Net/HTTP/Spore/Request.pm line 184, near "$base =~ s!/$!"
  (Might be a runaway multi-line // string starting on line 171)
	(Missing operator before $!?)
Variable "$base" is not imported at /home/david/cpantesting/perl-5.8.9/.cpan/build/Net-HTTP-Spore-0.08-0/blib/lib/Net/HTTP/Spore/Request.pm line 185.
	(Did you mean &base instead?)
"my" variable $i masks earlier declaration in same scope at /home/david/cpantesting/perl-5.8.9/.cpan/build/Net-HTTP-Spore-0.08-0/blib/lib/Net/HTTP/Spore/Request.pm line 334.
"my" variable $k masks earlier declaration in same scope at /home/david/cpantesting/perl-5.8.9/.cpan/build/Net-HTTP-Spore-0.08-0/blib/lib/Net/HTTP/Spore/Request.pm line 335.
"my" variable $v masks earlier declaration in same scope at /home/david/cpantesting/perl-5.8.9/.cpan/build/Net-HTTP-Spore-0.08-0/blib/lib/Net/HTTP/Spore/Request.pm line 335.
Global symbol "$base" requires explicit package name at /home/david/cpantesting/perl-5.8.9/.cpan/build/Net-HTTP-Spore-0.08-0/blib/lib/Net/HTTP/Spore/Request.pm line 171.
Global symbol "$is_interrogation" requires explicit package name at /home/david/cpantesting/perl-5.8.9/.cpan/build/Net-HTTP-Spore-0.08-0/blib/lib/Net/HTTP/Spore/Request.pm line 171.
Global symbol "$is_interrogation" requires explicit package name at /home/david/cpantesting/perl-5.8.9/.cpan/build/Net-HTTP-Spore-0.08-0/blib/lib/Net/HTTP/Spore/Request.pm line 171.
Global symbol "$base" requires explicit package name at /home/david/cpantesting/perl-5.8.9/.cpan/build/Net-HTTP-Spore-0.08-0/blib/lib/Net/HTTP/Spore/Request.pm line 171.
syntax error at /home/david/cpantesting/perl-5.8.9/.cpan/build/Net-HTTP-Spore-0.08-0/blib/lib/Net/HTTP/Spore/Request.pm line 184, near "$base =~ s!/$!"
Global symbol "$base" requires explicit package name at /home/david/cpantesting/perl-5.8.9/.cpan/build/Net-HTTP-Spore-0.08-0/blib/lib/Net/HTTP/Spore/Request.pm line 185.
Compilation failed in require at /home/david/cpantesting/perl-5.8.9/.cpan/build/Net-HTTP-Spore-0.08-0/blib/lib/Net/HTTP/Spore/Role/Request.pm line 8.
BEGIN failed--compilation aborted at /home/david/cpantesting/perl-5.8.9/.cpan/build/Net-HTTP-Spore-0.08-0/blib/lib/Net/HTTP/Spore/Role/Request.pm line 8.
Compilation failed in require at /home/david/cpantesting/perl-5.8.9/lib/site_perl/5.8.9/Module/Runtime.pm line 310.
BEGIN failed--compilation aborted at /home/david/cpantesting/perl-5.8.9/.cpan/build/Net-HTTP-Spore-0.08-0/blib/lib/Net/HTTP/Spore/Core.pm line 3.
Compilation failed in require at /home/david/cpantesting/perl-5.8.9/.cpan/build/Net-HTTP-Spore-0.08-0/blib/lib/Net/HTTP/Spore.pm line 13.
BEGIN failed--compilation aborted at /home/david/cpantesting/perl-5.8.9/.cpan/build/Net-HTTP-Spore-0.08-0/blib/lib/Net/HTTP/Spore.pm line 13.
Compilation failed in require at t/spore-request/form_data.t line 5.
BEGIN failed--compilation aborted at t/spore-request/form_data.t line 5.
t/spore-request/form_data.t .......... 
Dubious, test returned 2 (wstat 512, 0x200)
No subtests run 
Variable "$base" is not imported at /home/david/cpantesting/perl-5.8.9/.cpan/build/Net-HTTP-Spore-0.08-0/blib/lib/Net/HTTP/Spore/Request.pm line 171.
	(Did you mean &base instead?)
Variable "$base" is not imported at /home/david/cpantesting/perl-5.8.9/.cpan/build/Net-HTTP-Spore-0.08-0/blib/lib/Net/HTTP/Spore/Request.pm line 171.
	(Did you mean &base instead?)
Scalar found where operator expected at /home/david/cpantesting/perl-5.8.9/.cpan/build/Net-HTTP-Spore-0.08-0/blib/lib/Net/HTTP/Spore/Request.pm line 184, near "$base =~ s!/$!"
  (Might be a runaway multi-line // string starting on line 171)
	(Missing operator before $!?)
Variable "$base" is not imported at /home/david/cpantesting/perl-5.8.9/.cpan/build/Net-HTTP-Spore-0.08-0/blib/lib/Net/HTTP/Spore/Request.pm line 185.
	(Did you mean &base instead?)
"my" variable $i masks earlier declaration in same scope at /home/david/cpantesting/perl-5.8.9/.cpan/build/Net-HTTP-Spore-0.08-0/blib/lib/Net/HTTP/Spore/Request.pm line 334.
"my" variable $k masks earlier declaration in same scope at /home/david/cpantesting/perl-5.8.9/.cpan/build/Net-HTTP-Spore-0.08-0/blib/lib/Net/HTTP/Spore/Request.pm line 335.
"my" variable $v masks earlier declaration in same scope at /home/david/cpantesting/perl-5.8.9/.cpan/build/Net-HTTP-Spore-0.08-0/blib/lib/Net/HTTP/Spore/Request.pm line 335.
Global symbol "$base" requires explicit package name at /home/david/cpantesting/perl-5.8.9/.cpan/build/Net-HTTP-Spore-0.08-0/blib/lib/Net/HTTP/Spore/Request.pm line 171.
Global symbol "$is_interrogation" requires explicit package name at /home/david/cpantesting/perl-5.8.9/.cpan/build/Net-HTTP-Spore-0.08-0/blib/lib/Net/HTTP/Spore/Request.pm line 171.
Global symbol "$is_interrogation" requires explicit package name at /home/david/cpantesting/perl-5.8.9/.cpan/build/Net-HTTP-Spore-0.08-0/blib/lib/Net/HTTP/Spore/Request.pm line 171.
Global symbol "$base" requires explicit package name at /home/david/cpantesting/perl-5.8.9/.cpan/build/Net-HTTP-Spore-0.08-0/blib/lib/Net/HTTP/Spore/Request.pm line 171.
syntax error at /home/david/cpantesting/perl-5.8.9/.cpan/build/Net-HTTP-Spore-0.08-0/blib/lib/Net/HTTP/Spore/Request.pm line 184, near "$base =~ s!/$!"
Global symbol "$base" requires explicit package name at /home/david/cpantesting/perl-5.8.9/.cpan/build/Net-HTTP-Spore-0.08-0/blib/lib/Net/HTTP/Spore/Request.pm line 185.
Compilation failed in require at t/spore-request/headers.t line 5.
BEGIN failed--compilation aborted at t/spore-request/headers.t line 5.
# Looks like your test exited with 2 before it could output anything.
t/spore-request/headers.t ............ 
Dubious, test returned 2 (wstat 512, 0x200)
Failed 7/7 subtests 
Variable "$base" is not imported at /home/david/cpantesting/perl-5.8.9/.cpan/build/Net-HTTP-Spore-0.08-0/blib/lib/Net/HTTP/Spore/Request.pm line 171.
	(Did you mean &base instead?)
Variable "$base" is not imported at /home/david/cpantesting/perl-5.8.9/.cpan/build/Net-HTTP-Spore-0.08-0/blib/lib/Net/HTTP/Spore/Request.pm line 171.
	(Did you mean &base instead?)
Scalar found where operator expected at /home/david/cpantesting/perl-5.8.9/.cpan/build/Net-HTTP-Spore-0.08-0/blib/lib/Net/HTTP/Spore/Request.pm line 184, near "$base =~ s!/$!"
  (Might be a runaway multi-line // string starting on line 171)
	(Missing operator before $!?)
Variable "$base" is not imported at /home/david/cpantesting/perl-5.8.9/.cpan/build/Net-HTTP-Spore-0.08-0/blib/lib/Net/HTTP/Spore/Request.pm line 185.
	(Did you mean &base instead?)
"my" variable $i masks earlier declaration in same scope at /home/david/cpantesting/perl-5.8.9/.cpan/build/Net-HTTP-Spore-0.08-0/blib/lib/Net/HTTP/Spore/Request.pm line 334.
"my" variable $k masks earlier declaration in same scope at /home/david/cpantesting/perl-5.8.9/.cpan/build/Net-HTTP-Spore-0.08-0/blib/lib/Net/HTTP/Spore/Request.pm line 335.
"my" variable $v masks earlier declaration in same scope at /home/david/cpantesting/perl-5.8.9/.cpan/build/Net-HTTP-Spore-0.08-0/blib/lib/Net/HTTP/Spore/Request.pm line 335.
Global symbol "$base" requires explicit package name at /home/david/cpantesting/perl-5.8.9/.cpan/build/Net-HTTP-Spore-0.08-0/blib/lib/Net/HTTP/Spore/Request.pm line 171.
Global symbol "$is_interrogation" requires explicit package name at /home/david/cpantesting/perl-5.8.9/.cpan/build/Net-HTTP-Spore-0.08-0/blib/lib/Net/HTTP/Spore/Request.pm line 171.
Global symbol "$is_interrogation" requires explicit package name at /home/david/cpantesting/perl-5.8.9/.cpan/build/Net-HTTP-Spore-0.08-0/blib/lib/Net/HTTP/Spore/Request.pm line 171.
Global symbol "$base" requires explicit package name at /home/david/cpantesting/perl-5.8.9/.cpan/build/Net-HTTP-Spore-0.08-0/blib/lib/Net/HTTP/Spore/Request.pm line 171.
syntax error at /home/david/cpantesting/perl-5.8.9/.cpan/build/Net-HTTP-Spore-0.08-0/blib/lib/Net/HTTP/Spore/Request.pm line 184, near "$base =~ s!/$!"
Global symbol "$base" requires explicit package name at /home/david/cpantesting/perl-5.8.9/.cpan/build/Net-HTTP-Spore-0.08-0/blib/lib/Net/HTTP/Spore/Request.pm line 185.
Compilation failed in require at t/spore-request/new.t line 3.
BEGIN failed--compilation aborted at t/spore-request/new.t line 3.
t/spore-request/new.t ................ 
Dubious, test returned 2 (wstat 512, 0x200)
No subtests run 
Variable "$base" is not imported at /home/david/cpantesting/perl-5.8.9/.cpan/build/Net-HTTP-Spore-0.08-0/blib/lib/Net/HTTP/Spore/Request.pm line 171.
	(Did you mean &base instead?)
Variable "$base" is not imported at /home/david/cpantesting/perl-5.8.9/.cpan/build/Net-HTTP-Spore-0.08-0/blib/lib/Net/HTTP/Spore/Request.pm line 171.
	(Did you mean &base instead?)
Scalar found where operator expected at /home/david/cpantesting/perl-5.8.9/.cpan/build/Net-HTTP-Spore-0.08-0/blib/lib/Net/HTTP/Spore/Request.pm line 184, near "$base =~ s!/$!"
  (Might be a runaway multi-line // string starting on line 171)
	(Missing operator before $!?)
Variable "$base" is not imported at /home/david/cpantesting/perl-5.8.9/.cpan/build/Net-HTTP-Spore-0.08-0/blib/lib/Net/HTTP/Spore/Request.pm line 185.
	(Did you mean &base instead?)
"my" variable $i masks earlier declaration in same scope at /home/david/cpantesting/perl-5.8.9/.cpan/build/Net-HTTP-Spore-0.08-0/blib/lib/Net/HTTP/Spore/Request.pm line 334.
"my" variable $k masks earlier declaration in same scope at /home/david/cpantesting/perl-5.8.9/.cpan/build/Net-HTTP-Spore-0.08-0/blib/lib/Net/HTTP/Spore/Request.pm line 335.
"my" variable $v masks earlier declaration in same scope at /home/david/cpantesting/perl-5.8.9/.cpan/build/Net-HTTP-Spore-0.08-0/blib/lib/Net/HTTP/Spore/Request.pm line 335.
Global symbol "$base" requires explicit package name at /home/david/cpantesting/perl-5.8.9/.cpan/build/Net-HTTP-Spore-0.08-0/blib/lib/Net/HTTP/Spore/Request.pm line 171.
Global symbol "$is_interrogation" requires explicit package name at /home/david/cpantesting/perl-5.8.9/.cpan/build/Net-HTTP-Spore-0.08-0/blib/lib/Net/HTTP/Spore/Request.pm line 171.
Global symbol "$is_interrogation" requires explicit package name at /home/david/cpantesting/perl-5.8.9/.cpan/build/Net-HTTP-Spore-0.08-0/blib/lib/Net/HTTP/Spore/Request.pm line 171.
Global symbol "$base" requires explicit package name at /home/david/cpantesting/perl-5.8.9/.cpan/build/Net-HTTP-Spore-0.08-0/blib/lib/Net/HTTP/Spore/Request.pm line 171.
syntax error at /home/david/cpantesting/perl-5.8.9/.cpan/build/Net-HTTP-Spore-0.08-0/blib/lib/Net/HTTP/Spore/Request.pm line 184, near "$base =~ s!/$!"
Global symbol "$base" requires explicit package name at /home/david/cpantesting/perl-5.8.9/.cpan/build/Net-HTTP-Spore-0.08-0/blib/lib/Net/HTTP/Spore/Request.pm line 185.
Compilation failed in require at t/spore-request/request_uri.t line 4.
BEGIN failed--compilation aborted at t/spore-request/request_uri.t line 4.
t/spore-request/request_uri.t ........ 
Dubious, test returned 2 (wstat 512, 0x200)
No subtests run 
Variable "$base" is not imported at /home/david/cpantesting/perl-5.8.9/.cpan/build/Net-HTTP-Spore-0.08-0/blib/lib/Net/HTTP/Spore/Request.pm line 171.
	(Did you mean &base instead?)
Variable "$base" is not imported at /home/david/cpantesting/perl-5.8.9/.cpan/build/Net-HTTP-Spore-0.08-0/blib/lib/Net/HTTP/Spore/Request.pm line 171.
	(Did you mean &base instead?)
Scalar found where operator expected at /home/david/cpantesting/perl-5.8.9/.cpan/build/Net-HTTP-Spore-0.08-0/blib/lib/Net/HTTP/Spore/Request.pm line 184, near "$base =~ s!/$!"
  (Might be a runaway multi-line // string starting on line 171)
	(Missing operator before $!?)
Variable "$base" is not imported at /home/david/cpantesting/perl-5.8.9/.cpan/build/Net-HTTP-Spore-0.08-0/blib/lib/Net/HTTP/Spore/Request.pm line 185.
	(Did you mean &base instead?)
"my" variable $i masks earlier declaration in same scope at /home/david/cpantesting/perl-5.8.9/.cpan/build/Net-HTTP-Spore-0.08-0/blib/lib/Net/HTTP/Spore/Request.pm line 334.
"my" variable $k masks earlier declaration in same scope at /home/david/cpantesting/perl-5.8.9/.cpan/build/Net-HTTP-Spore-0.08-0/blib/lib/Net/HTTP/Spore/Request.pm line 335.
"my" variable $v masks earlier declaration in same scope at /home/david/cpantesting/perl-5.8.9/.cpan/build/Net-HTTP-Spore-0.08-0/blib/lib/Net/HTTP/Spore/Request.pm line 335.
Global symbol "$base" requires explicit package name at /home/david/cpantesting/perl-5.8.9/.cpan/build/Net-HTTP-Spore-0.08-0/blib/lib/Net/HTTP/Spore/Request.pm line 171.
Global symbol "$is_interrogation" requires explicit package name at /home/david/cpantesting/perl-5.8.9/.cpan/build/Net-HTTP-Spore-0.08-0/blib/lib/Net/HTTP/Spore/Request.pm line 171.
Global symbol "$is_interrogation" requires explicit package name at /home/david/cpantesting/perl-5.8.9/.cpan/build/Net-HTTP-Spore-0.08-0/blib/lib/Net/HTTP/Spore/Request.pm line 171.
Global symbol "$base" requires explicit package name at /home/david/cpantesting/perl-5.8.9/.cpan/build/Net-HTTP-Spore-0.08-0/blib/lib/Net/HTTP/Spore/Request.pm line 171.
syntax error at /home/david/cpantesting/perl-5.8.9/.cpan/build/Net-HTTP-Spore-0.08-0/blib/lib/Net/HTTP/Spore/Request.pm line 184, near "$base =~ s!/$!"
Global symbol "$base" requires explicit package name at /home/david/cpantesting/perl-5.8.9/.cpan/build/Net-HTTP-Spore-0.08-0/blib/lib/Net/HTTP/Spore/Request.pm line 185.
Compilation failed in require at t/spore-request/script_name.t line 4.
BEGIN failed--compilation aborted at t/spore-request/script_name.t line 4.
t/spore-request/script_name.t ........ 
Dubious, test returned 2 (wstat 512, 0x200)
No subtests run 
Variable "$base" is not imported at /home/david/cpantesting/perl-5.8.9/.cpan/build/Net-HTTP-Spore-0.08-0/blib/lib/Net/HTTP/Spore/Request.pm line 171.
	(Did you mean &base instead?)
Variable "$base" is not imported at /home/david/cpantesting/perl-5.8.9/.cpan/build/Net-HTTP-Spore-0.08-0/blib/lib/Net/HTTP/Spore/Request.pm line 171.
	(Did you mean &base instead?)
Scalar found where operator expected at /home/david/cpantesting/perl-5.8.9/.cpan/build/Net-HTTP-Spore-0.08-0/blib/lib/Net/HTTP/Spore/Request.pm line 184, near "$base =~ s!/$!"
  (Might be a runaway multi-line // string starting on line 171)
	(Missing operator before $!?)
Variable "$base" is not imported at /home/david/cpantesting/perl-5.8.9/.cpan/build/Net-HTTP-Spore-0.08-0/blib/lib/Net/HTTP/Spore/Request.pm line 185.
	(Did you mean &base instead?)
"my" variable $i masks earlier declaration in same scope at /home/david/cpantesting/perl-5.8.9/.cpan/build/Net-HTTP-Spore-0.08-0/blib/lib/Net/HTTP/Spore/Request.pm line 334.
"my" variable $k masks earlier declaration in same scope at /home/david/cpantesting/perl-5.8.9/.cpan/build/Net-HTTP-Spore-0.08-0/blib/lib/Net/HTTP/Spore/Request.pm line 335.
"my" variable $v masks earlier declaration in same scope at /home/david/cpantesting/perl-5.8.9/.cpan/build/Net-HTTP-Spore-0.08-0/blib/lib/Net/HTTP/Spore/Request.pm line 335.
Global symbol "$base" requires explicit package name at /home/david/cpantesting/perl-5.8.9/.cpan/build/Net-HTTP-Spore-0.08-0/blib/lib/Net/HTTP/Spore/Request.pm line 171.
Global symbol "$is_interrogation" requires explicit package name at /home/david/cpantesting/perl-5.8.9/.cpan/build/Net-HTTP-Spore-0.08-0/blib/lib/Net/HTTP/Spore/Request.pm line 171.
Global symbol "$is_interrogation" requires explicit package name at /home/david/cpantesting/perl-5.8.9/.cpan/build/Net-HTTP-Spore-0.08-0/blib/lib/Net/HTTP/Spore/Request.pm line 171.
Global symbol "$base" requires explicit package name at /home/david/cpantesting/perl-5.8.9/.cpan/build/Net-HTTP-Spore-0.08-0/blib/lib/Net/HTTP/Spore/Request.pm line 171.
syntax error at /home/david/cpantesting/perl-5.8.9/.cpan/build/Net-HTTP-Spore-0.08-0/blib/lib/Net/HTTP/Spore/Request.pm line 184, near "$base =~ s!/$!"
Global symbol "$base" requires explicit package name at /home/david/cpantesting/perl-5.8.9/.cpan/build/Net-HTTP-Spore-0.08-0/blib/lib/Net/HTTP/Spore/Request.pm line 185.
Compilation failed in require at t/spore-request/uri.t line 5.
BEGIN failed--compilation aborted at t/spore-request/uri.t line 5.
t/spore-request/uri.t ................ 
Dubious, test returned 2 (wstat 512, 0x200)
No subtests run 
t/spore-response/body.t .............. ok
Variable "$base" is not imported at /home/david/cpantesting/perl-5.8.9/.cpan/build/Net-HTTP-Spore-0.08-0/blib/lib/Net/HTTP/Spore/Request.pm line 171.
	(Did you mean &base instead?)
Variable "$base" is not imported at /home/david/cpantesting/perl-5.8.9/.cpan/build/Net-HTTP-Spore-0.08-0/blib/lib/Net/HTTP/Spore/Request.pm line 171.
	(Did you mean &base instead?)
Scalar found where operator expected at /home/david/cpantesting/perl-5.8.9/.cpan/build/Net-HTTP-Spore-0.08-0/blib/lib/Net/HTTP/Spore/Request.pm line 184, near "$base =~ s!/$!"
  (Might be a runaway multi-line // string starting on line 171)
	(Missing operator before $!?)
Variable "$base" is not imported at /home/david/cpantesting/perl-5.8.9/.cpan/build/Net-HTTP-Spore-0.08-0/blib/lib/Net/HTTP/Spore/Request.pm line 185.
	(Did you mean &base instead?)
"my" variable $i masks earlier declaration in same scope at /home/david/cpantesting/perl-5.8.9/.cpan/build/Net-HTTP-Spore-0.08-0/blib/lib/Net/HTTP/Spore/Request.pm line 334.
"my" variable $k masks earlier declaration in same scope at /home/david/cpantesting/perl-5.8.9/.cpan/build/Net-HTTP-Spore-0.08-0/blib/lib/Net/HTTP/Spore/Request.pm line 335.
"my" variable $v masks earlier declaration in same scope at /home/david/cpantesting/perl-5.8.9/.cpan/build/Net-HTTP-Spore-0.08-0/blib/lib/Net/HTTP/Spore/Request.pm line 335.
Global symbol "$base" requires explicit package name at /home/david/cpantesting/perl-5.8.9/.cpan/build/Net-HTTP-Spore-0.08-0/blib/lib/Net/HTTP/Spore/Request.pm line 171.
Global symbol "$is_interrogation" requires explicit package name at /home/david/cpantesting/perl-5.8.9/.cpan/build/Net-HTTP-Spore-0.08-0/blib/lib/Net/HTTP/Spore/Request.pm line 171.
Global symbol "$is_interrogation" requires explicit package name at /home/david/cpantesting/perl-5.8.9/.cpan/build/Net-HTTP-Spore-0.08-0/blib/lib/Net/HTTP/Spore/Request.pm line 171.
Global symbol "$base" requires explicit package name at /home/david/cpantesting/perl-5.8.9/.cpan/build/Net-HTTP-Spore-0.08-0/blib/lib/Net/HTTP/Spore/Request.pm line 171.
syntax error at /home/david/cpantesting/perl-5.8.9/.cpan/build/Net-HTTP-Spore-0.08-0/blib/lib/Net/HTTP/Spore/Request.pm line 184, near "$base =~ s!/$!"
Global symbol "$base" requires explicit package name at /home/david/cpantesting/perl-5.8.9/.cpan/build/Net-HTTP-Spore-0.08-0/blib/lib/Net/HTTP/Spore/Request.pm line 185.
Compilation failed in require at /home/david/cpantesting/perl-5.8.9/.cpan/build/Net-HTTP-Spore-0.08-0/blib/lib/Net/HTTP/Spore/Role/Request.pm line 8.
BEGIN failed--compilation aborted at /home/david/cpantesting/perl-5.8.9/.cpan/build/Net-HTTP-Spore-0.08-0/blib/lib/Net/HTTP/Spore/Role/Request.pm line 8.
Compilation failed in require at /home/david/cpantesting/perl-5.8.9/lib/site_perl/5.8.9/Module/Runtime.pm line 310.
BEGIN failed--compilation aborted at /home/david/cpantesting/perl-5.8.9/.cpan/build/Net-HTTP-Spore-0.08-0/blib/lib/Net/HTTP/Spore/Core.pm line 3.
Compilation failed in require at /home/david/cpantesting/perl-5.8.9/.cpan/build/Net-HTTP-Spore-0.08-0/blib/lib/Net/HTTP/Spore.pm line 13.
BEGIN failed--compilation aborted at /home/david/cpantesting/perl-5.8.9/.cpan/build/Net-HTTP-Spore-0.08-0/blib/lib/Net/HTTP/Spore.pm line 13.
Compilation failed in require at t/spore-response/debug.t line 4.
BEGIN failed--compilation aborted at t/spore-response/debug.t line 4.
t/spore-response/debug.t ............. 
Dubious, test returned 2 (wstat 512, 0x200)
No subtests run 
t/spore-response/headers.t ........... ok
t/spore-response/new.t ............... ok
t/spore-response/response.t .......... ok
t/spore-response/timeout.t ........... ok
Variable "$base" is not imported at /home/david/cpantesting/perl-5.8.9/.cpan/build/Net-HTTP-Spore-0.08-0/blib/lib/Net/HTTP/Spore/Request.pm line 171.
	(Did you mean &base instead?)
Variable "$base" is not imported at /home/david/cpantesting/perl-5.8.9/.cpan/build/Net-HTTP-Spore-0.08-0/blib/lib/Net/HTTP/Spore/Request.pm line 171.
	(Did you mean &base instead?)
Scalar found where operator expected at /home/david/cpantesting/perl-5.8.9/.cpan/build/Net-HTTP-Spore-0.08-0/blib/lib/Net/HTTP/Spore/Request.pm line 184, near "$base =~ s!/$!"
  (Might be a runaway multi-line // string starting on line 171)
	(Missing operator before $!?)
Variable "$base" is not imported at /home/david/cpantesting/perl-5.8.9/.cpan/build/Net-HTTP-Spore-0.08-0/blib/lib/Net/HTTP/Spore/Request.pm line 185.
	(Did you mean &base instead?)
"my" variable $i masks earlier declaration in same scope at /home/david/cpantesting/perl-5.8.9/.cpan/build/Net-HTTP-Spore-0.08-0/blib/lib/Net/HTTP/Spore/Request.pm line 334.
"my" variable $k masks earlier declaration in same scope at /home/david/cpantesting/perl-5.8.9/.cpan/build/Net-HTTP-Spore-0.08-0/blib/lib/Net/HTTP/Spore/Request.pm line 335.
"my" variable $v masks earlier declaration in same scope at /home/david/cpantesting/perl-5.8.9/.cpan/build/Net-HTTP-Spore-0.08-0/blib/lib/Net/HTTP/Spore/Request.pm line 335.
Global symbol "$base" requires explicit package name at /home/david/cpantesting/perl-5.8.9/.cpan/build/Net-HTTP-Spore-0.08-0/blib/lib/Net/HTTP/Spore/Request.pm line 171.
Global symbol "$is_interrogation" requires explicit package name at /home/david/cpantesting/perl-5.8.9/.cpan/build/Net-HTTP-Spore-0.08-0/blib/lib/Net/HTTP/Spore/Request.pm line 171.
Global symbol "$is_interrogation" requires explicit package name at /home/david/cpantesting/perl-5.8.9/.cpan/build/Net-HTTP-Spore-0.08-0/blib/lib/Net/HTTP/Spore/Request.pm line 171.
Global symbol "$base" requires explicit package name at /home/david/cpantesting/perl-5.8.9/.cpan/build/Net-HTTP-Spore-0.08-0/blib/lib/Net/HTTP/Spore/Request.pm line 171.
syntax error at /home/david/cpantesting/perl-5.8.9/.cpan/build/Net-HTTP-Spore-0.08-0/blib/lib/Net/HTTP/Spore/Request.pm line 184, near "$base =~ s!/$!"
Global symbol "$base" requires explicit package name at /home/david/cpantesting/perl-5.8.9/.cpan/build/Net-HTTP-Spore-0.08-0/blib/lib/Net/HTTP/Spore/Request.pm line 185.
Compilation failed in require at /home/david/cpantesting/perl-5.8.9/.cpan/build/Net-HTTP-Spore-0.08-0/blib/lib/Net/HTTP/Spore/Role/Request.pm line 8.
BEGIN failed--compilation aborted at /home/david/cpantesting/perl-5.8.9/.cpan/build/Net-HTTP-Spore-0.08-0/blib/lib/Net/HTTP/Spore/Role/Request.pm line 8.
Compilation failed in require at /home/david/cpantesting/perl-5.8.9/lib/site_perl/5.8.9/Module/Runtime.pm line 310.
BEGIN failed--compilation aborted at /home/david/cpantesting/perl-5.8.9/.cpan/build/Net-HTTP-Spore-0.08-0/blib/lib/Net/HTTP/Spore/Core.pm line 3.
Compilation failed in require at /home/david/cpantesting/perl-5.8.9/.cpan/build/Net-HTTP-Spore-0.08-0/blib/lib/Net/HTTP/Spore.pm line 13.
BEGIN failed--compilation aborted at /home/david/cpantesting/perl-5.8.9/.cpan/build/Net-HTTP-Spore-0.08-0/blib/lib/Net/HTTP/Spore.pm line 13.
Compilation failed in require at /home/david/cpantesting/perl-5.8.9/.cpan/build/Net-HTTP-Spore-0.08-0/blib/lib/Net/HTTP/Spore/Role.pm line 6.
BEGIN failed--compilation aborted at /home/david/cpantesting/perl-5.8.9/.cpan/build/Net-HTTP-Spore-0.08-0/blib/lib/Net/HTTP/Spore/Role.pm line 6.
Compilation failed in require at /home/david/cpantesting/perl-5.8.9/lib/site_perl/5.8.9/Module/Runtime.pm line 310.
# Looks like your test exited with 2 before it could output anything.
t/spore-role/basic.t ................. 
Dubious, test returned 2 (wstat 512, 0x200)
Failed 5/5 subtests 
Variable "$base" is not imported at /home/david/cpantesting/perl-5.8.9/.cpan/build/Net-HTTP-Spore-0.08-0/blib/lib/Net/HTTP/Spore/Request.pm line 171.
	(Did you mean &base instead?)
Variable "$base" is not imported at /home/david/cpantesting/perl-5.8.9/.cpan/build/Net-HTTP-Spore-0.08-0/blib/lib/Net/HTTP/Spore/Request.pm line 171.
	(Did you mean &base instead?)
Scalar found where operator expected at /home/david/cpantesting/perl-5.8.9/.cpan/build/Net-HTTP-Spore-0.08-0/blib/lib/Net/HTTP/Spore/Request.pm line 184, near "$base =~ s!/$!"
  (Might be a runaway multi-line // string starting on line 171)
	(Missing operator before $!?)
Variable "$base" is not imported at /home/david/cpantesting/perl-5.8.9/.cpan/build/Net-HTTP-Spore-0.08-0/blib/lib/Net/HTTP/Spore/Request.pm line 185.
	(Did you mean &base instead?)
"my" variable $i masks earlier declaration in same scope at /home/david/cpantesting/perl-5.8.9/.cpan/build/Net-HTTP-Spore-0.08-0/blib/lib/Net/HTTP/Spore/Request.pm line 334.
"my" variable $k masks earlier declaration in same scope at /home/david/cpantesting/perl-5.8.9/.cpan/build/Net-HTTP-Spore-0.08-0/blib/lib/Net/HTTP/Spore/Request.pm line 335.
"my" variable $v masks earlier declaration in same scope at /home/david/cpantesting/perl-5.8.9/.cpan/build/Net-HTTP-Spore-0.08-0/blib/lib/Net/HTTP/Spore/Request.pm line 335.
Global symbol "$base" requires explicit package name at /home/david/cpantesting/perl-5.8.9/.cpan/build/Net-HTTP-Spore-0.08-0/blib/lib/Net/HTTP/Spore/Request.pm line 171.
Global symbol "$is_interrogation" requires explicit package name at /home/david/cpantesting/perl-5.8.9/.cpan/build/Net-HTTP-Spore-0.08-0/blib/lib/Net/HTTP/Spore/Request.pm line 171.
Global symbol "$is_interrogation" requires explicit package name at /home/david/cpantesting/perl-5.8.9/.cpan/build/Net-HTTP-Spore-0.08-0/blib/lib/Net/HTTP/Spore/Request.pm line 171.
Global symbol "$base" requires explicit package name at /home/david/cpantesting/perl-5.8.9/.cpan/build/Net-HTTP-Spore-0.08-0/blib/lib/Net/HTTP/Spore/Request.pm line 171.
syntax error at /home/david/cpantesting/perl-5.8.9/.cpan/build/Net-HTTP-Spore-0.08-0/blib/lib/Net/HTTP/Spore/Request.pm line 184, near "$base =~ s!/$!"
Global symbol "$base" requires explicit package name at /home/david/cpantesting/perl-5.8.9/.cpan/build/Net-HTTP-Spore-0.08-0/blib/lib/Net/HTTP/Spore/Request.pm line 185.
Compilation failed in require at /home/david/cpantesting/perl-5.8.9/.cpan/build/Net-HTTP-Spore-0.08-0/blib/lib/Net/HTTP/Spore/Role/Request.pm line 8.
BEGIN failed--compilation aborted at /home/david/cpantesting/perl-5.8.9/.cpan/build/Net-HTTP-Spore-0.08-0/blib/lib/Net/HTTP/Spore/Role/Request.pm line 8.
Compilation failed in require at /home/david/cpantesting/perl-5.8.9/lib/site_perl/5.8.9/Module/Runtime.pm line 310.
BEGIN failed--compilation aborted at /home/david/cpantesting/perl-5.8.9/.cpan/build/Net-HTTP-Spore-0.08-0/blib/lib/Net/HTTP/Spore/Core.pm line 3.
Compilation failed in require at /home/david/cpantesting/perl-5.8.9/.cpan/build/Net-HTTP-Spore-0.08-0/blib/lib/Net/HTTP/Spore.pm line 13.
BEGIN failed--compilation aborted at /home/david/cpantesting/perl-5.8.9/.cpan/build/Net-HTTP-Spore-0.08-0/blib/lib/Net/HTTP/Spore.pm line 13.
Compilation failed in require at t/spore/01_new_from_string.t line 10.
BEGIN failed--compilation aborted at t/spore/01_new_from_string.t line 10.
t/spore/01_new_from_string.t ......... 
Dubious, test returned 2 (wstat 512, 0x200)
No subtests run 
Variable "$base" is not imported at /home/david/cpantesting/perl-5.8.9/.cpan/build/Net-HTTP-Spore-0.08-0/blib/lib/Net/HTTP/Spore/Request.pm line 171.
	(Did you mean &base instead?)
Variable "$base" is not imported at /home/david/cpantesting/perl-5.8.9/.cpan/build/Net-HTTP-Spore-0.08-0/blib/lib/Net/HTTP/Spore/Request.pm line 171.
	(Did you mean &base instead?)
Scalar found where operator expected at /home/david/cpantesting/perl-5.8.9/.cpan/build/Net-HTTP-Spore-0.08-0/blib/lib/Net/HTTP/Spore/Request.pm line 184, near "$base =~ s!/$!"
  (Might be a runaway multi-line // string starting on line 171)
	(Missing operator before $!?)
Variable "$base" is not imported at /home/david/cpantesting/perl-5.8.9/.cpan/build/Net-HTTP-Spore-0.08-0/blib/lib/Net/HTTP/Spore/Request.pm line 185.
	(Did you mean &base instead?)
"my" variable $i masks earlier declaration in same scope at /home/david/cpantesting/perl-5.8.9/.cpan/build/Net-HTTP-Spore-0.08-0/blib/lib/Net/HTTP/Spore/Request.pm line 334.
"my" variable $k masks earlier declaration in same scope at /home/david/cpantesting/perl-5.8.9/.cpan/build/Net-HTTP-Spore-0.08-0/blib/lib/Net/HTTP/Spore/Request.pm line 335.
"my" variable $v masks earlier declaration in same scope at /home/david/cpantesting/perl-5.8.9/.cpan/build/Net-HTTP-Spore-0.08-0/blib/lib/Net/HTTP/Spore/Request.pm line 335.
Global symbol "$base" requires explicit package name at /home/david/cpantesting/perl-5.8.9/.cpan/build/Net-HTTP-Spore-0.08-0/blib/lib/Net/HTTP/Spore/Request.pm line 171.
Global symbol "$is_interrogation" requires explicit package name at /home/david/cpantesting/perl-5.8.9/.cpan/build/Net-HTTP-Spore-0.08-0/blib/lib/Net/HTTP/Spore/Request.pm line 171.
Global symbol "$is_interrogation" requires explicit package name at /home/david/cpantesting/perl-5.8.9/.cpan/build/Net-HTTP-Spore-0.08-0/blib/lib/Net/HTTP/Spore/Request.pm line 171.
Global symbol "$base" requires explicit package name at /home/david/cpantesting/perl-5.8.9/.cpan/build/Net-HTTP-Spore-0.08-0/blib/lib/Net/HTTP/Spore/Request.pm line 171.
syntax error at /home/david/cpantesting/perl-5.8.9/.cpan/build/Net-HTTP-Spore-0.08-0/blib/lib/Net/HTTP/Spore/Request.pm line 184, near "$base =~ s!/$!"
Global symbol "$base" requires explicit package name at /home/david/cpantesting/perl-5.8.9/.cpan/build/Net-HTTP-Spore-0.08-0/blib/lib/Net/HTTP/Spore/Request.pm line 185.
Compilation failed in require at /home/david/cpantesting/perl-5.8.9/.cpan/build/Net-HTTP-Spore-0.08-0/blib/lib/Net/HTTP/Spore/Role/Request.pm line 8.
BEGIN failed--compilation aborted at /home/david/cpantesting/perl-5.8.9/.cpan/build/Net-HTTP-Spore-0.08-0/blib/lib/Net/HTTP/Spore/Role/Request.pm line 8.
Compilation failed in require at /home/david/cpantesting/perl-5.8.9/lib/site_perl/5.8.9/Module/Runtime.pm line 310.
BEGIN failed--compilation aborted at /home/david/cpantesting/perl-5.8.9/.cpan/build/Net-HTTP-Spore-0.08-0/blib/lib/Net/HTTP/Spore/Core.pm line 3.
Compilation failed in require at /home/david/cpantesting/perl-5.8.9/.cpan/build/Net-HTTP-Spore-0.08-0/blib/lib/Net/HTTP/Spore.pm line 13.
BEGIN failed--compilation aborted at /home/david/cpantesting/perl-5.8.9/.cpan/build/Net-HTTP-Spore-0.08-0/blib/lib/Net/HTTP/Spore.pm line 13.
Compilation failed in require at t/spore/02_enable.t line 9.
BEGIN failed--compilation aborted at t/spore/02_enable.t line 9.
t/spore/02_enable.t .................. 
Dubious, test returned 2 (wstat 512, 0x200)
No subtests run 

Test Summary Report
-------------------
t/spore-method/payload.t           (Wstat: 512 Tests: 0 Failed: 0)
  Non-zero exit status: 2
  Parse errors: Bad plan.  You planned 6 tests but ran 0.
t/spore-middleware/anonymous.t     (Wstat: 512 Tests: 0 Failed: 0)
  Non-zero exit status: 2
  Parse errors: No plan found in TAP output
t/spore-middleware/auth-basic.t    (Wstat: 512 Tests: 0 Failed: 0)
  Non-zero exit status: 2
  Parse errors: No plan found in TAP output
t/spore-middleware/auth-header.t   (Wstat: 512 Tests: 0 Failed: 0)
  Non-zero exit status: 2
  Parse errors: No plan found in TAP output
t/spore-middleware/auth-oauth.t    (Wstat: 512 Tests: 0 Failed: 0)
  Non-zero exit status: 2
  Parse errors: No plan found in TAP output
t/spore-middleware/format-auto.t   (Wstat: 512 Tests: 0 Failed: 0)
  Non-zero exit status: 2
  Parse errors: No plan found in TAP output
t/spore-middleware/format-json.t   (Wstat: 512 Tests: 0 Failed: 0)
  Non-zero exit status: 2
  Parse errors: No plan found in TAP output
t/spore-middleware/format-text.t   (Wstat: 512 Tests: 0 Failed: 0)
  Non-zero exit status: 2
  Parse errors: No plan found in TAP output
t/spore-middleware/format-xml.t    (Wstat: 512 Tests: 0 Failed: 0)
  Non-zero exit status: 2
  Parse errors: No plan found in TAP output
t/spore-middleware/format-yaml.t   (Wstat: 512 Tests: 0 Failed: 0)
  Non-zero exit status: 2
  Parse errors: No plan found in TAP output
t/spore-middleware/ns.t            (Wstat: 512 Tests: 0 Failed: 0)
  Non-zero exit status: 2
  Parse errors: No plan found in TAP output
t/spore-middleware/redirection.t   (Wstat: 512 Tests: 0 Failed: 0)
  Non-zero exit status: 2
  Parse errors: No plan found in TAP output
t/spore-middleware/runtime.t       (Wstat: 512 Tests: 0 Failed: 0)
  Non-zero exit status: 2
  Parse errors: No plan found in TAP output
t/spore-middleware/useragent.t     (Wstat: 512 Tests: 0 Failed: 0)
  Non-zero exit status: 2
  Parse errors: No plan found in TAP output
t/spore-middleware/x-do-not-track.t (Wstat: 512 Tests: 0 Failed: 0)
  Non-zero exit status: 2
  Parse errors: No plan found in TAP output
t/spore-request/base.t             (Wstat: 512 Tests: 0 Failed: 0)
  Non-zero exit status: 2
  Parse errors: No plan found in TAP output
t/spore-request/exception.t        (Wstat: 512 Tests: 0 Failed: 0)
  Non-zero exit status: 2
  Parse errors: No plan found in TAP output
t/spore-request/finalize.t         (Wstat: 512 Tests: 0 Failed: 0)
  Non-zero exit status: 2
  Parse errors: No plan found in TAP output
t/spore-request/form_data.t        (Wstat: 512 Tests: 0 Failed: 0)
  Non-zero exit status: 2
  Parse errors: No plan found in TAP output
t/spore-request/headers.t          (Wstat: 512 Tests: 0 Failed: 0)
  Non-zero exit status: 2
  Parse errors: Bad plan.  You planned 7 tests but ran 0.
t/spore-request/new.t              (Wstat: 512 Tests: 0 Failed: 0)
  Non-zero exit status: 2
  Parse errors: No plan found in TAP output
t/spore-request/request_uri.t      (Wstat: 512 Tests: 0 Failed: 0)
  Non-zero exit status: 2
  Parse errors: No plan found in TAP output
t/spore-request/script_name.t      (Wstat: 512 Tests: 0 Failed: 0)
  Non-zero exit status: 2
  Parse errors: No plan found in TAP output
t/spore-request/uri.t              (Wstat: 512 Tests: 0 Failed: 0)
  Non-zero exit status: 2
  Parse errors: No plan found in TAP output
t/spore-response/debug.t           (Wstat: 512 Tests: 0 Failed: 0)
  Non-zero exit status: 2
  Parse errors: No plan found in TAP output
t/spore-role/basic.t               (Wstat: 512 Tests: 0 Failed: 0)
  Non-zero exit status: 2
  Parse errors: Bad plan.  You planned 5 tests but ran 0.
t/spore/01_new_from_string.t       (Wstat: 512 Tests: 0 Failed: 0)
  Non-zero exit status: 2
  Parse errors: No plan found in TAP output
t/spore/02_enable.t                (Wstat: 512 Tests: 0 Failed: 0)
  Non-zero exit status: 2
  Parse errors: No plan found in TAP output
Files=37, Tests=23, 11 wallclock secs ( 0.06 usr  0.14 sys +  9.28 cusr  0.87 csys = 10.35 CPU)
Result: FAIL
Failed 28/37 test programs. 0/23 subtests failed.
Makefile:1046: recipe for target 'test_dynamic' failed
make: *** [test_dynamic] Error 2

------------------------------
PREREQUISITES
------------------------------

Prerequisite modules loaded:

requires:

    Module                       Need Have    
    ---------------------------- ---- --------
    Carp                         0    1.38    
    Class::Load                  0    0.24    
    Digest::SHA                  0    5.98    
    Encode                       0    2.93    
    HTTP::Headers                0    6.13    
    HTTP::Request                0    6.13    
    IO::All                      0    0.87    
    IO::File                     0    1.14    
    JSON                         0    2.94    
    LWP::UserAgent               0    6.27    
    MIME::Base64                 0    3.15    
    Moose                        0    2.2006  
    Moose::Exporter              0    2.2006  
    Moose::Meta::Method          0    2.2006  
    Moose::Role                  0    2.2006  
    Moose::Util::MetaRole        0    2.2006  
    Moose::Util::TypeConstraints 0    2.2006  
    MooseX::Role::Parameterized  1.01 1.10    
    MooseX::Types                0    0.50    
    MooseX::Types::Moose         0    0.50    
    MooseX::Types::URI           0    0.08    
    overload                     0    1.06    
    Scalar::Util                 0    1.49    
    strict                       0    1.03    
    Time::HiRes                  0    1.9715  
    Try::Tiny                    0    0.28    
    URI                          0    1.71    
    URI::Escape                  0    3.31    
    warnings                     0    1.05_01 
    XML::Simple                  0    2.24    
    YAML                         0    1.23    

build_requires:

    Module                       Need Have    
    ---------------------------- ---- --------
    base                         0    2.13    
    ExtUtils::MakeMaker          0    7.30    
    File::Temp                   0    0.2304  
    Test::Exception              0    0.43    
    Test::Moose                  0    2.2006  
    Test::More                   0    1.302106

configure_requires:

    Module                       Need Have    
    ---------------------------- ---- --------
    ExtUtils::MakeMaker          0    7.30    


------------------------------
ENVIRONMENT AND OTHER CONTEXT
------------------------------

Environment variables:

    AUTOMATED_TESTING = 1
    NONINTERACTIVE_TESTING = 1
    PATH = /usr/local/bin:/usr/bin:/bin:/usr/local/games:/usr/games
    PERL = 5.8.9
    PERL5LIB = 
    PERL5OPT = 
    PERL5_CPANPLUS_IS_RUNNING = 5124
    PERL5_CPAN_IS_RUNNING = 5124
    PERLVER = 5.8.9
    PERL_INLINE_DIRECTORY = /home/david/.Inline-5.8.9
    PERL_MM_USE_DEFAULT = 1
    PERL_USE_UNSAFE_INC = 0
    SHELL = /bin/bash
    TERM = screen

Perl special variables (and OS-specific diagnostics, for MSWin32):

    $^X = /home/david/cpantesting/perl-5.8.9/bin/perl
    $UID/$EUID = 1000 / 1000
    $GID = 1000 1000
    $EGID = 1000 1000

Perl module toolchain versions installed:

    Module              Have    
    ------------------- --------
    CPAN                2.16    
    CPAN::Meta          2.150010
    Cwd                 3.62    
    ExtUtils::CBuilder  0.280226
    ExtUtils::Command   7.30    
    ExtUtils::Install   2.06    
    ExtUtils::MakeMaker 7.30    
    ExtUtils::Manifest  1.70    
    ExtUtils::ParseXS   3.35    
    File::Spec          3.62    
    JSON                2.94    
    JSON::PP            2.27400 
    Module::Build       0.4224  
    Module::Signature   0.81    
    Parse::CPAN::Meta   2.150010
    Test::Harness       3.39    
    Test::More          1.302106
    YAML                1.23    
    YAML::Syck          1.30    
    version             0.9917  


--

Summary of my perl5 (revision 5 version 8 subversion 9) configuration:
  Platform:
    osname=linux, osvers=3.16.0-4-amd64, archname=x86_64-linux-thread-multi
    uname='linux pigsty.barnyard.co.uk 3.16.0-4-amd64 #1 smp debian 3.16.36-1+deb8u1 (2016-09-03) x86_64 gnulinux '
    config_args='-de -Duse64bitall -Dusethreads -Dprefix=/home/david/cpantesting/perl-5.8.9'
    hint=recommended, useposix=true, d_sigaction=define
    usethreads=define use5005threads=undef useithreads=define usemultiplicity=define
    useperlio=define d_sfio=undef uselargefiles=define usesocks=undef
    use64bitint=define use64bitall=define uselongdouble=undef
    usemymalloc=n, bincompat5005=undef
  Compiler:
    cc='cc', ccflags ='-D_REENTRANT -D_GNU_SOURCE -fno-strict-aliasing -pipe -I/usr/local/include -D_LARGEFILE_SOURCE -D_FILE_OFFSET_BITS=64',
    optimize='-O2',
    cppflags='-D_REENTRANT -D_GNU_SOURCE -fno-strict-aliasing -pipe -I/usr/local/include'
    ccversion='', gccversion='4.9.2', gccosandvers=''
    intsize=4, longsize=8, ptrsize=8, doublesize=8, byteorder=12345678
    d_longlong=define, longlongsize=8, d_longdbl=define, longdblsize=16
    ivtype='long', ivsize=8, nvtype='double', nvsize=8, Off_t='off_t', lseeksize=8
    alignbytes=8, prototype=define
  Linker and Libraries:
    ld='cc', ldflags =' -L/usr/local/lib'
    libpth=/usr/local/lib /lib/x86_64-linux-gnu /lib/../lib /usr/lib/x86_64-linux-gnu /usr/lib/../lib /lib /usr/lib
    libs=-lnsl -ldb -ldl -lm -lcrypt -lutil -lpthread -lc
    perllibs=-lnsl -ldl -lm -lcrypt -lutil -lpthread -lc
    libc=libc-2.19.so, so=so, useshrplib=false, libperl=libperl.a
    gnulibc_version='2.19'
  Dynamic Linking:
    dlsrc=dl_dlopen.xs, dlext=so, d_dlsymun=undef, ccdlflags='-Wl,-E'
    cccdlflags='-fPIC', lddlflags='-shared -O2 -L/usr/local/lib'


Characteristics of this binary (from libperl): 
  Compile-time options: MULTIPLICITY PERL_IMPLICIT_CONTEXT PERL_MALLOC_WRAP
                        USE_64_BIT_ALL USE_64_BIT_INT USE_FAST_STDIO
                        USE_ITHREADS USE_LARGE_FILES USE_PERLIO
                        USE_REENTRANT_API
  Locally applied patches:
	Devel::PatchPerl 1.44
  Built under linux
  Compiled at Oct 12 2016 14:10:05
  %ENV:
    PERL="5.8.9"
    PERL5LIB=""
    PERL5OPT=""
    PERL5_CPANPLUS_IS_RUNNING="5124"
    PERL5_CPAN_IS_RUNNING="5124"
    PERLVER="5.8.9"
    PERL_INLINE_DIRECTORY="/home/david/.Inline-5.8.9"
    PERL_MM_USE_DEFAULT="1"
    PERL_USE_UNSAFE_INC="0"
  @INC:
    /home/david/cpantesting/perl-5.8.9/lib/5.8.9/x86_64-linux-thread-multi
    /home/david/cpantesting/perl-5.8.9/lib/5.8.9
    /home/david/cpantesting/perl-5.8.9/lib/site_perl/5.8.9/x86_64-linux-thread-multi
    /home/david/cpantesting/perl-5.8.9/lib/site_perl/5.8.9
    .